[INFO] fetching crate outbox-pattern-processor 0.4.0...
[INFO] testing outbox-pattern-processor-0.4.0 against 1.100.0-beta.1+cargoflags=--release for beta-release-1.100-2
[INFO] extracting crate outbox-pattern-processor 0.4.0 into /workspace/builds/worker-4-tc2/source
[INFO] started tweaking crates.io crate outbox-pattern-processor 0.4.0
[INFO] removed 0 missing tests
[INFO] finished tweaking crates.io crate outbox-pattern-processor 0.4.0
[INFO] tweaked toml for crates.io crate outbox-pattern-processor 0.4.0 written to /workspace/builds/worker-4-tc2/source/Cargo.toml
[INFO] validating manifest of crates.io crate outbox-pattern-processor 0.4.0 on toolchain 1.100.0-beta.1
[INFO] running `Command { std: CARGO_HOME="/workspace/cargo-home" RUSTUP_HOME="/workspace/rustup-home" "/workspace/cargo-home/bin/cargo" "+1.100.0-beta.1" "metadata" "--manifest-path" "Cargo.toml" "--no-deps", kill_on_drop: false }`
[INFO] crate crates.io crate outbox-pattern-processor 0.4.0 already has a lockfile, it will not be regenerated
[INFO] running `Command { std: CARGO_HOME="/workspace/cargo-home" RUSTUP_HOME="/workspace/rustup-home" "/workspace/cargo-home/bin/cargo" "+1.100.0-beta.1" "fetch" "--manifest-path" "Cargo.toml", kill_on_drop: false }`
[INFO] [stderr] warning: `package.homepage` is redundant with `package.repository`
[INFO] [stderr]   --> Cargo.toml:91:12
[INFO] [stderr]    |
[INFO] [stderr] 91 | homepage = "https://github.com/deroldo/outbox-pattern-processor"
[INFO] [stderr]    |            ^^^^^^^^^^^^^^^^^^^^^^^^^^^^^^^^^^^^^^^^^^^^^^^^^^^^^
[INFO] [stderr] ...
[INFO] [stderr] 96 | repository = "https://github.com/deroldo/outbox-pattern-processor"
[INFO] [stderr]    |              -----------------------------------------------------
[INFO] [stderr]    |
[INFO] [stderr]    = note: `cargo::redundant_homepage` is set to `warn` by default
[INFO] [stderr] help: consider removing `package.homepage`
[INFO] [stderr] warning: `outbox-pattern-processor` (manifest) generated 1 warning
[INFO] running `Command { std: "docker" "create" "-v" "/var/lib/crater-agent-workspace/builds/worker-4-tc2/source:/opt/rustwide/workdir:ro,Z" "-v" "/var/lib/crater-agent-workspace/builds/worker-4-tc2/target:/opt/rustwide/target:rw,Z" "-v" "/var/lib/crater-agent-workspace/cargo-home:/opt/rustwide/cargo-home:ro,Z" "-v" "/var/lib/crater-agent-workspace/rustup-home:/opt/rustwide/rustup-home:ro,Z" "-m" "1610612736" "--network" "none" "ghcr.io/rust-lang/crates-build-env/linux@sha256:77db811e55d90add9212f6832c23229e3de5f1c1f9905e8cb07319ea15df73ac" "sleep" "infinity", kill_on_drop: false }`
[INFO] [stdout] 727ac95d529d8b2dde14e78c01d0e26837db901abde02bf5440452ca48d3fcde
[INFO] running `Command { std: "docker" "start" "727ac95d529d8b2dde14e78c01d0e26837db901abde02bf5440452ca48d3fcde", kill_on_drop: false }`
[INFO] running `Command { std: "docker" "inspect" "727ac95d529d8b2dde14e78c01d0e26837db901abde02bf5440452ca48d3fcde", kill_on_drop: false }`
[INFO] running `Command { std: "docker" "exec" "-e" "SOURCE_DIR=/opt/rustwide/workdir" "-e" "CARGO_HOME=/opt/rustwide/cargo-home" "-e" "RUSTUP_HOME=/opt/rustwide/rustup-home" "-e" "CARGO_TARGET_DIR=/opt/rustwide/target" "-w" "/opt/rustwide/workdir" "--user" "0:0" "727ac95d529d8b2dde14e78c01d0e26837db901abde02bf5440452ca48d3fcde" "/opt/rustwide/cargo-home/bin/cargo" "+1.100.0-beta.1" "metadata" "--no-deps" "--format-version=1", kill_on_drop: false }`
[INFO] running `Command { std: "docker" "inspect" "727ac95d529d8b2dde14e78c01d0e26837db901abde02bf5440452ca48d3fcde", kill_on_drop: false }`
[INFO] running `Command { std: "docker" "exec" "-e" "SOURCE_DIR=/opt/rustwide/workdir" "-e" "CARGO_HOME=/opt/rustwide/cargo-home" "-e" "RUSTUP_HOME=/opt/rustwide/rustup-home" "-e" "CARGO_TARGET_DIR=/opt/rustwide/target" "-e" "CARGO_INCREMENTAL=0" "-e" "RUST_BACKTRACE=full" "-e" "RUSTFLAGS=--cap-lints=warn" "-e" "RUSTDOCFLAGS=--cap-lints=warn" "-w" "/opt/rustwide/workdir" "--user" "0:0" "727ac95d529d8b2dde14e78c01d0e26837db901abde02bf5440452ca48d3fcde" "/opt/rustwide/cargo-home/bin/cargo" "+1.100.0-beta.1" "build" "--frozen" "--message-format=json" "--release", kill_on_drop: false }`
[INFO] [stderr] warning: `package.homepage` is redundant with `package.repository`
[INFO] [stderr]   --> Cargo.toml:91:12
[INFO] [stderr]    |
[INFO] [stderr] 91 | homepage = "https://github.com/deroldo/outbox-pattern-processor"
[INFO] [stderr]    |            ^^^^^^^^^^^^^^^^^^^^^^^^^^^^^^^^^^^^^^^^^^^^^^^^^^^^^
[INFO] [stderr] ...
[INFO] [stderr] 96 | repository = "https://github.com/deroldo/outbox-pattern-processor"
[INFO] [stderr]    |              -----------------------------------------------------
[INFO] [stderr]    |
[INFO] [stderr]    = note: `cargo::redundant_homepage` is set to `warn` by default
[INFO] [stderr] help: consider removing `package.homepage`
[INFO] [stderr] warning: `outbox-pattern-processor` (manifest) generated 1 warning
[INFO] [stderr]    Compiling libc v0.2.158
[INFO] [stderr]    Compiling autocfg v1.3.0
[INFO] [stderr]    Compiling parking_lot_core v0.9.10
[INFO] [stderr]    Compiling bytes v1.7.1
[INFO] [stderr]    Compiling pin-project-lite v0.2.14
[INFO] [stderr]    Compiling memchr v2.7.4
[INFO] [stderr]    Compiling futures-core v0.3.32
[INFO] [stderr]    Compiling itoa v1.0.11
[INFO] [stderr]    Compiling futures-sink v0.3.32
[INFO] [stderr]    Compiling cc v1.1.15
[INFO] [stderr]    Compiling proc-macro2 v1.0.106
[INFO] [stderr]    Compiling once_cell v1.19.0
[INFO] [stderr]    Compiling zeroize v1.8.1
[INFO] [stderr]    Compiling log v0.4.22
[INFO] [stderr]    Compiling spin v0.9.8
[INFO] [stderr]    Compiling equivalent v1.0.1
[INFO] [stderr]    Compiling getrandom v0.4.2
[INFO] [stderr]    Compiling ryu v1.0.18
[INFO] [stderr]    Compiling cfg-if v1.0.0
[INFO] [stderr]    Compiling percent-encoding v2.3.1
[INFO] [stderr]    Compiling tracing-core v0.1.32
[INFO] [stderr]    Compiling typenum v1.20.1
[INFO] [stderr]    Compiling deranged v0.3.11
[INFO] [stderr]    Compiling indexmap v2.14.0
[INFO] [stderr]    Compiling futures-channel v0.3.32
[INFO] [stderr]    Compiling num-conv v0.1.0
[INFO] [stderr]    Compiling httparse v1.9.4
[INFO] [stderr]    Compiling lock_api v0.4.12
[INFO] [stderr]    Compiling num-traits v0.2.19
[INFO] [stderr]    Compiling slab v0.4.9
[INFO] [stderr]    Compiling quote v1.0.37
[INFO] [stderr]    Compiling outref v0.5.1
[INFO] [stderr]    Compiling http v1.1.0
[INFO] [stderr]    Compiling http v0.2.12
[INFO] [stderr]    Compiling syn v2.0.117
[INFO] [stderr]    Compiling vsimd v0.8.0
[INFO] [stderr]    Compiling signal-hook-registry v1.4.2
[INFO] [stderr]    Compiling mio v1.0.2
[INFO] [stderr]    Compiling socket2 v0.5.7
[INFO] [stderr]    Compiling futures-util v0.3.32
[INFO] [stderr]    Compiling getrandom v0.2.15
[INFO] [stderr]    Compiling crossbeam-utils v0.8.20
[INFO] [stderr]    Compiling time-core v0.1.2
[INFO] [stderr]    Compiling base64-simd v0.8.0
[INFO] [stderr]    Compiling time v0.3.36
[INFO] [stderr]    Compiling generic-array v0.14.7
[INFO] [stderr]    Compiling form_urlencoded v1.2.2
[INFO] [stderr]    Compiling rustls v0.23.40
[INFO] [stderr]    Compiling ring v0.17.8
[INFO] [stderr]    Compiling http-body v0.4.6
[INFO] [stderr]    Compiling rand_core v0.10.1
[INFO] [stderr]    Compiling serde_core v1.0.228
[INFO] [stderr]    Compiling semver v1.0.23
[INFO] [stderr]    Compiling http-body v1.0.1
[INFO] [stderr]    Compiling num-integer v0.1.46
[INFO] [stderr]    Compiling rustls-pki-types v1.14.1
[INFO] [stderr]    Compiling cpufeatures v0.2.13
[INFO] [stderr]    Compiling rustls v0.21.12
[INFO] [stderr]    Compiling hybrid-array v0.4.12
[INFO] [stderr]    Compiling serde v1.0.228
[INFO] [stderr]    Compiling rust_decimal v1.36.0
[INFO] [stderr]    Compiling tinyvec v1.8.0
[INFO] [stderr]    Compiling rustls-pemfile v1.0.4
[INFO] [stderr]    Compiling uuid v1.23.3
[INFO] [stderr]    Compiling crypto-common v0.1.6
[INFO] [stderr]    Compiling block-buffer v0.10.4
[INFO] [stderr]    Compiling rustc_version v0.4.1
[INFO] [stderr]    Compiling cmov v0.5.4
[INFO] [stderr]    Compiling digest v0.10.7
[INFO] [stderr]    Compiling tinyvec_macros v0.1.1
[INFO] [stderr]    Compiling ctutils v0.4.2
[INFO] [stderr]    Compiling rustls-native-certs v0.6.3
[INFO] [stderr]    Compiling sha2 v0.10.8
[INFO] [stderr]    Compiling aws-types v1.3.3
[INFO] [stderr]    Compiling unicode-bidi v0.3.15
[INFO] [stderr]    Compiling block-buffer v0.12.1
[INFO] [stderr]    Compiling crypto-common v0.2.2
[INFO] [stderr]    Compiling unicode-normalization v0.1.23
[INFO] [stderr]    Compiling hmac v0.12.1
[INFO] [stderr]    Compiling untrusted v0.9.0
[INFO] [stderr]    Compiling fastrand v2.1.1
[INFO] [stderr]    Compiling scopeguard v1.2.0
[INFO] [stderr]    Compiling digest v0.11.3
[INFO] [stderr]    Compiling idna v0.5.0
[INFO] [stderr]    Compiling serde_json v1.0.150
[INFO] [stderr]    Compiling allocator-api2 v0.2.18
[INFO] [stderr]    Compiling cpufeatures v0.3.0
[INFO] [stderr]    Compiling foldhash v0.2.0
[INFO] [stderr]    Compiling hashbrown v0.16.1
[INFO] [stderr]    Compiling url v2.5.2
[INFO] [stderr]    Compiling http-body-util v0.1.2
[INFO] [stderr]    Compiling tokio v1.40.0
[INFO] [stderr]    Compiling concurrent-queue v2.5.0
[INFO] [stderr]    Compiling thiserror v2.0.18
[INFO] [stderr]    Compiling regex-lite v0.1.6
[INFO] [stderr]    Compiling crc-catalog v2.4.0
[INFO] [stderr]    Compiling futures-task v0.3.32
[INFO] [stderr]    Compiling parking v2.2.0
[INFO] [stderr]    Compiling hashbrown v0.17.1
[INFO] [stderr]    Compiling subtle v2.6.1
[INFO] [stderr]    Compiling arrayvec v0.7.6
[INFO] [stderr]    Compiling iana-time-zone v0.1.60
[INFO] [stderr]    Compiling futures-io v0.3.32
[INFO] [stderr]    Compiling hashlink v0.11.1
[INFO] [stderr]    Compiling chrono v0.4.38
[INFO] [stderr]    Compiling event-listener v5.3.1
[INFO] [stderr]    Compiling crc v3.2.1
[INFO] [stderr]    Compiling chacha20 v0.10.0
[INFO] [stderr]    Compiling hmac v0.13.0
[INFO] [stderr]    Compiling crossbeam-queue v0.3.11
[INFO] [stderr]    Compiling webpki-roots v1.0.7
[INFO] [stderr]    Compiling unicode-properties v0.1.2
[INFO] [stderr]    Compiling rustls-webpki v0.103.13
[INFO] [stderr]    Compiling base64 v0.22.1
[INFO] [stderr]    Compiling stringprep v0.1.5
[INFO] [stderr]    Compiling rand v0.10.1
[INFO] [stderr]    Compiling hkdf v0.13.0
[INFO] [stderr]    Compiling serde_derive v1.0.228
[INFO] [stderr]    Compiling tokio-macros v2.4.0
[INFO] [stderr]    Compiling tracing-attributes v0.1.27
[INFO] [stderr]    Compiling thiserror-impl v2.0.18
[INFO] [stderr]    Compiling pin-project-internal v1.1.5
[INFO] [stderr]    Compiling sha2 v0.11.0
[INFO] [stderr]    Compiling md-5 v0.11.0
[INFO] [stderr]    Compiling atoi v2.0.0
[INFO] [stderr]    Compiling hex v0.4.3
[INFO] [stderr]    Compiling bitflags v2.6.0
[INFO] [stderr]    Compiling xmlparser v0.13.6
[INFO] [stderr]    Compiling whoami v2.1.2
[INFO] [stderr]    Compiling dotenvy v0.15.7
[INFO] [stderr]    Compiling pin-project v1.1.5
[INFO] [stderr]    Compiling urlencoding v2.1.3
[INFO] [stderr]    Compiling byteorder v1.5.0
[INFO] [stderr]    Compiling aws-smithy-xml v0.60.9
[INFO] [stderr]    Compiling tracing v0.1.40
[INFO] [stderr]    Compiling tokio-stream v0.1.15
[INFO] [stderr]    Compiling webpki-roots v0.26.3
[INFO] [stderr]    Compiling anyhow v1.0.86
[INFO] [stderr]    Compiling thiserror v1.0.63
[INFO] [stderr]    Compiling thiserror-impl v1.0.63
[INFO] [stderr]    Compiling rustls-pemfile v2.1.3
[INFO] [stderr]    Compiling aho-corasick v1.1.3
[INFO] [stderr]    Compiling sync_wrapper v1.0.1
[INFO] [stderr]    Compiling ipnet v2.9.0
[INFO] [stderr]    Compiling regex-syntax v0.8.5
[INFO] [stderr]    Compiling nom v7.1.3
[INFO] [stderr]    Compiling async-trait v0.1.81
[INFO] [stderr]    Compiling smallvec v1.13.2
[INFO] [stderr]    Compiling either v1.13.0
[INFO] [stderr]    Compiling serde_urlencoded v0.7.1
[INFO] [stderr]    Compiling bytes-utils v0.1.4
[INFO] [stderr]    Compiling parking_lot v0.12.3
[INFO] [stderr]    Compiling futures-intrusive v0.5.0
[INFO] [stderr]    Compiling cron v0.12.1
[INFO] [stderr]    Compiling regex-automata v0.4.8
[INFO] [stderr]    Compiling sqlx-core v0.9.0
[INFO] [stderr]    Compiling rustls-webpki v0.101.7
[INFO] [stderr]    Compiling sct v0.7.1
[INFO] [stderr]    Compiling sqlx-postgres v0.9.0
[INFO] [stderr]    Compiling regex v1.11.0
[INFO] [stderr]    Compiling tokio-util v0.7.11
[INFO] [stderr]    Compiling aws-smithy-async v1.2.1
[INFO] [stderr]    Compiling tower v0.4.13
[INFO] [stderr]    Compiling hyper v1.4.1
[INFO] [stderr]    Compiling aws-smithy-types v1.2.7
[INFO] [stderr]    Compiling h2 v0.3.26
[INFO] [stderr]    Compiling tokio-rustls v0.24.1
[INFO] [stderr]    Compiling hyper-util v0.1.7
[INFO] [stderr]    Compiling aws-smithy-runtime-api v1.7.2
[INFO] [stderr]    Compiling aws-smithy-json v0.60.7
[INFO] [stderr]    Compiling aws-smithy-query v0.60.7
[INFO] [stderr]    Compiling sqlx-macros-core v0.9.0
[INFO] [stderr]    Compiling tokio-rustls v0.26.0
[INFO] [stderr]    Compiling hyper-rustls v0.27.2
[INFO] [stderr]    Compiling aws-credential-types v1.2.1
[INFO] [stderr]    Compiling aws-smithy-http v0.60.11
[INFO] [stderr]    Compiling reqwest v0.12.8
[INFO] [stderr]    Compiling aws-sigv4 v1.2.4
[INFO] [stderr]    Compiling sqlx-macros v0.9.0
[INFO] [stderr]    Compiling reqwest-middleware v0.3.3
[INFO] [stderr]    Compiling hyper v0.14.30
[INFO] [stderr]    Compiling hyper-rustls v0.24.2
[INFO] [stderr]    Compiling aws-smithy-runtime v1.7.1
[INFO] [stderr]    Compiling sqlx v0.9.0
[INFO] [stderr]    Compiling aws-runtime v1.4.3
[INFO] [stderr]    Compiling aws-sdk-sts v1.44.0
[INFO] [stderr]    Compiling aws-sdk-ssooidc v1.45.0
[INFO] [stderr]    Compiling aws-sdk-sso v1.44.0
[INFO] [stderr]    Compiling aws-sdk-sns v1.45.0
[INFO] [stderr]    Compiling aws-sdk-sqs v1.44.0
[INFO] [stderr]    Compiling aws-config v1.5.7
[INFO] [stderr]    Compiling outbox-pattern-processor v0.4.0 (/opt/rustwide/workdir)
[INFO] [stderr]     Finished `release` profile [optimized] target(s) in 1m 04s
[INFO] running `Command { std: "docker" "inspect" "727ac95d529d8b2dde14e78c01d0e26837db901abde02bf5440452ca48d3fcde", kill_on_drop: false }`
[INFO] running `Command { std: "docker" "exec" "-e" "SOURCE_DIR=/opt/rustwide/workdir" "-e" "CARGO_HOME=/opt/rustwide/cargo-home" "-e" "RUSTUP_HOME=/opt/rustwide/rustup-home" "-e" "CARGO_TARGET_DIR=/opt/rustwide/target" "-e" "CARGO_INCREMENTAL=0" "-e" "RUST_BACKTRACE=full" "-e" "RUSTFLAGS=--cap-lints=warn" "-e" "RUSTDOCFLAGS=--cap-lints=warn" "-w" "/opt/rustwide/workdir" "--user" "0:0" "727ac95d529d8b2dde14e78c01d0e26837db901abde02bf5440452ca48d3fcde" "/opt/rustwide/cargo-home/bin/cargo" "+1.100.0-beta.1" "test" "--frozen" "--no-run" "--message-format=json" "--release", kill_on_drop: false }`
[INFO] [stderr] warning: `package.homepage` is redundant with `package.repository`
[INFO] [stderr]   --> Cargo.toml:91:12
[INFO] [stderr]    |
[INFO] [stderr] 91 | homepage = "https://github.com/deroldo/outbox-pattern-processor"
[INFO] [stderr]    |            ^^^^^^^^^^^^^^^^^^^^^^^^^^^^^^^^^^^^^^^^^^^^^^^^^^^^^
[INFO] [stderr] ...
[INFO] [stderr] 96 | repository = "https://github.com/deroldo/outbox-pattern-processor"
[INFO] [stderr]    |              -----------------------------------------------------
[INFO] [stderr]    |
[INFO] [stderr]    = note: `cargo::redundant_homepage` is set to `warn` by default
[INFO] [stderr] help: consider removing `package.homepage`
[INFO] [stderr] warning: `outbox-pattern-processor` (manifest) generated 1 warning
[INFO] [stderr]    Compiling getrandom v0.2.15
[INFO] [stderr]    Compiling futures-macro v0.3.32
[INFO] [stderr]    Compiling h2 v0.4.6
[INFO] [stderr]    Compiling zerocopy-derive v0.7.35
[INFO] [stderr]    Compiling num_cpus v1.16.0
[INFO] [stderr]    Compiling sdd v3.0.2
[INFO] [stderr]    Compiling deadpool-runtime v0.1.4
[INFO] [stderr]    Compiling assert-json-diff v2.0.2
[INFO] [stderr]    Compiling serial_test_derive v3.1.1
[INFO] [stderr]    Compiling test-context-macros v0.3.0
[INFO] [stderr]    Compiling ring v0.17.8
[INFO] [stderr]    Compiling rand_core v0.6.4
[INFO] [stderr]    Compiling deadpool v0.10.0
[INFO] [stderr]    Compiling scc v2.1.16
[INFO] [stderr]    Compiling futures-util v0.3.32
[INFO] [stderr]    Compiling zerocopy v0.7.35
[INFO] [stderr]    Compiling ppv-lite86 v0.2.20
[INFO] [stderr]    Compiling rustls-webpki v0.101.7
[INFO] [stderr]    Compiling sct v0.7.1
[INFO] [stderr]    Compiling rustls-webpki v0.103.13
[INFO] [stderr]    Compiling rand_chacha v0.3.1
[INFO] [stderr]    Compiling rand v0.8.5
[INFO] [stderr]    Compiling rustls v0.21.12
[INFO] [stderr]    Compiling rustls v0.23.40
[INFO] [stderr]    Compiling http-body-util v0.1.2
[INFO] [stderr]    Compiling aws-smithy-async v1.2.1
[INFO] [stderr]    Compiling h2 v0.3.26
[INFO] [stderr]    Compiling tower v0.4.13
[INFO] [stderr]    Compiling futures-executor v0.3.32
[INFO] [stderr]    Compiling futures v0.3.30
[INFO] [stderr]    Compiling test-context v0.3.0
[INFO] [stderr]    Compiling serial_test v3.1.1
[INFO] [stderr]    Compiling aws-smithy-types v1.2.7
[INFO] [stderr]    Compiling tokio-rustls v0.24.1
[INFO] [stderr]    Compiling aws-smithy-runtime-api v1.7.2
[INFO] [stderr]    Compiling aws-smithy-json v0.60.7
[INFO] [stderr]    Compiling aws-smithy-query v0.60.7
[INFO] [stderr]    Compiling hyper v1.4.1
[INFO] [stderr]    Compiling aws-smithy-http v0.60.11
[INFO] [stderr]    Compiling aws-credential-types v1.2.1
[INFO] [stderr]    Compiling aws-types v1.3.3
[INFO] [stderr]    Compiling aws-sigv4 v1.2.4
[INFO] [stderr]    Compiling tokio-rustls v0.26.0
[INFO] [stderr]    Compiling sqlx-core v0.9.0
[INFO] [stderr]    Compiling hyper-util v0.1.7
[INFO] [stderr]    Compiling hyper-rustls v0.27.2
[INFO] [stderr]    Compiling wiremock v0.6.2
[INFO] [stderr]    Compiling reqwest v0.12.8
[INFO] [stderr]    Compiling hyper v0.14.30
[INFO] [stderr]    Compiling sqlx-postgres v0.9.0
[INFO] [stderr]    Compiling reqwest-middleware v0.3.3
[INFO] [stderr]    Compiling hyper-rustls v0.24.2
[INFO] [stderr]    Compiling aws-smithy-runtime v1.7.1
[INFO] [stderr]    Compiling sqlx v0.9.0
[INFO] [stderr]    Compiling aws-runtime v1.4.3
[INFO] [stderr]    Compiling aws-sdk-ssooidc v1.45.0
[INFO] [stderr]    Compiling aws-sdk-sso v1.44.0
[INFO] [stderr]    Compiling aws-sdk-sts v1.44.0
[INFO] [stderr]    Compiling aws-sdk-sns v1.45.0
[INFO] [stderr]    Compiling aws-sdk-sqs v1.44.0
[INFO] [stderr]    Compiling aws-config v1.5.7
[INFO] [stderr]    Compiling outbox-pattern-processor v0.4.0 (/opt/rustwide/workdir)
[INFO] [stderr]     Finished `release` profile [optimized] target(s) in 1m 03s
[INFO] running `Command { std: "docker" "inspect" "727ac95d529d8b2dde14e78c01d0e26837db901abde02bf5440452ca48d3fcde", kill_on_drop: false }`
[INFO] running `Command { std: "docker" "exec" "-e" "SOURCE_DIR=/opt/rustwide/workdir" "-e" "CARGO_HOME=/opt/rustwide/cargo-home" "-e" "RUSTUP_HOME=/opt/rustwide/rustup-home" "-e" "CARGO_TARGET_DIR=/opt/rustwide/target" "-e" "CARGO_INCREMENTAL=0" "-e" "RUST_BACKTRACE=full" "-e" "RUSTFLAGS=--cap-lints=warn" "-e" "RUSTDOCFLAGS=--cap-lints=warn" "-w" "/opt/rustwide/workdir" "--user" "0:0" "727ac95d529d8b2dde14e78c01d0e26837db901abde02bf5440452ca48d3fcde" "/opt/rustwide/cargo-home/bin/cargo" "+1.100.0-beta.1" "test" "--frozen" "--release", kill_on_drop: false }`
[INFO] [stderr] warning: `package.homepage` is redundant with `package.repository`
[INFO] [stderr]   --> Cargo.toml:91:12
[INFO] [stderr]    |
[INFO] [stderr] 91 | homepage = "https://github.com/deroldo/outbox-pattern-processor"
[INFO] [stderr]    |            ^^^^^^^^^^^^^^^^^^^^^^^^^^^^^^^^^^^^^^^^^^^^^^^^^^^^^
[INFO] [stderr] ...
[INFO] [stderr] 96 | repository = "https://github.com/deroldo/outbox-pattern-processor"
[INFO] [stderr]    |              -----------------------------------------------------
[INFO] [stderr]    |
[INFO] [stderr]    = note: `cargo::redundant_homepage` is set to `warn` by default
[INFO] [stderr] help: consider removing `package.homepage`
[INFO] [stderr] warning: `outbox-pattern-processor` (manifest) generated 1 warning
[INFO] [stderr]     Finished `release` profile [optimized] target(s) in 0.47s
[INFO] [stderr]      Running unittests src/lib.rs (/opt/rustwide/target/release/build/outbox-pattern-processor/044953a2aee13ded/out/outbox_pattern_processor-044953a2aee13ded)
[INFO] [stdout] 
[INFO] [stdout] running 0 tests
[INFO] [stdout] 
[INFO] [stdout] test result: ok. 0 passed; 0 failed; 0 ignored; 0 measured; 0 filtered out; finished in 0.00s
[INFO] [stdout] 
[INFO] [stderr]      Running tests/commons.rs (/opt/rustwide/target/release/build/outbox-pattern-processor/178871de0140fa90/out/commons-178871de0140fa90)
[INFO] [stdout] 
[INFO] [stdout] running 0 tests
[INFO] [stdout] 
[INFO] [stdout] test result: ok. 0 passed; 0 failed; 0 ignored; 0 measured; 0 filtered out; finished in 0.00s
[INFO] [stdout] 
[INFO] [stderr]      Running tests/switch_case.rs (/opt/rustwide/target/release/build/outbox-pattern-processor/0e1f1c8456fe8260/out/switch_case-0e1f1c8456fe8260)
[INFO] [stdout] 
[INFO] [stdout] running 30 tests
[INFO] [stdout] test test::should_clear_outbox_lock ... FAILED
[INFO] [stdout] test test::should_ignore_clear_outbox_lock_when_is_schedule_is_not_on_time has been running for over 60 seconds
[INFO] [stdout] test test::should_ignore_clear_outbox_lock_when_resource_is_locked has been running for over 60 seconds
[INFO] [stdout] test test::should_process_all_one_shot has been running for over 60 seconds
[INFO] [stdout] test test::should_process_all_with_batch_limit has been running for over 60 seconds
[INFO] [stdout] test test::should_process_batch_limit has been running for over 60 seconds
[INFO] [stdout] test test::should_process_deleting_for_each_one_that_result_is_success has been running for over 60 seconds
[INFO] [stdout] test test::should_process_fail_when_destination_is_sns_but_client_is_none has been running for over 60 seconds
[INFO] [stdout] test test::should_process_fail_when_destination_is_sqs_but_client_is_none has been running for over 60 seconds
[INFO] [stdout] test test::should_process_for_all_destination_successfully has been running for over 60 seconds
[INFO] [stdout] test test::should_process_http_patch has been running for over 60 seconds
[INFO] [stdout] test test::should_process_http_put has been running for over 60 seconds
[INFO] [stdout] test test::should_process_http_with_headers has been running for over 60 seconds
[INFO] [stdout] test test::should_process_ignoring_fails has been running for over 60 seconds
[INFO] [stdout] test test::should_process_ignoring_http_fail has been running for over 60 seconds
[INFO] [stdout] test test::should_process_ignoring_scheduled_processes has been running for over 60 seconds
[INFO] [stdout] test test::should_ignore_clear_outbox_lock_when_is_schedule_is_not_on_time ... FAILED
[INFO] [stdout] test test::should_process_ignoring_sns_fail has been running for over 60 seconds
[INFO] [stdout] test test::should_process_for_all_destination_successfully ... FAILED
[INFO] [stdout] test test::should_process_ignoring_sqs_fail has been running for over 60 seconds
[INFO] [stdout] test test::should_process_fail_when_destination_is_sqs_but_client_is_none ... FAILED
[INFO] [stdout] test test::should_process_partition_concurrent_shots has been running for over 60 seconds
[INFO] [stdout] test test::should_process_ignoring_sns_fail ... FAILED
[INFO] [stdout] test test::should_process_partition_with_one_shot has been running for over 60 seconds
[INFO] [stdout] test test::should_process_ignoring_sqs_fail ... FAILED
[INFO] [stdout] test test::should_process_partition_with_one_shot_and_scheduled_lock_delete has been running for over 60 seconds
[INFO] [stdout] test test::should_process_partition_concurrent_shots ... FAILED
[INFO] [stdout] test test::should_process_partition_with_two_shots has been running for over 60 seconds
[INFO] [stdout] test test::should_process_all_with_batch_limit ... FAILED
[INFO] [stdout] test test::should_process_partition_with_two_shots_and_scheduled_lock_delete has been running for over 60 seconds
[INFO] [stdout] test test::should_process_partition_with_one_shot_and_scheduled_lock_delete ... FAILED
[INFO] [stdout] test test::should_process_respect_attempts_when_is_greater_than_threshold has been running for over 60 seconds
[INFO] [stdout] test test::should_process_partition_with_two_shots ... FAILED
[INFO] [stdout] test test::should_process_respect_attempts_when_is_less_than_threshold has been running for over 60 seconds
[INFO] [stdout] test test::should_process_partition_with_two_shots_and_scheduled_lock_delete ... FAILED
[INFO] [stdout] test test::should_process_sns has been running for over 60 seconds
[INFO] [stdout] test test::should_process_batch_limit ... FAILED
[INFO] [stdout] test test::should_process_sqs has been running for over 60 seconds
[INFO] [stdout] test test::should_process_respect_attempts_when_is_less_than_threshold ... FAILED
[INFO] [stdout] test test::should_process_successfully_when_destination_is_http_and_sqs_and_sns_clients_are_none has been running for over 60 seconds
[INFO] [stdout] test test::should_process_sns ... FAILED
[INFO] [stdout] test test::should_process_when_persisted_by_repository has been running for over 60 seconds
[INFO] [stdout] test test::should_process_sqs ... FAILED
[INFO] [stdout] test test::should_update_process_after_when_it_is_enabled has been running for over 60 seconds
[INFO] [stdout] test test::should_ignore_clear_outbox_lock_when_resource_is_locked ... FAILED
[INFO] [stdout] test test::should_process_when_persisted_by_repository ... FAILED
[INFO] [stdout] test test::should_update_process_after_when_it_is_enabled ... FAILED
[INFO] [stdout] test test::should_process_http_patch ... FAILED
[INFO] [stdout] test test::should_process_fail_when_destination_is_sns_but_client_is_none ... FAILED
[INFO] [stdout] test test::should_process_ignoring_http_fail ... FAILED
[INFO] [stdout] test test::should_process_all_one_shot ... FAILED
[INFO] [stdout] test test::should_process_partition_with_one_shot ... FAILED
[INFO] [stdout] test test::should_process_ignoring_scheduled_processes ... FAILED
[INFO] [stdout] test test::should_process_http_put ... FAILED
[INFO] [stdout] test test::should_process_deleting_for_each_one_that_result_is_success ... FAILED
[ERROR] error running command: command timed out after 900 seconds
[INFO] running `Command { std: "docker" "inspect" "727ac95d529d8b2dde14e78c01d0e26837db901abde02bf5440452ca48d3fcde", kill_on_drop: false }`
[INFO] running `Command { std: "docker" "rm" "-f" "727ac95d529d8b2dde14e78c01d0e26837db901abde02bf5440452ca48d3fcde", kill_on_drop: false }`
[INFO] [stdout] 727ac95d529d8b2dde14e78c01d0e26837db901abde02bf5440452ca48d3fcde
