[INFO] fetching crate orion-accessor 0.9.0...
[INFO] testing orion-accessor-0.9.0 against 1.100.0-beta.1+cargoflags=--release for beta-release-1.100-2
[INFO] extracting crate orion-accessor 0.9.0 into /workspace/builds/worker-6-tc2/source
[INFO] started tweaking crates.io crate orion-accessor 0.9.0
[INFO] removed 0 missing examples
[INFO] removed 0 missing tests
[INFO] finished tweaking crates.io crate orion-accessor 0.9.0
[INFO] tweaked toml for crates.io crate orion-accessor 0.9.0 written to /workspace/builds/worker-6-tc2/source/Cargo.toml
[INFO] validating manifest of crates.io crate orion-accessor 0.9.0 on toolchain 1.100.0-beta.1
[INFO] running `Command { std: CARGO_HOME="/workspace/cargo-home" RUSTUP_HOME="/workspace/rustup-home" "/workspace/cargo-home/bin/cargo" "+1.100.0-beta.1" "metadata" "--manifest-path" "Cargo.toml" "--no-deps", kill_on_drop: false }`
[INFO] crate crates.io crate orion-accessor 0.9.0 already has a lockfile, it will not be regenerated
[INFO] running `Command { std: CARGO_HOME="/workspace/cargo-home" RUSTUP_HOME="/workspace/rustup-home" "/workspace/cargo-home/bin/cargo" "+1.100.0-beta.1" "fetch" "--manifest-path" "Cargo.toml", kill_on_drop: false }`
[INFO] running `Command { std: "docker" "create" "-v" "/var/lib/crater-agent-workspace/builds/worker-6-tc2/source:/opt/rustwide/workdir:ro,Z" "-v" "/var/lib/crater-agent-workspace/builds/worker-6-tc2/target:/opt/rustwide/target:rw,Z" "-v" "/var/lib/crater-agent-workspace/cargo-home:/opt/rustwide/cargo-home:ro,Z" "-v" "/var/lib/crater-agent-workspace/rustup-home:/opt/rustwide/rustup-home:ro,Z" "-m" "1610612736" "--network" "none" "ghcr.io/rust-lang/crates-build-env/linux@sha256:77db811e55d90add9212f6832c23229e3de5f1c1f9905e8cb07319ea15df73ac" "sleep" "infinity", kill_on_drop: false }`
[INFO] [stdout] e8c7f00d02af5a4865f7c596fbb09f08eb800be608e916b461d60558f44deb5b
[INFO] running `Command { std: "docker" "start" "e8c7f00d02af5a4865f7c596fbb09f08eb800be608e916b461d60558f44deb5b", kill_on_drop: false }`
[INFO] running `Command { std: "docker" "inspect" "e8c7f00d02af5a4865f7c596fbb09f08eb800be608e916b461d60558f44deb5b", kill_on_drop: false }`
[INFO] running `Command { std: "docker" "exec" "-e" "SOURCE_DIR=/opt/rustwide/workdir" "-e" "CARGO_HOME=/opt/rustwide/cargo-home" "-e" "RUSTUP_HOME=/opt/rustwide/rustup-home" "-e" "CARGO_TARGET_DIR=/opt/rustwide/target" "-w" "/opt/rustwide/workdir" "--user" "0:0" "e8c7f00d02af5a4865f7c596fbb09f08eb800be608e916b461d60558f44deb5b" "/opt/rustwide/cargo-home/bin/cargo" "+1.100.0-beta.1" "metadata" "--no-deps" "--format-version=1", kill_on_drop: false }`
[INFO] running `Command { std: "docker" "inspect" "e8c7f00d02af5a4865f7c596fbb09f08eb800be608e916b461d60558f44deb5b", kill_on_drop: false }`
[INFO] running `Command { std: "docker" "exec" "-e" "SOURCE_DIR=/opt/rustwide/workdir" "-e" "CARGO_HOME=/opt/rustwide/cargo-home" "-e" "RUSTUP_HOME=/opt/rustwide/rustup-home" "-e" "CARGO_TARGET_DIR=/opt/rustwide/target" "-e" "CARGO_INCREMENTAL=0" "-e" "RUST_BACKTRACE=full" "-e" "RUSTFLAGS=--cap-lints=warn" "-e" "RUSTDOCFLAGS=--cap-lints=warn" "-w" "/opt/rustwide/workdir" "--user" "0:0" "e8c7f00d02af5a4865f7c596fbb09f08eb800be608e916b461d60558f44deb5b" "/opt/rustwide/cargo-home/bin/cargo" "+1.100.0-beta.1" "build" "--frozen" "--message-format=json" "--release", kill_on_drop: false }`
[INFO] [stderr]    Compiling libc v0.2.190
[INFO] [stderr]    Compiling serde_core v1.0.229
[INFO] [stderr]    Compiling smallvec v1.16.3
[INFO] [stderr]    Compiling syn v3.0.7
[INFO] [stderr]    Compiling rustls-pki-types v1.15.1
[INFO] [stderr]    Compiling nix v0.31.3
[INFO] [stderr]    Compiling aho-corasick v1.1.5
[INFO] [stderr]    Compiling futures-io v0.3.34
[INFO] [stderr]    Compiling rustls v0.23.45
[INFO] [stderr]    Compiling futures-util v0.3.34
[INFO] [stderr]    Compiling tracing v0.1.44
[INFO] [stderr]    Compiling winnow v1.0.4
[INFO] [stderr]    Compiling derive_more-impl v2.1.1
[INFO] [stderr]    Compiling unicase v2.10.0
[INFO] [stderr]    Compiling rustix v1.1.5
[INFO] [stderr]    Compiling getset v0.1.7
[INFO] [stderr]    Compiling derive-getters v0.5.0
[INFO] [stderr]    Compiling mime_guess v2.0.5
[INFO] [stderr]    Compiling portable-atomic v1.15.0
[INFO] [stderr]    Compiling toml_writer v1.1.3+spec-1.1.0
[INFO] [stderr]    Compiling chrono v0.4.45
[INFO] [stderr]    Compiling rustls-native-certs v0.8.4
[INFO] [stderr]    Compiling jiff-core v0.1.1
[INFO] [stderr]    Compiling anstream v1.0.0
[INFO] [stderr]    Compiling encoding_rs v0.8.42
[INFO] [stderr]    Compiling jobserver v0.1.35
[INFO] [stderr]    Compiling unit-prefix v0.5.2
[INFO] [stderr]    Compiling wildmatch v2.6.1
[INFO] [stderr]    Compiling fs_extra v1.3.0
[INFO] [stderr]    Compiling cc v1.7.0
[INFO] [stderr]    Compiling toml_parser v1.1.5+spec-1.1.0
[INFO] [stderr]    Compiling regex-automata v0.4.18
[INFO] [stderr]    Compiling parking_lot_core v0.9.12
[INFO] [stderr]    Compiling errno v0.3.14
[INFO] [stderr]    Compiling socket2 v0.6.5
[INFO] [stderr]    Compiling mio v1.2.4
[INFO] [stderr]    Compiling signal-hook-registry v1.4.8
[INFO] [stderr]    Compiling parking_lot v0.12.5
[INFO] [stderr]    Compiling cmake v0.1.58
[INFO] [stderr]    Compiling indexmap v2.14.2
[INFO] [stderr]    Compiling openssl-src v300.6.1+3.6.3
[INFO] [stderr]    Compiling smol_str v0.3.6
[INFO] [stderr]    Compiling toml_datetime v1.1.2+spec-1.1.0
[INFO] [stderr]    Compiling serde_spanned v1.1.2
[INFO] [stderr]    Compiling xattr v1.6.1
[INFO] [stderr]    Compiling filetime v0.2.29
[INFO] [stderr]    Compiling console v0.16.6
[INFO] [stderr]    Compiling jiff v0.2.38
[INFO] [stderr]    Compiling tar v0.4.46
[INFO] [stderr]    Compiling toml v1.1.8+spec-1.1.0
[INFO] [stderr]    Compiling serde_json v1.0.151
[INFO] [stderr]    Compiling aws-lc-sys v0.45.0
[INFO] [stderr]    Compiling openssl-sys v0.9.117
[INFO] [stderr]    Compiling libz-sys v1.1.29
[INFO] [stderr]    Compiling synstructure v0.14.0
[INFO] [stderr]    Compiling libssh2-sys v0.3.3
[INFO] [stderr]    Compiling regex v1.13.1
[INFO] [stderr]    Compiling libgit2-sys v0.18.8+1.9.7
[INFO] [stderr]    Compiling indicatif v0.18.6
[INFO] [stderr]    Compiling derive_more v2.1.1
[INFO] [stderr]    Compiling env_filter v2.0.0
[INFO] [stderr]    Compiling zerofrom-derive v0.1.8
[INFO] [stderr]    Compiling yoke-derive v0.8.4
[INFO] [stderr]    Compiling zerovec-derive v0.11.6
[INFO] [stderr]    Compiling displaydoc v0.2.7
[INFO] [stderr]    Compiling tokio-macros v2.7.2
[INFO] [stderr]    Compiling serde_derive v1.0.229
[INFO] [stderr]    Compiling thiserror-impl v2.0.21
[INFO] [stderr]    Compiling zerofrom v0.1.8
[INFO] [stderr]    Compiling orion-error-derive v0.9.0
[INFO] [stderr]    Compiling env_logger v0.11.11
[INFO] [stderr]    Compiling async-trait v0.1.92
[INFO] [stderr]    Compiling yoke v0.8.3
[INFO] [stderr]    Compiling contracts v0.6.11
[INFO] [stderr]    Compiling tokio v1.53.2
[INFO] [stderr]    Compiling zerovec v0.11.8
[INFO] [stderr]    Compiling zerotrie v0.2.5
[INFO] [stderr]    Compiling tinystr v0.8.4
[INFO] [stderr]    Compiling potential_utf v0.1.6
[INFO] [stderr]    Compiling thiserror v2.0.21
[INFO] [stderr]    Compiling icu_collections v2.3.0
[INFO] [stderr]    Compiling icu_locale_core v2.3.0
[INFO] [stderr]    Compiling flexi_logger v0.31.10
[INFO] [stderr]    Compiling icu_provider v2.3.1
[INFO] [stderr]    Compiling serde v1.0.229
[INFO] [stderr]    Compiling icu_normalizer v2.3.0
[INFO] [stderr]    Compiling icu_properties v2.3.0
[INFO] [stderr]    Compiling orion-error v0.9.0
[INFO] [stderr]    Compiling os_info v3.15.0
[INFO] [stderr]    Compiling serde_yaml v0.9.34+deprecated
[INFO] [stderr]    Compiling idna_adapter v1.2.2
[INFO] [stderr]    Compiling orion-variate v0.14.0
[INFO] [stderr]    Compiling idna v1.1.0
[INFO] [stderr]    Compiling url v2.5.8
[INFO] [stderr]    Compiling orion_conf v0.8.0
[INFO] [stderr]    Compiling orion-infra v0.8.0
[INFO] [stderr]    Compiling tokio-util v0.7.20
[INFO] [stderr]    Compiling tower v0.5.3
[INFO] [stderr]    Compiling h2 v0.4.20
[INFO] [stderr]    Compiling tower-http v0.6.11
[INFO] [stderr]    Compiling hyper v1.12.0
[INFO] [stderr]    Compiling hyper-util v0.1.21
[INFO] [stderr]    Compiling aws-lc-rs v1.18.1
[INFO] [stderr]    Compiling rustls-webpki v0.103.15
[INFO] [stderr]    Compiling tokio-rustls v0.26.6
[INFO] [stderr]    Compiling rustls-platform-verifier v0.7.1
[INFO] [stderr]    Compiling hyper-rustls v0.27.10
[INFO] [stderr]    Compiling reqwest v0.13.5
[INFO] [stderr]    Compiling git2 v0.21.0
[INFO] [stderr]    Compiling orion-accessor v0.9.0 (/opt/rustwide/workdir)
[INFO] [stderr] warning: unused dependency `serde_json`
[INFO] [stderr]   --> Cargo.toml:91:15
[INFO] [stderr]    |
[INFO] [stderr] 91 | [dependencies.serde_json]
[INFO] [stderr]    |               ^^^^^^^^^^^
[INFO] [stderr]    |
[INFO] [stderr]    = note: `cargo::unused_dependencies` is set to `warn` by default
[INFO] [stderr] help: consider removing the dependency on `serde_json`
[INFO] [stderr] warning: `orion-accessor` (manifest) generated 1 warning
[INFO] [stderr]     Finished `release` profile [optimized] target(s) in 1m 25s
[INFO] running `Command { std: "docker" "inspect" "e8c7f00d02af5a4865f7c596fbb09f08eb800be608e916b461d60558f44deb5b", kill_on_drop: false }`
[INFO] running `Command { std: "docker" "exec" "-e" "SOURCE_DIR=/opt/rustwide/workdir" "-e" "CARGO_HOME=/opt/rustwide/cargo-home" "-e" "RUSTUP_HOME=/opt/rustwide/rustup-home" "-e" "CARGO_TARGET_DIR=/opt/rustwide/target" "-e" "CARGO_INCREMENTAL=0" "-e" "RUST_BACKTRACE=full" "-e" "RUSTFLAGS=--cap-lints=warn" "-e" "RUSTDOCFLAGS=--cap-lints=warn" "-w" "/opt/rustwide/workdir" "--user" "0:0" "e8c7f00d02af5a4865f7c596fbb09f08eb800be608e916b461d60558f44deb5b" "/opt/rustwide/cargo-home/bin/cargo" "+1.100.0-beta.1" "test" "--frozen" "--no-run" "--message-format=json" "--release", kill_on_drop: false }`
[INFO] [stderr]    Compiling zerocopy v0.8.62
[INFO] [stderr]    Compiling hyper v1.12.0
[INFO] [stderr]    Compiling memchr v2.8.3
[INFO] [stderr]    Compiling indexmap v2.14.2
[INFO] [stderr]    Compiling getrandom v0.3.4
[INFO] [stderr]    Compiling regex-syntax v0.8.11
[INFO] [stderr]    Compiling url v2.5.8
[INFO] [stderr]    Compiling rstest_macros v0.27.0
[INFO] [stderr]    Compiling xattr v1.6.1
[INFO] [stderr]    Compiling glob v0.3.4
[INFO] [stderr]    Compiling relative-path v1.9.3
[INFO] [stderr]    Compiling getrandom v0.4.3
[INFO] [stderr]    Compiling assert-json-diff v2.0.2
[INFO] [stderr]    Compiling serde_urlencoded v0.7.1
[INFO] [stderr]    Compiling similar v2.7.0
[INFO] [stderr]    Compiling futures-timer v3.0.4
[INFO] [stderr]    Compiling rand_core v0.9.5
[INFO] [stderr]    Compiling tar v0.4.46
[INFO] [stderr]    Compiling tempfile v3.27.0
[INFO] [stderr]    Compiling aho-corasick v1.1.5
[INFO] [stderr]    Compiling tower-http v0.6.11
[INFO] [stderr]    Compiling git2 v0.21.0
[INFO] [stderr]    Compiling toml_edit v0.25.17+spec-1.1.0
[INFO] [stderr]    Compiling proc-macro-crate v3.5.0
[INFO] [stderr]    Compiling hyper-util v0.1.21
[INFO] [stderr]    Compiling regex-automata v0.4.18
[INFO] [stderr]    Compiling hyper-rustls v0.27.10
[INFO] [stderr]    Compiling reqwest v0.13.5
[INFO] [stderr]    Compiling regex v1.13.1
[INFO] [stderr]    Compiling ppv-lite86 v0.2.21
[INFO] [stderr]    Compiling orion-accessor v0.9.0 (/opt/rustwide/workdir)
[INFO] [stderr]    Compiling rand_chacha v0.9.0
[INFO] [stderr]    Compiling rand v0.9.5
[INFO] [stderr]    Compiling mockito v1.7.2
[INFO] [stderr]    Compiling rstest v0.27.0
[INFO] [stderr] warning: unused dependency `serde_json`
[INFO] [stderr]   --> Cargo.toml:91:15
[INFO] [stderr]    |
[INFO] [stderr] 91 | [dependencies.serde_json]
[INFO] [stderr]    |               ^^^^^^^^^^^
[INFO] [stderr]    |
[INFO] [stderr]    = note: `cargo::unused_dependencies` is set to `warn` by default
[INFO] [stderr] help: consider removing the dependency on `serde_json`
[INFO] [stderr] help: to still use for development builds, move to `dev-dependencies`
[INFO] [stderr] warning: `orion-accessor` (manifest) generated 1 warning
[INFO] [stderr]     Finished `release` profile [optimized] target(s) in 15.73s
[INFO] running `Command { std: "docker" "inspect" "e8c7f00d02af5a4865f7c596fbb09f08eb800be608e916b461d60558f44deb5b", kill_on_drop: false }`
[INFO] running `Command { std: "docker" "exec" "-e" "SOURCE_DIR=/opt/rustwide/workdir" "-e" "CARGO_HOME=/opt/rustwide/cargo-home" "-e" "RUSTUP_HOME=/opt/rustwide/rustup-home" "-e" "CARGO_TARGET_DIR=/opt/rustwide/target" "-e" "CARGO_INCREMENTAL=0" "-e" "RUST_BACKTRACE=full" "-e" "RUSTFLAGS=--cap-lints=warn" "-e" "RUSTDOCFLAGS=--cap-lints=warn" "-w" "/opt/rustwide/workdir" "--user" "0:0" "e8c7f00d02af5a4865f7c596fbb09f08eb800be608e916b461d60558f44deb5b" "/opt/rustwide/cargo-home/bin/cargo" "+1.100.0-beta.1" "test" "--frozen" "--release", kill_on_drop: false }`
[INFO] [stderr] warning: unused dependency `serde_json`
[INFO] [stderr]   --> Cargo.toml:91:15
[INFO] [stderr]    |
[INFO] [stderr] 91 | [dependencies.serde_json]
[INFO] [stderr]    |               ^^^^^^^^^^^
[INFO] [stderr]    |
[INFO] [stderr]    = note: `cargo::unused_dependencies` is set to `warn` by default
[INFO] [stderr] help: consider removing the dependency on `serde_json`
[INFO] [stderr] help: to still use for development builds, move to `dev-dependencies`
[INFO] [stderr] warning: `orion-accessor` (manifest) generated 1 warning
[INFO] [stderr]     Finished `release` profile [optimized] target(s) in 0.29s
[INFO] [stderr]      Running unittests src/lib.rs (/opt/rustwide/target/release/build/orion-accessor/2a941a744f0d630f/out/orion_accessor-2a941a744f0d630f)
[INFO] [stdout] 
[INFO] [stdout] running 290 tests
[INFO] [stdout] test addr::access_ctrl::rule::tests::test_rule2 ... ok
[INFO] [stdout] test addr::access_ctrl::rule::tests::test_rule_env_eval_with_defaults ... ok
[INFO] [stdout] test addr::access_ctrl::auth::tests::test_auth_config_env_eval ... ok
[INFO] [stdout] test addr::access_ctrl::auth::tests::test_auth_config_mixed_env_eval ... ok
[INFO] [stdout] test addr::access_ctrl::rule::tests::test_rule_env_eval ... ok
[INFO] [stdout] test addr::access_ctrl::auth::tests::test_auth_config_env_eval_with_defaults ... ok
[INFO] [stdout] test addr::access_ctrl::auth::tests::test_auth_config_make_example ... ok
[INFO] [stdout] test addr::access_ctrl::serv::tests::test_serv_complex_yaml_structure ... ok
[INFO] [stdout] test addr::access_ctrl::serv::tests::test_serv_serialization_yaml_format ... ok
[INFO] [stdout] test addr::access_ctrl::serv::tests::test_serv_multiple_units_serialization ... ok
[INFO] [stdout] test addr::access_ctrl::serv::tests::test_serv_empty_yaml ... ok
[INFO] [stdout] test addr::access_ctrl::unit::tests::test_unit_add_rule ... ok
[INFO] [stdout] test addr::access_ctrl::serv::tests::test_serv_no_redirect_match ... ok
[INFO] [stdout] test addr::access_ctrl::unit::tests::test_unit_new ... ok
[INFO] [stdout] test addr::access_ctrl::unit::tests::test_unit_redirect_with_match ... ok
[INFO] [stdout] test addr::access_ctrl::serv::tests::test_redirect_service_env_eval ... ok
[INFO] [stdout] test addr::access_ctrl::serv::tests::test_redirect_service_env_eval_disabled ... ok
[INFO] [stdout] test addr::access_ctrl::serv::tests::test_serv_serialization_with_units ... ok
[INFO] [stdout] test addr::access_ctrl::serv::tests::test_serv_json_format ... ok
[INFO] [stdout] test addr::access_ctrl::unit::tests::test_unit_direct_address_redirection ... ok
[INFO] [stdout] test addr::access_ctrl::unit::tests::test_unit_edge_cases_and_environment_evaluation ... ok
[INFO] [stdout] test addr::accessor::git::tests::test_dir_upload_to_remote_repo ... ignored, no run in ci
[INFO] [stdout] test addr::accessor::git::tests::test_file_upload_to_remote_repo ... ignored, no run in ci
[INFO] [stdout] test addr::accessor::git::tests::test_git_accessor_authentication_modes ... ok
[INFO] [stdout] test addr::access_ctrl::serv::tests::test_redirect_service ... ok
[INFO] [stdout] test addr::access_ctrl::serv::tests::test_serv_from_rule_serialization ... ok
[INFO] [stdout] test addr::access_ctrl::serv::tests::test_serv_serialization_basic ... ok
[INFO] [stdout] test addr::access_ctrl::unit::tests::test_unit_redirect_with_auth ... ok
[INFO] [stdout] test addr::access_ctrl::unit::tests::test_unit_redirect_without_match ... ok
[INFO] [stdout] test addr::access_ctrl::unit::tests::test_unit_set_timeout_config ... ok
[INFO] [stdout] test addr::access_ctrl::unit::tests::test_unit_set_auth ... ok
[INFO] [stdout] test addr::access_ctrl::serv::tests::test_serv_redirect_functionality ... ok
[INFO] [stdout] test addr::accessor::git::tests::test_git_addr_cnb_cool_clone ... ignored, need cnb.cool access
[INFO] [stdout] test addr::accessor::git::tests::test_git_addr_cnb_cool_with_token ... ignored, need cnb.cool token access
[INFO] [stdout] test addr::accessor::git::tests::test_git_addr_update_local ... ignored, need more time
[INFO] [stdout] test addr::access_ctrl::serv::tests::test_serv_file_roundtrip ... ok
[INFO] [stdout] test addr::accessor::http::tests::test_http_addr ... ignored, need more time
[INFO] [stdout] test addr::accessor::git::tests::test_git_addr_env_token ... ok
[INFO] [stdout] test addr::accessor::git::tests::test_git_addr_with_git_credentials ... ok
[INFO] [stdout] test addr::accessor::git::tests::test_git_credentials_parsing ... ok
[INFO] [stdout] test addr::accessor::git::tests::test_git_addr_pull_2 ... FAILED
[INFO] [stdout] test addr::accessor::git::tests::test_git_addr_pull_redirect ... FAILED
[INFO] [stdout] test addr::accessor::git::tests::test_git_addr_update_local_sub ... FAILED
[INFO] [stdout] test addr::accessor::http::tests::test_http_auth_download_with_redirect ... FAILED
[INFO] [stdout] test addr::accessor::client::tests::test_create_http_client_by_ctrl_with_invalid_proxy ... ok
[INFO] [stdout] test addr::accessor::http::tests::test_http_download_cleans_stale_part_file ... ok
[INFO] [stdout] test addr::accessor::client::tests::test_create_http_client_by_ctrl_with_all_configs ... ok
[INFO] [stdout] test addr::accessor::http::tests::test_http_download_skips_when_reuse_cache ... ok
[INFO] [stdout] test addr::accessor::client::tests::test_create_http_client_by_ctrl_with_proxy ... ok
[INFO] [stdout] test addr::accessor::client::tests::test_create_http_client_by_ctrl_with_timeout ... ok
[INFO] [stdout] test addr::accessor::http::tests::test_length_mismatch_matrix ... ok
[INFO] [stdout] test addr::accessor::http::tests::test_part_path_appends_suffix_in_same_dir ... ok
[INFO] [stdout] test addr::accessor::local::tests::test_local ... FAILED
[INFO] [stdout] test addr::accessor::http::tests::test_http_download_chunked_body_is_ok ... ok
[INFO] [stdout] test addr::accessor::local::tests::test_rename_path_dir_new_model ... FAILED
[INFO] [stdout] test addr::accessor::local::tests::test_rename_path_file_new_model ... ok
[INFO] [stdout] test addr::accessor::http::tests::test_http_download_io_error_is_not_retried ... ok
[INFO] [stdout] test addr::accessor::local::tests::test_rename_path_dir_overwrite_existing_dir ... ok
[INFO] [stdout] test addr::accessor::local::tests::test_upload_file_from_local ... ok
[INFO] [stdout] test addr::accessor::local::tests::test_rename_path_file_overwrite_existing_file ... ok
[INFO] [stdout] test addr::accessor::universal::config_tests::test_universal_config_file_handling ... ok
[INFO] [stdout] test addr::accessor::universal::config_tests::test_universal_config_builder_pattern ... ok
[INFO] [stdout] test addr::accessor::universal::tests::test_universal_accessor_config_accessors ... ok
[INFO] [stdout] test addr::accessor::universal::tests::test_universal_accessor_upload_functionality ... ok
[INFO] [stdout] test addr::accessor::client::tests::test_create_http_client_by_ctrl_none ... ok
[INFO] [stdout] test addr::accessor::http::tests::test_http_download_empty_body_is_ok ... ok
[INFO] [stdout] test addr::constants::tests::test_env_constants ... ok
[INFO] [stdout] test addr::accessor::http::tests::test_http_download_4xx_is_not_retried ... ok
[INFO] [stdout] test addr::constants::tests::test_http_constants ... ok
[INFO] [stdout] test addr::constants::tests::test_git_constants ... ok
[INFO] [stdout] test addr::constants::tests::test_local_constants ... ok
[INFO] [stdout] test addr::accessor::local::tests::test_upload_dir_from_local ... ok
[INFO] [stdout] test addr::constants::tests::test_constants_are_static ... ok
[INFO] [stdout] test addr::error::tests::test_addr_reason_operation_timeout_exceeded ... ok
[INFO] [stdout] test addr::error::tests::test_addr_reason_retry_exhausted ... ok
[INFO] [stdout] test addr::error::tests::test_addr_reason_total_timeout_exceeded ... ok
[INFO] [stdout] test addr::error::tests::test_addr_reason_brief ... ok
[INFO] [stdout] test addr::git::tests::test_git_repository_with_branch ... ok
[INFO] [stdout] test addr::accessor::http::tests::test_http_auth_download_no ... FAILED
[INFO] [stdout] test addr::git::tests::test_git_repository_with_git_credentials_no_match ... ok
[INFO] [stdout] test addr::git::tests::test_git_repository_with_github_token ... ok
[INFO] [stdout] test addr::git::tests::test_git_repository_with_gitlab_token ... ok
[INFO] [stdout] test addr::git::tests::test_git_repository_with_opt_tag ... ok
[INFO] [stdout] test addr::git::tests::test_git_repository_with_opt_branch ... ok
[INFO] [stdout] test addr::constants::tests::test_redirect_constants ... ok
[INFO] [stdout] test addr::git::tests::test_git_repository_from ... ok
[INFO] [stdout] test addr::git::tests::test_git_repository_with_git_credentials ... ok
[INFO] [stdout] test addr::git::tests::test_git_repository_with_opt_token ... ok
[INFO] [stdout] test addr::git::tests::test_git_repository_with_ssh_passphrase ... ok
[INFO] [stdout] test addr::git::tests::test_git_repository_with_path ... ok
[INFO] [stdout] test addr::git::tests::test_git_repository_with_rev ... ok
[INFO] [stdout] test addr::git::tests::test_git_repository_with_opt_username ... ok
[INFO] [stdout] test addr::git::tests::test_git_repository_with_gitea_token ... ok
[INFO] [stdout] test addr::git::tests::test_git_repository_with_token ... ok
[INFO] [stdout] test addr::git::tests::test_git_repository_with_username ... ok
[INFO] [stdout] test addr::git::tests::test_read_git_credentials_invalid_url ... ok
[INFO] [stdout] test addr::git::tests::test_git_repository_with_ssh_key ... ok
[INFO] [stdout] test addr::git::tests::test_git_repository_with_tag ... ok
[INFO] [stdout] test addr::accessor::universal::tests::test_select_accessor ... FAILED
[INFO] [stdout] test addr::accessor::git::tests::test_checkout_specific_branch ... FAILED
[INFO] [stdout] test addr::http::tests::test_get_filename_with_empty_path ... ok
[INFO] [stdout] test addr::http::tests::test_get_filename_with_multiple_path_segments ... ok
[INFO] [stdout] test addr::http::tests::test_get_filename_with_invalid_url ... ok
[INFO] [stdout] test addr::http::tests::test_get_filename_with_trailing_slash ... ok
[INFO] [stdout] test addr::http::tests::test_get_filename_with_regular_url ... ok
[INFO] [stdout] test addr::git::tests::test_read_git_credentials_empty_file ... ok
[INFO] [stdout] test addr::local::tests::test_local_path_debug ... ok
[INFO] [stdout] test addr::http::tests::test_get_filename_with_encoded_characters ... ok
[INFO] [stdout] test addr::local::tests::test_local_path_env_eval_no_vars ... ok
[INFO] [stdout] test addr::local::tests::test_local_path_clone ... ok
[INFO] [stdout] test addr::http::tests::test_get_filename_with_fragment ... ok
[INFO] [stdout] test addr::http::tests::test_get_filename_with_query_params ... ok
[INFO] [stdout] test addr::git::tests::test_read_git_credentials_valid_file ... ok
[INFO] [stdout] test addr::local::tests::test_local_path_partial_eq ... ok
[INFO] [stdout] test addr::proxy::tests::test_proxy_config_environment_evaluation ... ok
[INFO] [stdout] test addr::local::tests::test_local_path_from_str ... ok
[INFO] [stdout] test addr::local::tests::test_local_path_env_eval_with_vars ... ok
[INFO] [stdout] test addr::local::tests::test_local_path_env_eval_undefined_var ... ok
[INFO] [stdout] test addr::local::tests::test_local_path_env_eval_multiple_vars ... ok
[INFO] [stdout] test addr::proxy::tests::test_proxy_config_creation_and_accessors ... ok
[INFO] [stdout] test addr::proxy::tests::test_proxy_config_serialization_roundtrip ... ok
[INFO] [stdout] test addr::proxy::tests::test_proxy_config_with_different_schemes ... ok
[INFO] [stdout] test addr::types::tests::test_addr_parse_error_display ... ok
[INFO] [stdout] test addr::types::tests::test_address_from_str_invalid_format ... ok
[INFO] [stdout] test addr::types::tests::test_address_clone ... ok
[INFO] [stdout] test addr::types::tests::test_address_from_str_gitlab_url ... ok
[INFO] [stdout] test addr::types::tests::test_address_env_eval ... ok
[INFO] [stdout] test addr::proxy::tests::test_proxy_type_variants_and_functionality ... ok
[INFO] [stdout] test addr::types::tests::test_address_from_str_git_ssh ... ok
[INFO] [stdout] test addr::types::tests::test_address_display ... ok
[INFO] [stdout] test addr::types::tests::test_address_from_str_http ... ok
[INFO] [stdout] test addr::types::tests::test_address_git_variant ... ok
[INFO] [stdout] test addr::accessor::http::tests::test_http_upload_put ... ok
[INFO] [stdout] test addr::types::tests::test_address_http_variant ... ok
[INFO] [stdout] test addr::accessor::git::tests::test_git_accessor_error_handling ... ok
[INFO] [stdout] test addr::types::tests::test_address_local_variant ... ok
[INFO] [stdout] test addr::types::tests::test_address_from_str_local_absolute ... ok
[INFO] [stdout] test addr::types::tests::test_address_from_str_local_home ... ok
[INFO] [stdout] test addr::types::tests::test_path_template_from_path ... ok
[INFO] [stdout] test addr::types::tests::test_address_from_str_local_relative ... ok
[INFO] [stdout] test addr::types::tests::test_path_template_from_pathbuf ... ok
[INFO] [stdout] test addr::types::tests::test_address_from_str_ref_fallback_to_local ... ok
[INFO] [stdout] test addr::types::tests::test_address_from_str_trim_whitespace ... ok
[INFO] [stdout] test addr::types::tests::test_path_template_from_str ... ok
[INFO] [stdout] test addr::validation::tests::test_address_validation ... ok
[INFO] [stdout] test addr::types::tests::test_address_from_str_ref ... ok
[INFO] [stdout] test addr::validation::tests::test_git_repository_authentication_and_version_conflicts ... ok
[INFO] [stdout] test addr::types::tests::test_path_template_clone ... ok
[INFO] [stdout] test addr::validation::tests::test_http_resource_authentication_edge_cases ... ok
[INFO] [stdout] test addr::types::tests::test_path_template_default ... ok
[INFO] [stdout] test addr::validation::tests::test_http_resource_validation ... ok
[INFO] [stdout] test addr::validation::tests::test_is_valid_git_url ... ok
[INFO] [stdout] test addr::types::tests::test_path_template_from_pathbuf_ref ... ok
[INFO] [stdout] test archive::tests::test_compress_nonexistent_directory ... ok
[INFO] [stdout] test addr::validation::tests::test_local_path_validation ... ok
[INFO] [stdout] test addr::types::tests::test_path_template_path_no_vars ... ok
[INFO] [stdout] test addr::validation::tests::test_local_path_advanced_validation ... ok
[INFO] [stdout] test addr::types::tests::test_path_template_path_with_vars ... ok
[INFO] [stdout] test addr::validation::tests::test_git_repository_validation ... ok
[INFO] [stdout] test archive::tests::test_decompress_nonexistent_file ... ok
[INFO] [stdout] test archive::tests::test_compress_empty_directory ... ok
[INFO] [stdout] test archive::tests::test_compress_decompress_roundtrip ... ok
[INFO] [stdout] test addr::validation::tests::test_batch_validation ... ok
[INFO] [stdout] test archive::tests::test_decompress_to_existing_directory ... ok
[INFO] [stdout] test opt::tests::test_pathbuf_properties ... ok
[INFO] [stdout] test opt::tests::test_memory_efficiency ... ok
[INFO] [stdout] test opt::tests::test_str_to_string_option ... ok
[INFO] [stdout] test opt::tests::test_string_equality ... ok
[INFO] [stdout] test opt::tests::test_trait_object_safety ... ok
[INFO] [stdout] test timeout::tests::progress_tracker::test_clone_tracker ... ok
[INFO] [stdout] test opt::tests::test_str_to_pathbuf_option ... ok
[INFO] [stdout] test timeout::tests::progress_tracker::test_multiple_updates ... ok
[INFO] [stdout] test opt::tests::test_edge_cases ... ok
[INFO] [stdout] test addr::accessor::http::tests::test_http_download_success_replaces_existing ... ok
[INFO] [stdout] test opt::tests::test_string_to_string_option ... ok
[INFO] [stdout] test timeout::tests::progress_tracker::test_edge_case_max_values ... ok
[INFO] [stdout] test opt::tests::test_type_consistency ... ok
[INFO] [stdout] test timeout::tests::progress_tracker::test_edge_case_zero_values ... ok
[INFO] [stdout] test timeout::tests::progress_tracker::test_large_timeout_duration ... ok
[INFO] [stdout] test timeout::tests::progress_tracker::test_progress_percent_half ... ok
[INFO] [stdout] test timeout::tests::progress_tracker::test_progress_percent_large_numbers ... ok
[INFO] [stdout] test timeout::tests::progress_tracker::test_progress_percent_partial ... ok
[INFO] [stdout] test timeout::tests::progress_tracker::test_progress_percent_zero_total ... ok
[INFO] [stdout] test timeout::tests::progress_tracker::test_new_tracker ... ok
[INFO] [stdout] test timeout::tests::progress_tracker::test_update_with_total ... ok
[INFO] [stdout] test timeout::tests::progress_tracker::test_update_without_total ... ok
[INFO] [stdout] test timeout::tests::serde_tests::test_deserialize_json ... ok
[INFO] [stdout] test timeout::tests::progress_tracker::test_progress_percent_complete ... ok
[INFO] [stdout] test timeout::tests::serde_tests::test_deserialize_yaml ... ok
[INFO] [stdout] test timeout::tests::serde_tests::test_deserialize_missing_field ... ok
[INFO] [stdout] test timeout::tests::progress_tracker::test_update_changes_total_expected ... ok
[INFO] [stdout] test timeout::tests::serde_tests::test_deserialize_extra_field ... ok
[INFO] [stdout] test timeout::tests::serde_tests::test_serialize_json ... ok
[INFO] [stdout] test timeout::tests::serde_tests::test_serialize_roundtrip_yaml ... ok
[INFO] [stdout] test timeout::tests::timeout_config::test_connect_duration ... ok
[INFO] [stdout] test timeout::tests::timeout_config::test_debug_format ... ok
[INFO] [stdout] test timeout::tests::timeout_config::test_clone ... ok
[INFO] [stdout] test timeout::tests::timeout_config::test_duration_conversions_zero_values ... ok
[INFO] [stdout] test timeout::tests::timeout_config::test_git_operation_config ... ok
[INFO] [stdout] test timeout::tests::serde_tests::test_serialize_roundtrip_json ... ok
[INFO] [stdout] test timeout::tests::timeout_config::test_http_large_file_config ... ok
[INFO] [stdout] test timeout::tests::timeout_config::test_new_config ... ok
[INFO] [stdout] test timeout::tests::timeout_config::test_partial_eq ... ok
[INFO] [stdout] test timeout::tests::timeout_config::test_read_duration ... ok
[INFO] [stdout] test timeout::tests::timeout_config::test_total_duration ... ok
[INFO] [stdout] test timeout::tests::timeout_config::test_validation_all_zero_values ... ok
[INFO] [stdout] test timeout::tests::timeout_config::test_validation_edge_case_one_second ... ok
[INFO] [stdout] test timeout::tests::progress_tracker::test_zero_timeout_duration ... ok
[INFO] [stdout] test timeout::tests::timeout_config::test_default_config ... ok
[INFO] [stdout] test timeout::tests::timeout_config::test_validation_valid_config ... ok
[INFO] [stdout] test timeout::tests::timeout_config::test_http_simple_config ... ok
[INFO] [stdout] test timeout::tests::timeout_config::test_validation_zero_connect_timeout ... ok
[INFO] [stdout] test timeout::tests::serde_tests::test_serialize_yaml ... ok
[INFO] [stdout] test timeout::tests::timeout_config::test_duration_conversions_large_values ... ok
[INFO] [stdout] test timeout::tests::timeout_config::test_validation_zero_total_timeout ... ok
[INFO] [stdout] test timeout::tests::progress_tracker::test_debug_format_tracker ... ok
[INFO] [stdout] test types::tests::test_downloader_with_different_addresses ... ok
[INFO] [stdout] test types::tests::test_resource_downloader_download ... ok
[INFO] [stdout] test archive::tests::test_compress_with_special_files ... ok
[INFO] [stdout] test types::tests::test_resource_uploader_upload ... ok
[INFO] [stdout] test types::tests::test_update_unit_clone ... ok
[INFO] [stdout] test types::tests::test_update_unit_empty_path ... ok
[INFO] [stdout] test types::tests::test_update_unit_clone_performance ... ok
[INFO] [stdout] test types::tests::test_update_unit_debug ... ok
[INFO] [stdout] test types::tests::test_update_unit_default ... ok
[INFO] [stdout] test timeout::tests::timeout_config::test_validation_zero_read_timeout ... ok
[INFO] [stdout] test types::tests::test_update_unit_from_pathbuf ... ok
[INFO] [stdout] test types::tests::test_update_unit_new ... ok
[INFO] [stdout] test types::tests::test_update_unit_partial_eq ... ok
[INFO] [stdout] test types::tests::test_update_unit_position_mut ... ok
[INFO] [stdout] test types::tests::test_update_unit_position_getter ... ok
[INFO] [stdout] test update::tests::test_download_options_clean_cache ... ok
[INFO] [stdout] test update::tests::test_download_options_clean_git_cache ... ok
[INFO] [stdout] test update::tests::test_download_options_clone ... ok
[INFO] [stdout] test types::tests::test_update_unit_vars_getter_none ... ok
[INFO] [stdout] test types::tests::test_update_unit_vars_getter ... ok
[INFO] [stdout] test types::tests::test_update_unit_with_position ... ok
[INFO] [stdout] test update::tests::test_cache_behavior_consistency ... ok
[INFO] [stdout] test types::tests::test_uploader_with_different_addresses ... ok
[INFO] [stdout] test types::tests::test_update_unit_set_position ... ok
[INFO] [stdout] test update::tests::test_download_options_for_test ... ok
[INFO] [stdout] test update::tests::test_download_options_reuse_cache ... ok
[INFO] [stdout] test update::tests::test_download_options_new ... ok
[INFO] [stdout] test update::tests::test_download_options_scope_level ... ok
[INFO] [stdout] test update::tests::test_from_trait_edge_cases ... ok
[INFO] [stdout] test update::tests::test_keep_duration_default ... ok
[INFO] [stdout] test update::tests::test_keep_duration_partial_eq ... ok
[INFO] [stdout] test update::tests::test_scope_level_variants ... ok
[INFO] [stdout] test update::tests::test_download_options_debug ... ok
[INFO] [stdout] test update::tests::test_download_options_values ... ok
[INFO] [stdout] test update::tests::test_from_tuple_for_download_options ... ok
[INFO] [stdout] test update::tests::test_update_scope_clone ... ok
[INFO] [stdout] test update::tests::test_keep_duration_clone ... ok
[INFO] [stdout] test update::tests::test_keep_duration_debug ... ok
[INFO] [stdout] test update::tests::test_download_options_with_different_values ... ok
[INFO] [stdout] test update::tests::test_download_options_default ... ok
[INFO] [stdout] test update::upload_options::tests::test_from_str_valid_cases ... ok
[INFO] [stdout] test update::upload_options::tests::test_from_usize_value_dict ... ok
[INFO] [stdout] test update::upload_options::tests::test_from_download_options ... ok
[INFO] [stdout] test update::upload_options::tests::test_from_str_invalid_cases ... ok
[INFO] [stdout] test update::tests::test_update_scope_default ... ok
[INFO] [stdout] test update::upload_options::tests::test_http_method_default ... ok
[INFO] [stdout] test update::tests::test_update_scope_debug ... ok
[INFO] [stdout] test update::upload_options::tests::test_http_method_clone ... ok
[INFO] [stdout] test update::tests::test_update_scope_partial_eq ... ok
[INFO] [stdout] test update::upload_options::tests::test_http_method_display ... ok
[INFO] [stdout] test update::upload_options::tests::test_upload_options_clone ... ok
[INFO] [stdout] test update::upload_options::tests::test_upload_options_compression ... ok
[INFO] [stdout] test update::upload_options::tests::test_try_from_str ... ok
[INFO] [stdout] test update::upload_options::tests::test_http_method_partial_eq ... ok
[INFO] [stdout] test update::upload_options::tests::test_parse_http_method_error ... ok
[INFO] [stdout] test update::upload_options::tests::test_upload_options_builder_pattern ... ok
[INFO] [stdout] test update::upload_options::tests::test_try_from_string ... ok
[INFO] [stdout] test update::upload_options::tests::test_upload_options_debug ... ok
[INFO] [stdout] test update::upload_options::tests::test_upload_options_default ... ok
[INFO] [stdout] test update::upload_options::tests::test_upload_options_for_test ... ok
[INFO] [stdout] test update::upload_options::tests::test_upload_options_with_method ... ok
[INFO] [stdout] test update::upload_options::tests::test_upload_options_method_setter ... ok
[INFO] [stdout] test update::upload_options::tests::test_upload_options_chaining ... ok
[INFO] [stdout] test update::upload_options::tests::test_upload_options_metadata ... ok
[INFO] [stdout] test update::upload_options::tests::test_upload_options_getters ... ok
[INFO] [stdout] test update::upload_options::tests::test_upload_options_new ... ok
[INFO] [stdout] test addr::accessor::http::tests::test_http_upload_post ... ok
[INFO] [stdout] test timeout::tests::progress_tracker::test_reset ... ok
[INFO] [stdout] test timeout::tests::progress_tracker::test_timeout_behavior ... ok
[INFO] [stdout] test timeout::tests::progress_tracker::test_tracker_behavior_under_load ... ok
[INFO] [stdout] test addr::accessor::http::tests::test_http_download_exhaustion_reports_retry_reason ... ok
[INFO] [stdout] test addr::accessor::http::tests::test_http_download_retries_then_no_partial_left ... ok
[INFO] [stdout] test addr::accessor::http::tests::test_http_download_failure_keeps_existing_file ... ok
[INFO] [stdout] test addr::accessor::http::tests::test_http_download_truncated_body_is_error ... ok
[INFO] [stdout] 
[INFO] [stdout] failures:
[INFO] [stdout] 
[INFO] [stdout] ---- addr::accessor::git::tests::test_git_addr_pull_2 stdout ----
[INFO] [stdout] 
[INFO] [stdout] thread 'addr::accessor::git::tests::test_git_addr_pull_2' (15744) panicked at /opt/rustwide/cargo-home/registry/src/index.crates.io-1949cf8c6b5b557f/orion-error-0.9.0/src/testing.rs:25:33:
[INFO] [stdout] [TEST ASSERTION FAILED] 
[INFO] [stdout]  Error details: Read-only file system (os error 30)
[INFO] [stdout] stack backtrace:
[INFO] [stdout]    0:     0x5abb6ebfcd11 - <<std[617be2ca0a6fd877]::sys::backtrace::BacktraceLock>::print::DisplayBacktrace as core[a373ad73a504971]::fmt::Display>::fmt
[INFO] [stdout]    1:     0x5abb6ec1791a - core[a373ad73a504971]::fmt::write
[INFO] [stdout]    2:     0x5abb6ec038fc - <alloc[2e1b2a31b91974c5]::vec::Vec<u8> as core[a373ad73a504971]::io::write::Write>::write_fmt
[INFO] [stdout]    3:     0x5abb6ebd3556 - std[617be2ca0a6fd877]::panicking::default_hook::{closure#0}
[INFO] [stdout]    4:     0x5abb6ebf20b9 - std[617be2ca0a6fd877]::panicking::default_hook
[INFO] [stdout]    5:     0x5abb6e17eaa0 - test[aada8e7e76ba119b]::test_main_inner::{closure#0}
[INFO] [stdout]    6:     0x5abb6ebf23e2 - std[617be2ca0a6fd877]::panicking::panic_with_hook
[INFO] [stdout]    7:     0x5abb6ebd3602 - std[617be2ca0a6fd877]::panicking::panic_handler::{closure#0}
[INFO] [stdout]    8:     0x5abb6ebcb699 - std[617be2ca0a6fd877]::sys::backtrace::__rust_end_short_backtrace::<std[617be2ca0a6fd877]::panicking::panic_handler::{closure#0}, !>
[INFO] [stdout]    9:     0x5abb6ebd493d - __rustc[ea4f61d10b84890b]::rust_begin_unwind
[INFO] [stdout]   10:     0x5abb6ec180fc - core[a373ad73a504971]::panicking::panic_fmt
[INFO] [stdout]   11:     0x5abb6e12ef59 - <core[a373ad73a504971]::result::Result<(), core[a373ad73a504971]::io::error::Error> as orion_error[69097d64c4b4de40]::testing::TestAssert>::assert::{closure#0}
[INFO] [stdout]   12:     0x5abb6e088a2f - orion_accessor[6c40713b5467df70]::addr::accessor::git::tests::test_git_addr_pull_2::{closure#0}
[INFO] [stdout]   13:     0x5abb6e083425 - <tokio[85a652d7c3963a31]::runtime::scheduler::current_thread::Context>::enter::<core[a373ad73a504971]::task::poll::Poll<core[a373ad73a504971]::result::Result<(), orion_error[69097d64c4b4de40]::core::error::carrier::StructError<orion_accessor[6c40713b5467df70]::addr::error::AddrReason>>>, <tokio[85a652d7c3963a31]::runtime::scheduler::current_thread::CoreGuard>::block_on<core[a373ad73a504971]::pin::Pin<&mut core[a373ad73a504971]::pin::Pin<&mut dyn core[a373ad73a504971]::future::future::Future<Output = core[a373ad73a504971]::result::Result<(), orion_error[69097d64c4b4de40]::core::error::carrier::StructError<orion_accessor[6c40713b5467df70]::addr::error::AddrReason>>>>>>::{closure#0}::{closure#0}>
[INFO] [stdout]   14:     0x5abb6e114c37 - <tokio[85a652d7c3963a31]::runtime::context::scoped::Scoped<tokio[85a652d7c3963a31]::runtime::scheduler::Context>>::set::<<tokio[85a652d7c3963a31]::runtime::scheduler::current_thread::CoreGuard>::enter<<tokio[85a652d7c3963a31]::runtime::scheduler::current_thread::CoreGuard>::block_on<core[a373ad73a504971]::pin::Pin<&mut core[a373ad73a504971]::pin::Pin<&mut dyn core[a373ad73a504971]::future::future::Future<Output = core[a373ad73a504971]::result::Result<(), orion_error[69097d64c4b4de40]::core::error::carrier::StructError<orion_accessor[6c40713b5467df70]::addr::error::AddrReason>>>>>>::{closure#0}, core[a373ad73a504971]::option::Option<core[a373ad73a504971]::result::Result<(), orion_error[69097d64c4b4de40]::core::error::carrier::StructError<orion_accessor[6c40713b5467df70]::addr::error::AddrReason>>>>::{closure#0}, (alloc[2e1b2a31b91974c5]::boxed::Box<tokio[85a652d7c3963a31]::runtime::scheduler::current_thread::Core>, core[a373ad73a504971]::option::Option<core[a373ad73a504971]::result::Result<(), orion_error[69097d64c4b4de40]::core::error::carrier::StructError<orion_accessor[6c40713b5467df70]::addr::error::AddrReason>>>)>
[INFO] [stdout]   15:     0x5abb6e08379c - <tokio[85a652d7c3963a31]::runtime::scheduler::current_thread::CoreGuard>::block_on::<core[a373ad73a504971]::pin::Pin<&mut core[a373ad73a504971]::pin::Pin<&mut dyn core[a373ad73a504971]::future::future::Future<Output = core[a373ad73a504971]::result::Result<(), orion_error[69097d64c4b4de40]::core::error::carrier::StructError<orion_accessor[6c40713b5467df70]::addr::error::AddrReason>>>>>>
[INFO] [stdout]   16:     0x5abb6e11937d - tokio[85a652d7c3963a31]::runtime::context::runtime::enter_runtime::<<tokio[85a652d7c3963a31]::runtime::scheduler::current_thread::CurrentThread>::block_on<core[a373ad73a504971]::pin::Pin<&mut dyn core[a373ad73a504971]::future::future::Future<Output = core[a373ad73a504971]::result::Result<(), orion_error[69097d64c4b4de40]::core::error::carrier::StructError<orion_accessor[6c40713b5467df70]::addr::error::AddrReason>>>>>::{closure#0}, core[a373ad73a504971]::result::Result<(), orion_error[69097d64c4b4de40]::core::error::carrier::StructError<orion_accessor[6c40713b5467df70]::addr::error::AddrReason>>>
[INFO] [stdout]   17:     0x5abb6e114503 - <tokio[85a652d7c3963a31]::runtime::runtime::Runtime>::block_on::<core[a373ad73a504971]::pin::Pin<&mut dyn core[a373ad73a504971]::future::future::Future<Output = core[a373ad73a504971]::result::Result<(), orion_error[69097d64c4b4de40]::core::error::carrier::StructError<orion_accessor[6c40713b5467df70]::addr::error::AddrReason>>>>>
[INFO] [stdout]   18:     0x5abb6e093f22 - <orion_accessor[6c40713b5467df70]::addr::accessor::git::tests::test_git_addr_pull_2::{closure#0} as core[a373ad73a504971]::ops::function::FnOnce<()>>::call_once
[INFO] [stdout]   19:     0x5abb6e171eeb - test[aada8e7e76ba119b]::__rust_begin_short_backtrace::<core[a373ad73a504971]::result::Result<(), alloc[2e1b2a31b91974c5]::string::String>, fn() -> core[a373ad73a504971]::result::Result<(), alloc[2e1b2a31b91974c5]::string::String>>
[INFO] [stdout]   20:     0x5abb6e17f0c5 - test[aada8e7e76ba119b]::run_test::{closure#0}
[INFO] [stdout]   21:     0x5abb6e1789b4 - std[617be2ca0a6fd877]::sys::backtrace::__rust_begin_short_backtrace::<test[aada8e7e76ba119b]::run_test::{closure#1}, ()>
[INFO] [stdout]   22:     0x5abb6e182152 - <std[617be2ca0a6fd877]::thread::lifecycle::spawn_unchecked<test[aada8e7e76ba119b]::run_test::{closure#1}, ()>::{closure#1} as core[a373ad73a504971]::ops::function::FnOnce<()>>::call_once::{shim:vtable#0}
[INFO] [stdout]   23:     0x5abb6ebfbbbf - <std[617be2ca0a6fd877]::sys::thread::unix::Thread>::new::thread_start
[INFO] [stdout]   24:     0x72e6f9c5bdfa - <unknown>
[INFO] [stdout]   25:     0x72e6f9cef3d4 - clone
[INFO] [stdout]   26:                0x0 - <unknown>
[INFO] [stdout] 
[INFO] [stdout] ---- addr::accessor::git::tests::test_git_addr_pull_redirect stdout ----
[INFO] [stdout] 
[INFO] [stdout] thread 'addr::accessor::git::tests::test_git_addr_pull_redirect' (15745) panicked at /opt/rustwide/cargo-home/registry/src/index.crates.io-1949cf8c6b5b557f/orion-error-0.9.0/src/testing.rs:25:33:
[INFO] [stdout] [TEST ASSERTION FAILED] 
[INFO] [stdout]  Error details: Read-only file system (os error 30)
[INFO] [stdout] stack backtrace:
[INFO] [stdout]    0:     0x5abb6ebfcd11 - <<std[617be2ca0a6fd877]::sys::backtrace::BacktraceLock>::print::DisplayBacktrace as core[a373ad73a504971]::fmt::Display>::fmt
[INFO] [stdout]    1:     0x5abb6ec1791a - core[a373ad73a504971]::fmt::write
[INFO] [stdout]    2:     0x5abb6ec038fc - <alloc[2e1b2a31b91974c5]::vec::Vec<u8> as core[a373ad73a504971]::io::write::Write>::write_fmt
[INFO] [stdout]    3:     0x5abb6ebd3556 - std[617be2ca0a6fd877]::panicking::default_hook::{closure#0}
[INFO] [stdout]    4:     0x5abb6ebf20b9 - std[617be2ca0a6fd877]::panicking::default_hook
[INFO] [stdout]    5:     0x5abb6e17eaa0 - test[aada8e7e76ba119b]::test_main_inner::{closure#0}
[INFO] [stdout]    6:     0x5abb6ebf23e2 - std[617be2ca0a6fd877]::panicking::panic_with_hook
[INFO] [stdout]    7:     0x5abb6ebd3602 - std[617be2ca0a6fd877]::panicking::panic_handler::{closure#0}
[INFO] [stdout]    8:     0x5abb6ebcb699 - std[617be2ca0a6fd877]::sys::backtrace::__rust_end_short_backtrace::<std[617be2ca0a6fd877]::panicking::panic_handler::{closure#0}, !>
[INFO] [stdout]    9:     0x5abb6ebd493d - __rustc[ea4f61d10b84890b]::rust_begin_unwind
[INFO] [stdout]   10:     0x5abb6ec180fc - core[a373ad73a504971]::panicking::panic_fmt
[INFO] [stdout]   11:     0x5abb6e12ef59 - <core[a373ad73a504971]::result::Result<(), core[a373ad73a504971]::io::error::Error> as orion_error[69097d64c4b4de40]::testing::TestAssert>::assert::{closure#0}
[INFO] [stdout]   12:     0x5abb6e08a0b6 - orion_accessor[6c40713b5467df70]::addr::accessor::git::tests::test_git_addr_pull_redirect::{closure#0}
[INFO] [stdout]   13:     0x5abb6e083425 - <tokio[85a652d7c3963a31]::runtime::scheduler::current_thread::Context>::enter::<core[a373ad73a504971]::task::poll::Poll<core[a373ad73a504971]::result::Result<(), orion_error[69097d64c4b4de40]::core::error::carrier::StructError<orion_accessor[6c40713b5467df70]::addr::error::AddrReason>>>, <tokio[85a652d7c3963a31]::runtime::scheduler::current_thread::CoreGuard>::block_on<core[a373ad73a504971]::pin::Pin<&mut core[a373ad73a504971]::pin::Pin<&mut dyn core[a373ad73a504971]::future::future::Future<Output = core[a373ad73a504971]::result::Result<(), orion_error[69097d64c4b4de40]::core::error::carrier::StructError<orion_accessor[6c40713b5467df70]::addr::error::AddrReason>>>>>>::{closure#0}::{closure#0}>
[INFO] [stdout]   14:     0x5abb6e114c37 - <tokio[85a652d7c3963a31]::runtime::context::scoped::Scoped<tokio[85a652d7c3963a31]::runtime::scheduler::Context>>::set::<<tokio[85a652d7c3963a31]::runtime::scheduler::current_thread::CoreGuard>::enter<<tokio[85a652d7c3963a31]::runtime::scheduler::current_thread::CoreGuard>::block_on<core[a373ad73a504971]::pin::Pin<&mut core[a373ad73a504971]::pin::Pin<&mut dyn core[a373ad73a504971]::future::future::Future<Output = core[a373ad73a504971]::result::Result<(), orion_error[69097d64c4b4de40]::core::error::carrier::StructError<orion_accessor[6c40713b5467df70]::addr::error::AddrReason>>>>>>::{closure#0}, core[a373ad73a504971]::option::Option<core[a373ad73a504971]::result::Result<(), orion_error[69097d64c4b4de40]::core::error::carrier::StructError<orion_accessor[6c40713b5467df70]::addr::error::AddrReason>>>>::{closure#0}, (alloc[2e1b2a31b91974c5]::boxed::Box<tokio[85a652d7c3963a31]::runtime::scheduler::current_thread::Core>, core[a373ad73a504971]::option::Option<core[a373ad73a504971]::result::Result<(), orion_error[69097d64c4b4de40]::core::error::carrier::StructError<orion_accessor[6c40713b5467df70]::addr::error::AddrReason>>>)>
[INFO] [stdout]   15:     0x5abb6e08379c - <tokio[85a652d7c3963a31]::runtime::scheduler::current_thread::CoreGuard>::block_on::<core[a373ad73a504971]::pin::Pin<&mut core[a373ad73a504971]::pin::Pin<&mut dyn core[a373ad73a504971]::future::future::Future<Output = core[a373ad73a504971]::result::Result<(), orion_error[69097d64c4b4de40]::core::error::carrier::StructError<orion_accessor[6c40713b5467df70]::addr::error::AddrReason>>>>>>
[INFO] [stdout]   16:     0x5abb6e11937d - tokio[85a652d7c3963a31]::runtime::context::runtime::enter_runtime::<<tokio[85a652d7c3963a31]::runtime::scheduler::current_thread::CurrentThread>::block_on<core[a373ad73a504971]::pin::Pin<&mut dyn core[a373ad73a504971]::future::future::Future<Output = core[a373ad73a504971]::result::Result<(), orion_error[69097d64c4b4de40]::core::error::carrier::StructError<orion_accessor[6c40713b5467df70]::addr::error::AddrReason>>>>>::{closure#0}, core[a373ad73a504971]::result::Result<(), orion_error[69097d64c4b4de40]::core::error::carrier::StructError<orion_accessor[6c40713b5467df70]::addr::error::AddrReason>>>
[INFO] [stdout]   17:     0x5abb6e114503 - <tokio[85a652d7c3963a31]::runtime::runtime::Runtime>::block_on::<core[a373ad73a504971]::pin::Pin<&mut dyn core[a373ad73a504971]::future::future::Future<Output = core[a373ad73a504971]::result::Result<(), orion_error[69097d64c4b4de40]::core::error::carrier::StructError<orion_accessor[6c40713b5467df70]::addr::error::AddrReason>>>>>
[INFO] [stdout]   18:     0x5abb6e094462 - <orion_accessor[6c40713b5467df70]::addr::accessor::git::tests::test_git_addr_pull_redirect::{closure#0} as core[a373ad73a504971]::ops::function::FnOnce<()>>::call_once
[INFO] [stdout]   19:     0x5abb6e171eeb - test[aada8e7e76ba119b]::__rust_begin_short_backtrace::<core[a373ad73a504971]::result::Result<(), alloc[2e1b2a31b91974c5]::string::String>, fn() -> core[a373ad73a504971]::result::Result<(), alloc[2e1b2a31b91974c5]::string::String>>
[INFO] [stdout]   20:     0x5abb6e17f0c5 - test[aada8e7e76ba119b]::run_test::{closure#0}
[INFO] [stdout]   21:     0x5abb6e1789b4 - std[617be2ca0a6fd877]::sys::backtrace::__rust_begin_short_backtrace::<test[aada8e7e76ba119b]::run_test::{closure#1}, ()>
[INFO] [stdout]   22:     0x5abb6e182152 - <std[617be2ca0a6fd877]::thread::lifecycle::spawn_unchecked<test[aada8e7e76ba119b]::run_test::{closure#1}, ()>::{closure#1} as core[a373ad73a504971]::ops::function::FnOnce<()>>::call_once::{shim:vtable#0}
[INFO] [stdout]   23:     0x5abb6ebfbbbf - <std[617be2ca0a6fd877]::sys::thread::unix::Thread>::new::thread_start
[INFO] [stdout]   24:     0x72e6f9c5bdfa - <unknown>
[INFO] [stdout]   25:     0x72e6f9cef3d4 - clone
[INFO] [stdout]   26:                0x0 - <unknown>
[INFO] [stdout] 
[INFO] [stdout] ---- addr::accessor::git::tests::test_git_addr_update_local_sub stdout ----
[INFO] [stdout] 
[INFO] [stdout] thread 'addr::accessor::git::tests::test_git_addr_update_local_sub' (15746) panicked at /opt/rustwide/cargo-home/registry/src/index.crates.io-1949cf8c6b5b557f/orion-error-0.9.0/src/testing.rs:25:33:
[INFO] [stdout] [TEST ASSERTION FAILED] 
[INFO] [stdout]  Error details: Read-only file system (os error 30)
[INFO] [stdout] stack backtrace:
[INFO] [stdout]    0:     0x5abb6ebfcd11 - <<std[617be2ca0a6fd877]::sys::backtrace::BacktraceLock>::print::DisplayBacktrace as core[a373ad73a504971]::fmt::Display>::fmt
[INFO] [stdout]    1:     0x5abb6ec1791a - core[a373ad73a504971]::fmt::write
[INFO] [stdout]    2:     0x5abb6ec038fc - <alloc[2e1b2a31b91974c5]::vec::Vec<u8> as core[a373ad73a504971]::io::write::Write>::write_fmt
[INFO] [stdout]    3:     0x5abb6ebd3556 - std[617be2ca0a6fd877]::panicking::default_hook::{closure#0}
[INFO] [stdout]    4:     0x5abb6ebf20b9 - std[617be2ca0a6fd877]::panicking::default_hook
[INFO] [stdout]    5:     0x5abb6e17eaa0 - test[aada8e7e76ba119b]::test_main_inner::{closure#0}
[INFO] [stdout]    6:     0x5abb6ebf23e2 - std[617be2ca0a6fd877]::panicking::panic_with_hook
[INFO] [stdout]    7:     0x5abb6ebd3602 - std[617be2ca0a6fd877]::panicking::panic_handler::{closure#0}
[INFO] [stdout]    8:     0x5abb6ebcb699 - std[617be2ca0a6fd877]::sys::backtrace::__rust_end_short_backtrace::<std[617be2ca0a6fd877]::panicking::panic_handler::{closure#0}, !>
[INFO] [stdout]    9:     0x5abb6ebd493d - __rustc[ea4f61d10b84890b]::rust_begin_unwind
[INFO] [stdout]   10:     0x5abb6ec180fc - core[a373ad73a504971]::panicking::panic_fmt
[INFO] [stdout]   11:     0x5abb6e12ef59 - <core[a373ad73a504971]::result::Result<(), core[a373ad73a504971]::io::error::Error> as orion_error[69097d64c4b4de40]::testing::TestAssert>::assert::{closure#0}
[INFO] [stdout]   12:     0x5abb6e08d0ed - orion_accessor[6c40713b5467df70]::addr::accessor::git::tests::test_git_addr_update_local_sub::{closure#0}
[INFO] [stdout]   13:     0x5abb6e083425 - <tokio[85a652d7c3963a31]::runtime::scheduler::current_thread::Context>::enter::<core[a373ad73a504971]::task::poll::Poll<core[a373ad73a504971]::result::Result<(), orion_error[69097d64c4b4de40]::core::error::carrier::StructError<orion_accessor[6c40713b5467df70]::addr::error::AddrReason>>>, <tokio[85a652d7c3963a31]::runtime::scheduler::current_thread::CoreGuard>::block_on<core[a373ad73a504971]::pin::Pin<&mut core[a373ad73a504971]::pin::Pin<&mut dyn core[a373ad73a504971]::future::future::Future<Output = core[a373ad73a504971]::result::Result<(), orion_error[69097d64c4b4de40]::core::error::carrier::StructError<orion_accessor[6c40713b5467df70]::addr::error::AddrReason>>>>>>::{closure#0}::{closure#0}>
[INFO] [stdout]   14:     0x5abb6e114c37 - <tokio[85a652d7c3963a31]::runtime::context::scoped::Scoped<tokio[85a652d7c3963a31]::runtime::scheduler::Context>>::set::<<tokio[85a652d7c3963a31]::runtime::scheduler::current_thread::CoreGuard>::enter<<tokio[85a652d7c3963a31]::runtime::scheduler::current_thread::CoreGuard>::block_on<core[a373ad73a504971]::pin::Pin<&mut core[a373ad73a504971]::pin::Pin<&mut dyn core[a373ad73a504971]::future::future::Future<Output = core[a373ad73a504971]::result::Result<(), orion_error[69097d64c4b4de40]::core::error::carrier::StructError<orion_accessor[6c40713b5467df70]::addr::error::AddrReason>>>>>>::{closure#0}, core[a373ad73a504971]::option::Option<core[a373ad73a504971]::result::Result<(), orion_error[69097d64c4b4de40]::core::error::carrier::StructError<orion_accessor[6c40713b5467df70]::addr::error::AddrReason>>>>::{closure#0}, (alloc[2e1b2a31b91974c5]::boxed::Box<tokio[85a652d7c3963a31]::runtime::scheduler::current_thread::Core>, core[a373ad73a504971]::option::Option<core[a373ad73a504971]::result::Result<(), orion_error[69097d64c4b4de40]::core::error::carrier::StructError<orion_accessor[6c40713b5467df70]::addr::error::AddrReason>>>)>
[INFO] [stdout]   15:     0x5abb6e08379c - <tokio[85a652d7c3963a31]::runtime::scheduler::current_thread::CoreGuard>::block_on::<core[a373ad73a504971]::pin::Pin<&mut core[a373ad73a504971]::pin::Pin<&mut dyn core[a373ad73a504971]::future::future::Future<Output = core[a373ad73a504971]::result::Result<(), orion_error[69097d64c4b4de40]::core::error::carrier::StructError<orion_accessor[6c40713b5467df70]::addr::error::AddrReason>>>>>>
[INFO] [stdout]   16:     0x5abb6e11937d - tokio[85a652d7c3963a31]::runtime::context::runtime::enter_runtime::<<tokio[85a652d7c3963a31]::runtime::scheduler::current_thread::CurrentThread>::block_on<core[a373ad73a504971]::pin::Pin<&mut dyn core[a373ad73a504971]::future::future::Future<Output = core[a373ad73a504971]::result::Result<(), orion_error[69097d64c4b4de40]::core::error::carrier::StructError<orion_accessor[6c40713b5467df70]::addr::error::AddrReason>>>>>::{closure#0}, core[a373ad73a504971]::result::Result<(), orion_error[69097d64c4b4de40]::core::error::carrier::StructError<orion_accessor[6c40713b5467df70]::addr::error::AddrReason>>>
[INFO] [stdout]   17:     0x5abb6e114503 - <tokio[85a652d7c3963a31]::runtime::runtime::Runtime>::block_on::<core[a373ad73a504971]::pin::Pin<&mut dyn core[a373ad73a504971]::future::future::Future<Output = core[a373ad73a504971]::result::Result<(), orion_error[69097d64c4b4de40]::core::error::carrier::StructError<orion_accessor[6c40713b5467df70]::addr::error::AddrReason>>>>>
[INFO] [stdout]   18:     0x5abb6e094d22 - <orion_accessor[6c40713b5467df70]::addr::accessor::git::tests::test_git_addr_update_local_sub::{closure#0} as core[a373ad73a504971]::ops::function::FnOnce<()>>::call_once
[INFO] [stdout]   19:     0x5abb6e171eeb - test[aada8e7e76ba119b]::__rust_begin_short_backtrace::<core[a373ad73a504971]::result::Result<(), alloc[2e1b2a31b91974c5]::string::String>, fn() -> core[a373ad73a504971]::result::Result<(), alloc[2e1b2a31b91974c5]::string::String>>
[INFO] [stdout]   20:     0x5abb6e17f0c5 - test[aada8e7e76ba119b]::run_test::{closure#0}
[INFO] [stdout]   21:     0x5abb6e1789b4 - std[617be2ca0a6fd877]::sys::backtrace::__rust_begin_short_backtrace::<test[aada8e7e76ba119b]::run_test::{closure#1}, ()>
[INFO] [stdout]   22:     0x5abb6e182152 - <std[617be2ca0a6fd877]::thread::lifecycle::spawn_unchecked<test[aada8e7e76ba119b]::run_test::{closure#1}, ()>::{closure#1} as core[a373ad73a504971]::ops::function::FnOnce<()>>::call_once::{shim:vtable#0}
[INFO] [stdout]   23:     0x5abb6ebfbbbf - <std[617be2ca0a6fd877]::sys::thread::unix::Thread>::new::thread_start
[INFO] [stdout]   24:     0x72e6f9c5bdfa - <unknown>
[INFO] [stdout]   25:     0x72e6f9cef3d4 - clone
[INFO] [stdout]   26:                0x0 - <unknown>
[INFO] [stdout] 
[INFO] [stdout] ---- addr::accessor::http::tests::test_http_auth_download_with_redirect stdout ----
[INFO] [stdout] 
[INFO] [stdout] thread 'addr::accessor::http::tests::test_http_auth_download_with_redirect' (15750) panicked at /opt/rustwide/cargo-home/registry/src/index.crates.io-1949cf8c6b5b557f/orion-error-0.9.0/src/testing.rs:36:33:
[INFO] [stdout] [TEST ASSERTION FAILED] path 
[INFO] [stdout]  Error details: system error
[INFO] [stdout]   -> Info: create_dir_all
[INFO] [stdout]   -> Trace:
[INFO] [stdout]       1. ./tests/temp [path: ./tests/temp]
[INFO] [stdout] stack backtrace:
[INFO] [stdout]    0:     0x5abb6ebfcd11 - <<std[617be2ca0a6fd877]::sys::backtrace::BacktraceLock>::print::DisplayBacktrace as core[a373ad73a504971]::fmt::Display>::fmt
[INFO] [stdout]    1:     0x5abb6ec1791a - core[a373ad73a504971]::fmt::write
[INFO] [stdout]    2:     0x5abb6ec038fc - <alloc[2e1b2a31b91974c5]::vec::Vec<u8> as core[a373ad73a504971]::io::write::Write>::write_fmt
[INFO] [stdout]    3:     0x5abb6ebd3556 - std[617be2ca0a6fd877]::panicking::default_hook::{closure#0}
[INFO] [stdout]    4:     0x5abb6ebf20b9 - std[617be2ca0a6fd877]::panicking::default_hook
[INFO] [stdout]    5:     0x5abb6e17eaa0 - test[aada8e7e76ba119b]::test_main_inner::{closure#0}
[INFO] [stdout]    6:     0x5abb6ebf23e2 - std[617be2ca0a6fd877]::panicking::panic_with_hook
[INFO] [stdout]    7:     0x5abb6ebd3602 - std[617be2ca0a6fd877]::panicking::panic_handler::{closure#0}
[INFO] [stdout]    8:     0x5abb6ebcb699 - std[617be2ca0a6fd877]::sys::backtrace::__rust_end_short_backtrace::<std[617be2ca0a6fd877]::panicking::panic_handler::{closure#0}, !>
[INFO] [stdout]    9:     0x5abb6ebd493d - __rustc[ea4f61d10b84890b]::rust_begin_unwind
[INFO] [stdout]   10:     0x5abb6ec180fc - core[a373ad73a504971]::panicking::panic_fmt
[INFO] [stdout]   11:     0x5abb6e13080a - <core[a373ad73a504971]::result::Result<&std[617be2ca0a6fd877]::path::PathBuf, orion_error[69097d64c4b4de40]::core::error::carrier::StructError<orion_infra[be73ded383029fea]::path::PathReason>> as orion_error[69097d64c4b4de40]::testing::TestAssertWithMsg<&str>>::assert::{closure#0}
[INFO] [stdout]   12:     0x5abb6e079693 - orion_accessor[6c40713b5467df70]::addr::accessor::http::tests::test_http_auth_download_with_redirect::{closure#0}
[INFO] [stdout]   13:     0x5abb6e083425 - <tokio[85a652d7c3963a31]::runtime::scheduler::current_thread::Context>::enter::<core[a373ad73a504971]::task::poll::Poll<core[a373ad73a504971]::result::Result<(), orion_error[69097d64c4b4de40]::core::error::carrier::StructError<orion_accessor[6c40713b5467df70]::addr::error::AddrReason>>>, <tokio[85a652d7c3963a31]::runtime::scheduler::current_thread::CoreGuard>::block_on<core[a373ad73a504971]::pin::Pin<&mut core[a373ad73a504971]::pin::Pin<&mut dyn core[a373ad73a504971]::future::future::Future<Output = core[a373ad73a504971]::result::Result<(), orion_error[69097d64c4b4de40]::core::error::carrier::StructError<orion_accessor[6c40713b5467df70]::addr::error::AddrReason>>>>>>::{closure#0}::{closure#0}>
[INFO] [stdout]   14:     0x5abb6e114c37 - <tokio[85a652d7c3963a31]::runtime::context::scoped::Scoped<tokio[85a652d7c3963a31]::runtime::scheduler::Context>>::set::<<tokio[85a652d7c3963a31]::runtime::scheduler::current_thread::CoreGuard>::enter<<tokio[85a652d7c3963a31]::runtime::scheduler::current_thread::CoreGuard>::block_on<core[a373ad73a504971]::pin::Pin<&mut core[a373ad73a504971]::pin::Pin<&mut dyn core[a373ad73a504971]::future::future::Future<Output = core[a373ad73a504971]::result::Result<(), orion_error[69097d64c4b4de40]::core::error::carrier::StructError<orion_accessor[6c40713b5467df70]::addr::error::AddrReason>>>>>>::{closure#0}, core[a373ad73a504971]::option::Option<core[a373ad73a504971]::result::Result<(), orion_error[69097d64c4b4de40]::core::error::carrier::StructError<orion_accessor[6c40713b5467df70]::addr::error::AddrReason>>>>::{closure#0}, (alloc[2e1b2a31b91974c5]::boxed::Box<tokio[85a652d7c3963a31]::runtime::scheduler::current_thread::Core>, core[a373ad73a504971]::option::Option<core[a373ad73a504971]::result::Result<(), orion_error[69097d64c4b4de40]::core::error::carrier::StructError<orion_accessor[6c40713b5467df70]::addr::error::AddrReason>>>)>
[INFO] [stdout]   15:     0x5abb6e08379c - <tokio[85a652d7c3963a31]::runtime::scheduler::current_thread::CoreGuard>::block_on::<core[a373ad73a504971]::pin::Pin<&mut core[a373ad73a504971]::pin::Pin<&mut dyn core[a373ad73a504971]::future::future::Future<Output = core[a373ad73a504971]::result::Result<(), orion_error[69097d64c4b4de40]::core::error::carrier::StructError<orion_accessor[6c40713b5467df70]::addr::error::AddrReason>>>>>>
[INFO] [stdout]   16:     0x5abb6e11937d - tokio[85a652d7c3963a31]::runtime::context::runtime::enter_runtime::<<tokio[85a652d7c3963a31]::runtime::scheduler::current_thread::CurrentThread>::block_on<core[a373ad73a504971]::pin::Pin<&mut dyn core[a373ad73a504971]::future::future::Future<Output = core[a373ad73a504971]::result::Result<(), orion_error[69097d64c4b4de40]::core::error::carrier::StructError<orion_accessor[6c40713b5467df70]::addr::error::AddrReason>>>>>::{closure#0}, core[a373ad73a504971]::result::Result<(), orion_error[69097d64c4b4de40]::core::error::carrier::StructError<orion_accessor[6c40713b5467df70]::addr::error::AddrReason>>>
[INFO] [stdout]   17:     0x5abb6e114503 - <tokio[85a652d7c3963a31]::runtime::runtime::Runtime>::block_on::<core[a373ad73a504971]::pin::Pin<&mut dyn core[a373ad73a504971]::future::future::Future<Output = core[a373ad73a504971]::result::Result<(), orion_error[69097d64c4b4de40]::core::error::carrier::StructError<orion_accessor[6c40713b5467df70]::addr::error::AddrReason>>>>>
[INFO] [stdout]   18:     0x5abb6e081ab2 - <orion_accessor[6c40713b5467df70]::addr::accessor::http::tests::test_http_auth_download_with_redirect::{closure#0} as core[a373ad73a504971]::ops::function::FnOnce<()>>::call_once
[INFO] [stdout]   19:     0x5abb6e171eeb - test[aada8e7e76ba119b]::__rust_begin_short_backtrace::<core[a373ad73a504971]::result::Result<(), alloc[2e1b2a31b91974c5]::string::String>, fn() -> core[a373ad73a504971]::result::Result<(), alloc[2e1b2a31b91974c5]::string::String>>
[INFO] [stdout]   20:     0x5abb6e17f0c5 - test[aada8e7e76ba119b]::run_test::{closure#0}
[INFO] [stdout]   21:     0x5abb6e1789b4 - std[617be2ca0a6fd877]::sys::backtrace::__rust_begin_short_backtrace::<test[aada8e7e76ba119b]::run_test::{closure#1}, ()>
[INFO] [stdout]   22:     0x5abb6e182152 - <std[617be2ca0a6fd877]::thread::lifecycle::spawn_unchecked<test[aada8e7e76ba119b]::run_test::{closure#1}, ()>::{closure#1} as core[a373ad73a504971]::ops::function::FnOnce<()>>::call_once::{shim:vtable#0}
[INFO] [stdout]   23:     0x5abb6ebfbbbf - <std[617be2ca0a6fd877]::sys::thread::unix::Thread>::new::thread_start
[INFO] [stdout]   24:     0x72e6f9c5bdfa - <unknown>
[INFO] [stdout]   25:     0x72e6f9cef3d4 - clone
[INFO] [stdout]   26:                0x0 - <unknown>
[INFO] [stdout] 
[INFO] [stdout] ---- addr::accessor::local::tests::test_local stdout ----
[INFO] [stdout] Error: StructError { imp: StructErrorImpl { reason: Unified(ConfigError(Core)), detail: Some(""), position: None, context: None, source_payload: Some(InternalSourcePayload { source: Os { code: 30, kind: ReadOnlyFilesystem, message: "Read-only file system" }, kind: Std, frames: [SourceFrame { index: 0, message: "Read-only file system (os error 30)", display: None, debug: None, type_name: Some("core::io::error::Error"), error_code: None, reason: None, path: None, detail: None, context_fields: [], metadata: ErrorMetadata { fields: {} }, is_root_cause: true }] }) } }
[INFO] [stdout] 
[INFO] [stdout] ---- addr::accessor::local::tests::test_rename_path_dir_new_model stdout ----
[INFO] [stdout] 
[INFO] [stdout] thread 'addr::accessor::local::tests::test_rename_path_dir_new_model' (15784) panicked at /opt/rustwide/cargo-home/registry/src/index.crates.io-1949cf8c6b5b557f/orion-error-0.9.0/src/testing.rs:25:33:
[INFO] [stdout] [TEST ASSERTION FAILED] 
[INFO] [stdout]  Error details: Read-only file system (os error 30)
[INFO] [stdout] stack backtrace:
[INFO] [stdout]    0:     0x5abb6ebfcd11 - <<std[617be2ca0a6fd877]::sys::backtrace::BacktraceLock>::print::DisplayBacktrace as core[a373ad73a504971]::fmt::Display>::fmt
[INFO] [stdout]    1:     0x5abb6ec1791a - core[a373ad73a504971]::fmt::write
[INFO] [stdout]    2:     0x5abb6ec038fc - <alloc[2e1b2a31b91974c5]::vec::Vec<u8> as core[a373ad73a504971]::io::write::Write>::write_fmt
[INFO] [stdout]    3:     0x5abb6ebd3556 - std[617be2ca0a6fd877]::panicking::default_hook::{closure#0}
[INFO] [stdout]    4:     0x5abb6ebf20b9 - std[617be2ca0a6fd877]::panicking::default_hook
[INFO] [stdout]    5:     0x5abb6e17eaa0 - test[aada8e7e76ba119b]::test_main_inner::{closure#0}
[INFO] [stdout]    6:     0x5abb6ebf23e2 - std[617be2ca0a6fd877]::panicking::panic_with_hook
[INFO] [stdout]    7:     0x5abb6ebd3602 - std[617be2ca0a6fd877]::panicking::panic_handler::{closure#0}
[INFO] [stdout]    8:     0x5abb6ebcb699 - std[617be2ca0a6fd877]::sys::backtrace::__rust_end_short_backtrace::<std[617be2ca0a6fd877]::panicking::panic_handler::{closure#0}, !>
[INFO] [stdout]    9:     0x5abb6ebd493d - __rustc[ea4f61d10b84890b]::rust_begin_unwind
[INFO] [stdout]   10:     0x5abb6ec180fc - core[a373ad73a504971]::panicking::panic_fmt
[INFO] [stdout]   11:     0x5abb6e0a57e9 - <core[a373ad73a504971]::result::Result<tempfile[140af2d759af3f60]::dir::TempDir, core[a373ad73a504971]::io::error::Error> as orion_error[69097d64c4b4de40]::testing::TestAssert>::assert::{closure#0}
[INFO] [stdout]   12:     0x5abb6e0adebb - <orion_accessor[6c40713b5467df70]::addr::accessor::local::tests::test_rename_path_dir_new_model::{closure#0} as core[a373ad73a504971]::ops::function::FnOnce<()>>::call_once
[INFO] [stdout]   13:     0x5abb6e171eeb - test[aada8e7e76ba119b]::__rust_begin_short_backtrace::<core[a373ad73a504971]::result::Result<(), alloc[2e1b2a31b91974c5]::string::String>, fn() -> core[a373ad73a504971]::result::Result<(), alloc[2e1b2a31b91974c5]::string::String>>
[INFO] [stdout]   14:     0x5abb6e17f0c5 - test[aada8e7e76ba119b]::run_test::{closure#0}
[INFO] [stdout]   15:     0x5abb6e1789b4 - std[617be2ca0a6fd877]::sys::backtrace::__rust_begin_short_backtrace::<test[aada8e7e76ba119b]::run_test::{closure#1}, ()>
[INFO] [stdout]   16:     0x5abb6e182152 - <std[617be2ca0a6fd877]::thread::lifecycle::spawn_unchecked<test[aada8e7e76ba119b]::run_test::{closure#1}, ()>::{closure#1} as core[a373ad73a504971]::ops::function::FnOnce<()>>::call_once::{shim:vtable#0}
[INFO] [stdout]   17:     0x5abb6ebfbbbf - <std[617be2ca0a6fd877]::sys::thread::unix::Thread>::new::thread_start
[INFO] [stdout]   18:     0x72e6f9c5bdfa - <unknown>
[INFO] [stdout]   19:     0x72e6f9cef3d4 - clone
[INFO] [stdout]   20:                0x0 - <unknown>
[INFO] [stdout] 
[INFO] [stdout] ---- addr::accessor::http::tests::test_http_auth_download_no stdout ----
[INFO] [stdout] [2026-10-18T13:16:49Z ERROR addr/http] fail! doing=download url: 
[INFO] [stdout]     call context:
[INFO] [stdout]     	url : http://127.0.0.1:45063/wpflow.txt
[INFO] [stdout]     	local : ./tests/temp
[INFO] [stdout]     
[INFO] [stdout] Error: StructError { imp: StructErrorImpl { reason: Unified(ConfigError(Core)), detail: Some(""), position: None, context: Some([OperationContext { context: CallContext { items: [("url", "http://127.0.0.1:45063/wpflow.txt"), ("local", "./tests/temp")] }, result: Fail, mod_path: "addr/http", action: Some("download url"), locator: None, target: None, path: ["download url"], metadata: ErrorMetadata { fields: {} } }]), source_payload: Some(InternalSourcePayload { source: Os { code: 30, kind: ReadOnlyFilesystem, message: "Read-only file system" }, kind: Std, frames: [SourceFrame { index: 0, message: "Read-only file system (os error 30)", display: None, debug: None, type_name: Some("core::io::error::Error"), error_code: None, reason: None, path: None, detail: None, context_fields: [], metadata: ErrorMetadata { fields: {} }, is_root_cause: true }] }) } }
[INFO] [stdout] 
[INFO] [stdout] ---- addr::accessor::universal::tests::test_select_accessor stdout ----
[INFO] [stdout] clone repo from https://github.com/galaxio-labs/hello-word.git
[INFO] [stdout] [2026-10-18T13:16:49Z ERROR addr/git] fail! doing=clone repository: 
[INFO] [stdout]     call context:
[INFO] [stdout]     	repo : https://github.com/galaxio-labs/hello-word.git
[INFO] [stdout]     	target : /root/.cache/galaxy/hello-word.git
[INFO] [stdout]     
[INFO] [stdout] [2026-10-18T13:16:49Z ERROR addr/git] fail! doing=download local: 
[INFO] [stdout]     call context:
[INFO] [stdout]     	repo : https://github.com/galaxio-labs/hello-word.git
[INFO] [stdout]     	path : /root/.cache/galaxy/hello-word.git
[INFO] [stdout]     
[INFO] [stdout] 
[INFO] [stdout] thread 'addr::accessor::universal::tests::test_select_accessor' (15794) panicked at /opt/rustwide/cargo-home/registry/src/index.crates.io-1949cf8c6b5b557f/orion-error-0.9.0/src/testing.rs:25:33:
[INFO] [stdout] [TEST ASSERTION FAILED] 
[INFO] [stdout]  Error details: data error
[INFO] [stdout]   -> Info: 
[INFO] [stdout]   -> Trace:
[INFO] [stdout]       1. download local [repo: https://github.com/galaxio-labs/hello-word.git, path: /root/.cache/galaxy/hello-word.git]
[INFO] [stdout] stack backtrace:
[INFO] [stdout]    0:     0x5abb6ebfcd11 - <<std[617be2ca0a6fd877]::sys::backtrace::BacktraceLock>::print::DisplayBacktrace as core[a373ad73a504971]::fmt::Display>::fmt
[INFO] [stdout]    1:     0x5abb6ec1791a - core[a373ad73a504971]::fmt::write
[INFO] [stdout]    2:     0x5abb6ec038fc - <alloc[2e1b2a31b91974c5]::vec::Vec<u8> as core[a373ad73a504971]::io::write::Write>::write_fmt
[INFO] [stdout]    3:     0x5abb6ebd3556 - std[617be2ca0a6fd877]::panicking::default_hook::{closure#0}
[INFO] [stdout]    4:     0x5abb6ebf20b9 - std[617be2ca0a6fd877]::panicking::default_hook
[INFO] [stdout]    5:     0x5abb6e17eaa0 - test[aada8e7e76ba119b]::test_main_inner::{closure#0}
[INFO] [stdout]    6:     0x5abb6ebf23e2 - std[617be2ca0a6fd877]::panicking::panic_with_hook
[INFO] [stdout]    7:     0x5abb6ebd3602 - std[617be2ca0a6fd877]::panicking::panic_handler::{closure#0}
[INFO] [stdout]    8:     0x5abb6ebcb699 - std[617be2ca0a6fd877]::sys::backtrace::__rust_end_short_backtrace::<std[617be2ca0a6fd877]::panicking::panic_handler::{closure#0}, !>
[INFO] [stdout]    9:     0x5abb6ebd493d - __rustc[ea4f61d10b84890b]::rust_begin_unwind
[INFO] [stdout]   10:     0x5abb6ec180fc - core[a373ad73a504971]::panicking::panic_fmt
[INFO] [stdout]   11:     0x5abb6e12efd9 - <core[a373ad73a504971]::result::Result<orion_accessor[6c40713b5467df70]::types::UpdateUnit, orion_error[69097d64c4b4de40]::core::error::carrier::StructError<orion_accessor[6c40713b5467df70]::addr::error::AddrReason>> as orion_error[69097d64c4b4de40]::testing::TestAssert>::assert::{closure#0}
[INFO] [stdout]   12:     0x5abb6e0ec6cb - orion_accessor[6c40713b5467df70]::addr::accessor::universal::tests::test_select_accessor::{closure#0}
[INFO] [stdout]   13:     0x5abb6e0835f3 - <tokio[85a652d7c3963a31]::runtime::scheduler::current_thread::Context>::enter::<core[a373ad73a504971]::task::poll::Poll<()>, <tokio[85a652d7c3963a31]::runtime::scheduler::current_thread::CoreGuard>::block_on<core[a373ad73a504971]::pin::Pin<&mut core[a373ad73a504971]::pin::Pin<&mut dyn core[a373ad73a504971]::future::future::Future<Output = ()>>>>::{closure#0}::{closure#0}>
[INFO] [stdout]   14:     0x5abb6e114e2c - <tokio[85a652d7c3963a31]::runtime::context::scoped::Scoped<tokio[85a652d7c3963a31]::runtime::scheduler::Context>>::set::<<tokio[85a652d7c3963a31]::runtime::scheduler::current_thread::CoreGuard>::enter<<tokio[85a652d7c3963a31]::runtime::scheduler::current_thread::CoreGuard>::block_on<core[a373ad73a504971]::pin::Pin<&mut core[a373ad73a504971]::pin::Pin<&mut dyn core[a373ad73a504971]::future::future::Future<Output = ()>>>>::{closure#0}, core[a373ad73a504971]::option::Option<()>>::{closure#0}, (alloc[2e1b2a31b91974c5]::boxed::Box<tokio[85a652d7c3963a31]::runtime::scheduler::current_thread::Core>, core[a373ad73a504971]::option::Option<()>)>
[INFO] [stdout]   15:     0x5abb6e0839b7 - <tokio[85a652d7c3963a31]::runtime::scheduler::current_thread::CoreGuard>::block_on::<core[a373ad73a504971]::pin::Pin<&mut core[a373ad73a504971]::pin::Pin<&mut dyn core[a373ad73a504971]::future::future::Future<Output = ()>>>>
[INFO] [stdout]   16:     0x5abb6e1198ed - tokio[85a652d7c3963a31]::runtime::context::runtime::enter_runtime::<<tokio[85a652d7c3963a31]::runtime::scheduler::current_thread::CurrentThread>::block_on<core[a373ad73a504971]::pin::Pin<&mut dyn core[a373ad73a504971]::future::future::Future<Output = ()>>>::{closure#0}, ()>
[INFO] [stdout]   17:     0x5abb6e1148c3 - <tokio[85a652d7c3963a31]::runtime::runtime::Runtime>::block_on::<core[a373ad73a504971]::pin::Pin<&mut dyn core[a373ad73a504971]::future::future::Future<Output = ()>>>
[INFO] [stdout]   18:     0x5abb6e0f666e - <orion_accessor[6c40713b5467df70]::addr::accessor::universal::tests::test_select_accessor::{closure#0} as core[a373ad73a504971]::ops::function::FnOnce<()>>::call_once
[INFO] [stdout]   19:     0x5abb6e171eeb - test[aada8e7e76ba119b]::__rust_begin_short_backtrace::<core[a373ad73a504971]::result::Result<(), alloc[2e1b2a31b91974c5]::string::String>, fn() -> core[a373ad73a504971]::result::Result<(), alloc[2e1b2a31b91974c5]::string::String>>
[INFO] [stderr] error: test failed, to rerun pass `--lib`
[INFO] [stdout]   20:     0x5abb6e17f0c5 - test[aada8e7e76ba119b]::run_test::{closure#0}
[INFO] [stdout]   21:     0x5abb6e1789b4 - std[617be2ca0a6fd877]::sys::backtrace::__rust_begin_short_backtrace::<test[aada8e7e76ba119b]::run_test::{closure#1}, ()>
[INFO] [stdout]   22:     0x5abb6e182152 - <std[617be2ca0a6fd877]::thread::lifecycle::spawn_unchecked<test[aada8e7e76ba119b]::run_test::{closure#1}, ()>::{closure#1} as core[a373ad73a504971]::ops::function::FnOnce<()>>::call_once::{shim:vtable#0}
[INFO] [stdout]   23:     0x5abb6ebfbbbf - <std[617be2ca0a6fd877]::sys::thread::unix::Thread>::new::thread_start
[INFO] [stdout]   24:     0x72e6f9c5bdfa - <unknown>
[INFO] [stdout]   25:     0x72e6f9cef3d4 - clone
[INFO] [stdout]   26:                0x0 - <unknown>
[INFO] [stdout] 
[INFO] [stdout] ---- addr::accessor::git::tests::test_checkout_specific_branch stdout ----
[INFO] [stdout] clone repo from https://github.com/galaxio-labs/hello-word.git
[INFO] [stdout] [2026-10-18T13:16:49Z ERROR addr/git] fail! doing=clone repository: 
[INFO] [stdout]     call context:
[INFO] [stdout]     	repo : https://github.com/galaxio-labs/hello-word.git
[INFO] [stdout]     	target : /root/.cache/galaxy/hello-word.git_develop
[INFO] [stdout]     
[INFO] [stdout] [2026-10-18T13:16:49Z ERROR addr/git] fail! doing=download local: 
[INFO] [stdout]     call context:
[INFO] [stdout]     	repo : https://github.com/galaxio-labs/hello-word.git
[INFO] [stdout]     	path : /root/.cache/galaxy/hello-word.git_develop
[INFO] [stdout]     
[INFO] [stdout] Error: StructError { imp: StructErrorImpl { reason: Unified(DataError), detail: Some(""), position: None, context: Some([OperationContext { context: CallContext { items: [("repo", "https://github.com/galaxio-labs/hello-word.git"), ("path", "/root/.cache/galaxy/hello-word.git_develop")] }, result: Fail, mod_path: "addr/git", action: Some("download local"), locator: None, target: None, path: ["download local"], metadata: ErrorMetadata { fields: {} } }]), source_payload: Some(InternalSourcePayload { source: Error { code: -1, klass: 12, message: "failed to resolve address for github.com: Temporary failure in name resolution" }, kind: Std, frames: [SourceFrame { index: 0, message: "failed to resolve address for github.com: Temporary failure in name resolution; class=Net (12)", display: None, debug: None, type_name: Some("git2::error::Error"), error_code: None, reason: None, path: None, detail: None, context_fields: [], metadata: ErrorMetadata { fields: {} }, is_root_cause: true }] }) } }
[INFO] [stdout] 
[INFO] [stdout] 
[INFO] [stdout] failures:
[INFO] [stdout]     addr::accessor::git::tests::test_checkout_specific_branch
[INFO] [stdout]     addr::accessor::git::tests::test_git_addr_pull_2
[INFO] [stdout]     addr::accessor::git::tests::test_git_addr_pull_redirect
[INFO] [stdout]     addr::accessor::git::tests::test_git_addr_update_local_sub
[INFO] [stdout]     addr::accessor::http::tests::test_http_auth_download_no
[INFO] [stdout]     addr::accessor::http::tests::test_http_auth_download_with_redirect
[INFO] [stdout]     addr::accessor::local::tests::test_local
[INFO] [stdout]     addr::accessor::local::tests::test_rename_path_dir_new_model
[INFO] [stdout]     addr::accessor::universal::tests::test_select_accessor
[INFO] [stdout] 
[INFO] [stdout] test result: FAILED. 275 passed; 9 failed; 6 ignored; 0 measured; 0 filtered out; finished in 1.03s
[INFO] [stdout] 
[INFO] running `Command { std: "docker" "inspect" "e8c7f00d02af5a4865f7c596fbb09f08eb800be608e916b461d60558f44deb5b", kill_on_drop: false }`
[INFO] running `Command { std: "docker" "rm" "-f" "e8c7f00d02af5a4865f7c596fbb09f08eb800be608e916b461d60558f44deb5b", kill_on_drop: false }`
[INFO] [stdout] e8c7f00d02af5a4865f7c596fbb09f08eb800be608e916b461d60558f44deb5b
