[INFO] fetching crate opendaq 0.1.1...
[INFO] testing opendaq-0.1.1 against 1.100.0-beta.1+cargoflags=--release for beta-release-1.100-2
[INFO] extracting crate opendaq 0.1.1 into /workspace/builds/worker-6-tc2/source
[INFO] started tweaking crates.io crate opendaq 0.1.1
[INFO] removed 0 missing examples
[INFO] removed 0 missing tests
[INFO] finished tweaking crates.io crate opendaq 0.1.1
[INFO] tweaked toml for crates.io crate opendaq 0.1.1 written to /workspace/builds/worker-6-tc2/source/Cargo.toml
[INFO] validating manifest of crates.io crate opendaq 0.1.1 on toolchain 1.100.0-beta.1
[INFO] running `Command { std: CARGO_HOME="/workspace/cargo-home" RUSTUP_HOME="/workspace/rustup-home" "/workspace/cargo-home/bin/cargo" "+1.100.0-beta.1" "metadata" "--manifest-path" "Cargo.toml" "--no-deps", kill_on_drop: false }`
[INFO] crate crates.io crate opendaq 0.1.1 already has a lockfile, it will not be regenerated
[INFO] running `Command { std: CARGO_HOME="/workspace/cargo-home" RUSTUP_HOME="/workspace/rustup-home" "/workspace/cargo-home/bin/cargo" "+1.100.0-beta.1" "fetch" "--manifest-path" "Cargo.toml", kill_on_drop: false }`
[INFO] [stderr]     Blocking waiting for file lock on package cache
[INFO] running `Command { std: "docker" "create" "-v" "/var/lib/crater-agent-workspace/builds/worker-6-tc2/source:/opt/rustwide/workdir:ro,Z" "-v" "/var/lib/crater-agent-workspace/builds/worker-6-tc2/target:/opt/rustwide/target:rw,Z" "-v" "/var/lib/crater-agent-workspace/cargo-home:/opt/rustwide/cargo-home:ro,Z" "-v" "/var/lib/crater-agent-workspace/rustup-home:/opt/rustwide/rustup-home:ro,Z" "-m" "1610612736" "--network" "none" "ghcr.io/rust-lang/crates-build-env/linux@sha256:77db811e55d90add9212f6832c23229e3de5f1c1f9905e8cb07319ea15df73ac" "sleep" "infinity", kill_on_drop: false }`
[INFO] [stdout] 62145945acb88e0f74510cce78710b20c737b8054fce50b23bd44fbc9a0d0d1e
[INFO] running `Command { std: "docker" "start" "62145945acb88e0f74510cce78710b20c737b8054fce50b23bd44fbc9a0d0d1e", kill_on_drop: false }`
[INFO] running `Command { std: "docker" "inspect" "62145945acb88e0f74510cce78710b20c737b8054fce50b23bd44fbc9a0d0d1e", kill_on_drop: false }`
[INFO] running `Command { std: "docker" "exec" "-e" "SOURCE_DIR=/opt/rustwide/workdir" "-e" "CARGO_HOME=/opt/rustwide/cargo-home" "-e" "RUSTUP_HOME=/opt/rustwide/rustup-home" "-e" "CARGO_TARGET_DIR=/opt/rustwide/target" "-w" "/opt/rustwide/workdir" "--user" "0:0" "62145945acb88e0f74510cce78710b20c737b8054fce50b23bd44fbc9a0d0d1e" "/opt/rustwide/cargo-home/bin/cargo" "+1.100.0-beta.1" "metadata" "--no-deps" "--format-version=1", kill_on_drop: false }`
[INFO] running `Command { std: "docker" "inspect" "62145945acb88e0f74510cce78710b20c737b8054fce50b23bd44fbc9a0d0d1e", kill_on_drop: false }`
[INFO] running `Command { std: "docker" "exec" "-e" "SOURCE_DIR=/opt/rustwide/workdir" "-e" "CARGO_HOME=/opt/rustwide/cargo-home" "-e" "RUSTUP_HOME=/opt/rustwide/rustup-home" "-e" "CARGO_TARGET_DIR=/opt/rustwide/target" "-e" "CARGO_INCREMENTAL=0" "-e" "RUST_BACKTRACE=full" "-e" "RUSTFLAGS=--cap-lints=warn" "-e" "RUSTDOCFLAGS=--cap-lints=warn" "-w" "/opt/rustwide/workdir" "--user" "0:0" "62145945acb88e0f74510cce78710b20c737b8054fce50b23bd44fbc9a0d0d1e" "/opt/rustwide/cargo-home/bin/cargo" "+1.100.0-beta.1" "build" "--frozen" "--message-format=json" "--release", kill_on_drop: false }`
[INFO] [stderr]    Compiling quote v1.0.46
[INFO] [stderr]    Compiling libloading v0.8.9
[INFO] [stderr]    Compiling syn v2.0.118
[INFO] [stderr]    Compiling thiserror-impl v2.0.18
[INFO] [stderr]    Compiling thiserror v2.0.18
[INFO] [stderr]    Compiling opendaq v0.1.1 (/opt/rustwide/workdir)
[INFO] [stderr]     Finished `release` profile [optimized] target(s) in 5m 00s
[INFO] running `Command { std: "docker" "inspect" "62145945acb88e0f74510cce78710b20c737b8054fce50b23bd44fbc9a0d0d1e", kill_on_drop: false }`
[INFO] running `Command { std: "docker" "exec" "-e" "SOURCE_DIR=/opt/rustwide/workdir" "-e" "CARGO_HOME=/opt/rustwide/cargo-home" "-e" "RUSTUP_HOME=/opt/rustwide/rustup-home" "-e" "CARGO_TARGET_DIR=/opt/rustwide/target" "-e" "CARGO_INCREMENTAL=0" "-e" "RUST_BACKTRACE=full" "-e" "RUSTFLAGS=--cap-lints=warn" "-e" "RUSTDOCFLAGS=--cap-lints=warn" "-w" "/opt/rustwide/workdir" "--user" "0:0" "62145945acb88e0f74510cce78710b20c737b8054fce50b23bd44fbc9a0d0d1e" "/opt/rustwide/cargo-home/bin/cargo" "+1.100.0-beta.1" "test" "--frozen" "--no-run" "--message-format=json" "--release", kill_on_drop: false }`
[INFO] [stderr]    Compiling opendaq v0.1.1 (/opt/rustwide/workdir)
[INFO] [stderr]     Finished `release` profile [optimized] target(s) in 4m 51s
[INFO] running `Command { std: "docker" "inspect" "62145945acb88e0f74510cce78710b20c737b8054fce50b23bd44fbc9a0d0d1e", kill_on_drop: false }`
[INFO] running `Command { std: "docker" "exec" "-e" "SOURCE_DIR=/opt/rustwide/workdir" "-e" "CARGO_HOME=/opt/rustwide/cargo-home" "-e" "RUSTUP_HOME=/opt/rustwide/rustup-home" "-e" "CARGO_TARGET_DIR=/opt/rustwide/target" "-e" "CARGO_INCREMENTAL=0" "-e" "RUST_BACKTRACE=full" "-e" "RUSTFLAGS=--cap-lints=warn" "-e" "RUSTDOCFLAGS=--cap-lints=warn" "-w" "/opt/rustwide/workdir" "--user" "0:0" "62145945acb88e0f74510cce78710b20c737b8054fce50b23bd44fbc9a0d0d1e" "/opt/rustwide/cargo-home/bin/cargo" "+1.100.0-beta.1" "test" "--frozen" "--release", kill_on_drop: false }`
[INFO] [stderr]     Finished `release` profile [optimized] target(s) in 0.02s
[INFO] [stderr]      Running unittests src/lib.rs (/opt/rustwide/target/release/build/opendaq/9c1cafa84b9299d5/out/opendaq-9c1cafa84b9299d5)
[INFO] [stdout] 
[INFO] [stdout] running 4 tests
[INFO] [stdout] test time::tests::converts_ticks ... ok
[INFO] [stdout] test time::tests::parses_epoch ... ok
[INFO] [stdout] test time::tests::parses_modern_date ... ok
[INFO] [stdout] test time::tests::parses_fraction_and_offset ... ok
[INFO] [stdout] 
[INFO] [stdout] test result: ok. 4 passed; 0 failed; 0 ignored; 0 measured; 0 filtered out; finished in 0.00s
[INFO] [stdout] 
[INFO] [stderr]      Running tests/hl_coreobjects.rs (/opt/rustwide/target/release/build/opendaq/83dbd91334eb5f73/out/hl_coreobjects-83dbd91334eb5f73)
[INFO] [stdout] 
[INFO] [stdout] running 12 tests
[INFO] [stdout] test high_level_coreobjects_end_update_event ... FAILED
[INFO] [stdout] test high_level_coreobjects_argument_and_callable_info ... FAILED
[INFO] [stdout] test high_level_coreobjects_eval_coercer_validator ... FAILED
[INFO] [stdout] test high_level_coreobjects_sparse_selection_property ... FAILED
[INFO] [stdout] test high_level_coreobjects_function_property_from_closure ... FAILED
[INFO] [stdout] test high_level_coreobjects_property_builders ... FAILED
[INFO] [stdout] test high_level_coreobjects_property_value_unboxes_scalars ... FAILED
[INFO] [stdout] test high_level_coreobjects_selection_property ... FAILED
[INFO] [stdout] test high_level_coreobjects_property_value_event_args ... FAILED
[INFO] [stdout] test high_level_coreobjects_unified_optional_generic ... FAILED
[INFO] [stdout] test high_level_coreobjects_authentication_provider ... FAILED
[INFO] [stdout] test high_level_coreobjects_factory_proxies_plain_values ... FAILED
[INFO] [stdout] 
[INFO] [stdout] failures:
[INFO] [stdout] 
[INFO] [stdout] ---- high_level_coreobjects_end_update_event stdout ----
[INFO] [stdout] 
[INFO] [stdout] thread 'high_level_coreobjects_end_update_event' (980) panicked at src/sys/mod.rs:103:19:
[INFO] [stdout] failed to load the openDAQ native libraries: failed to download https://github.com/mihoci10/opendaq-rs/releases/download/binaries-20260709-869cb62/opendaq-bin-linux-x64.tar.gz: curl exited with exit status: 6: curl: (6) Could not resolve host: github.com
[INFO] [stdout] curl: (6) Could not resolve host: github.com
[INFO] [stdout] curl: (6) Could not resolve host: github.com
[INFO] [stdout] curl: (6) Could not resolve host: github.com
[INFO] [stdout] stack backtrace:
[INFO] [stdout]    0:     0x5e231c780601 - <<std[617be2ca0a6fd877]::sys::backtrace::BacktraceLock>::print::DisplayBacktrace as core[a373ad73a504971]::fmt::Display>::fmt
[INFO] [stdout]    1:     0x5e231c794e3a - core[a373ad73a504971]::fmt::write
[INFO] [stdout]    2:     0x5e231c784a2c - <alloc[2e1b2a31b91974c5]::vec::Vec<u8> as core[a373ad73a504971]::io::write::Write>::write_fmt
[INFO] [stdout]    3:     0x5e231c75ba16 - std[617be2ca0a6fd877]::panicking::default_hook::{closure#0}
[INFO] [stdout]    4:     0x5e231c778829 - std[617be2ca0a6fd877]::panicking::default_hook
[INFO] [stdout]    5:     0x5e231c6bcf10 - test[aada8e7e76ba119b]::test_main_inner::{closure#0}
[INFO] [stdout]    6:     0x5e231c7789e2 - std[617be2ca0a6fd877]::panicking::panic_with_hook
[INFO] [stdout]    7:     0x5e231c75bac2 - std[617be2ca0a6fd877]::panicking::panic_handler::{closure#0}
[INFO] [stdout]    8:     0x5e231c754529 - std[617be2ca0a6fd877]::sys::backtrace::__rust_end_short_backtrace::<std[617be2ca0a6fd877]::panicking::panic_handler::{closure#0}, !>
[INFO] [stdout]    9:     0x5e231c75c6cd - __rustc[ea4f61d10b84890b]::rust_begin_unwind
[INFO] [stdout]   10:     0x5e231c79556c - core[a373ad73a504971]::panicking::panic_fmt
[INFO] [stdout]   11:     0x5e231c6f5d74 - <opendaq[e6af23d54e7e31f6]::generated::coreobjects::PropertyObject>::new
[INFO] [stdout]   12:     0x5e231c6a61aa - <hl_coreobjects[f907926139ae610b]::high_level_coreobjects_end_update_event::{closure#0} as core[a373ad73a504971]::ops::function::FnOnce<()>>::call_once
[INFO] [stdout]   13:     0x5e231c6b035b - test[aada8e7e76ba119b]::__rust_begin_short_backtrace::<core[a373ad73a504971]::result::Result<(), alloc[2e1b2a31b91974c5]::string::String>, fn() -> core[a373ad73a504971]::result::Result<(), alloc[2e1b2a31b91974c5]::string::String>>
[INFO] [stdout]   14:     0x5e231c6bd535 - test[aada8e7e76ba119b]::run_test::{closure#0}
[INFO] [stdout]   15:     0x5e231c6b6e24 - std[617be2ca0a6fd877]::sys::backtrace::__rust_begin_short_backtrace::<test[aada8e7e76ba119b]::run_test::{closure#1}, ()>
[INFO] [stdout]   16:     0x5e231c6c05c2 - <std[617be2ca0a6fd877]::thread::lifecycle::spawn_unchecked<test[aada8e7e76ba119b]::run_test::{closure#1}, ()>::{closure#1} as core[a373ad73a504971]::ops::function::FnOnce<()>>::call_once::{shim:vtable#0}
[INFO] [stdout]   17:     0x5e231c77fb4f - <std[617be2ca0a6fd877]::sys::thread::unix::Thread>::new::thread_start
[INFO] [stdout]   18:     0x7b174edc4dfa - <unknown>
[INFO] [stdout]   19:     0x7b174ee583d4 - clone
[INFO] [stdout]   20:                0x0 - <unknown>
[INFO] [stdout] 
[INFO] [stdout] ---- high_level_coreobjects_argument_and_callable_info stdout ----
[INFO] [stdout] 
[INFO] [stdout] thread 'high_level_coreobjects_argument_and_callable_info' (978) panicked at src/sys/mod.rs:103:19:
[INFO] [stdout] failed to load the openDAQ native libraries: failed to download https://github.com/mihoci10/opendaq-rs/releases/download/binaries-20260709-869cb62/opendaq-bin-linux-x64.tar.gz: curl exited with exit status: 6: curl: (6) Could not resolve host: github.com
[INFO] [stdout] curl: (6) Could not resolve host: github.com
[INFO] [stdout] curl: (6) Could not resolve host: github.com
[INFO] [stdout] curl: (6) Could not resolve host: github.com
[INFO] [stdout] stack backtrace:
[INFO] [stdout]    0:     0x5e231c780601 - <<std[617be2ca0a6fd877]::sys::backtrace::BacktraceLock>::print::DisplayBacktrace as core[a373ad73a504971]::fmt::Display>::fmt
[INFO] [stdout]    1:     0x5e231c794e3a - core[a373ad73a504971]::fmt::write
[INFO] [stdout]    2:     0x5e231c784a2c - <alloc[2e1b2a31b91974c5]::vec::Vec<u8> as core[a373ad73a504971]::io::write::Write>::write_fmt
[INFO] [stdout]    3:     0x5e231c75ba16 - std[617be2ca0a6fd877]::panicking::default_hook::{closure#0}
[INFO] [stdout]    4:     0x5e231c778829 - std[617be2ca0a6fd877]::panicking::default_hook
[INFO] [stdout]    5:     0x5e231c6bcf10 - test[aada8e7e76ba119b]::test_main_inner::{closure#0}
[INFO] [stdout]    6:     0x5e231c7789e2 - std[617be2ca0a6fd877]::panicking::panic_with_hook
[INFO] [stdout]    7:     0x5e231c75bac2 - std[617be2ca0a6fd877]::panicking::panic_handler::{closure#0}
[INFO] [stdout]    8:     0x5e231c754529 - std[617be2ca0a6fd877]::sys::backtrace::__rust_end_short_backtrace::<std[617be2ca0a6fd877]::panicking::panic_handler::{closure#0}, !>
[INFO] [stdout]    9:     0x5e231c75c6cd - __rustc[ea4f61d10b84890b]::rust_begin_unwind
[INFO] [stdout]   10:     0x5e231c79556c - core[a373ad73a504971]::panicking::panic_fmt
[INFO] [stdout]   11:     0x5e231c6fc8c1 - opendaq[e6af23d54e7e31f6]::marshal::make_string
[INFO] [stdout]   12:     0x5e231c6f8bd0 - <opendaq[e6af23d54e7e31f6]::generated::coreobjects::ArgumentInfo>::new
[INFO] [stdout]   13:     0x5e231c6a9ac7 - <hl_coreobjects[f907926139ae610b]::high_level_coreobjects_argument_and_callable_info::{closure#0} as core[a373ad73a504971]::ops::function::FnOnce<()>>::call_once
[INFO] [stdout]   14:     0x5e231c6b035b - test[aada8e7e76ba119b]::__rust_begin_short_backtrace::<core[a373ad73a504971]::result::Result<(), alloc[2e1b2a31b91974c5]::string::String>, fn() -> core[a373ad73a504971]::result::Result<(), alloc[2e1b2a31b91974c5]::string::String>>
[INFO] [stdout]   15:     0x5e231c6bd535 - test[aada8e7e76ba119b]::run_test::{closure#0}
[INFO] [stdout]   16:     0x5e231c6b6e24 - std[617be2ca0a6fd877]::sys::backtrace::__rust_begin_short_backtrace::<test[aada8e7e76ba119b]::run_test::{closure#1}, ()>
[INFO] [stdout]   17:     0x5e231c6c05c2 - <std[617be2ca0a6fd877]::thread::lifecycle::spawn_unchecked<test[aada8e7e76ba119b]::run_test::{closure#1}, ()>::{closure#1} as core[a373ad73a504971]::ops::function::FnOnce<()>>::call_once::{shim:vtable#0}
[INFO] [stdout]   18:     0x5e231c77fb4f - <std[617be2ca0a6fd877]::sys::thread::unix::Thread>::new::thread_start
[INFO] [stdout]   19:     0x7b174edc4dfa - <unknown>
[INFO] [stdout]   20:     0x7b174ee583d4 - clone
[INFO] [stdout]   21:                0x0 - <unknown>
[INFO] [stdout] 
[INFO] [stdout] ---- high_level_coreobjects_eval_coercer_validator stdout ----
[INFO] [stdout] 
[INFO] [stdout] thread 'high_level_coreobjects_eval_coercer_validator' (981) panicked at src/sys/mod.rs:103:19:
[INFO] [stdout] failed to load the openDAQ native libraries: failed to download https://github.com/mihoci10/opendaq-rs/releases/download/binaries-20260709-869cb62/opendaq-bin-linux-x64.tar.gz: curl exited with exit status: 6: curl: (6) Could not resolve host: github.com
[INFO] [stdout] curl: (6) Could not resolve host: github.com
[INFO] [stdout] curl: (6) Could not resolve host: github.com
[INFO] [stdout] curl: (6) Could not resolve host: github.com
[INFO] [stdout] stack backtrace:
[INFO] [stdout]    0:     0x5e231c780601 - <<std[617be2ca0a6fd877]::sys::backtrace::BacktraceLock>::print::DisplayBacktrace as core[a373ad73a504971]::fmt::Display>::fmt
[INFO] [stdout]    1:     0x5e231c794e3a - core[a373ad73a504971]::fmt::write
[INFO] [stdout]    2:     0x5e231c784a2c - <alloc[2e1b2a31b91974c5]::vec::Vec<u8> as core[a373ad73a504971]::io::write::Write>::write_fmt
[INFO] [stdout]    3:     0x5e231c75ba16 - std[617be2ca0a6fd877]::panicking::default_hook::{closure#0}
[INFO] [stdout]    4:     0x5e231c778829 - std[617be2ca0a6fd877]::panicking::default_hook
[INFO] [stdout]    5:     0x5e231c6bcf10 - test[aada8e7e76ba119b]::test_main_inner::{closure#0}
[INFO] [stdout]    6:     0x5e231c7789e2 - std[617be2ca0a6fd877]::panicking::panic_with_hook
[INFO] [stdout]    7:     0x5e231c75bac2 - std[617be2ca0a6fd877]::panicking::panic_handler::{closure#0}
[INFO] [stdout]    8:     0x5e231c754529 - std[617be2ca0a6fd877]::sys::backtrace::__rust_end_short_backtrace::<std[617be2ca0a6fd877]::panicking::panic_handler::{closure#0}, !>
[INFO] [stdout]    9:     0x5e231c75c6cd - __rustc[ea4f61d10b84890b]::rust_begin_unwind
[INFO] [stdout]   10:     0x5e231c79556c - core[a373ad73a504971]::panicking::panic_fmt
[INFO] [stdout]   11:     0x5e231c6f5d74 - <opendaq[e6af23d54e7e31f6]::generated::coreobjects::PropertyObject>::new
[INFO] [stdout]   12:     0x5e231c6a76f8 - <hl_coreobjects[f907926139ae610b]::high_level_coreobjects_eval_coercer_validator::{closure#0} as core[a373ad73a504971]::ops::function::FnOnce<()>>::call_once
[INFO] [stdout]   13:     0x5e231c6b035b - test[aada8e7e76ba119b]::__rust_begin_short_backtrace::<core[a373ad73a504971]::result::Result<(), alloc[2e1b2a31b91974c5]::string::String>, fn() -> core[a373ad73a504971]::result::Result<(), alloc[2e1b2a31b91974c5]::string::String>>
[INFO] [stdout]   14:     0x5e231c6bd535 - test[aada8e7e76ba119b]::run_test::{closure#0}
[INFO] [stdout]   15:     0x5e231c6b6e24 - std[617be2ca0a6fd877]::sys::backtrace::__rust_begin_short_backtrace::<test[aada8e7e76ba119b]::run_test::{closure#1}, ()>
[INFO] [stdout]   16:     0x5e231c6c05c2 - <std[617be2ca0a6fd877]::thread::lifecycle::spawn_unchecked<test[aada8e7e76ba119b]::run_test::{closure#1}, ()>::{closure#1} as core[a373ad73a504971]::ops::function::FnOnce<()>>::call_once::{shim:vtable#0}
[INFO] [stdout]   17:     0x5e231c77fb4f - <std[617be2ca0a6fd877]::sys::thread::unix::Thread>::new::thread_start
[INFO] [stdout]   18:     0x7b174edc4dfa - <unknown>
[INFO] [stdout]   19:     0x7b174ee583d4 - clone
[INFO] [stdout]   20:                0x0 - <unknown>
[INFO] [stdout] 
[INFO] [stdout] ---- high_level_coreobjects_sparse_selection_property stdout ----
[INFO] [stdout] 
[INFO] [stdout] thread 'high_level_coreobjects_sparse_selection_property' (988) panicked at src/sys/mod.rs:103:19:
[INFO] [stdout] failed to load the openDAQ native libraries: failed to download https://github.com/mihoci10/opendaq-rs/releases/download/binaries-20260709-869cb62/opendaq-bin-linux-x64.tar.gz: curl exited with exit status: 6: curl: (6) Could not resolve host: github.com
[INFO] [stdout] curl: (6) Could not resolve host: github.com
[INFO] [stdout] curl: (6) Could not resolve host: github.com
[INFO] [stdout] curl: (6) Could not resolve host: github.com
[INFO] [stdout] stack backtrace:
[INFO] [stdout]    0:     0x5e231c780601 - <<std[617be2ca0a6fd877]::sys::backtrace::BacktraceLock>::print::DisplayBacktrace as core[a373ad73a504971]::fmt::Display>::fmt
[INFO] [stdout]    1:     0x5e231c794e3a - core[a373ad73a504971]::fmt::write
[INFO] [stdout]    2:     0x5e231c784a2c - <alloc[2e1b2a31b91974c5]::vec::Vec<u8> as core[a373ad73a504971]::io::write::Write>::write_fmt
[INFO] [stdout]    3:     0x5e231c75ba16 - std[617be2ca0a6fd877]::panicking::default_hook::{closure#0}
[INFO] [stdout]    4:     0x5e231c778829 - std[617be2ca0a6fd877]::panicking::default_hook
[INFO] [stdout]    5:     0x5e231c6bcf10 - test[aada8e7e76ba119b]::test_main_inner::{closure#0}
[INFO] [stdout]    6:     0x5e231c7789e2 - std[617be2ca0a6fd877]::panicking::panic_with_hook
[INFO] [stdout]    7:     0x5e231c75bac2 - std[617be2ca0a6fd877]::panicking::panic_handler::{closure#0}
[INFO] [stdout]    8:     0x5e231c754529 - std[617be2ca0a6fd877]::sys::backtrace::__rust_end_short_backtrace::<std[617be2ca0a6fd877]::panicking::panic_handler::{closure#0}, !>
[INFO] [stdout]    9:     0x5e231c75c6cd - __rustc[ea4f61d10b84890b]::rust_begin_unwind
[INFO] [stdout]   10:     0x5e231c79556c - core[a373ad73a504971]::panicking::panic_fmt
[INFO] [stdout]   11:     0x5e231c6fa074 - <opendaq[e6af23d54e7e31f6]::generated::coreobjects::DictObject>::new
[INFO] [stdout]   12:     0x5e231c6a9378 - <hl_coreobjects[f907926139ae610b]::high_level_coreobjects_sparse_selection_property::{closure#0} as core[a373ad73a504971]::ops::function::FnOnce<()>>::call_once
[INFO] [stdout]   13:     0x5e231c6b035b - test[aada8e7e76ba119b]::__rust_begin_short_backtrace::<core[a373ad73a504971]::result::Result<(), alloc[2e1b2a31b91974c5]::string::String>, fn() -> core[a373ad73a504971]::result::Result<(), alloc[2e1b2a31b91974c5]::string::String>>
[INFO] [stdout]   14:     0x5e231c6bd535 - test[aada8e7e76ba119b]::run_test::{closure#0}
[INFO] [stdout]   15:     0x5e231c6b6e24 - std[617be2ca0a6fd877]::sys::backtrace::__rust_begin_short_backtrace::<test[aada8e7e76ba119b]::run_test::{closure#1}, ()>
[INFO] [stdout]   16:     0x5e231c6c05c2 - <std[617be2ca0a6fd877]::thread::lifecycle::spawn_unchecked<test[aada8e7e76ba119b]::run_test::{closure#1}, ()>::{closure#1} as core[a373ad73a504971]::ops::function::FnOnce<()>>::call_once::{shim:vtable#0}
[INFO] [stdout]   17:     0x5e231c77fb4f - <std[617be2ca0a6fd877]::sys::thread::unix::Thread>::new::thread_start
[INFO] [stdout]   18:     0x7b174edc4dfa - <unknown>
[INFO] [stdout]   19:     0x7b174ee583d4 - clone
[INFO] [stdout]   20:                0x0 - <unknown>
[INFO] [stdout] 
[INFO] [stdout] ---- high_level_coreobjects_function_property_from_closure stdout ----
[INFO] [stdout] 
[INFO] [stdout] thread 'high_level_coreobjects_function_property_from_closure' (983) panicked at src/sys/mod.rs:103:19:
[INFO] [stdout] failed to load the openDAQ native libraries: failed to download https://github.com/mihoci10/opendaq-rs/releases/download/binaries-20260709-869cb62/opendaq-bin-linux-x64.tar.gz: curl exited with exit status: 6: curl: (6) Could not resolve host: github.com
[INFO] [stdout] curl: (6) Could not resolve host: github.com
[INFO] [stdout] curl: (6) Could not resolve host: github.com
[INFO] [stdout] curl: (6) Could not resolve host: github.com
[INFO] [stdout] stack backtrace:
[INFO] [stdout]    0:     0x5e231c780601 - <<std[617be2ca0a6fd877]::sys::backtrace::BacktraceLock>::print::DisplayBacktrace as core[a373ad73a504971]::fmt::Display>::fmt
[INFO] [stdout]    1:     0x5e231c794e3a - core[a373ad73a504971]::fmt::write
[INFO] [stdout]    2:     0x5e231c784a2c - <alloc[2e1b2a31b91974c5]::vec::Vec<u8> as core[a373ad73a504971]::io::write::Write>::write_fmt
[INFO] [stdout]    3:     0x5e231c75ba16 - std[617be2ca0a6fd877]::panicking::default_hook::{closure#0}
[INFO] [stdout]    4:     0x5e231c778829 - std[617be2ca0a6fd877]::panicking::default_hook
[INFO] [stdout]    5:     0x5e231c6bcf10 - test[aada8e7e76ba119b]::test_main_inner::{closure#0}
[INFO] [stdout]    6:     0x5e231c7789e2 - std[617be2ca0a6fd877]::panicking::panic_with_hook
[INFO] [stdout]    7:     0x5e231c75bac2 - std[617be2ca0a6fd877]::panicking::panic_handler::{closure#0}
[INFO] [stdout]    8:     0x5e231c754529 - std[617be2ca0a6fd877]::sys::backtrace::__rust_end_short_backtrace::<std[617be2ca0a6fd877]::panicking::panic_handler::{closure#0}, !>
[INFO] [stdout]    9:     0x5e231c75c6cd - __rustc[ea4f61d10b84890b]::rust_begin_unwind
[INFO] [stdout]   10:     0x5e231c79556c - core[a373ad73a504971]::panicking::panic_fmt
[INFO] [stdout]   11:     0x5e231c6fa764 - <opendaq[e6af23d54e7e31f6]::generated::coreobjects::ListObject>::new
[INFO] [stdout]   12:     0x5e231c6aa5f6 - <hl_coreobjects[f907926139ae610b]::high_level_coreobjects_function_property_from_closure::{closure#0} as core[a373ad73a504971]::ops::function::FnOnce<()>>::call_once
[INFO] [stdout]   13:     0x5e231c6b035b - test[aada8e7e76ba119b]::__rust_begin_short_backtrace::<core[a373ad73a504971]::result::Result<(), alloc[2e1b2a31b91974c5]::string::String>, fn() -> core[a373ad73a504971]::result::Result<(), alloc[2e1b2a31b91974c5]::string::String>>
[INFO] [stdout]   14:     0x5e231c6bd535 - test[aada8e7e76ba119b]::run_test::{closure#0}
[INFO] [stdout]   15:     0x5e231c6b6e24 - std[617be2ca0a6fd877]::sys::backtrace::__rust_begin_short_backtrace::<test[aada8e7e76ba119b]::run_test::{closure#1}, ()>
[INFO] [stdout]   16:     0x5e231c6c05c2 - <std[617be2ca0a6fd877]::thread::lifecycle::spawn_unchecked<test[aada8e7e76ba119b]::run_test::{closure#1}, ()>::{closure#1} as core[a373ad73a504971]::ops::function::FnOnce<()>>::call_once::{shim:vtable#0}
[INFO] [stdout]   17:     0x5e231c77fb4f - <std[617be2ca0a6fd877]::sys::thread::unix::Thread>::new::thread_start
[INFO] [stdout]   18:     0x7b174edc4dfa - <unknown>
[INFO] [stdout]   19:     0x7b174ee583d4 - clone
[INFO] [stdout]   20:                0x0 - <unknown>
[INFO] [stdout] 
[INFO] [stdout] ---- high_level_coreobjects_property_builders stdout ----
[INFO] [stdout] 
[INFO] [stdout] thread 'high_level_coreobjects_property_builders' (984) panicked at src/sys/mod.rs:103:19:
[INFO] [stdout] failed to load the openDAQ native libraries: failed to download https://github.com/mihoci10/opendaq-rs/releases/download/binaries-20260709-869cb62/opendaq-bin-linux-x64.tar.gz: curl exited with exit status: 6: curl: (6) Could not resolve host: github.com
[INFO] [stdout] curl: (6) Could not resolve host: github.com
[INFO] [stdout] curl: (6) Could not resolve host: github.com
[INFO] [stdout] curl: (6) Could not resolve host: github.com
[INFO] [stdout] stack backtrace:
[INFO] [stdout]    0:     0x5e231c780601 - <<std[617be2ca0a6fd877]::sys::backtrace::BacktraceLock>::print::DisplayBacktrace as core[a373ad73a504971]::fmt::Display>::fmt
[INFO] [stdout]    1:     0x5e231c794e3a - core[a373ad73a504971]::fmt::write
[INFO] [stdout]    2:     0x5e231c784a2c - <alloc[2e1b2a31b91974c5]::vec::Vec<u8> as core[a373ad73a504971]::io::write::Write>::write_fmt
[INFO] [stdout]    3:     0x5e231c75ba16 - std[617be2ca0a6fd877]::panicking::default_hook::{closure#0}
[INFO] [stdout]    4:     0x5e231c778829 - std[617be2ca0a6fd877]::panicking::default_hook
[INFO] [stdout]    5:     0x5e231c6bcf10 - test[aada8e7e76ba119b]::test_main_inner::{closure#0}
[INFO] [stdout]    6:     0x5e231c7789e2 - std[617be2ca0a6fd877]::panicking::panic_with_hook
[INFO] [stdout]    7:     0x5e231c75bac2 - std[617be2ca0a6fd877]::panicking::panic_handler::{closure#0}
[INFO] [stdout]    8:     0x5e231c754529 - std[617be2ca0a6fd877]::sys::backtrace::__rust_end_short_backtrace::<std[617be2ca0a6fd877]::panicking::panic_handler::{closure#0}, !>
[INFO] [stdout]    9:     0x5e231c75c6cd - __rustc[ea4f61d10b84890b]::rust_begin_unwind
[INFO] [stdout]   10:     0x5e231c79556c - core[a373ad73a504971]::panicking::panic_fmt
[INFO] [stdout]   11:     0x5e231c6fc8c1 - opendaq[e6af23d54e7e31f6]::marshal::make_string
[INFO] [stdout]   12:     0x5e231c6f6bd5 - <opendaq[e6af23d54e7e31f6]::generated::coreobjects::Property>::int
[INFO] [stdout]   13:     0x5e231c6a6511 - <hl_coreobjects[f907926139ae610b]::high_level_coreobjects_property_builders::{closure#0} as core[a373ad73a504971]::ops::function::FnOnce<()>>::call_once
[INFO] [stdout]   14:     0x5e231c6b035b - test[aada8e7e76ba119b]::__rust_begin_short_backtrace::<core[a373ad73a504971]::result::Result<(), alloc[2e1b2a31b91974c5]::string::String>, fn() -> core[a373ad73a504971]::result::Result<(), alloc[2e1b2a31b91974c5]::string::String>>
[INFO] [stdout]   15:     0x5e231c6bd535 - test[aada8e7e76ba119b]::run_test::{closure#0}
[INFO] [stdout]   16:     0x5e231c6b6e24 - std[617be2ca0a6fd877]::sys::backtrace::__rust_begin_short_backtrace::<test[aada8e7e76ba119b]::run_test::{closure#1}, ()>
[INFO] [stdout]   17:     0x5e231c6c05c2 - <std[617be2ca0a6fd877]::thread::lifecycle::spawn_unchecked<test[aada8e7e76ba119b]::run_test::{closure#1}, ()>::{closure#1} as core[a373ad73a504971]::ops::function::FnOnce<()>>::call_once::{shim:vtable#0}
[INFO] [stdout]   18:     0x5e231c77fb4f - <std[617be2ca0a6fd877]::sys::thread::unix::Thread>::new::thread_start
[INFO] [stdout]   19:     0x7b174edc4dfa - <unknown>
[INFO] [stdout]   20:     0x7b174ee583d4 - clone
[INFO] [stdout]   21:                0x0 - <unknown>
[INFO] [stdout] 
[INFO] [stdout] ---- high_level_coreobjects_property_value_unboxes_scalars stdout ----
[INFO] [stdout] 
[INFO] [stdout] thread 'high_level_coreobjects_property_value_unboxes_scalars' (986) panicked at src/sys/mod.rs:103:19:
[INFO] [stdout] failed to load the openDAQ native libraries: failed to download https://github.com/mihoci10/opendaq-rs/releases/download/binaries-20260709-869cb62/opendaq-bin-linux-x64.tar.gz: curl exited with exit status: 6: curl: (6) Could not resolve host: github.com
[INFO] [stdout] curl: (6) Could not resolve host: github.com
[INFO] [stdout] curl: (6) Could not resolve host: github.com
[INFO] [stdout] curl: (6) Could not resolve host: github.com
[INFO] [stdout] stack backtrace:
[INFO] [stdout]    0:     0x5e231c780601 - <<std[617be2ca0a6fd877]::sys::backtrace::BacktraceLock>::print::DisplayBacktrace as core[a373ad73a504971]::fmt::Display>::fmt
[INFO] [stdout]    1:     0x5e231c794e3a - core[a373ad73a504971]::fmt::write
[INFO] [stdout]    2:     0x5e231c784a2c - <alloc[2e1b2a31b91974c5]::vec::Vec<u8> as core[a373ad73a504971]::io::write::Write>::write_fmt
[INFO] [stdout]    3:     0x5e231c75ba16 - std[617be2ca0a6fd877]::panicking::default_hook::{closure#0}
[INFO] [stdout]    4:     0x5e231c778829 - std[617be2ca0a6fd877]::panicking::default_hook
[INFO] [stdout]    5:     0x5e231c6bcf10 - test[aada8e7e76ba119b]::test_main_inner::{closure#0}
[INFO] [stdout]    6:     0x5e231c7789e2 - std[617be2ca0a6fd877]::panicking::panic_with_hook
[INFO] [stdout]    7:     0x5e231c75bac2 - std[617be2ca0a6fd877]::panicking::panic_handler::{closure#0}
[INFO] [stdout]    8:     0x5e231c754529 - std[617be2ca0a6fd877]::sys::backtrace::__rust_end_short_backtrace::<std[617be2ca0a6fd877]::panicking::panic_handler::{closure#0}, !>
[INFO] [stdout]    9:     0x5e231c75c6cd - __rustc[ea4f61d10b84890b]::rust_begin_unwind
[INFO] [stdout]   10:     0x5e231c79556c - core[a373ad73a504971]::panicking::panic_fmt
[INFO] [stdout]   11:     0x5e231c6f5d74 - <opendaq[e6af23d54e7e31f6]::generated::coreobjects::PropertyObject>::new
[INFO] [stdout]   12:     0x5e231c6aae56 - <hl_coreobjects[f907926139ae610b]::high_level_coreobjects_property_value_unboxes_scalars::{closure#0} as core[a373ad73a504971]::ops::function::FnOnce<()>>::call_once
[INFO] [stdout]   13:     0x5e231c6b035b - test[aada8e7e76ba119b]::__rust_begin_short_backtrace::<core[a373ad73a504971]::result::Result<(), alloc[2e1b2a31b91974c5]::string::String>, fn() -> core[a373ad73a504971]::result::Result<(), alloc[2e1b2a31b91974c5]::string::String>>
[INFO] [stdout]   14:     0x5e231c6bd535 - test[aada8e7e76ba119b]::run_test::{closure#0}
[INFO] [stdout]   15:     0x5e231c6b6e24 - std[617be2ca0a6fd877]::sys::backtrace::__rust_begin_short_backtrace::<test[aada8e7e76ba119b]::run_test::{closure#1}, ()>
[INFO] [stdout]   16:     0x5e231c6c05c2 - <std[617be2ca0a6fd877]::thread::lifecycle::spawn_unchecked<test[aada8e7e76ba119b]::run_test::{closure#1}, ()>::{closure#1} as core[a373ad73a504971]::ops::function::FnOnce<()>>::call_once::{shim:vtable#0}
[INFO] [stdout]   17:     0x5e231c77fb4f - <std[617be2ca0a6fd877]::sys::thread::unix::Thread>::new::thread_start
[INFO] [stdout]   18:     0x7b174edc4dfa - <unknown>
[INFO] [stdout]   19:     0x7b174ee583d4 - clone
[INFO] [stdout]   20:                0x0 - <unknown>
[INFO] [stdout] 
[INFO] [stdout] ---- high_level_coreobjects_selection_property stdout ----
[INFO] [stdout] 
[INFO] [stdout] thread 'high_level_coreobjects_selection_property' (987) panicked at src/sys/mod.rs:103:19:
[INFO] [stdout] failed to load the openDAQ native libraries: failed to download https://github.com/mihoci10/opendaq-rs/releases/download/binaries-20260709-869cb62/opendaq-bin-linux-x64.tar.gz: curl exited with exit status: 6: curl: (6) Could not resolve host: github.com
[INFO] [stdout] curl: (6) Could not resolve host: github.com
[INFO] [stdout] curl: (6) Could not resolve host: github.com
[INFO] [stdout] curl: (6) Could not resolve host: github.com
[INFO] [stdout] stack backtrace:
[INFO] [stdout]    0:     0x5e231c780601 - <<std[617be2ca0a6fd877]::sys::backtrace::BacktraceLock>::print::DisplayBacktrace as core[a373ad73a504971]::fmt::Display>::fmt
[INFO] [stdout]    1:     0x5e231c794e3a - core[a373ad73a504971]::fmt::write
[INFO] [stdout]    2:     0x5e231c784a2c - <alloc[2e1b2a31b91974c5]::vec::Vec<u8> as core[a373ad73a504971]::io::write::Write>::write_fmt
[INFO] [stdout]    3:     0x5e231c75ba16 - std[617be2ca0a6fd877]::panicking::default_hook::{closure#0}
[INFO] [stdout]    4:     0x5e231c778829 - std[617be2ca0a6fd877]::panicking::default_hook
[INFO] [stdout]    5:     0x5e231c6bcf10 - test[aada8e7e76ba119b]::test_main_inner::{closure#0}
[INFO] [stdout]    6:     0x5e231c7789e2 - std[617be2ca0a6fd877]::panicking::panic_with_hook
[INFO] [stdout]    7:     0x5e231c75bac2 - std[617be2ca0a6fd877]::panicking::panic_handler::{closure#0}
[INFO] [stdout]    8:     0x5e231c754529 - std[617be2ca0a6fd877]::sys::backtrace::__rust_end_short_backtrace::<std[617be2ca0a6fd877]::panicking::panic_handler::{closure#0}, !>
[INFO] [stdout]    9:     0x5e231c75c6cd - __rustc[ea4f61d10b84890b]::rust_begin_unwind
[INFO] [stdout]   10:     0x5e231c79556c - core[a373ad73a504971]::panicking::panic_fmt
[INFO] [stdout]   11:     0x5e231c6fa764 - <opendaq[e6af23d54e7e31f6]::generated::coreobjects::ListObject>::new
[INFO] [stdout]   12:     0x5e231c6a7016 - <hl_coreobjects[f907926139ae610b]::high_level_coreobjects_selection_property::{closure#0} as core[a373ad73a504971]::ops::function::FnOnce<()>>::call_once
[INFO] [stdout]   13:     0x5e231c6b035b - test[aada8e7e76ba119b]::__rust_begin_short_backtrace::<core[a373ad73a504971]::result::Result<(), alloc[2e1b2a31b91974c5]::string::String>, fn() -> core[a373ad73a504971]::result::Result<(), alloc[2e1b2a31b91974c5]::string::String>>
[INFO] [stdout]   14:     0x5e231c6bd535 - test[aada8e7e76ba119b]::run_test::{closure#0}
[INFO] [stdout]   15:     0x5e231c6b6e24 - std[617be2ca0a6fd877]::sys::backtrace::__rust_begin_short_backtrace::<test[aada8e7e76ba119b]::run_test::{closure#1}, ()>
[INFO] [stdout]   16:     0x5e231c6c05c2 - <std[617be2ca0a6fd877]::thread::lifecycle::spawn_unchecked<test[aada8e7e76ba119b]::run_test::{closure#1}, ()>::{closure#1} as core[a373ad73a504971]::ops::function::FnOnce<()>>::call_once::{shim:vtable#0}
[INFO] [stdout]   17:     0x5e231c77fb4f - <std[617be2ca0a6fd877]::sys::thread::unix::Thread>::new::thread_start
[INFO] [stdout]   18:     0x7b174edc4dfa - <unknown>
[INFO] [stdout]   19:     0x7b174ee583d4 - clone
[INFO] [stdout]   20:                0x0 - <unknown>
[INFO] [stdout] 
[INFO] [stdout] ---- high_level_coreobjects_property_value_event_args stdout ----
[INFO] [stdout] 
[INFO] [stdout] thread 'high_level_coreobjects_property_value_event_args' (985) panicked at src/sys/mod.rs:103:19:
[INFO] [stdout] failed to load the openDAQ native libraries: failed to download https://github.com/mihoci10/opendaq-rs/releases/download/binaries-20260709-869cb62/opendaq-bin-linux-x64.tar.gz: curl exited with exit status: 6: curl: (6) Could not resolve host: github.com
[INFO] [stdout] curl: (6) Could not resolve host: github.com
[INFO] [stdout] curl: (6) Could not resolve host: github.com
[INFO] [stdout] curl: (6) Could not resolve host: github.com
[INFO] [stdout] stack backtrace:
[INFO] [stdout]    0:     0x5e231c780601 - <<std[617be2ca0a6fd877]::sys::backtrace::BacktraceLock>::print::DisplayBacktrace as core[a373ad73a504971]::fmt::Display>::fmt
[INFO] [stdout]    1:     0x5e231c794e3a - core[a373ad73a504971]::fmt::write
[INFO] [stdout]    2:     0x5e231c784a2c - <alloc[2e1b2a31b91974c5]::vec::Vec<u8> as core[a373ad73a504971]::io::write::Write>::write_fmt
[INFO] [stdout]    3:     0x5e231c75ba16 - std[617be2ca0a6fd877]::panicking::default_hook::{closure#0}
[INFO] [stdout]    4:     0x5e231c778829 - std[617be2ca0a6fd877]::panicking::default_hook
[INFO] [stdout]    5:     0x5e231c6bcf10 - test[aada8e7e76ba119b]::test_main_inner::{closure#0}
[INFO] [stdout]    6:     0x5e231c7789e2 - std[617be2ca0a6fd877]::panicking::panic_with_hook
[INFO] [stdout]    7:     0x5e231c75bac2 - std[617be2ca0a6fd877]::panicking::panic_handler::{closure#0}
[INFO] [stdout]    8:     0x5e231c754529 - std[617be2ca0a6fd877]::sys::backtrace::__rust_end_short_backtrace::<std[617be2ca0a6fd877]::panicking::panic_handler::{closure#0}, !>
[INFO] [stdout]    9:     0x5e231c75c6cd - __rustc[ea4f61d10b84890b]::rust_begin_unwind
[INFO] [stdout]   10:     0x5e231c79556c - core[a373ad73a504971]::panicking::panic_fmt
[INFO] [stdout]   11:     0x5e231c6fc8c1 - opendaq[e6af23d54e7e31f6]::marshal::make_string
[INFO] [stdout]   12:     0x5e231c6f6bd5 - <opendaq[e6af23d54e7e31f6]::generated::coreobjects::Property>::int
[INFO] [stdout]   13:     0x5e231c6a8d2f - <hl_coreobjects[f907926139ae610b]::high_level_coreobjects_property_value_event_args::{closure#0} as core[a373ad73a504971]::ops::function::FnOnce<()>>::call_once
[INFO] [stdout]   14:     0x5e231c6b035b - test[aada8e7e76ba119b]::__rust_begin_short_backtrace::<core[a373ad73a504971]::result::Result<(), alloc[2e1b2a31b91974c5]::string::String>, fn() -> core[a373ad73a504971]::result::Result<(), alloc[2e1b2a31b91974c5]::string::String>>
[INFO] [stdout]   15:     0x5e231c6bd535 - test[aada8e7e76ba119b]::run_test::{closure#0}
[INFO] [stdout]   16:     0x5e231c6b6e24 - std[617be2ca0a6fd877]::sys::backtrace::__rust_begin_short_backtrace::<test[aada8e7e76ba119b]::run_test::{closure#1}, ()>
[INFO] [stdout]   17:     0x5e231c6c05c2 - <std[617be2ca0a6fd877]::thread::lifecycle::spawn_unchecked<test[aada8e7e76ba119b]::run_test::{closure#1}, ()>::{closure#1} as core[a373ad73a504971]::ops::function::FnOnce<()>>::call_once::{shim:vtable#0}
[INFO] [stdout]   18:     0x5e231c77fb4f - <std[617be2ca0a6fd877]::sys::thread::unix::Thread>::new::thread_start
[INFO] [stdout]   19:     0x7b174edc4dfa - <unknown>
[INFO] [stdout]   20:     0x7b174ee583d4 - clone
[INFO] [stdout]   21:                0x0 - <unknown>
[INFO] [stdout] 
[INFO] [stdout] ---- high_level_coreobjects_unified_optional_generic stdout ----
[INFO] [stdout] 
[INFO] [stdout] thread 'high_level_coreobjects_unified_optional_generic' (989) panicked at src/sys/mod.rs:103:19:
[INFO] [stdout] failed to load the openDAQ native libraries: failed to download https://github.com/mihoci10/opendaq-rs/releases/download/binaries-20260709-869cb62/opendaq-bin-linux-x64.tar.gz: curl exited with exit status: 6: curl: (6) Could not resolve host: github.com
[INFO] [stdout] curl: (6) Could not resolve host: github.com
[INFO] [stdout] curl: (6) Could not resolve host: github.com
[INFO] [stdout] curl: (6) Could not resolve host: github.com
[INFO] [stdout] stack backtrace:
[INFO] [stdout]    0:     0x5e231c780601 - <<std[617be2ca0a6fd877]::sys::backtrace::BacktraceLock>::print::DisplayBacktrace as core[a373ad73a504971]::fmt::Display>::fmt
[INFO] [stdout]    1:     0x5e231c794e3a - core[a373ad73a504971]::fmt::write
[INFO] [stdout]    2:     0x5e231c784a2c - <alloc[2e1b2a31b91974c5]::vec::Vec<u8> as core[a373ad73a504971]::io::write::Write>::write_fmt
[INFO] [stdout]    3:     0x5e231c75ba16 - std[617be2ca0a6fd877]::panicking::default_hook::{closure#0}
[INFO] [stdout]    4:     0x5e231c778829 - std[617be2ca0a6fd877]::panicking::default_hook
[INFO] [stdout]    5:     0x5e231c6bcf10 - test[aada8e7e76ba119b]::test_main_inner::{closure#0}
[INFO] [stdout]    6:     0x5e231c7789e2 - std[617be2ca0a6fd877]::panicking::panic_with_hook
[INFO] [stdout]    7:     0x5e231c75bac2 - std[617be2ca0a6fd877]::panicking::panic_handler::{closure#0}
[INFO] [stdout]    8:     0x5e231c754529 - std[617be2ca0a6fd877]::sys::backtrace::__rust_end_short_backtrace::<std[617be2ca0a6fd877]::panicking::panic_handler::{closure#0}, !>
[INFO] [stdout]    9:     0x5e231c75c6cd - __rustc[ea4f61d10b84890b]::rust_begin_unwind
[INFO] [stdout]   10:     0x5e231c79556c - core[a373ad73a504971]::panicking::panic_fmt
[INFO] [stdout]   11:     0x5e231c6fc8c1 - opendaq[e6af23d54e7e31f6]::marshal::make_string
[INFO] [stdout]   12:     0x5e231c6f6bd5 - <opendaq[e6af23d54e7e31f6]::generated::coreobjects::Property>::int
[INFO] [stdout]   13:     0x5e231c6a87d1 - <hl_coreobjects[f907926139ae610b]::high_level_coreobjects_unified_optional_generic::{closure#0} as core[a373ad73a504971]::ops::function::FnOnce<()>>::call_once
[INFO] [stdout]   14:     0x5e231c6b035b - test[aada8e7e76ba119b]::__rust_begin_short_backtrace::<core[a373ad73a504971]::result::Result<(), alloc[2e1b2a31b91974c5]::string::String>, fn() -> core[a373ad73a504971]::result::Result<(), alloc[2e1b2a31b91974c5]::string::String>>
[INFO] [stdout]   15:     0x5e231c6bd535 - test[aada8e7e76ba119b]::run_test::{closure#0}
[INFO] [stdout]   16:     0x5e231c6b6e24 - std[617be2ca0a6fd877]::sys::backtrace::__rust_begin_short_backtrace::<test[aada8e7e76ba119b]::run_test::{closure#1}, ()>
[INFO] [stdout]   17:     0x5e231c6c05c2 - <std[617be2ca0a6fd877]::thread::lifecycle::spawn_unchecked<test[aada8e7e76ba119b]::run_test::{closure#1}, ()>::{closure#1} as core[a373ad73a504971]::ops::function::FnOnce<()>>::call_once::{shim:vtable#0}
[INFO] [stdout]   18:     0x5e231c77fb4f - <std[617be2ca0a6fd877]::sys::thread::unix::Thread>::new::thread_start
[INFO] [stdout]   19:     0x7b174edc4dfa - <unknown>
[INFO] [stdout]   20:     0x7b174ee583d4 - clone
[INFO] [stdout]   21:                0x0 - <unknown>
[INFO] [stdout] 
[INFO] [stdout] ---- high_level_coreobjects_authentication_provider stdout ----
[INFO] [stdout] 
[INFO] [stdout] thread 'high_level_coreobjects_authentication_provider' (979) panicked at src/sys/mod.rs:103:19:
[INFO] [stdout] failed to load the openDAQ native libraries: failed to download https://github.com/mihoci10/opendaq-rs/releases/download/binaries-20260709-869cb62/opendaq-bin-linux-x64.tar.gz: curl exited with exit status: 6: curl: (6) Could not resolve host: github.com
[INFO] [stdout] curl: (6) Could not resolve host: github.com
[INFO] [stdout] curl: (6) Could not resolve host: github.com
[INFO] [stdout] curl: (6) Could not resolve host: github.com
[INFO] [stdout] stack backtrace:
[INFO] [stdout]    0:     0x5e231c780601 - <<std[617be2ca0a6fd877]::sys::backtrace::BacktraceLock>::print::DisplayBacktrace as core[a373ad73a504971]::fmt::Display>::fmt
[INFO] [stdout]    1:     0x5e231c794e3a - core[a373ad73a504971]::fmt::write
[INFO] [stdout]    2:     0x5e231c784a2c - <alloc[2e1b2a31b91974c5]::vec::Vec<u8> as core[a373ad73a504971]::io::write::Write>::write_fmt
[INFO] [stdout]    3:     0x5e231c75ba16 - std[617be2ca0a6fd877]::panicking::default_hook::{closure#0}
[INFO] [stdout]    4:     0x5e231c778829 - std[617be2ca0a6fd877]::panicking::default_hook
[INFO] [stdout]    5:     0x5e231c6bcf10 - test[aada8e7e76ba119b]::test_main_inner::{closure#0}
[INFO] [stdout]    6:     0x5e231c7789e2 - std[617be2ca0a6fd877]::panicking::panic_with_hook
[INFO] [stdout]    7:     0x5e231c75bac2 - std[617be2ca0a6fd877]::panicking::panic_handler::{closure#0}
[INFO] [stdout]    8:     0x5e231c754529 - std[617be2ca0a6fd877]::sys::backtrace::__rust_end_short_backtrace::<std[617be2ca0a6fd877]::panicking::panic_handler::{closure#0}, !>
[INFO] [stdout]    9:     0x5e231c75c6cd - __rustc[ea4f61d10b84890b]::rust_begin_unwind
[INFO] [stdout]   10:     0x5e231c79556c - core[a373ad73a504971]::panicking::panic_fmt
[INFO] [stdout]   11:     0x5e231c6fa764 - <opendaq[e6af23d54e7e31f6]::generated::coreobjects::ListObject>::new
[INFO] [stdout]   12:     0x5e231c6a7f08 - <hl_coreobjects[f907926139ae610b]::high_level_coreobjects_authentication_provider::{closure#0} as core[a373ad73a504971]::ops::function::FnOnce<()>>::call_once
[INFO] [stdout]   13:     0x5e231c6b035b - test[aada8e7e76ba119b]::__rust_begin_short_backtrace::<core[a373ad73a504971]::result::Result<(), alloc[2e1b2a31b91974c5]::string::String>, fn() -> core[a373ad73a504971]::result::Result<(), alloc[2e1b2a31b91974c5]::string::String>>
[INFO] [stdout]   14:     0x5e231c6bd535 - test[aada8e7e76ba119b]::run_test::{closure#0}
[INFO] [stdout]   15:     0x5e231c6b6e24 - std[617be2ca0a6fd877]::sys::backtrace::__rust_begin_short_backtrace::<test[aada8e7e76ba119b]::run_test::{closure#1}, ()>
[INFO] [stdout]   16:     0x5e231c6c05c2 - <std[617be2ca0a6fd877]::thread::lifecycle::spawn_unchecked<test[aada8e7e76ba119b]::run_test::{closure#1}, ()>::{closure#1} as core[a373ad73a504971]::ops::function::FnOnce<()>>::call_once::{shim:vtable#0}
[INFO] [stdout]   17:     0x5e231c77fb4f - <std[617be2ca0a6fd877]::sys::thread::unix::Thread>::new::thread_start
[INFO] [stdout]   18:     0x7b174edc4dfa - <unknown>
[INFO] [stdout]   19:     0x7b174ee583d4 - clone
[INFO] [stdout]   20:                0x0 - <unknown>
[INFO] [stdout] 
[INFO] [stdout] ---- high_level_coreobjects_factory_proxies_plain_values stdout ----
[INFO] [stdout] 
[INFO] [stdout] thread 'high_level_coreobjects_factory_proxies_plain_values' (982) panicked at src/sys/mod.rs:103:19:
[INFO] [stdout] failed to load the openDAQ native libraries: failed to download https://github.com/mihoci10/opendaq-rs/releases/download/binaries-20260709-869cb62/opendaq-bin-linux-x64.tar.gz: curl exited with exit status: 6: curl: (6) Could not resolve host: github.com
[INFO] [stdout] curl: (6) Could not resolve host: github.com
[INFO] [stdout] curl: (6) Could not resolve host: github.com
[INFO] [stdout] curl: (6) Could not resolve host: github.com
[INFO] [stdout] stack backtrace:
[INFO] [stdout]    0:     0x5e231c780601 - <<std[617be2ca0a6fd877]::sys::backtrace::BacktraceLock>::print::DisplayBacktrace as core[a373ad73a504971]::fmt::Display>::fmt
[INFO] [stdout]    1:     0x5e231c794e3a - core[a373ad73a504971]::fmt::write
[INFO] [stdout]    2:     0x5e231c784a2c - <alloc[2e1b2a31b91974c5]::vec::Vec<u8> as core[a373ad73a504971]::io::write::Write>::write_fmt
[INFO] [stdout]    3:     0x5e231c75ba16 - std[617be2ca0a6fd877]::panicking::default_hook::{closure#0}
[INFO] [stdout]    4:     0x5e231c778829 - std[617be2ca0a6fd877]::panicking::default_hook
[INFO] [stdout]    5:     0x5e231c6bcf10 - test[aada8e7e76ba119b]::test_main_inner::{closure#0}
[INFO] [stdout]    6:     0x5e231c7789e2 - std[617be2ca0a6fd877]::panicking::panic_with_hook
[INFO] [stdout]    7:     0x5e231c75bac2 - std[617be2ca0a6fd877]::panicking::panic_handler::{closure#0}
[INFO] [stdout]    8:     0x5e231c754529 - std[617be2ca0a6fd877]::sys::backtrace::__rust_end_short_backtrace::<std[617be2ca0a6fd877]::panicking::panic_handler::{closure#0}, !>
[INFO] [stdout]    9:     0x5e231c75c6cd - __rustc[ea4f61d10b84890b]::rust_begin_unwind
[INFO] [stdout]   10:     0x5e231c79556c - core[a373ad73a504971]::panicking::panic_fmt
[INFO] [stdout]   11:     0x5e231c6fc8c1 - opendaq[e6af23d54e7e31f6]::marshal::make_string
[INFO] [stdout]   12:     0x5e231c6f6bd5 - <opendaq[e6af23d54e7e31f6]::generated::coreobjects::Property>::int
[INFO] [stdout]   13:     0x5e231c6a9fa1 - <hl_coreobjects[f907926139ae610b]::high_level_coreobjects_factory_proxies_plain_values::{closure#0} as core[a373ad73a504971]::ops::function::FnOnce<()>>::call_once
[INFO] [stdout]   14:     0x5e231c6b035b - test[aada8e7e76ba119b]::__rust_begin_short_backtrace::<core[a373ad73a504971]::result::Result<(), alloc[2e1b2a31b91974c5]::string::String>, fn() -> core[a373ad73a504971]::result::Result<(), alloc[2e1b2a31b91974c5]::string::String>>
[INFO] [stdout]   15:     0x5e231c6bd535 - test[aada8e7e76ba119b]::run_test::{closure#0}
[INFO] [stdout]   16:     0x5e231c6b6e24 - std[617be2ca0a6fd877]::sys::backtrace::__rust_begin_short_backtrace::<test[aada8e7e76ba119b]::run_test::{closure#1}, ()>
[INFO] [stdout]   17:     0x5e231c6c05c2 - <std[617be2ca0a6fd877]::thread::lifecycle::spawn_unchecked<test[aada8e7e76ba119b]::run_test::{closure#1}, ()>::{closure#1} as core[a373ad73a504971]::ops::function::FnOnce<()>>::call_once::{shim:vtable#0}
[INFO] [stdout]   18:     0x5e231c77fb4f - <std[617be2ca0a6fd877]::sys::thread::unix::Thread>::new::thread_start
[INFO] [stdout]   19:     0x7b174edc4dfa - <unknown>
[INFO] [stdout]   20:     0x7b174ee583d4 - clone
[INFO] [stdout]   21:                0x0 - <unknown>
[INFO] [stdout] 
[INFO] [stderr] error: test failed, to rerun pass `--test hl_coreobjects`
[INFO] [stdout] 
[INFO] [stdout] failures:
[INFO] [stdout]     high_level_coreobjects_argument_and_callable_info
[INFO] [stdout]     high_level_coreobjects_authentication_provider
[INFO] [stdout]     high_level_coreobjects_end_update_event
[INFO] [stdout]     high_level_coreobjects_eval_coercer_validator
[INFO] [stdout]     high_level_coreobjects_factory_proxies_plain_values
[INFO] [stdout]     high_level_coreobjects_function_property_from_closure
[INFO] [stdout]     high_level_coreobjects_property_builders
[INFO] [stdout]     high_level_coreobjects_property_value_event_args
[INFO] [stdout]     high_level_coreobjects_property_value_unboxes_scalars
[INFO] [stdout]     high_level_coreobjects_selection_property
[INFO] [stdout]     high_level_coreobjects_sparse_selection_property
[INFO] [stdout]     high_level_coreobjects_unified_optional_generic
[INFO] [stdout] 
[INFO] [stdout] test result: FAILED. 0 passed; 12 failed; 0 ignored; 0 measured; 0 filtered out; finished in 7.11s
[INFO] [stdout] 
[INFO] running `Command { std: "docker" "inspect" "62145945acb88e0f74510cce78710b20c737b8054fce50b23bd44fbc9a0d0d1e", kill_on_drop: false }`
[INFO] running `Command { std: "docker" "rm" "-f" "62145945acb88e0f74510cce78710b20c737b8054fce50b23bd44fbc9a0d0d1e", kill_on_drop: false }`
[INFO] [stdout] 62145945acb88e0f74510cce78710b20c737b8054fce50b23bd44fbc9a0d0d1e
