[INFO] fetching crate onefetch 3.0.0...
[INFO] testing onefetch-3.0.0 against 1.100.0-beta.1+cargoflags=--release for beta-release-1.100-2
[INFO] extracting crate onefetch 3.0.0 into /workspace/builds/worker-2-tc2/source
[INFO] started tweaking crates.io crate onefetch 3.0.0
[INFO] removed 0 missing tests
[INFO] finished tweaking crates.io crate onefetch 3.0.0
[INFO] tweaked toml for crates.io crate onefetch 3.0.0 written to /workspace/builds/worker-2-tc2/source/Cargo.toml
[INFO] validating manifest of crates.io crate onefetch 3.0.0 on toolchain 1.100.0-beta.1
[INFO] running `Command { std: CARGO_HOME="/workspace/cargo-home" RUSTUP_HOME="/workspace/rustup-home" "/workspace/cargo-home/bin/cargo" "+1.100.0-beta.1" "metadata" "--manifest-path" "Cargo.toml" "--no-deps", kill_on_drop: false }`
[INFO] crate crates.io crate onefetch 3.0.0 already has a lockfile, it will not be regenerated
[INFO] running `Command { std: CARGO_HOME="/workspace/cargo-home" RUSTUP_HOME="/workspace/rustup-home" "/workspace/cargo-home/bin/cargo" "+1.100.0-beta.1" "fetch" "--manifest-path" "Cargo.toml", kill_on_drop: false }`
[INFO] running `Command { std: "docker" "create" "-v" "/var/lib/crater-agent-workspace/builds/worker-2-tc2/source:/opt/rustwide/workdir:ro,Z" "-v" "/var/lib/crater-agent-workspace/builds/worker-2-tc2/target:/opt/rustwide/target:rw,Z" "-v" "/var/lib/crater-agent-workspace/cargo-home:/opt/rustwide/cargo-home:ro,Z" "-v" "/var/lib/crater-agent-workspace/rustup-home:/opt/rustwide/rustup-home:ro,Z" "-m" "1610612736" "--network" "none" "ghcr.io/rust-lang/crates-build-env/linux@sha256:77db811e55d90add9212f6832c23229e3de5f1c1f9905e8cb07319ea15df73ac" "sleep" "infinity", kill_on_drop: false }`
[INFO] [stdout] e87fe40c1a72a95f640efba6d912b5e372a3fcfef3ff8c227ca40e41e9055377
[INFO] running `Command { std: "docker" "start" "e87fe40c1a72a95f640efba6d912b5e372a3fcfef3ff8c227ca40e41e9055377", kill_on_drop: false }`
[INFO] running `Command { std: "docker" "inspect" "e87fe40c1a72a95f640efba6d912b5e372a3fcfef3ff8c227ca40e41e9055377", kill_on_drop: false }`
[INFO] running `Command { std: "docker" "exec" "-e" "SOURCE_DIR=/opt/rustwide/workdir" "-e" "CARGO_HOME=/opt/rustwide/cargo-home" "-e" "RUSTUP_HOME=/opt/rustwide/rustup-home" "-e" "CARGO_TARGET_DIR=/opt/rustwide/target" "-w" "/opt/rustwide/workdir" "--user" "0:0" "e87fe40c1a72a95f640efba6d912b5e372a3fcfef3ff8c227ca40e41e9055377" "/opt/rustwide/cargo-home/bin/cargo" "+1.100.0-beta.1" "metadata" "--no-deps" "--format-version=1", kill_on_drop: false }`
[INFO] running `Command { std: "docker" "inspect" "e87fe40c1a72a95f640efba6d912b5e372a3fcfef3ff8c227ca40e41e9055377", kill_on_drop: false }`
[INFO] running `Command { std: "docker" "exec" "-e" "SOURCE_DIR=/opt/rustwide/workdir" "-e" "CARGO_HOME=/opt/rustwide/cargo-home" "-e" "RUSTUP_HOME=/opt/rustwide/rustup-home" "-e" "CARGO_TARGET_DIR=/opt/rustwide/target" "-e" "CARGO_INCREMENTAL=0" "-e" "RUST_BACKTRACE=full" "-e" "RUSTFLAGS=--cap-lints=warn" "-e" "RUSTDOCFLAGS=--cap-lints=warn" "-w" "/opt/rustwide/workdir" "--user" "0:0" "e87fe40c1a72a95f640efba6d912b5e372a3fcfef3ff8c227ca40e41e9055377" "/opt/rustwide/cargo-home/bin/cargo" "+1.100.0-beta.1" "build" "--frozen" "--message-format=json" "--release", kill_on_drop: false }`
[INFO] [stderr]    Compiling regex-automata v0.4.18
[INFO] [stderr]    Compiling tinyvec v1.11.0
[INFO] [stderr]    Compiling syn v3.0.3
[INFO] [stderr]    Compiling smallvec v1.15.1
[INFO] [stderr]    Compiling gix-trace v0.2.0
[INFO] [stderr]    Compiling rustix v1.1.5
[INFO] [stderr]    Compiling heapless v0.8.0
[INFO] [stderr]    Compiling byteorder v1.5.0
[INFO] [stderr]    Compiling faster-hex v0.10.1
[INFO] [stderr]    Compiling parking_lot_core v0.9.12
[INFO] [stderr]    Compiling libc v0.2.186
[INFO] [stderr]    Compiling jiff v0.2.29
[INFO] [stderr]    Compiling unicode-normalization v0.1.25
[INFO] [stderr]    Compiling hash32 v0.3.1
[INFO] [stderr]    Compiling parking_lot v0.12.5
[INFO] [stderr]    Compiling prodash v31.0.0
[INFO] [stderr]    Compiling sha1dc v0.1.5
[INFO] [stderr]    Compiling hashbrown v0.17.1
[INFO] [stderr]    Compiling memmap2 v0.9.11
[INFO] [stderr]    Compiling syn v2.0.117
[INFO] [stderr]    Compiling aho-corasick v1.1.4
[INFO] [stderr]    Compiling tempfile v3.27.0
[INFO] [stderr]    Compiling zerocopy v0.8.48
[INFO] [stderr]    Compiling getrandom v0.2.17
[INFO] [stderr]    Compiling bstr v1.12.1
[INFO] [stderr]    Compiling serde_derive v1.0.229
[INFO] [stderr]    Compiling gix-error v0.4.0
[INFO] [stderr]    Compiling gix-validate v0.12.0
[INFO] [stderr]    Compiling gix-path v0.13.0
[INFO] [stderr]    Compiling gix-utils v0.4.0
[INFO] [stderr]    Compiling gix-features v0.50.0
[INFO] [stderr]    Compiling gix-hash v0.27.0
[INFO] [stderr]    Compiling gix-quote v0.9.0
[INFO] [stderr]    Compiling gix-fs v0.23.0
[INFO] [stderr]    Compiling gix-date v0.17.0
[INFO] [stderr]    Compiling gix-command v0.11.0
[INFO] [stderr]    Compiling gix-hashtable v0.17.0
[INFO] [stderr]    Compiling serde v1.0.229
[INFO] [stderr]    Compiling gix-actor v0.43.0
[INFO] [stderr]    Compiling gix-chunk v0.9.0
[INFO] [stderr]    Compiling dashmap v6.2.1
[INFO] [stderr]    Compiling ppv-lite86 v0.2.21
[INFO] [stderr]    Compiling rand_core v0.6.4
[INFO] [stderr]    Compiling siphasher v1.0.2
[INFO] [stderr]    Compiling nonempty v0.12.0
[INFO] [stderr]    Compiling phf_shared v0.11.3
[INFO] [stderr]    Compiling serde_core v1.0.229
[INFO] [stderr]    Compiling gix-glob v0.28.0
[INFO] [stderr]    Compiling rand_chacha v0.3.1
[INFO] [stderr]    Compiling gix-tempfile v25.0.0
[INFO] [stderr]    Compiling gix-object v0.65.0
[INFO] [stderr]    Compiling gix-lock v25.0.0
[INFO] [stderr]    Compiling unicode-bom v2.0.3
[INFO] [stderr]    Compiling regex v1.13.1
[INFO] [stderr]    Compiling rand v0.8.6
[INFO] [stderr]    Compiling crossbeam-utils v0.8.21
[INFO] [stderr]    Compiling gix-commitgraph v0.40.0
[INFO] [stderr]    Compiling parse-zoneinfo v0.3.1
[INFO] [stderr]    Compiling phf_generator v0.11.3
[INFO] [stderr]    Compiling gix-revwalk v0.36.0
[INFO] [stderr]    Compiling phf_codegen v0.11.3
[INFO] [stderr]    Compiling gix-attributes v0.36.0
[INFO] [stderr]    Compiling phf v0.11.3
[INFO] [stderr]    Compiling jobserver v0.1.34
[INFO] [stderr]    Compiling gix-sec v0.15.0
[INFO] [stderr]    Compiling simd-adler32 v0.3.9
[INFO] [stderr]    Compiling cc v1.2.60
[INFO] [stderr]    Compiling num-traits v0.2.19
[INFO] [stderr]    Compiling chrono-tz-build v0.3.0
[INFO] [stderr]    Compiling crossbeam-epoch v0.9.18
[INFO] [stderr]    Compiling gix-ref v0.68.0
[INFO] [stderr]    Compiling gix-config-value v0.20.0
[INFO] [stderr]    Compiling same-file v1.0.6
[INFO] [stderr]    Compiling winnow v1.0.2
[INFO] [stderr]    Compiling globset v0.4.20
[INFO] [stderr]    Compiling walkdir v2.5.0
[INFO] [stderr]    Compiling toml_parser v1.1.3+spec-1.1.0
[INFO] [stderr]    Compiling libm v0.2.16
[INFO] [stderr]    Compiling zstd-sys v2.0.16+zstd.1.5.7
[INFO] [stderr]    Compiling miniz_oxide v0.8.9
[INFO] [stderr]    Compiling serde_json v1.0.151
[INFO] [stderr]    Compiling pest_generator v2.8.6
[INFO] [stderr]    Compiling chrono-tz v0.9.0
[INFO] [stderr]    Compiling crossbeam-deque v0.8.6
[INFO] [stderr]    Compiling gix-traverse v0.62.0
[INFO] [stderr]    Compiling gix-bitmap v0.5.0
[INFO] [stderr]    Compiling gix-packetline v0.23.0
[INFO] [stderr]    Compiling terminal_size v0.4.4
[INFO] [stderr]    Compiling serde_spanned v1.1.1
[INFO] [stderr]    Compiling filetime v0.2.29
[INFO] [stderr]    Compiling iana-time-zone v0.1.65
[INFO] [stderr]    Compiling lazy_static v1.5.1
[INFO] [stderr]    Compiling toml_writer v1.1.2+spec-1.1.0
[INFO] [stderr]    Compiling clap_builder v4.6.7
[INFO] [stderr]    Compiling pest_derive v2.8.6
[INFO] [stderr]    Compiling ignore v0.4.25
[INFO] [stderr]    Compiling gix-index v0.56.0
[INFO] [stderr]    Compiling chrono v0.4.44
[INFO] [stderr]    Compiling gix-pathspec v0.21.0
[INFO] [stderr]    Compiling clap_derive v4.6.7
[INFO] [stderr]    Compiling gix-ignore v0.23.0
[INFO] [stderr]    Compiling deunicode v1.6.2
[INFO] [stderr]    Compiling bitflags v2.11.1
[INFO] [stderr]    Compiling gix-url v0.39.0
[INFO] [stderr]    Compiling globwalk v0.9.1
[INFO] [stderr]    Compiling slug v0.1.6
[INFO] [stderr]    Compiling gix-worktree v0.57.0
[INFO] [stderr]    Compiling humansize v2.1.3
[INFO] [stderr]    Compiling clap v4.6.7
[INFO] [stderr]    Compiling toml_datetime v1.1.1+spec-1.1.0
[INFO] [stderr]    Compiling zlib-rs v0.6.3
[INFO] [stderr]    Compiling percent-encoding v2.3.2
[INFO] [stderr]    Compiling typeid v1.0.3
[INFO] [stderr]    Compiling toml v1.1.6+spec-1.1.0
[INFO] [stderr]    Compiling clru v0.6.3
[INFO] [stderr]    Compiling json5 v0.4.1
[INFO] [stderr]    Compiling gix-filter v0.35.0
[INFO] [stderr]    Compiling tera v1.20.1
[INFO] [stderr]    Compiling flate2 v1.1.9
[INFO] [stderr]    Compiling gix-discover v0.56.0
[INFO] [stderr]    Compiling gix-zlib v0.2.0
[INFO] [stderr]    Compiling uluru v3.1.0
[INFO] [stderr]    Compiling fdeflate v0.3.7
[INFO] [stderr]    Compiling thiserror-impl v1.0.69
[INFO] [stderr]    Compiling gix-imara-diff v0.3.0
[INFO] [stderr]    Compiling erased-serde v0.4.10
[INFO] [stderr]    Compiling ryu v1.0.23
[INFO] [stderr]    Compiling rust_decimal v1.41.0
[INFO] [stderr]    Compiling unsafe-libyaml v0.2.11
[INFO] [stderr]    Compiling pxfm v0.1.29
[INFO] [stderr]    Compiling thiserror v1.0.69
[INFO] [stderr]    Compiling gix-diff v0.68.0
[INFO] [stderr]    Compiling png v0.18.1
[INFO] [stderr]    Compiling serde_yaml v0.9.34+deprecated
[INFO] [stderr]    Compiling gix-pack v0.75.0
[INFO] [stderr]    Compiling tokei v15.0.0
[INFO] [stderr]    Compiling gix-dir v0.30.0
[INFO] [stderr]    Compiling arc-swap v1.9.1
[INFO] [stderr]    Compiling rayon v1.12.0
[INFO] [stderr]    Compiling colored v2.2.0
[INFO] [stderr]    Compiling moxcms v0.8.1
[INFO] [stderr]    Compiling env_filter v1.0.1
[INFO] [stderr]    Compiling gix-transport v0.60.0
[INFO] [stderr]    Compiling itertools v0.11.0
[INFO] [stderr]    Compiling gix-config v0.61.0
[INFO] [stderr]    Compiling encoding_rs_io v0.1.7
[INFO] [stderr]    Compiling tera v2.4.0
[INFO] [stderr]    Compiling rmp v0.8.15
[INFO] [stderr]    Compiling strum_macros v0.28.0
[INFO] [stderr]    Compiling gix-shallow v0.14.0
[INFO] [stderr]    Compiling derive_arbitrary v1.4.2
[INFO] [stderr]    Compiling gix-macros v0.2.0
[INFO] [stderr]    Compiling gix-refspec v0.46.0
[INFO] [stderr]    Compiling semver v1.0.28
[INFO] [stderr]    Compiling toml_datetime v0.7.5+spec-1.1.0
[INFO] [stderr]    Compiling grep-matcher v0.1.8
[INFO] [stderr]    Compiling time-core v0.1.9
[INFO] [stderr]    Compiling deranged v0.5.8
[INFO] [stderr]    Compiling home v0.5.12
[INFO] [stderr]    Compiling winnow v0.7.15
[INFO] [stderr]    Compiling typetag v0.2.23
[INFO] [stderr]    Compiling num-conv v0.2.2
[INFO] [stderr]    Compiling bytemuck v1.25.0
[INFO] [stderr]    Compiling onefetch v3.0.0 (/opt/rustwide/workdir)
[INFO] [stderr]    Compiling image v0.25.10
[INFO] [stderr]    Compiling time v0.3.55
[INFO] [stderr]    Compiling etcetera v0.8.0
[INFO] [stderr]    Compiling backtrace v0.3.76
[INFO] [stderr]    Compiling toml v0.9.12+spec-1.1.0
[INFO] [stderr]    Compiling grep-searcher v0.1.16
[INFO] [stderr]    Compiling gix-submodule v0.35.0
[INFO] [stderr]    Compiling cargo_toml v1.0.1
[INFO] [stderr]    Compiling strum v0.28.0
[INFO] [stderr]    Compiling gix-protocol v0.66.0
[INFO] [stderr]    Compiling arbitrary v1.4.2
[INFO] [stderr]    Compiling table_formatter v0.6.1
[INFO] [stderr]    Compiling rmp-serde v1.3.1
[INFO] [stderr]    Compiling env_logger v0.11.10
[INFO] [stderr]    Compiling gix-odb v0.85.0
[INFO] [stderr]    Compiling gix-status v0.35.0
[INFO] [stderr]    Compiling clap-cargo v0.18.3
[INFO] [stderr]    Compiling num-format v0.4.4
[INFO] [stderr]    Compiling gix-revision v0.50.0
[INFO] [stderr]    Compiling gix-mailmap v0.35.0
[INFO] [stderr]    Compiling typetag-impl v0.2.23
[INFO] [stderr]    Compiling indexmap v2.14.0
[INFO] [stderr]    Compiling uuid v1.23.1
[INFO] [stderr]    Compiling term_size v0.3.2
[INFO] [stderr]    Compiling sysinfo v0.38.4
[INFO] [stderr]    Compiling owo-colors v4.4.0
[INFO] [stderr]    Compiling inventory v0.3.24
[INFO] [stderr]    Compiling utf8-width v0.1.8
[INFO] [stderr]    Compiling byte-unit v5.2.6
[INFO] [stderr]    Compiling human-panic v2.0.8
[INFO] [stderr]    Compiling onefetch-ascii v3.0.0
[INFO] [stderr]    Compiling onefetch-image v3.0.0
[INFO] [stderr]    Compiling gix v0.88.0
[INFO] [stderr]    Compiling onefetch-manifest v3.0.0
[INFO] [stderr]    Compiling time-humanize v0.1.3
[INFO] [stderr]    Compiling clap_complete v4.6.11
[INFO] [stderr]    Compiling zstd-safe v7.2.4
[INFO] [stderr]    Compiling zstd v0.13.3
[INFO] [stderr]    Compiling askalono v0.5.0
[INFO] [stderr] warning: unused dependency `lazy_static`
[INFO] [stderr]   --> Cargo.toml:10:21
[INFO] [stderr]    |
[INFO] [stderr] 10 | [build-dependencies.lazy_static]
[INFO] [stderr]    |                     ^^^^^^^^^^^^
[INFO] [stderr]    |
[INFO] [stderr]    = note: `cargo::unused_dependencies` is set to `warn` by default
[INFO] [stderr] help: consider removing the dependency on `lazy_static`
[INFO] [stderr] warning: `onefetch` (manifest) generated 1 warning
[INFO] [stderr]     Finished `release` profile [optimized] target(s) in 7m 51s
[INFO] running `Command { std: "docker" "inspect" "e87fe40c1a72a95f640efba6d912b5e372a3fcfef3ff8c227ca40e41e9055377", kill_on_drop: false }`
[INFO] running `Command { std: "docker" "exec" "-e" "SOURCE_DIR=/opt/rustwide/workdir" "-e" "CARGO_HOME=/opt/rustwide/cargo-home" "-e" "RUSTUP_HOME=/opt/rustwide/rustup-home" "-e" "CARGO_TARGET_DIR=/opt/rustwide/target" "-e" "CARGO_INCREMENTAL=0" "-e" "RUST_BACKTRACE=full" "-e" "RUSTFLAGS=--cap-lints=warn" "-e" "RUSTDOCFLAGS=--cap-lints=warn" "-w" "/opt/rustwide/workdir" "--user" "0:0" "e87fe40c1a72a95f640efba6d912b5e372a3fcfef3ff8c227ca40e41e9055377" "/opt/rustwide/cargo-home/bin/cargo" "+1.100.0-beta.1" "test" "--frozen" "--no-run" "--message-format=json" "--release", kill_on_drop: false }`
[INFO] [stderr]    Compiling syn v2.0.117
[INFO] [stderr]    Compiling signal-hook v0.4.4
[INFO] [stderr]    Compiling winnow v1.0.2
[INFO] [stderr]    Compiling toml_datetime v1.1.1+spec-1.1.0
[INFO] [stderr]    Compiling rstest_macros v0.27.0
[INFO] [stderr]    Compiling alloca v0.4.0
[INFO] [stderr]    Compiling plotters-backend v0.3.7
[INFO] [stderr]    Compiling itertools v0.13.0
[INFO] [stderr]    Compiling crc-catalog v2.4.0
[INFO] [stderr]    Compiling futures-core v0.3.32
[INFO] [stderr]    Compiling gix-tempfile v25.0.0
[INFO] [stderr]    Compiling plotters-svg v0.3.7
[INFO] [stderr]    Compiling glob v0.3.3
[INFO] [stderr]    Compiling futures-task v0.3.32
[INFO] [stderr]    Compiling relative-path v1.9.3
[INFO] [stderr]    Compiling futures-util v0.3.32
[INFO] [stderr]    Compiling plotters v0.3.7
[INFO] [stderr]    Compiling gix-object v0.65.0
[INFO] [stderr]    Compiling gix-lock v25.0.0
[INFO] [stderr]    Compiling gix-shallow v0.14.0
[INFO] [stderr]    Compiling crc v3.4.0
[INFO] [stderr]    Compiling toml_parser v1.1.3+spec-1.1.0
[INFO] [stderr]    Compiling tinytemplate v1.2.1
[INFO] [stderr]    Compiling tar v0.4.46
[INFO] [stderr]    Compiling gix-revwalk v0.36.0
[INFO] [stderr]    Compiling gix-ref v0.68.0
[INFO] [stderr]    Compiling gix-traverse v0.62.0
[INFO] [stderr]    Compiling gix-filter v0.35.0
[INFO] [stderr]    Compiling gix-pack v0.75.0
[INFO] [stderr]    Compiling gix-index v0.56.0
[INFO] [stderr]    Compiling gix-discover v0.56.0
[INFO] [stderr]    Compiling pest_generator v2.8.6
[INFO] [stderr]    Compiling gix-worktree v0.57.0
[INFO] [stderr]    Compiling gix-config v0.61.0
[INFO] [stderr]    Compiling gix-dir v0.30.0
[INFO] [stderr]    Compiling pest_derive v2.8.6
[INFO] [stderr]    Compiling zerocopy-derive v0.8.48
[INFO] [stderr]    Compiling tera v1.20.1
[INFO] [stderr]    Compiling json5 v0.4.1
[INFO] [stderr]    Compiling thiserror-impl v1.0.69
[INFO] [stderr]    Compiling gix-macros v0.2.0
[INFO] [stderr]    Compiling strum_macros v0.28.0
[INFO] [stderr]    Compiling zerocopy v0.8.48
[INFO] [stderr]    Compiling thiserror v1.0.69
[INFO] [stderr]    Compiling derive_arbitrary v1.4.2
[INFO] [stderr]    Compiling gix-diff v0.68.0
[INFO] [stderr]    Compiling gix-odb v0.85.0
[INFO] [stderr]    Compiling arbitrary v1.4.2
[INFO] [stderr]    Compiling gix-status v0.35.0
[INFO] [stderr]    Compiling gix-protocol v0.66.0
[INFO] [stderr]    Compiling strum v0.28.0
[INFO] [stderr]    Compiling table_formatter v0.6.1
[INFO] [stderr]    Compiling gix-submodule v0.35.0
[INFO] [stderr]    Compiling gix-revision v0.50.0
[INFO] [stderr]    Compiling tokei v15.0.0
[INFO] [stderr]    Compiling toml_edit v0.25.11+spec-1.1.0
[INFO] [stderr]    Compiling gix v0.88.0
[INFO] [stderr]    Compiling proc-macro-crate v3.5.0
[INFO] [stderr]    Compiling half v2.7.1
[INFO] [stderr]    Compiling onefetch-manifest v3.0.0
[INFO] [stderr]    Compiling serial_test_derive v3.5.0
[INFO] [stderr]    Compiling ciborium-ll v0.2.2
[INFO] [stderr]    Compiling ciborium v0.2.2
[INFO] [stderr]    Compiling criterion-plot v0.8.2
[INFO] [stderr]    Compiling serial_test v3.5.0
[INFO] [stderr]    Compiling page_size v0.6.0
[INFO] [stderr]    Compiling io-close v0.3.7
[INFO] [stderr]    Compiling console v0.16.3
[INFO] [stderr]    Compiling oorandom v11.1.5
[INFO] [stderr]    Compiling fs_extra v1.3.0
[INFO] [stderr]    Compiling similar v2.7.0
[INFO] [stderr]    Compiling criterion v0.8.2
[INFO] [stderr]    Compiling gix-testtools v0.21.0
[INFO] [stderr]    Compiling insta v1.49.0
[INFO] [stderr]    Compiling rstest v0.27.0
[INFO] [stderr]    Compiling onefetch v3.0.0 (/opt/rustwide/workdir)
[INFO] [stderr] warning: unused dependency `lazy_static`
[INFO] [stderr]   --> Cargo.toml:10:21
[INFO] [stderr]    |
[INFO] [stderr] 10 | [build-dependencies.lazy_static]
[INFO] [stderr]    |                     ^^^^^^^^^^^^
[INFO] [stderr]    |
[INFO] [stderr]    = note: `cargo::unused_dependencies` is set to `warn` by default
[INFO] [stderr] help: consider removing the dependency on `lazy_static`
[INFO] [stderr] warning: `onefetch` (manifest) generated 1 warning
[INFO] [stderr]     Finished `release` profile [optimized] target(s) in 4m 30s
[INFO] running `Command { std: "docker" "inspect" "e87fe40c1a72a95f640efba6d912b5e372a3fcfef3ff8c227ca40e41e9055377", kill_on_drop: false }`
[INFO] running `Command { std: "docker" "exec" "-e" "SOURCE_DIR=/opt/rustwide/workdir" "-e" "CARGO_HOME=/opt/rustwide/cargo-home" "-e" "RUSTUP_HOME=/opt/rustwide/rustup-home" "-e" "CARGO_TARGET_DIR=/opt/rustwide/target" "-e" "CARGO_INCREMENTAL=0" "-e" "RUST_BACKTRACE=full" "-e" "RUSTFLAGS=--cap-lints=warn" "-e" "RUSTDOCFLAGS=--cap-lints=warn" "-w" "/opt/rustwide/workdir" "--user" "0:0" "e87fe40c1a72a95f640efba6d912b5e372a3fcfef3ff8c227ca40e41e9055377" "/opt/rustwide/cargo-home/bin/cargo" "+1.100.0-beta.1" "test" "--frozen" "--release", kill_on_drop: false }`
[INFO] [stderr] warning: unused dependency `lazy_static`
[INFO] [stderr]   --> Cargo.toml:10:21
[INFO] [stderr]    |
[INFO] [stderr] 10 | [build-dependencies.lazy_static]
[INFO] [stderr]    |                     ^^^^^^^^^^^^
[INFO] [stderr]    |
[INFO] [stderr]    = note: `cargo::unused_dependencies` is set to `warn` by default
[INFO] [stderr] help: consider removing the dependency on `lazy_static`
[INFO] [stderr] warning: `onefetch` (manifest) generated 1 warning
[INFO] [stderr]     Finished `release` profile [optimized] target(s) in 0.64s
[INFO] [stderr]      Running unittests src/lib.rs (/opt/rustwide/target/release/build/onefetch/26f30f351be9fba0/out/onefetch-26f30f351be9fba0)
[INFO] [stdout] 
[INFO] [stdout] running 128 tests
[INFO] [stdout] test cli::test::test_config_with_ascii_colors_but_out_of_bounds ... ok
[INFO] [stdout] test info::dates::tests::serialize_out_of_range_time_as_seconds::case_2 ... ok
[INFO] [stdout] test info::dates::tests::serialize_out_of_range_time_as_seconds::case_3 ... ok
[INFO] [stdout] test cli::test::test_config_with_image_protocol_but_no_image ... ok
[INFO] [stdout] test cli::test::test_custom_config ... ok
[INFO] [stdout] test cli::test::test_default_config ... ok
[INFO] [stdout] test info::dates::tests::serialize_out_of_range_time_as_seconds::case_1 ... ok
[INFO] [stdout] test info::display_options::tests::display_out_of_range_iso_time_as_human_time::case_1 ... ok
[INFO] [stdout] test info::display_options::tests::display_out_of_range_iso_time_as_human_time::case_2 ... ok
[INFO] [stdout] test info::display_options::tests::display_time_as_human_time_current_time_arbitrary ... ok
[INFO] [stdout] test info::display_options::tests::display_time_as_human_time_current_time_now ... ok
[INFO] [stdout] test info::display_options::tests::display_time_as_iso_time_current_epoch ... ok
[INFO] [stdout] test cli::test::test_config_with_text_colors_but_out_of_bounds ... ok
[INFO] [stdout] test info::display_options::tests::display_out_of_range_iso_time_as_human_time::case_3 ... ok
[INFO] [stdout] test cli::test::test_config_with_color_resolution_but_no_image ... ok
[INFO] [stdout] test info::display_options::tests::test_number::case_3 ... ok
[INFO] [stdout] test info::display_options::tests::test_number::case_4 ... ok
[INFO] [stdout] test info::fields::authors::test::test_authors_info_title_with_one_author ... ok
[INFO] [stdout] test info::fields::authors::test::test_author_info_with_two_authors ... ok
[INFO] [stdout] test info::display_options::tests::test_number::case_2 ... ok
[INFO] [stdout] test info::fields::authors::test::test_authors_info_title_with_two_authors ... ok
[INFO] [stdout] test info::fields::authors::test::test_author_info_alignment_with_three_authors ... ok
[INFO] [stdout] test info::display_options::tests::handle_display_human_time_and_commit_date_in_the_future ... ok
[INFO] [stdout] test info::fields::authors::test::test_digit_difference::case_3 ... ok
[INFO] [stdout] test info::display_options::tests::test_number::case_1 ... ok
[INFO] [stdout] test info::display_options::tests::display_time_before_epoch ... ok
[INFO] [stdout] test info::fields::authors::test::test_compute_authors ... ok
[INFO] [stdout] test info::fields::authors::test::test_digit_difference::case_1 ... ok
[INFO] [stdout] test info::fields::authors::test::test_digit_difference::case_2 ... ok
[INFO] [stdout] test info::fields::churn::tests::test_truncate_file_path ... ok
[INFO] [stdout] test info::fields::contributors::test::test_display_contributors_info ... ok
[INFO] [stdout] test info::fields::contributors::test::test_display_contributors_less_than_authors_to_display ... ok
[INFO] [stdout] test info::fields::created::test::test_display_created_info ... ok
[INFO] [stdout] test info::fields::created::test::test_serialize_created_info ... ok
[INFO] [stdout] test info::fields::dependencies::test::should_display_dependencies ... ok
[INFO] [stdout] test info::fields::description::test::should_display_description ... ok
[INFO] [stdout] test info::fields::commits::test::test_display_commits_info ... ok
[INFO] [stdout] test info::fields::churn::tests::test_churn_info_value_with_two_file_churns ... ok
[INFO] [stdout] test info::fields::commits::test::test_display_commits_info_shallow ... ok
[INFO] [stdout] test info::fields::churn::tests::test_compute_file_churns ... ok
[INFO] [stdout] test info::fields::languages::test::test_display_languages_info ... ok
[INFO] [stdout] test info::fields::description::test::test_break_sentence_into_lines::case_1 ... ok
[INFO] [stdout] test info::fields::languages::test::test_prepare_languages ... ok
[INFO] [stdout] test info::fields::description::test::test_break_sentence_into_lines::case_2 ... ok
[INFO] [stdout] test info::fields::description::test::test_break_sentence_into_lines::case_3 ... ok
[INFO] [stdout] test info::fields::head::test::test_display_head_refs ... ok
[INFO] [stdout] test info::fields::head::test::test_display_head_refs_with_no_refs ... ok
[INFO] [stdout] test info::fields::languages::test::test_build_language_bar_multiple_languages ... ok
[INFO] [stdout] test info::fields::last_change::test::test_serialize_last_change_info ... ok
[INFO] [stdout] test info::fields::loc::test::test_display_loc_info ... ok
[INFO] [stdout] test info::fields::project::test::test_display_project_info_when_no_branches_no_tags ... ok
[INFO] [stdout] test info::fields::pending::test::test_display_pending_info ... ok
[INFO] [stdout] test info::fields::project::test::test_display_project_info_when_no_branches ... ok
[INFO] [stdout] test info::fields::project::test::test_display_project_info_when_one_branch_one_tag ... ok
[INFO] [stdout] test info::fields::project::test::test_get_repo_name_when_no_remote ... ok
[INFO] [stdout] test info::fields::project::test::test_display_project_info_when_no_repo_name ... ok
[INFO] [stdout] test info::fields::size::test::test_bytes_to_human_readable::case_1 ... ok
[INFO] [stdout] test info::fields::project::test::test_display_project_info_when_no_tags ... ok
[INFO] [stdout] test info::fields::size::test::test_bytes_to_human_readable::case_2 ... ok
[INFO] [stdout] test info::fields::size::test::test_bytes_to_human_readable::case_6 ... ok
[INFO] [stdout] test info::fields::size::test::test_bytes_to_human_readable::case_3 ... ok
[INFO] [stdout] test info::fields::size::test::test_bytes_to_human_readable::case_4 ... ok
[INFO] [stdout] test info::fields::size::test::test_bytes_to_human_readable::case_5 ... ok
[INFO] [stdout] test info::fields::license::test::test_is_license_file ... ok
[INFO] [stdout] test info::fields::size::test::test_bytes_to_human_readable::case_7 ... ok
[INFO] [stdout] test info::fields::project::test::test_display_project_info ... ok
[INFO] [stdout] test info::fields::size::test::test_display_size_info_no_files ... ok
[INFO] [stdout] test info::fields::size::test::test_display_size_info_one_files ... ok
[INFO] [stdout] test info::fields::url::test::test_format_url::case_1 ... ok
[INFO] [stdout] test info::fields::url::test::test_format_url::case_2 ... ok
[INFO] [stdout] test info::fields::url::test::test_create_http_url_from_ssh::case_1 ... ok
[INFO] [stdout] test info::fields::url::test::test_format_url::case_3 ... ok
[INFO] [stdout] test info::fields::url::test::test_format_url::case_6 ... ok
[INFO] [stdout] test info::fields::url::test::test_create_http_url_from_ssh::case_2 ... ok
[INFO] [stdout] test info::fields::size::test::test_display_size_info ... ok
[INFO] [stdout] test info::git::tests::test_is_bot::case_1 ... ok
[INFO] [stdout] test info::git::tests::test_is_bot::case_2 ... ok
[INFO] [stdout] test info::git::tests::test_is_bot::case_5 ... ok
[INFO] [stdout] test info::git::tests::test_should_break::case_1 ... ok
[INFO] [stdout] test info::fields::url::test::test_format_url::case_4 ... ok
[INFO] [stdout] test info::git::tests::test_should_break::case_2 ... ok
[INFO] [stdout] test info::git::tests::test_is_bot::case_3 ... ok
[INFO] [stdout] test info::fields::url::test::test_format_url::case_5 ... ok
[INFO] [stdout] test info::git::tests::test_is_bot::case_4 ... ok
[INFO] [stdout] test info::langs::language::test::test_language_get_chip_icon::case_2 ... ok
[INFO] [stdout] test info::git::tests::test_should_break::case_3 ... ok
[INFO] [stdout] test info::git::tests::test_should_break::case_5 ... ok
[INFO] [stdout] test info::langs::language::test::test_language_get_chip_icon::case_1 ... ok
[INFO] [stdout] test info::langs::test::get_loc_by_language_should_not_panic_when_children_language_is_not_supported ... ok
[INFO] [stdout] test info::langs::test::get_loc_by_language_counts_md_comments ... ok
[INFO] [stdout] test info::langs::test::test_get_total_loc ... ok
[INFO] [stdout] test info::langs::language::test::test_language_get_chip_icon::case_3 ... ok
[INFO] [stdout] test info::langs::test::deeply_nested_total_loc ... ok
[INFO] [stdout] test info::layout::test::test_field_lines_no_value ... ok
[INFO] [stdout] test info::layout::test::test_title_lines_unknown ... ok
[INFO] [stdout] test info::layout::test::test_title_lines ... ok
[INFO] [stdout] test info::title::tests::test_title_line ... ok
[INFO] [stdout] test ui::printer::ansi::test::test_render ... ok
[INFO] [stdout] test info::langs::test::test_get_loc_by_language_sorted ... ok
[INFO] [stdout] test info::layout::test::test_field_lines ... ok
[INFO] [stdout] test ui::printer::ansi::test::test_render_explicit_colors ... ok
[INFO] [stdout] test ui::printer::ansi::test::test_render_empty_line ... ok
[INFO] [stdout] test ui::printer::ansi::test::test_render_no_bold ... ok
[INFO] [stdout] test ui::printer::factory::tests::test_create_ascii_printer_when_ascii_language_without_dominant_language ... ok
[INFO] [stdout] test info::git::tests::test_should_break::case_4 ... ok
[INFO] [stdout] test ui::printer::factory::tests::test_create_image_printer ... ok
[INFO] [stdout] test ui::printer::factory::tests::test_create_json_printer ... ok
[INFO] [stdout] test info::title::tests::test_title_line_without_git_version ... ok
[INFO] [stdout] test ui::printer::factory::tests::test_create_plain_printer_when_no_dominant_language_no_ascii_input ... ok
[INFO] [stdout] test ui::printer::factory::tests::test_create_yaml_printer ... ok
[INFO] [stdout] test ui::test::get_ascii_colors_custom_language_no_custom_colors_no_true_color ... ok
[INFO] [stdout] test ui::test::get_ascii_colors_fill_custom_colors_with_language_colors ... ok
[INFO] [stdout] test ui::test::get_ascii_colors_no_custom_language_no_custom_colors_no_true_color ... ok
[INFO] [stdout] test ui::test::get_ascii_colors_no_custom_language_no_custom_colors_true_color ... ok
[INFO] [stdout] test ui::test::get_ascii_colors_no_language_no_custom_language ... ok
[INFO] [stdout] test ui::test::get_ascii_colors_no_language_no_custom_language_custom_colors ... ok
[INFO] [stdout] test ui::test::get_ascii_colors_no_language_with_custom_language ... ok
[INFO] [stdout] test ui::printer::factory::tests::test_create_plain_printer_when_no_art ... ok
[INFO] [stdout] test ui::test::get_ascii_colors_no_custom_language_custom_colors_no_true_color ... ok
[INFO] [stdout] test info::title::tests::test_title_line_unknown ... ok
[INFO] [stdout] test ui::printer::ansi::test::test_render_sanitizes_text ... ok
[INFO] [stdout] test ui::text_colors::test::with_custom_colors ... ok
[INFO] [stdout] test ui::printer::factory::tests::test_create_ascii_printer_when_dominant_language ... ok
[INFO] [stdout] test ui::test::test_num_to_color ... ok
[INFO] [stdout] test ui::text_colors::test::no_custom_colors ... ok
[INFO] [stdout] test ui::text_colors::test::with_some_custom_colors ... ok
[INFO] [stdout] test info::fields::license::test::should_read_from_manifest_first ... ok
[INFO] [stdout] test info::fields::license::test::test_get_license ... ok
[INFO] [stdout] 
[INFO] [stdout] test result: ok. 128 passed; 0 failed; 0 ignored; 0 measured; 0 filtered out; finished in 0.57s
[INFO] [stdout] 
[INFO] [stderr]      Running unittests src/main.rs (/opt/rustwide/target/release/build/onefetch/204b29a79bc55c3e/out/onefetch-204b29a79bc55c3e)
[INFO] [stdout] 
[INFO] [stdout] running 0 tests
[INFO] [stdout] 
[INFO] [stdout] test result: ok. 0 passed; 0 failed; 0 ignored; 0 measured; 0 filtered out; finished in 0.00s
[INFO] [stdout] 
[INFO] [stderr]      Running tests/repo.rs (/opt/rustwide/target/release/build/onefetch/91312f0a71cb72e2/out/repo-91312f0a71cb72e2)
[INFO] [stdout] 
[INFO] [stdout] running 9 tests
[INFO] [stdout] test test_repo_without_code ... FAILED
[INFO] [stdout] test test_repo ... FAILED
[INFO] [stdout] test test_repo_without_remote ... FAILED
[INFO] [stdout] test test_treeless_partial_repo ... FAILED
[INFO] [stdout] test test_repo_with_non_origin_remote ... FAILED
[INFO] [stdout] test test_repo_with_pre_epoch_dates ... FAILED
[INFO] [stdout] test test_reftable_repo_is_rejected ... FAILED
[INFO] [stdout] test test_partial_repo ... FAILED
[INFO] [stdout] test test_bare_repo ... FAILED
[INFO] [stdout] 
[INFO] [stdout] failures:
[INFO] [stdout] 
[INFO] [stdout] ---- test_repo_without_code stdout ----
[INFO] [stdout] 
[INFO] [stdout] thread 'test_repo_without_code' (5617) panicked at tests/repo.rs:9:10:
[INFO] [stdout] called `Result::unwrap()` on an `Err` value: Another IO error occurred while obtaining the lock, at /opt/rustwide/cargo-home/registry/src/index.crates.io-1949cf8c6b5b557f/gix-lock-25.0.0/src/acquire.rs:264
[INFO] [stdout] |
[INFO] [stdout] └─ I/O error (ReadOnlyFilesystem), at /opt/rustwide/cargo-home/registry/src/index.crates.io-1949cf8c6b5b557f/gix-lock-25.0.0/src/acquire.rs:264
[INFO] [stdout] |
[INFO] [stdout] └─ Read-only file system (os error 30) at path "/opt/rustwide/workdir/make_repo_without_code.lock", at /opt/rustwide/cargo-home/registry/src/index.crates.io-1949cf8c6b5b557f/gix-lock-25.0.0/src/acquire.rs:264
[INFO] [stdout] stack backtrace:
[INFO] [stdout]    0:     0x616a290dba61 - <<std[617be2ca0a6fd877]::sys::backtrace::BacktraceLock>::print::DisplayBacktrace as core[a373ad73a504971]::fmt::Display>::fmt
[INFO] [stdout]    1:     0x616a290f662a - core[a373ad73a504971]::fmt::write
[INFO] [stdout]    2:     0x616a290e1fec - <alloc[2e1b2a31b91974c5]::vec::Vec<u8> as core[a373ad73a504971]::io::write::Write>::write_fmt
[INFO] [stdout]    3:     0x616a290b2416 - std[617be2ca0a6fd877]::panicking::default_hook::{closure#0}
[INFO] [stdout]    4:     0x616a290d1ec9 - std[617be2ca0a6fd877]::panicking::default_hook
[INFO] [stdout]    5:     0x616a28a60320 - test[aada8e7e76ba119b]::test_main_inner::{closure#0}
[INFO] [stdout]    6:     0x616a290d21f2 - std[617be2ca0a6fd877]::panicking::panic_with_hook
[INFO] [stdout]    7:     0x616a290b24c2 - std[617be2ca0a6fd877]::panicking::panic_handler::{closure#0}
[INFO] [stdout]    8:     0x616a290aa669 - std[617be2ca0a6fd877]::sys::backtrace::__rust_end_short_backtrace::<std[617be2ca0a6fd877]::panicking::panic_handler::{closure#0}, !>
[INFO] [stdout]    9:     0x616a290b351d - __rustc[ea4f61d10b84890b]::rust_begin_unwind
[INFO] [stdout]   10:     0x616a290f6e4c - core[a373ad73a504971]::panicking::panic_fmt
[INFO] [stdout]   11:     0x616a290f6c22 - core[a373ad73a504971]::result::unwrap_failed
[INFO] [stdout]   12:     0x616a289a5ba7 - repo[1aeec9c7f95d2ce7]::named_repo
[INFO] [stdout]   13:     0x616a289a6525 - <repo[1aeec9c7f95d2ce7]::test_repo_without_code::{closure#0} as core[a373ad73a504971]::ops::function::FnOnce<()>>::call_once
[INFO] [stdout]   14:     0x616a28a5376b - test[aada8e7e76ba119b]::__rust_begin_short_backtrace::<core[a373ad73a504971]::result::Result<(), alloc[2e1b2a31b91974c5]::string::String>, fn() -> core[a373ad73a504971]::result::Result<(), alloc[2e1b2a31b91974c5]::string::String>>
[INFO] [stdout]   15:     0x616a28a60945 - test[aada8e7e76ba119b]::run_test::{closure#0}
[INFO] [stdout]   16:     0x616a28a5a234 - std[617be2ca0a6fd877]::sys::backtrace::__rust_begin_short_backtrace::<test[aada8e7e76ba119b]::run_test::{closure#1}, ()>
[INFO] [stdout]   17:     0x616a28a639d2 - <std[617be2ca0a6fd877]::thread::lifecycle::spawn_unchecked<test[aada8e7e76ba119b]::run_test::{closure#1}, ()>::{closure#1} as core[a373ad73a504971]::ops::function::FnOnce<()>>::call_once::{shim:vtable#0}
[INFO] [stdout]   18:     0x616a290da93f - <std[617be2ca0a6fd877]::sys::thread::unix::Thread>::new::thread_start
[INFO] [stdout]   19:     0x7b826c30bdfa - <unknown>
[INFO] [stdout]   20:     0x7b826c39f3d4 - clone
[INFO] [stdout]   21:                0x0 - <unknown>
[INFO] [stdout] 
[INFO] [stdout] ---- test_repo stdout ----
[INFO] [stdout] 
[INFO] [stdout] thread 'test_repo' (5614) panicked at tests/repo.rs:9:10:
[INFO] [stdout] called `Result::unwrap()` on an `Err` value: Another IO error occurred while obtaining the lock, at /opt/rustwide/cargo-home/registry/src/index.crates.io-1949cf8c6b5b557f/gix-lock-25.0.0/src/acquire.rs:264
[INFO] [stdout] |
[INFO] [stdout] └─ I/O error (ReadOnlyFilesystem), at /opt/rustwide/cargo-home/registry/src/index.crates.io-1949cf8c6b5b557f/gix-lock-25.0.0/src/acquire.rs:264
[INFO] [stdout] |
[INFO] [stdout] └─ Read-only file system (os error 30) at path "/opt/rustwide/workdir/make_repo.lock", at /opt/rustwide/cargo-home/registry/src/index.crates.io-1949cf8c6b5b557f/gix-lock-25.0.0/src/acquire.rs:264
[INFO] [stdout] stack backtrace:
[INFO] [stdout]    0:     0x616a290dba61 - <<std[617be2ca0a6fd877]::sys::backtrace::BacktraceLock>::print::DisplayBacktrace as core[a373ad73a504971]::fmt::Display>::fmt
[INFO] [stdout]    1:     0x616a290f662a - core[a373ad73a504971]::fmt::write
[INFO] [stdout]    2:     0x616a290e1fec - <alloc[2e1b2a31b91974c5]::vec::Vec<u8> as core[a373ad73a504971]::io::write::Write>::write_fmt
[INFO] [stdout]    3:     0x616a290b2416 - std[617be2ca0a6fd877]::panicking::default_hook::{closure#0}
[INFO] [stdout]    4:     0x616a290d1ec9 - std[617be2ca0a6fd877]::panicking::default_hook
[INFO] [stdout]    5:     0x616a28a60320 - test[aada8e7e76ba119b]::test_main_inner::{closure#0}
[INFO] [stdout]    6:     0x616a290d21f2 - std[617be2ca0a6fd877]::panicking::panic_with_hook
[INFO] [stdout]    7:     0x616a290b24c2 - std[617be2ca0a6fd877]::panicking::panic_handler::{closure#0}
[INFO] [stdout]    8:     0x616a290aa669 - std[617be2ca0a6fd877]::sys::backtrace::__rust_end_short_backtrace::<std[617be2ca0a6fd877]::panicking::panic_handler::{closure#0}, !>
[INFO] [stdout]    9:     0x616a290b351d - __rustc[ea4f61d10b84890b]::rust_begin_unwind
[INFO] [stdout]   10:     0x616a290f6e4c - core[a373ad73a504971]::panicking::panic_fmt
[INFO] [stdout]   11:     0x616a290f6c22 - core[a373ad73a504971]::result::unwrap_failed
[INFO] [stdout]   12:     0x616a289a5ba7 - repo[1aeec9c7f95d2ce7]::named_repo
[INFO] [stdout]   13:     0x616a289a8036 - <repo[1aeec9c7f95d2ce7]::test_repo::{closure#0} as core[a373ad73a504971]::ops::function::FnOnce<()>>::call_once
[INFO] [stdout]   14:     0x616a28a5376b - test[aada8e7e76ba119b]::__rust_begin_short_backtrace::<core[a373ad73a504971]::result::Result<(), alloc[2e1b2a31b91974c5]::string::String>, fn() -> core[a373ad73a504971]::result::Result<(), alloc[2e1b2a31b91974c5]::string::String>>
[INFO] [stdout]   15:     0x616a28a60945 - test[aada8e7e76ba119b]::run_test::{closure#0}
[INFO] [stdout]   16:     0x616a28a5a234 - std[617be2ca0a6fd877]::sys::backtrace::__rust_begin_short_backtrace::<test[aada8e7e76ba119b]::run_test::{closure#1}, ()>
[INFO] [stdout]   17:     0x616a28a639d2 - <std[617be2ca0a6fd877]::thread::lifecycle::spawn_unchecked<test[aada8e7e76ba119b]::run_test::{closure#1}, ()>::{closure#1} as core[a373ad73a504971]::ops::function::FnOnce<()>>::call_once::{shim:vtable#0}
[INFO] [stdout]   18:     0x616a290da93f - <std[617be2ca0a6fd877]::sys::thread::unix::Thread>::new::thread_start
[INFO] [stdout]   19:     0x7b826c30bdfa - <unknown>
[INFO] [stdout]   20:     0x7b826c39f3d4 - clone
[INFO] [stdout]   21:                0x0 - <unknown>
[INFO] [stdout] 
[INFO] [stdout] ---- test_repo_without_remote stdout ----
[INFO] [stdout] 
[INFO] [stdout] thread 'test_repo_without_remote' (5618) panicked at tests/repo.rs:9:10:
[INFO] [stdout] called `Result::unwrap()` on an `Err` value: Another IO error occurred while obtaining the lock, at /opt/rustwide/cargo-home/registry/src/index.crates.io-1949cf8c6b5b557f/gix-lock-25.0.0/src/acquire.rs:264
[INFO] [stdout] |
[INFO] [stdout] └─ I/O error (ReadOnlyFilesystem), at /opt/rustwide/cargo-home/registry/src/index.crates.io-1949cf8c6b5b557f/gix-lock-25.0.0/src/acquire.rs:264
[INFO] [stdout] |
[INFO] [stdout] └─ Read-only file system (os error 30) at path "/opt/rustwide/workdir/make_repo_without_remote.lock", at /opt/rustwide/cargo-home/registry/src/index.crates.io-1949cf8c6b5b557f/gix-lock-25.0.0/src/acquire.rs:264
[INFO] [stdout] stack backtrace:
[INFO] [stdout]    0:     0x616a290dba61 - <<std[617be2ca0a6fd877]::sys::backtrace::BacktraceLock>::print::DisplayBacktrace as core[a373ad73a504971]::fmt::Display>::fmt
[INFO] [stdout]    1:     0x616a290f662a - core[a373ad73a504971]::fmt::write
[INFO] [stdout]    2:     0x616a290e1fec - <alloc[2e1b2a31b91974c5]::vec::Vec<u8> as core[a373ad73a504971]::io::write::Write>::write_fmt
[INFO] [stdout]    3:     0x616a290b2416 - std[617be2ca0a6fd877]::panicking::default_hook::{closure#0}
[INFO] [stdout]    4:     0x616a290d1ec9 - std[617be2ca0a6fd877]::panicking::default_hook
[INFO] [stdout]    5:     0x616a28a60320 - test[aada8e7e76ba119b]::test_main_inner::{closure#0}
[INFO] [stdout]    6:     0x616a290d21f2 - std[617be2ca0a6fd877]::panicking::panic_with_hook
[INFO] [stdout]    7:     0x616a290b24c2 - std[617be2ca0a6fd877]::panicking::panic_handler::{closure#0}
[INFO] [stdout]    8:     0x616a290aa669 - std[617be2ca0a6fd877]::sys::backtrace::__rust_end_short_backtrace::<std[617be2ca0a6fd877]::panicking::panic_handler::{closure#0}, !>
[INFO] [stdout]    9:     0x616a290b351d - __rustc[ea4f61d10b84890b]::rust_begin_unwind
[INFO] [stdout]   10:     0x616a290f6e4c - core[a373ad73a504971]::panicking::panic_fmt
[INFO] [stdout]   11:     0x616a290f6c22 - core[a373ad73a504971]::result::unwrap_failed
[INFO] [stdout]   12:     0x616a289a5ba7 - repo[1aeec9c7f95d2ce7]::named_repo
[INFO] [stdout]   13:     0x616a289a68c5 - <repo[1aeec9c7f95d2ce7]::test_repo_without_remote::{closure#0} as core[a373ad73a504971]::ops::function::FnOnce<()>>::call_once
[INFO] [stdout]   14:     0x616a28a5376b - test[aada8e7e76ba119b]::__rust_begin_short_backtrace::<core[a373ad73a504971]::result::Result<(), alloc[2e1b2a31b91974c5]::string::String>, fn() -> core[a373ad73a504971]::result::Result<(), alloc[2e1b2a31b91974c5]::string::String>>
[INFO] [stdout]   15:     0x616a28a60945 - test[aada8e7e76ba119b]::run_test::{closure#0}
[INFO] [stdout]   16:     0x616a28a5a234 - std[617be2ca0a6fd877]::sys::backtrace::__rust_begin_short_backtrace::<test[aada8e7e76ba119b]::run_test::{closure#1}, ()>
[INFO] [stdout]   17:     0x616a28a639d2 - <std[617be2ca0a6fd877]::thread::lifecycle::spawn_unchecked<test[aada8e7e76ba119b]::run_test::{closure#1}, ()>::{closure#1} as core[a373ad73a504971]::ops::function::FnOnce<()>>::call_once::{shim:vtable#0}
[INFO] [stdout]   18:     0x616a290da93f - <std[617be2ca0a6fd877]::sys::thread::unix::Thread>::new::thread_start
[INFO] [stdout]   19:     0x7b826c30bdfa - <unknown>
[INFO] [stdout]   20:     0x7b826c39f3d4 - clone
[INFO] [stdout]   21:                0x0 - <unknown>
[INFO] [stdout] 
[INFO] [stdout] ---- test_treeless_partial_repo stdout ----
[INFO] [stdout] 
[INFO] [stdout] thread 'test_treeless_partial_repo' (5619) panicked at tests/repo.rs:9:10:
[INFO] [stdout] called `Result::unwrap()` on an `Err` value: Another IO error occurred while obtaining the lock, at /opt/rustwide/cargo-home/registry/src/index.crates.io-1949cf8c6b5b557f/gix-lock-25.0.0/src/acquire.rs:264
[INFO] [stdout] |
[INFO] [stdout] └─ I/O error (ReadOnlyFilesystem), at /opt/rustwide/cargo-home/registry/src/index.crates.io-1949cf8c6b5b557f/gix-lock-25.0.0/src/acquire.rs:264
[INFO] [stdout] |
[INFO] [stdout] └─ Read-only file system (os error 30) at path "/opt/rustwide/workdir/make_partial_repo.lock", at /opt/rustwide/cargo-home/registry/src/index.crates.io-1949cf8c6b5b557f/gix-lock-25.0.0/src/acquire.rs:264
[INFO] [stdout] stack backtrace:
[INFO] [stdout]    0:     0x616a290dba61 - <<std[617be2ca0a6fd877]::sys::backtrace::BacktraceLock>::print::DisplayBacktrace as core[a373ad73a504971]::fmt::Display>::fmt
[INFO] [stdout]    1:     0x616a290f662a - core[a373ad73a504971]::fmt::write
[INFO] [stdout]    2:     0x616a290e1fec - <alloc[2e1b2a31b91974c5]::vec::Vec<u8> as core[a373ad73a504971]::io::write::Write>::write_fmt
[INFO] [stdout]    3:     0x616a290b2416 - std[617be2ca0a6fd877]::panicking::default_hook::{closure#0}
[INFO] [stdout]    4:     0x616a290d1ec9 - std[617be2ca0a6fd877]::panicking::default_hook
[INFO] [stdout]    5:     0x616a28a60320 - test[aada8e7e76ba119b]::test_main_inner::{closure#0}
[INFO] [stdout]    6:     0x616a290d21f2 - std[617be2ca0a6fd877]::panicking::panic_with_hook
[INFO] [stdout]    7:     0x616a290b24c2 - std[617be2ca0a6fd877]::panicking::panic_handler::{closure#0}
[INFO] [stdout]    8:     0x616a290aa669 - std[617be2ca0a6fd877]::sys::backtrace::__rust_end_short_backtrace::<std[617be2ca0a6fd877]::panicking::panic_handler::{closure#0}, !>
[INFO] [stdout]    9:     0x616a290b351d - __rustc[ea4f61d10b84890b]::rust_begin_unwind
[INFO] [stdout]   10:     0x616a290f6e4c - core[a373ad73a504971]::panicking::panic_fmt
[INFO] [stdout]   11:     0x616a290f6c22 - core[a373ad73a504971]::result::unwrap_failed
[INFO] [stdout]   12:     0x616a289a5ba7 - repo[1aeec9c7f95d2ce7]::named_repo
[INFO] [stdout]   13:     0x616a289a6bf5 - <repo[1aeec9c7f95d2ce7]::test_treeless_partial_repo::{closure#0} as core[a373ad73a504971]::ops::function::FnOnce<()>>::call_once
[INFO] [stdout]   14:     0x616a28a5376b - test[aada8e7e76ba119b]::__rust_begin_short_backtrace::<core[a373ad73a504971]::result::Result<(), alloc[2e1b2a31b91974c5]::string::String>, fn() -> core[a373ad73a504971]::result::Result<(), alloc[2e1b2a31b91974c5]::string::String>>
[INFO] [stdout]   15:     0x616a28a60945 - test[aada8e7e76ba119b]::run_test::{closure#0}
[INFO] [stdout]   16:     0x616a28a5a234 - std[617be2ca0a6fd877]::sys::backtrace::__rust_begin_short_backtrace::<test[aada8e7e76ba119b]::run_test::{closure#1}, ()>
[INFO] [stdout]   17:     0x616a28a639d2 - <std[617be2ca0a6fd877]::thread::lifecycle::spawn_unchecked<test[aada8e7e76ba119b]::run_test::{closure#1}, ()>::{closure#1} as core[a373ad73a504971]::ops::function::FnOnce<()>>::call_once::{shim:vtable#0}
[INFO] [stdout]   18:     0x616a290da93f - <std[617be2ca0a6fd877]::sys::thread::unix::Thread>::new::thread_start
[INFO] [stdout]   19:     0x7b826c30bdfa - <unknown>
[INFO] [stdout]   20:     0x7b826c39f3d4 - clone
[INFO] [stdout]   21:                0x0 - <unknown>
[INFO] [stdout] 
[INFO] [stdout] ---- test_repo_with_non_origin_remote stdout ----
[INFO] [stdout] 
[INFO] [stdout] thread 'test_repo_with_non_origin_remote' (5615) panicked at tests/repo.rs:9:10:
[INFO] [stdout] called `Result::unwrap()` on an `Err` value: Another IO error occurred while obtaining the lock, at /opt/rustwide/cargo-home/registry/src/index.crates.io-1949cf8c6b5b557f/gix-lock-25.0.0/src/acquire.rs:264
[INFO] [stdout] |
[INFO] [stdout] └─ I/O error (ReadOnlyFilesystem), at /opt/rustwide/cargo-home/registry/src/index.crates.io-1949cf8c6b5b557f/gix-lock-25.0.0/src/acquire.rs:264
[INFO] [stdout] |
[INFO] [stdout] └─ Read-only file system (os error 30) at path "/opt/rustwide/workdir/make_repo_with_non_origin_remote.lock", at /opt/rustwide/cargo-home/registry/src/index.crates.io-1949cf8c6b5b557f/gix-lock-25.0.0/src/acquire.rs:264
[INFO] [stdout] stack backtrace:
[INFO] [stdout]    0:     0x616a290dba61 - <<std[617be2ca0a6fd877]::sys::backtrace::BacktraceLock>::print::DisplayBacktrace as core[a373ad73a504971]::fmt::Display>::fmt
[INFO] [stdout]    1:     0x616a290f662a - core[a373ad73a504971]::fmt::write
[INFO] [stdout]    2:     0x616a290e1fec - <alloc[2e1b2a31b91974c5]::vec::Vec<u8> as core[a373ad73a504971]::io::write::Write>::write_fmt
[INFO] [stdout]    3:     0x616a290b2416 - std[617be2ca0a6fd877]::panicking::default_hook::{closure#0}
[INFO] [stdout]    4:     0x616a290d1ec9 - std[617be2ca0a6fd877]::panicking::default_hook
[INFO] [stdout]    5:     0x616a28a60320 - test[aada8e7e76ba119b]::test_main_inner::{closure#0}
[INFO] [stdout]    6:     0x616a290d21f2 - std[617be2ca0a6fd877]::panicking::panic_with_hook
[INFO] [stdout]    7:     0x616a290b24c2 - std[617be2ca0a6fd877]::panicking::panic_handler::{closure#0}
[INFO] [stdout]    8:     0x616a290aa669 - std[617be2ca0a6fd877]::sys::backtrace::__rust_end_short_backtrace::<std[617be2ca0a6fd877]::panicking::panic_handler::{closure#0}, !>
[INFO] [stdout]    9:     0x616a290b351d - __rustc[ea4f61d10b84890b]::rust_begin_unwind
[INFO] [stdout]   10:     0x616a290f6e4c - core[a373ad73a504971]::panicking::panic_fmt
[INFO] [stdout]   11:     0x616a290f6c22 - core[a373ad73a504971]::result::unwrap_failed
[INFO] [stdout]   12:     0x616a289a5ba7 - repo[1aeec9c7f95d2ce7]::named_repo
[INFO] [stdout]   13:     0x616a289a7b19 - <repo[1aeec9c7f95d2ce7]::test_repo_with_non_origin_remote::{closure#0} as core[a373ad73a504971]::ops::function::FnOnce<()>>::call_once
[INFO] [stdout]   14:     0x616a28a5376b - test[aada8e7e76ba119b]::__rust_begin_short_backtrace::<core[a373ad73a504971]::result::Result<(), alloc[2e1b2a31b91974c5]::string::String>, fn() -> core[a373ad73a504971]::result::Result<(), alloc[2e1b2a31b91974c5]::string::String>>
[INFO] [stdout]   15:     0x616a28a60945 - test[aada8e7e76ba119b]::run_test::{closure#0}
[INFO] [stdout]   16:     0x616a28a5a234 - std[617be2ca0a6fd877]::sys::backtrace::__rust_begin_short_backtrace::<test[aada8e7e76ba119b]::run_test::{closure#1}, ()>
[INFO] [stdout]   17:     0x616a28a639d2 - <std[617be2ca0a6fd877]::thread::lifecycle::spawn_unchecked<test[aada8e7e76ba119b]::run_test::{closure#1}, ()>::{closure#1} as core[a373ad73a504971]::ops::function::FnOnce<()>>::call_once::{shim:vtable#0}
[INFO] [stdout]   18:     0x616a290da93f - <std[617be2ca0a6fd877]::sys::thread::unix::Thread>::new::thread_start
[INFO] [stdout]   19:     0x7b826c30bdfa - <unknown>
[INFO] [stdout]   20:     0x7b826c39f3d4 - clone
[INFO] [stdout]   21:                0x0 - <unknown>
[INFO] [stdout] 
[INFO] [stdout] ---- test_repo_with_pre_epoch_dates stdout ----
[INFO] [stdout] 
[INFO] [stdout] thread 'test_repo_with_pre_epoch_dates' (5616) panicked at tests/repo.rs:9:10:
[INFO] [stdout] called `Result::unwrap()` on an `Err` value: Another IO error occurred while obtaining the lock, at /opt/rustwide/cargo-home/registry/src/index.crates.io-1949cf8c6b5b557f/gix-lock-25.0.0/src/acquire.rs:264
[INFO] [stdout] |
[INFO] [stdout] └─ I/O error (ReadOnlyFilesystem), at /opt/rustwide/cargo-home/registry/src/index.crates.io-1949cf8c6b5b557f/gix-lock-25.0.0/src/acquire.rs:264
[INFO] [stdout] |
[INFO] [stdout] └─ Read-only file system (os error 30) at path "/opt/rustwide/workdir/make_pre_epoch_repo.lock", at /opt/rustwide/cargo-home/registry/src/index.crates.io-1949cf8c6b5b557f/gix-lock-25.0.0/src/acquire.rs:264
[INFO] [stdout] stack backtrace:
[INFO] [stdout]    0:     0x616a290dba61 - <<std[617be2ca0a6fd877]::sys::backtrace::BacktraceLock>::print::DisplayBacktrace as core[a373ad73a504971]::fmt::Display>::fmt
[INFO] [stdout]    1:     0x616a290f662a - core[a373ad73a504971]::fmt::write
[INFO] [stdout]    2:     0x616a290e1fec - <alloc[2e1b2a31b91974c5]::vec::Vec<u8> as core[a373ad73a504971]::io::write::Write>::write_fmt
[INFO] [stdout]    3:     0x616a290b2416 - std[617be2ca0a6fd877]::panicking::default_hook::{closure#0}
[INFO] [stdout]    4:     0x616a290d1ec9 - std[617be2ca0a6fd877]::panicking::default_hook
[INFO] [stdout]    5:     0x616a28a60320 - test[aada8e7e76ba119b]::test_main_inner::{closure#0}
[INFO] [stdout]    6:     0x616a290d21f2 - std[617be2ca0a6fd877]::panicking::panic_with_hook
[INFO] [stdout]    7:     0x616a290b24c2 - std[617be2ca0a6fd877]::panicking::panic_handler::{closure#0}
[INFO] [stdout]    8:     0x616a290aa669 - std[617be2ca0a6fd877]::sys::backtrace::__rust_end_short_backtrace::<std[617be2ca0a6fd877]::panicking::panic_handler::{closure#0}, !>
[INFO] [stdout]    9:     0x616a290b351d - __rustc[ea4f61d10b84890b]::rust_begin_unwind
[INFO] [stdout]   10:     0x616a290f6e4c - core[a373ad73a504971]::panicking::panic_fmt
[INFO] [stdout]   11:     0x616a290f6c22 - core[a373ad73a504971]::result::unwrap_failed
[INFO] [stdout]   12:     0x616a289a5ba7 - repo[1aeec9c7f95d2ce7]::named_repo
[INFO] [stdout]   13:     0x616a289a741a - <repo[1aeec9c7f95d2ce7]::test_repo_with_pre_epoch_dates::{closure#0} as core[a373ad73a504971]::ops::function::FnOnce<()>>::call_once
[INFO] [stdout]   14:     0x616a28a5376b - test[aada8e7e76ba119b]::__rust_begin_short_backtrace::<core[a373ad73a504971]::result::Result<(), alloc[2e1b2a31b91974c5]::string::String>, fn() -> core[a373ad73a504971]::result::Result<(), alloc[2e1b2a31b91974c5]::string::String>>
[INFO] [stdout]   15:     0x616a28a60945 - test[aada8e7e76ba119b]::run_test::{closure#0}
[INFO] [stdout]   16:     0x616a28a5a234 - std[617be2ca0a6fd877]::sys::backtrace::__rust_begin_short_backtrace::<test[aada8e7e76ba119b]::run_test::{closure#1}, ()>
[INFO] [stdout]   17:     0x616a28a639d2 - <std[617be2ca0a6fd877]::thread::lifecycle::spawn_unchecked<test[aada8e7e76ba119b]::run_test::{closure#1}, ()>::{closure#1} as core[a373ad73a504971]::ops::function::FnOnce<()>>::call_once::{shim:vtable#0}
[INFO] [stdout]   18:     0x616a290da93f - <std[617be2ca0a6fd877]::sys::thread::unix::Thread>::new::thread_start
[INFO] [stdout]   19:     0x7b826c30bdfa - <unknown>
[INFO] [stdout]   20:     0x7b826c39f3d4 - clone
[INFO] [stdout]   21:                0x0 - <unknown>
[INFO] [stdout] 
[INFO] [stdout] ---- test_reftable_repo_is_rejected stdout ----
[INFO] [stdout] 
[INFO] [stdout] thread 'test_reftable_repo_is_rejected' (5613) panicked at tests/repo.rs:9:10:
[INFO] [stdout] called `Result::unwrap()` on an `Err` value: Another IO error occurred while obtaining the lock, at /opt/rustwide/cargo-home/registry/src/index.crates.io-1949cf8c6b5b557f/gix-lock-25.0.0/src/acquire.rs:264
[INFO] [stdout] |
[INFO] [stdout] └─ I/O error (ReadOnlyFilesystem), at /opt/rustwide/cargo-home/registry/src/index.crates.io-1949cf8c6b5b557f/gix-lock-25.0.0/src/acquire.rs:264
[INFO] [stdout] |
[INFO] [stdout] └─ Read-only file system (os error 30) at path "/opt/rustwide/workdir/make_reftable_repo.lock", at /opt/rustwide/cargo-home/registry/src/index.crates.io-1949cf8c6b5b557f/gix-lock-25.0.0/src/acquire.rs:264
[INFO] [stdout] stack backtrace:
[INFO] [stdout]    0:     0x616a290dba61 - <<std[617be2ca0a6fd877]::sys::backtrace::BacktraceLock>::print::DisplayBacktrace as core[a373ad73a504971]::fmt::Display>::fmt
[INFO] [stdout]    1:     0x616a290f662a - core[a373ad73a504971]::fmt::write
[INFO] [stdout]    2:     0x616a290e1fec - <alloc[2e1b2a31b91974c5]::vec::Vec<u8> as core[a373ad73a504971]::io::write::Write>::write_fmt
[INFO] [stdout]    3:     0x616a290b2416 - std[617be2ca0a6fd877]::panicking::default_hook::{closure#0}
[INFO] [stdout]    4:     0x616a290d1ec9 - std[617be2ca0a6fd877]::panicking::default_hook
[INFO] [stdout]    5:     0x616a28a60320 - test[aada8e7e76ba119b]::test_main_inner::{closure#0}
[INFO] [stdout]    6:     0x616a290d21f2 - std[617be2ca0a6fd877]::panicking::panic_with_hook
[INFO] [stdout]    7:     0x616a290b24c2 - std[617be2ca0a6fd877]::panicking::panic_handler::{closure#0}
[INFO] [stdout]    8:     0x616a290aa669 - std[617be2ca0a6fd877]::sys::backtrace::__rust_end_short_backtrace::<std[617be2ca0a6fd877]::panicking::panic_handler::{closure#0}, !>
[INFO] [stdout]    9:     0x616a290b351d - __rustc[ea4f61d10b84890b]::rust_begin_unwind
[INFO] [stdout]   10:     0x616a290f6e4c - core[a373ad73a504971]::panicking::panic_fmt
[INFO] [stdout]   11:     0x616a290f6c22 - core[a373ad73a504971]::result::unwrap_failed
[INFO] [stdout]   12:     0x616a289a5ba7 - repo[1aeec9c7f95d2ce7]::named_repo
[INFO] [stdout]   13:     0x616a289a6f95 - <repo[1aeec9c7f95d2ce7]::test_reftable_repo_is_rejected::{closure#0} as core[a373ad73a504971]::ops::function::FnOnce<()>>::call_once
[INFO] [stdout]   14:     0x616a28a5376b - test[aada8e7e76ba119b]::__rust_begin_short_backtrace::<core[a373ad73a504971]::result::Result<(), alloc[2e1b2a31b91974c5]::string::String>, fn() -> core[a373ad73a504971]::result::Result<(), alloc[2e1b2a31b91974c5]::string::String>>
[INFO] [stdout]   15:     0x616a28a60945 - test[aada8e7e76ba119b]::run_test::{closure#0}
[INFO] [stdout]   16:     0x616a28a5a234 - std[617be2ca0a6fd877]::sys::backtrace::__rust_begin_short_backtrace::<test[aada8e7e76ba119b]::run_test::{closure#1}, ()>
[INFO] [stdout]   17:     0x616a28a639d2 - <std[617be2ca0a6fd877]::thread::lifecycle::spawn_unchecked<test[aada8e7e76ba119b]::run_test::{closure#1}, ()>::{closure#1} as core[a373ad73a504971]::ops::function::FnOnce<()>>::call_once::{shim:vtable#0}
[INFO] [stdout]   18:     0x616a290da93f - <std[617be2ca0a6fd877]::sys::thread::unix::Thread>::new::thread_start
[INFO] [stdout]   19:     0x7b826c30bdfa - <unknown>
[INFO] [stdout]   20:     0x7b826c39f3d4 - clone
[INFO] [stdout]   21:                0x0 - <unknown>
[INFO] [stdout] 
[INFO] [stdout] ---- test_partial_repo stdout ----
[INFO] [stdout] 
[INFO] [stdout] thread 'test_partial_repo' (5612) panicked at tests/repo.rs:9:10:
[INFO] [stdout] called `Result::unwrap()` on an `Err` value: Another IO error occurred while obtaining the lock, at /opt/rustwide/cargo-home/registry/src/index.crates.io-1949cf8c6b5b557f/gix-lock-25.0.0/src/acquire.rs:264
[INFO] [stdout] |
[INFO] [stdout] └─ I/O error (ReadOnlyFilesystem), at /opt/rustwide/cargo-home/registry/src/index.crates.io-1949cf8c6b5b557f/gix-lock-25.0.0/src/acquire.rs:264
[INFO] [stdout] |
[INFO] [stdout] └─ Read-only file system (os error 30) at path "/opt/rustwide/workdir/make_partial_repo.lock", at /opt/rustwide/cargo-home/registry/src/index.crates.io-1949cf8c6b5b557f/gix-lock-25.0.0/src/acquire.rs:264
[INFO] [stdout] stack backtrace:
[INFO] [stdout]    0:     0x616a290dba61 - <<std[617be2ca0a6fd877]::sys::backtrace::BacktraceLock>::print::DisplayBacktrace as core[a373ad73a504971]::fmt::Display>::fmt
[INFO] [stdout]    1:     0x616a290f662a - core[a373ad73a504971]::fmt::write
[INFO] [stdout]    2:     0x616a290e1fec - <alloc[2e1b2a31b91974c5]::vec::Vec<u8> as core[a373ad73a504971]::io::write::Write>::write_fmt
[INFO] [stdout]    3:     0x616a290b2416 - std[617be2ca0a6fd877]::panicking::default_hook::{closure#0}
[INFO] [stdout]    4:     0x616a290d1ec9 - std[617be2ca0a6fd877]::panicking::default_hook
[INFO] [stdout]    5:     0x616a28a60320 - test[aada8e7e76ba119b]::test_main_inner::{closure#0}
[INFO] [stdout]    6:     0x616a290d21f2 - std[617be2ca0a6fd877]::panicking::panic_with_hook
[INFO] [stdout]    7:     0x616a290b24c2 - std[617be2ca0a6fd877]::panicking::panic_handler::{closure#0}
[INFO] [stdout]    8:     0x616a290aa669 - std[617be2ca0a6fd877]::sys::backtrace::__rust_end_short_backtrace::<std[617be2ca0a6fd877]::panicking::panic_handler::{closure#0}, !>
[INFO] [stdout]    9:     0x616a290b351d - __rustc[ea4f61d10b84890b]::rust_begin_unwind
[INFO] [stdout]   10:     0x616a290f6e4c - core[a373ad73a504971]::panicking::panic_fmt
[INFO] [stdout]   11:     0x616a290f6c22 - core[a373ad73a504971]::result::unwrap_failed
[INFO] [stdout]   12:     0x616a289a5ba7 - repo[1aeec9c7f95d2ce7]::named_repo
[INFO] [stdout]   13:     0x616a289a6185 - <repo[1aeec9c7f95d2ce7]::test_partial_repo::{closure#0} as core[a373ad73a504971]::ops::function::FnOnce<()>>::call_once
[INFO] [stdout]   14:     0x616a28a5376b - test[aada8e7e76ba119b]::__rust_begin_short_backtrace::<core[a373ad73a504971]::result::Result<(), alloc[2e1b2a31b91974c5]::string::String>, fn() -> core[a373ad73a504971]::result::Result<(), alloc[2e1b2a31b91974c5]::string::String>>
[INFO] [stdout]   15:     0x616a28a60945 - test[aada8e7e76ba119b]::run_test::{closure#0}
[INFO] [stdout]   16:     0x616a28a5a234 - std[617be2ca0a6fd877]::sys::backtrace::__rust_begin_short_backtrace::<test[aada8e7e76ba119b]::run_test::{closure#1}, ()>
[INFO] [stdout]   17:     0x616a28a639d2 - <std[617be2ca0a6fd877]::thread::lifecycle::spawn_unchecked<test[aada8e7e76ba119b]::run_test::{closure#1}, ()>::{closure#1} as core[a373ad73a504971]::ops::function::FnOnce<()>>::call_once::{shim:vtable#0}
[INFO] [stdout]   18:     0x616a290da93f - <std[617be2ca0a6fd877]::sys::thread::unix::Thread>::new::thread_start
[INFO] [stdout]   19:     0x7b826c30bdfa - <unknown>
[INFO] [stdout]   20:     0x7b826c39f3d4 - clone
[INFO] [stdout]   21:                0x0 - <unknown>
[INFO] [stdout] 
[INFO] [stdout] ---- test_bare_repo stdout ----
[INFO] [stdout] 
[INFO] [stdout] thread 'test_bare_repo' (5611) panicked at tests/repo.rs:9:10:
[INFO] [stdout] called `Result::unwrap()` on an `Err` value: Another IO error occurred while obtaining the lock, at /opt/rustwide/cargo-home/registry/src/index.crates.io-1949cf8c6b5b557f/gix-lock-25.0.0/src/acquire.rs:264
[INFO] [stdout] |
[INFO] [stdout] └─ I/O error (ReadOnlyFilesystem), at /opt/rustwide/cargo-home/registry/src/index.crates.io-1949cf8c6b5b557f/gix-lock-25.0.0/src/acquire.rs:264
[INFO] [stdout] |
[INFO] [stdout] └─ Read-only file system (os error 30) at path "/opt/rustwide/workdir/make_bare_repo.lock", at /opt/rustwide/cargo-home/registry/src/index.crates.io-1949cf8c6b5b557f/gix-lock-25.0.0/src/acquire.rs:264
[INFO] [stdout] stack backtrace:
[INFO] [stdout]    0:     0x616a290dba61 - <<std[617be2ca0a6fd877]::sys::backtrace::BacktraceLock>::print::DisplayBacktrace as core[a373ad73a504971]::fmt::Display>::fmt
[INFO] [stdout]    1:     0x616a290f662a - core[a373ad73a504971]::fmt::write
[INFO] [stdout]    2:     0x616a290e1fec - <alloc[2e1b2a31b91974c5]::vec::Vec<u8> as core[a373ad73a504971]::io::write::Write>::write_fmt
[INFO] [stdout]    3:     0x616a290b2416 - std[617be2ca0a6fd877]::panicking::default_hook::{closure#0}
[INFO] [stdout]    4:     0x616a290d1ec9 - std[617be2ca0a6fd877]::panicking::default_hook
[INFO] [stdout]    5:     0x616a28a60320 - test[aada8e7e76ba119b]::test_main_inner::{closure#0}
[INFO] [stdout]    6:     0x616a290d21f2 - std[617be2ca0a6fd877]::panicking::panic_with_hook
[INFO] [stdout]    7:     0x616a290b24c2 - std[617be2ca0a6fd877]::panicking::panic_handler::{closure#0}
[INFO] [stdout]    8:     0x616a290aa669 - std[617be2ca0a6fd877]::sys::backtrace::__rust_end_short_backtrace::<std[617be2ca0a6fd877]::panicking::panic_handler::{closure#0}, !>
[INFO] [stdout]    9:     0x616a290b351d - __rustc[ea4f61d10b84890b]::rust_begin_unwind
[INFO] [stdout]   10:     0x616a290f6e4c - core[a373ad73a504971]::panicking::panic_fmt
[INFO] [stdout]   11:     0x616a290f6c22 - core[a373ad73a504971]::result::unwrap_failed
[INFO] [stdout]   12:     0x616a289a5ba7 - repo[1aeec9c7f95d2ce7]::named_repo
[INFO] [stdout]   13:     0x616a289a5eb2 - <repo[1aeec9c7f95d2ce7]::test_bare_repo::{closure#0} as core[a373ad73a504971]::ops::function::FnOnce<()>>::call_once
[INFO] [stdout]   14:     0x616a28a5376b - test[aada8e7e76ba119b]::__rust_begin_short_backtrace::<core[a373ad73a504971]::result::Result<(), alloc[2e1b2a31b91974c5]::string::String>, fn() -> core[a373ad73a504971]::result::Result<(), alloc[2e1b2a31b91974c5]::string::String>>
[INFO] [stdout]   15:     0x616a28a60945 - test[aada8e7e76ba119b]::run_test::{closure#0}
[INFO] [stdout]   16:     0x616a28a5a234 - std[617be2ca0a6fd877]::sys::backtrace::__rust_begin_short_backtrace::<test[aada8e7e76ba119b]::run_test::{closure#1}, ()>
[INFO] [stdout]   17:     0x616a28a639d2 - <std[617be2ca0a6fd877]::thread::lifecycle::spawn_unchecked<test[aada8e7e76ba119b]::run_test::{closure#1}, ()>::{closure#1} as core[a373ad73a504971]::ops::function::FnOnce<()>>::call_once::{shim:vtable#0}
[INFO] [stdout]   18:     0x616a290da93f - <std[617be2ca0a6fd877]::sys::thread::unix::Thread>::new::thread_start
[INFO] [stdout]   19:     0x7b826c30bdfa - <unknown>
[INFO] [stdout]   20:     0x7b826c39f3d4 - clone
[INFO] [stdout]   21:                0x0 - <unknown>
[INFO] [stdout] 
[INFO] [stdout] 
[INFO] [stdout] failures:
[INFO] [stdout]     test_bare_repo
[INFO] [stdout]     test_partial_repo
[INFO] [stdout]     test_reftable_repo_is_rejected
[INFO] [stdout]     test_repo
[INFO] [stdout]     test_repo_with_non_origin_remote
[INFO] [stdout]     test_repo_with_pre_epoch_dates
[INFO] [stdout]     test_repo_without_code
[INFO] [stdout]     test_repo_without_remote
[INFO] [stdout]     test_treeless_partial_repo
[INFO] [stdout] 
[INFO] [stdout] test result: FAILED. 0 passed; 9 failed; 0 ignored; 0 measured; 0 filtered out; finished in 0.01s
[INFO] [stdout] 
[INFO] [stderr] error: test failed, to rerun pass `--test repo`
[INFO] running `Command { std: "docker" "inspect" "e87fe40c1a72a95f640efba6d912b5e372a3fcfef3ff8c227ca40e41e9055377", kill_on_drop: false }`
[INFO] running `Command { std: "docker" "rm" "-f" "e87fe40c1a72a95f640efba6d912b5e372a3fcfef3ff8c227ca40e41e9055377", kill_on_drop: false }`
[INFO] [stdout] e87fe40c1a72a95f640efba6d912b5e372a3fcfef3ff8c227ca40e41e9055377
