[INFO] fetching crate omt 0.11.0-alpha...
[INFO] testing omt-0.11.0-alpha against 1.100.0-beta.1+cargoflags=--release for beta-release-1.100-2
[INFO] extracting crate omt 0.11.0-alpha into /workspace/builds/worker-4-tc2/source
[INFO] started tweaking crates.io crate omt 0.11.0-alpha
[INFO] removed 0 missing tests
[INFO] finished tweaking crates.io crate omt 0.11.0-alpha
[INFO] tweaked toml for crates.io crate omt 0.11.0-alpha written to /workspace/builds/worker-4-tc2/source/Cargo.toml
[INFO] validating manifest of crates.io crate omt 0.11.0-alpha on toolchain 1.100.0-beta.1
[INFO] running `Command { std: CARGO_HOME="/workspace/cargo-home" RUSTUP_HOME="/workspace/rustup-home" "/workspace/cargo-home/bin/cargo" "+1.100.0-beta.1" "metadata" "--manifest-path" "Cargo.toml" "--no-deps", kill_on_drop: false }`
[INFO] crate crates.io crate omt 0.11.0-alpha already has a lockfile, it will not be regenerated
[INFO] running `Command { std: CARGO_HOME="/workspace/cargo-home" RUSTUP_HOME="/workspace/rustup-home" "/workspace/cargo-home/bin/cargo" "+1.100.0-beta.1" "fetch" "--manifest-path" "Cargo.toml", kill_on_drop: false }`
[INFO] [stderr] warning: `package.homepage` is redundant with `package.repository`
[INFO] [stderr]    --> Cargo.toml:111:12
[INFO] [stderr]     |
[INFO] [stderr] 111 | homepage = "https://github.com/AndreasOM/omt"
[INFO] [stderr]     |            ^^^^^^^^^^^^^^^^^^^^^^^^^^^^^^^^^^
[INFO] [stderr] ...
[INFO] [stderr] 116 | repository = "https://github.com/AndreasOM/omt"
[INFO] [stderr]     |              ----------------------------------
[INFO] [stderr]     |
[INFO] [stderr]     = note: `cargo::redundant_homepage` is set to `warn` by default
[INFO] [stderr] help: consider removing `package.homepage`
[INFO] [stderr] warning: `omt` (manifest) generated 1 warning
[INFO] running `Command { std: "docker" "create" "-v" "/var/lib/crater-agent-workspace/builds/worker-4-tc2/source:/opt/rustwide/workdir:ro,Z" "-v" "/var/lib/crater-agent-workspace/builds/worker-4-tc2/target:/opt/rustwide/target:rw,Z" "-v" "/var/lib/crater-agent-workspace/cargo-home:/opt/rustwide/cargo-home:ro,Z" "-v" "/var/lib/crater-agent-workspace/rustup-home:/opt/rustwide/rustup-home:ro,Z" "-m" "1610612736" "--network" "none" "ghcr.io/rust-lang/crates-build-env/linux@sha256:77db811e55d90add9212f6832c23229e3de5f1c1f9905e8cb07319ea15df73ac" "sleep" "infinity", kill_on_drop: false }`
[INFO] [stdout] 12066c4284b048df2d74964d28c37cc80171137577197ffe950471f06877fd44
[INFO] running `Command { std: "docker" "start" "12066c4284b048df2d74964d28c37cc80171137577197ffe950471f06877fd44", kill_on_drop: false }`
[INFO] running `Command { std: "docker" "inspect" "12066c4284b048df2d74964d28c37cc80171137577197ffe950471f06877fd44", kill_on_drop: false }`
[INFO] running `Command { std: "docker" "exec" "-e" "SOURCE_DIR=/opt/rustwide/workdir" "-e" "CARGO_HOME=/opt/rustwide/cargo-home" "-e" "RUSTUP_HOME=/opt/rustwide/rustup-home" "-e" "CARGO_TARGET_DIR=/opt/rustwide/target" "-w" "/opt/rustwide/workdir" "--user" "0:0" "12066c4284b048df2d74964d28c37cc80171137577197ffe950471f06877fd44" "/opt/rustwide/cargo-home/bin/cargo" "+1.100.0-beta.1" "metadata" "--no-deps" "--format-version=1", kill_on_drop: false }`
[INFO] running `Command { std: "docker" "inspect" "12066c4284b048df2d74964d28c37cc80171137577197ffe950471f06877fd44", kill_on_drop: false }`
[INFO] running `Command { std: "docker" "exec" "-e" "SOURCE_DIR=/opt/rustwide/workdir" "-e" "CARGO_HOME=/opt/rustwide/cargo-home" "-e" "RUSTUP_HOME=/opt/rustwide/rustup-home" "-e" "CARGO_TARGET_DIR=/opt/rustwide/target" "-e" "CARGO_INCREMENTAL=0" "-e" "RUST_BACKTRACE=full" "-e" "RUSTFLAGS=--cap-lints=warn" "-e" "RUSTDOCFLAGS=--cap-lints=warn" "-w" "/opt/rustwide/workdir" "--user" "0:0" "12066c4284b048df2d74964d28c37cc80171137577197ffe950471f06877fd44" "/opt/rustwide/cargo-home/bin/cargo" "+1.100.0-beta.1" "build" "--frozen" "--message-format=json" "--release", kill_on_drop: false }`
[INFO] [stderr] warning: `package.homepage` is redundant with `package.repository`
[INFO] [stderr]    --> Cargo.toml:111:12
[INFO] [stderr]     |
[INFO] [stderr] 111 | homepage = "https://github.com/AndreasOM/omt"
[INFO] [stderr]     |            ^^^^^^^^^^^^^^^^^^^^^^^^^^^^^^^^^^
[INFO] [stderr] ...
[INFO] [stderr] 116 | repository = "https://github.com/AndreasOM/omt"
[INFO] [stderr]     |              ----------------------------------
[INFO] [stderr]     |
[INFO] [stderr]     = note: `cargo::redundant_homepage` is set to `warn` by default
[INFO] [stderr] help: consider removing `package.homepage`
[INFO] [stderr] warning: `omt` (manifest) generated 1 warning
[INFO] [stderr]    Compiling libc v0.2.177
[INFO] [stderr]    Compiling bitflags v2.10.0
[INFO] [stderr]    Compiling find-msvc-tools v0.1.5
[INFO] [stderr]    Compiling xml-rs v0.8.28
[INFO] [stderr]    Compiling memoffset v0.6.5
[INFO] [stderr]    Compiling rustix v1.1.2
[INFO] [stderr]    Compiling wayland-sys v0.29.5
[INFO] [stderr]    Compiling cc v1.2.47
[INFO] [stderr]    Compiling libloading v0.8.9
[INFO] [stderr]    Compiling linux-raw-sys v0.11.0
[INFO] [stderr]    Compiling dlib v0.5.2
[INFO] [stderr]    Compiling env_home v0.1.0
[INFO] [stderr]    Compiling zerocopy v0.8.29
[INFO] [stderr]    Compiling simd-adler32 v0.3.7
[INFO] [stderr]    Compiling wayland-scanner v0.29.5
[INFO] [stderr]    Compiling ahash v0.8.12
[INFO] [stderr]    Compiling miniz_oxide v0.8.9
[INFO] [stderr]    Compiling lua-src v548.1.2
[INFO] [stderr]    Compiling crc32fast v1.5.0
[INFO] [stderr]    Compiling scoped-tls v1.0.1
[INFO] [stderr]    Compiling getrandom v0.3.4
[INFO] [stderr]    Compiling bytemuck v1.24.0
[INFO] [stderr]    Compiling radium v0.7.0
[INFO] [stderr]    Compiling downcast-rs v1.2.1
[INFO] [stderr]    Compiling wayland-client v0.29.5
[INFO] [stderr]    Compiling nix v0.24.3
[INFO] [stderr]    Compiling wayland-protocols v0.29.5
[INFO] [stderr]    Compiling which v8.0.0
[INFO] [stderr]    Compiling luajit-src v210.6.4+e17ee83
[INFO] [stderr]    Compiling flate2 v1.1.5
[INFO] [stderr]    Compiling fdeflate v0.3.7
[INFO] [stderr]    Compiling mlua-sys v0.9.0
[INFO] [stderr]    Compiling terminal_size v0.4.3
[INFO] [stderr]    Compiling pxfm v0.1.25
[INFO] [stderr]    Compiling aho-corasick v1.1.4
[INFO] [stderr]    Compiling x11-dl v2.21.0
[INFO] [stderr]    Compiling unicase v2.8.1
[INFO] [stderr]    Compiling tap v1.0.1
[INFO] [stderr]    Compiling either v1.15.0
[INFO] [stderr]    Compiling regex-syntax v0.8.8
[INFO] [stderr]    Compiling clap_builder v4.5.53
[INFO] [stderr]    Compiling wyz v0.5.1
[INFO] [stderr]    Compiling nom v7.1.3
[INFO] [stderr]    Compiling wayland-commons v0.29.5
[INFO] [stderr]    Compiling hashbrown v0.14.5
[INFO] [stderr]    Compiling lock_api v0.4.14
[INFO] [stderr]    Compiling png v0.18.0
[INFO] [stderr]    Compiling regex-automata v0.4.13
[INFO] [stderr]    Compiling moxcms v0.7.9
[INFO] [stderr]    Compiling parking_lot_core v0.9.12
[INFO] [stderr]    Compiling minifb v0.28.0
[INFO] [stderr]    Compiling ttf-parser v0.25.1
[INFO] [stderr]    Compiling byteorder-lite v0.1.0
[INFO] [stderr]    Compiling shader-crusher v0.5.0-alpha
[INFO] [stderr]    Compiling funty v2.0.0
[INFO] [stderr]    Compiling xcursor v0.3.10
[INFO] [stderr]    Compiling wayland-cursor v0.29.5
[INFO] [stderr]    Compiling image v0.25.9
[INFO] [stderr]    Compiling owned_ttf_parser v0.25.1
[INFO] [stderr]    Compiling bitvec v1.0.1
[INFO] [stderr]    Compiling tempfile v3.23.0
[INFO] [stderr]    Compiling parking_lot v0.12.5
[INFO] [stderr]    Compiling rayon v1.11.0
[INFO] [stderr]    Compiling regex v1.12.2
[INFO] [stderr]    Compiling clap v4.5.53
[INFO] [stderr]    Compiling glsl v7.0.0
[INFO] [stderr]    Compiling hashlink v0.9.1
[INFO] [stderr]    Compiling rgb v0.8.52
[INFO] [stderr]    Compiling spiral v0.2.1
[INFO] [stderr]    Compiling bstr v1.12.1
[INFO] [stderr]    Compiling encoding_rs v0.8.35
[INFO] [stderr]    Compiling arraydeque v0.5.1
[INFO] [stderr]    Compiling rustc-hash v2.1.1
[INFO] [stderr]    Compiling entropy v0.4.2
[INFO] [stderr]    Compiling ab_glyph_rasterizer v0.1.10
[INFO] [stderr]    Compiling raw-window-handle v0.6.2
[INFO] [stderr]    Compiling crc-catalog v2.4.0
[INFO] [stderr]    Compiling crc v3.3.0
[INFO] [stderr]    Compiling ab_glyph v0.2.32
[INFO] [stderr]    Compiling yaml-rust2 v0.9.0
[INFO] [stderr]    Compiling mlua v0.11.5
[INFO] [stderr]    Compiling resize v0.8.8
[INFO] [stderr]    Compiling om-fork-distance-field v0.3.0-alpha
[INFO] [stderr]    Compiling symlink v0.1.0
[INFO] [stderr]    Compiling glob v0.3.3
[INFO] [stderr]    Compiling omt v0.11.0-alpha (/opt/rustwide/workdir)
[INFO] [stdout] warning: variable does not need to be mutable
[INFO] [stdout]    --> src/font/font.rs:252:9
[INFO] [stdout]     |
[INFO] [stdout] 252 |                 let mut glyph = &mut self.glyphs[e.id];
[INFO] [stdout]     |                     ----^^^^^
[INFO] [stdout]     |                     |
[INFO] [stdout]     |                     help: remove this `mut`
[INFO] [stdout]     |
[INFO] [stdout]     = note: `#[warn(unused_mut)]` (part of `#[warn(unused)]`) on by default
[INFO] [stdout] 
[INFO] [stdout] 
[INFO] [stdout] warning: variable does not need to be mutable
[INFO] [stdout]   --> src/xcassets/xcassets.rs:44:7
[INFO] [stdout]    |
[INFO] [stdout] 44 |         for mut ie in app_icon_set.images.iter_mut() {
[INFO] [stdout]    |             ----^^
[INFO] [stdout]    |             |
[INFO] [stdout]    |             help: remove this `mut`
[INFO] [stdout] 
[INFO] [stdout] 
[INFO] [stdout] warning: call to `.clone()` on a reference in this situation does nothing
[INFO] [stdout]    --> src/asset/assetbuilder.rs:156:21
[INFO] [stdout]     |
[INFO] [stdout] 156 |         let output = input.clone();
[INFO] [stdout]     |                           ^^^^^^^^ help: remove this redundant call
[INFO] [stdout]     |
[INFO] [stdout]     = note: the type `str` does not implement `Clone`, so calling `clone` on `&str` copies the reference, which does not do anything and can be removed
[INFO] [stdout]     = note: `#[warn(noop_method_call)]` on by default
[INFO] [stdout] 
[INFO] [stdout] 
[INFO] [stdout] warning: call to `.clone()` on a reference in this situation does nothing
[INFO] [stdout]    --> src/atlas/atlas.rs:552:11
[INFO] [stdout]     |
[INFO] [stdout] 552 |     let s = f.clone();
[INFO] [stdout]     |              ^^^^^^^^ help: remove this redundant call
[INFO] [stdout]     |
[INFO] [stdout]     = note: the type `str` does not implement `Clone`, so calling `clone` on `&str` copies the reference, which does not do anything and can be removed
[INFO] [stdout] 
[INFO] [stdout] 
[INFO] [stderr]     Finished `release` profile [optimized] target(s) in 2m 47s
[INFO] running `Command { std: "docker" "inspect" "12066c4284b048df2d74964d28c37cc80171137577197ffe950471f06877fd44", kill_on_drop: false }`
[INFO] running `Command { std: "docker" "exec" "-e" "SOURCE_DIR=/opt/rustwide/workdir" "-e" "CARGO_HOME=/opt/rustwide/cargo-home" "-e" "RUSTUP_HOME=/opt/rustwide/rustup-home" "-e" "CARGO_TARGET_DIR=/opt/rustwide/target" "-e" "CARGO_INCREMENTAL=0" "-e" "RUST_BACKTRACE=full" "-e" "RUSTFLAGS=--cap-lints=warn" "-e" "RUSTDOCFLAGS=--cap-lints=warn" "-w" "/opt/rustwide/workdir" "--user" "0:0" "12066c4284b048df2d74964d28c37cc80171137577197ffe950471f06877fd44" "/opt/rustwide/cargo-home/bin/cargo" "+1.100.0-beta.1" "test" "--frozen" "--no-run" "--message-format=json" "--release", kill_on_drop: false }`
[INFO] [stderr] warning: `package.homepage` is redundant with `package.repository`
[INFO] [stderr]    --> Cargo.toml:111:12
[INFO] [stderr]     |
[INFO] [stderr] 111 | homepage = "https://github.com/AndreasOM/omt"
[INFO] [stderr]     |            ^^^^^^^^^^^^^^^^^^^^^^^^^^^^^^^^^^
[INFO] [stderr] ...
[INFO] [stderr] 116 | repository = "https://github.com/AndreasOM/omt"
[INFO] [stderr]     |              ----------------------------------
[INFO] [stderr]     |
[INFO] [stderr]     = note: `cargo::redundant_homepage` is set to `warn` by default
[INFO] [stderr] help: consider removing `package.homepage`
[INFO] [stderr] warning: `omt` (manifest) generated 1 warning
[INFO] [stderr]    Compiling omt v0.11.0-alpha (/opt/rustwide/workdir)
[INFO] [stdout] warning: variable does not need to be mutable
[INFO] [stdout]    --> src/font/font.rs:252:9
[INFO] [stdout]     |
[INFO] [stdout] 252 |                 let mut glyph = &mut self.glyphs[e.id];
[INFO] [stdout]     |                     ----^^^^^
[INFO] [stdout]     |                     |
[INFO] [stdout]     |                     help: remove this `mut`
[INFO] [stdout]     |
[INFO] [stdout]     = note: `#[warn(unused_mut)]` (part of `#[warn(unused)]`) on by default
[INFO] [stdout] 
[INFO] [stdout] 
[INFO] [stdout] warning: variable does not need to be mutable
[INFO] [stdout]   --> src/xcassets/xcassets.rs:44:7
[INFO] [stdout]    |
[INFO] [stdout] 44 |         for mut ie in app_icon_set.images.iter_mut() {
[INFO] [stdout]    |             ----^^
[INFO] [stdout]    |             |
[INFO] [stdout]    |             help: remove this `mut`
[INFO] [stdout] 
[INFO] [stdout] 
[INFO] [stdout] warning: call to `.clone()` on a reference in this situation does nothing
[INFO] [stdout]    --> src/asset/assetbuilder.rs:156:21
[INFO] [stdout]     |
[INFO] [stdout] 156 |         let output = input.clone();
[INFO] [stdout]     |                           ^^^^^^^^ help: remove this redundant call
[INFO] [stdout]     |
[INFO] [stdout]     = note: the type `str` does not implement `Clone`, so calling `clone` on `&str` copies the reference, which does not do anything and can be removed
[INFO] [stdout]     = note: `#[warn(noop_method_call)]` on by default
[INFO] [stdout] 
[INFO] [stdout] 
[INFO] [stdout] warning: call to `.clone()` on a reference in this situation does nothing
[INFO] [stdout]    --> src/atlas/atlas.rs:552:11
[INFO] [stdout]     |
[INFO] [stdout] 552 |     let s = f.clone();
[INFO] [stdout]     |              ^^^^^^^^ help: remove this redundant call
[INFO] [stdout]     |
[INFO] [stdout]     = note: the type `str` does not implement `Clone`, so calling `clone` on `&str` copies the reference, which does not do anything and can be removed
[INFO] [stdout] 
[INFO] [stdout] 
[INFO] [stdout] warning: unused import: `std::path::PathBuf`
[INFO] [stdout]  --> tests/atlas_test.rs:1:5
[INFO] [stdout]   |
[INFO] [stdout] 1 | use std::path::PathBuf;
[INFO] [stdout]   |     ^^^^^^^^^^^^^^^^^^
[INFO] [stdout]   |
[INFO] [stdout]   = note: `#[warn(unused_imports)]` (part of `#[warn(unused)]`) on by default
[INFO] [stdout] 
[INFO] [stdout] 
[INFO] [stdout] warning: unused variable: `r`
[INFO] [stdout]   --> tests/atlas_test.rs:42:8
[INFO] [stdout]    |
[INFO] [stdout] 42 |             let r = Atlas::combine(
[INFO] [stdout]    |                 ^ help: if this is intentional, prefix it with an underscore: `_r`
[INFO] [stdout]    |
[INFO] [stdout]    = note: `#[warn(unused_variables)]` (part of `#[warn(unused)]`) on by default
[INFO] [stdout] 
[INFO] [stdout] 
[INFO] [stdout] warning: module `Atlas` should have a snake case name
[INFO] [stdout]  --> tests/atlas_test.rs:4:6
[INFO] [stdout]   |
[INFO] [stdout] 4 |     mod Atlas {
[INFO] [stdout]   |         ^^^^^ help: convert the identifier to snake case: `atlas`
[INFO] [stdout]   |
[INFO] [stdout]   = note: `#[warn(non_snake_case)]` (part of `#[warn(nonstandard_style)]`) on by default
[INFO] [stdout] 
[INFO] [stdout] 
[INFO] [stdout] warning: variable does not need to be mutable
[INFO] [stdout]    --> src/font/font.rs:252:9
[INFO] [stdout]     |
[INFO] [stdout] 252 |                 let mut glyph = &mut self.glyphs[e.id];
[INFO] [stdout]     |                     ----^^^^^
[INFO] [stdout]     |                     |
[INFO] [stdout]     |                     help: remove this `mut`
[INFO] [stdout]     |
[INFO] [stdout]     = note: `#[warn(unused_mut)]` (part of `#[warn(unused)]`) on by default
[INFO] [stdout] 
[INFO] [stdout] 
[INFO] [stdout] warning: variable does not need to be mutable
[INFO] [stdout]   --> src/xcassets/xcassets.rs:44:7
[INFO] [stdout]    |
[INFO] [stdout] 44 |         for mut ie in app_icon_set.images.iter_mut() {
[INFO] [stdout]    |             ----^^
[INFO] [stdout]    |             |
[INFO] [stdout]    |             help: remove this `mut`
[INFO] [stdout] 
[INFO] [stdout] 
[INFO] [stdout] warning: call to `.clone()` on a reference in this situation does nothing
[INFO] [stdout]    --> src/asset/assetbuilder.rs:156:21
[INFO] [stdout]     |
[INFO] [stdout] 156 |         let output = input.clone();
[INFO] [stdout]     |                           ^^^^^^^^ help: remove this redundant call
[INFO] [stdout]     |
[INFO] [stdout]     = note: the type `str` does not implement `Clone`, so calling `clone` on `&str` copies the reference, which does not do anything and can be removed
[INFO] [stdout]     = note: `#[warn(noop_method_call)]` on by default
[INFO] [stdout] 
[INFO] [stdout] 
[INFO] [stdout] warning: call to `.clone()` on a reference in this situation does nothing
[INFO] [stdout]    --> src/atlas/atlas.rs:552:11
[INFO] [stdout]     |
[INFO] [stdout] 552 |     let s = f.clone();
[INFO] [stdout]     |              ^^^^^^^^ help: remove this redundant call
[INFO] [stdout]     |
[INFO] [stdout]     = note: the type `str` does not implement `Clone`, so calling `clone` on `&str` copies the reference, which does not do anything and can be removed
[INFO] [stdout] 
[INFO] [stdout] 
[INFO] [stderr]     Finished `release` profile [optimized] target(s) in 2.99s
[INFO] running `Command { std: "docker" "inspect" "12066c4284b048df2d74964d28c37cc80171137577197ffe950471f06877fd44", kill_on_drop: false }`
[INFO] running `Command { std: "docker" "exec" "-e" "SOURCE_DIR=/opt/rustwide/workdir" "-e" "CARGO_HOME=/opt/rustwide/cargo-home" "-e" "RUSTUP_HOME=/opt/rustwide/rustup-home" "-e" "CARGO_TARGET_DIR=/opt/rustwide/target" "-e" "CARGO_INCREMENTAL=0" "-e" "RUST_BACKTRACE=full" "-e" "RUSTFLAGS=--cap-lints=warn" "-e" "RUSTDOCFLAGS=--cap-lints=warn" "-w" "/opt/rustwide/workdir" "--user" "0:0" "12066c4284b048df2d74964d28c37cc80171137577197ffe950471f06877fd44" "/opt/rustwide/cargo-home/bin/cargo" "+1.100.0-beta.1" "test" "--frozen" "--release", kill_on_drop: false }`
[INFO] [stderr] warning: `package.homepage` is redundant with `package.repository`
[INFO] [stderr]    --> Cargo.toml:111:12
[INFO] [stderr]     |
[INFO] [stderr] 111 | homepage = "https://github.com/AndreasOM/omt"
[INFO] [stderr]     |            ^^^^^^^^^^^^^^^^^^^^^^^^^^^^^^^^^^
[INFO] [stderr] ...
[INFO] [stderr] 116 | repository = "https://github.com/AndreasOM/omt"
[INFO] [stderr]     |              ----------------------------------
[INFO] [stderr]     |
[INFO] [stderr]     = note: `cargo::redundant_homepage` is set to `warn` by default
[INFO] [stderr] help: consider removing `package.homepage`
[INFO] [stderr] warning: `omt` (manifest) generated 1 warning
[INFO] [stderr] warning: variable does not need to be mutable
[INFO] [stderr]    --> src/font/font.rs:252:9
[INFO] [stderr]     |
[INFO] [stderr] 252 |                 let mut glyph = &mut self.glyphs[e.id];
[INFO] [stderr]     |                     ----^^^^^
[INFO] [stderr]     |                     |
[INFO] [stderr]     |                     help: remove this `mut`
[INFO] [stderr]     |
[INFO] [stderr]     = note: `#[warn(unused_mut)]` (part of `#[warn(unused)]`) on by default
[INFO] [stderr] 
[INFO] [stderr] warning: variable does not need to be mutable
[INFO] [stderr]   --> src/xcassets/xcassets.rs:44:7
[INFO] [stderr]    |
[INFO] [stderr] 44 |         for mut ie in app_icon_set.images.iter_mut() {
[INFO] [stderr]    |             ----^^
[INFO] [stderr]    |             |
[INFO] [stderr]    |             help: remove this `mut`
[INFO] [stderr] 
[INFO] [stderr] warning: call to `.clone()` on a reference in this situation does nothing
[INFO] [stderr]    --> src/asset/assetbuilder.rs:156:21
[INFO] [stderr]     |
[INFO] [stderr] 156 |         let output = input.clone();
[INFO] [stderr]     |                           ^^^^^^^^ help: remove this redundant call
[INFO] [stderr]     |
[INFO] [stderr]     = note: the type `str` does not implement `Clone`, so calling `clone` on `&str` copies the reference, which does not do anything and can be removed
[INFO] [stderr]     = note: `#[warn(noop_method_call)]` on by default
[INFO] [stderr] 
[INFO] [stderr] warning: call to `.clone()` on a reference in this situation does nothing
[INFO] [stderr]    --> src/atlas/atlas.rs:552:11
[INFO] [stderr]     |
[INFO] [stderr] 552 |     let s = f.clone();
[INFO] [stderr]     |              ^^^^^^^^ help: remove this redundant call
[INFO] [stderr]     |
[INFO] [stderr]     = note: the type `str` does not implement `Clone`, so calling `clone` on `&str` copies the reference, which does not do anything and can be removed
[INFO] [stderr] 
[INFO] [stderr] warning: `omt` (lib) generated 4 warnings (run `cargo fix --lib -p omt` to apply 4 suggestions)
[INFO] [stderr] warning: `omt` (lib test) generated 4 warnings (4 duplicates)
[INFO] [stderr] warning: unused import: `std::path::PathBuf`
[INFO] [stderr]  --> tests/atlas_test.rs:1:5
[INFO] [stderr]   |
[INFO] [stderr] 1 | use std::path::PathBuf;
[INFO] [stderr]   |     ^^^^^^^^^^^^^^^^^^
[INFO] [stderr]   |
[INFO] [stderr]   = note: `#[warn(unused_imports)]` (part of `#[warn(unused)]`) on by default
[INFO] [stderr] 
[INFO] [stderr] warning: unused variable: `r`
[INFO] [stderr]   --> tests/atlas_test.rs:42:8
[INFO] [stderr]    |
[INFO] [stderr] 42 |             let r = Atlas::combine(
[INFO] [stderr]    |                 ^ help: if this is intentional, prefix it with an underscore: `_r`
[INFO] [stderr]    |
[INFO] [stderr]    = note: `#[warn(unused_variables)]` (part of `#[warn(unused)]`) on by default
[INFO] [stderr] 
[INFO] [stderr] warning: module `Atlas` should have a snake case name
[INFO] [stderr]  --> tests/atlas_test.rs:4:6
[INFO] [stderr]   |
[INFO] [stderr] 4 |     mod Atlas {
[INFO] [stderr]   |         ^^^^^ help: convert the identifier to snake case: `atlas`
[INFO] [stderr]   |
[INFO] [stderr]   = note: `#[warn(non_snake_case)]` (part of `#[warn(nonstandard_style)]`) on by default
[INFO] [stderr] 
[INFO] [stderr] warning: `omt` (test "atlas_test") generated 3 warnings (run `cargo fix --test "atlas_test" -p omt` to apply 2 suggestions)
[INFO] [stderr]     Finished `release` profile [optimized] target(s) in 0.23s
[INFO] [stderr]      Running unittests src/lib.rs (/opt/rustwide/target/release/build/omt/7766ee46368d0b73/out/omt-7766ee46368d0b73)
[INFO] [stdout] 
[INFO] [stdout] running 5 tests
[INFO] [stdout] test gfx::test_drawbuffer::tests::mix_rgba_works_for_black_on_black ... ok
[INFO] [stdout] test gfx::test_drawbuffer::tests::mix_rgba_works_for_white_on_white ... ok
[INFO] [stdout] test gfx::test_drawbuffer::tests::mix_rgba_works_for_white_on_black ... ok
[INFO] [stdout] test gfx::test_drawbuffer::tests::mix_rgba_works_for_red_on_black ... ok
[INFO] [stdout] test gfx::test_drawbuffer::tests::mix_rgba_works_for_red_on_white ... ok
[INFO] [stdout] 
[INFO] [stdout] test result: ok. 5 passed; 0 failed; 0 ignored; 0 measured; 0 filtered out; finished in 0.00s
[INFO] [stdout] 
[INFO] [stderr]      Running unittests src/omt-asset.rs (/opt/rustwide/target/release/build/omt/f5b0e22cbd5335d3/out/omt_asset-f5b0e22cbd5335d3)
[INFO] [stdout] 
[INFO] [stdout] running 0 tests
[INFO] [stdout] 
[INFO] [stdout] test result: ok. 0 passed; 0 failed; 0 ignored; 0 measured; 0 filtered out; finished in 0.00s
[INFO] [stdout] 
[INFO] [stderr]      Running unittests src/omt-atlas.rs (/opt/rustwide/target/release/build/omt/8584147dc68a7ebe/out/omt_atlas-8584147dc68a7ebe)
[INFO] [stdout] 
[INFO] [stdout] running 0 tests
[INFO] [stdout] 
[INFO] [stdout] test result: ok. 0 passed; 0 failed; 0 ignored; 0 measured; 0 filtered out; finished in 0.00s
[INFO] [stdout] 
[INFO] [stderr]      Running unittests src/omt-font.rs (/opt/rustwide/target/release/build/omt/7821bbe7885be9ff/out/omt_font-7821bbe7885be9ff)
[INFO] [stdout] 
[INFO] [stdout] running 0 tests
[INFO] [stdout] 
[INFO] [stdout] test result: ok. 0 passed; 0 failed; 0 ignored; 0 measured; 0 filtered out; finished in 0.00s
[INFO] [stderr]      Running unittests src/omt-packer.rs (/opt/rustwide/target/release/build/omt/91908ded95b2acda/out/omt_packer-91908ded95b2acda)
[INFO] [stdout] 
[INFO] [stdout] 
[INFO] [stdout] running 0 tests
[INFO] [stdout] 
[INFO] [stdout] test result: ok. 0 passed; 0 failed; 0 ignored; 0 measured; 0 filtered out; finished in 0.00s
[INFO] [stdout] 
[INFO] [stderr]      Running unittests src/omt-script.rs (/opt/rustwide/target/release/build/omt/e1f74e84c75f1c3c/out/omt_script-e1f74e84c75f1c3c)
[INFO] [stderr]      Running unittests src/omt-shader.rs (/opt/rustwide/target/release/build/omt/e952a6f7788891c3/out/omt_shader-e952a6f7788891c3)
[INFO] [stdout] 
[INFO] [stderr]      Running unittests src/omt-soundbank.rs (/opt/rustwide/target/release/build/omt/eb1890029c5bf725/out/omt_soundbank-eb1890029c5bf725)
[INFO] [stdout] running 0 tests
[INFO] [stdout] 
[INFO] [stdout] test result: ok. 0 passed; 0 failed; 0 ignored; 0 measured; 0 filtered out; finished in 0.00s
[INFO] [stdout] 
[INFO] [stdout] 
[INFO] [stdout] running 0 tests
[INFO] [stdout] 
[INFO] [stdout] test result: ok. 0 passed; 0 failed; 0 ignored; 0 measured; 0 filtered out; finished in 0.00s
[INFO] [stdout] 
[INFO] [stdout] 
[INFO] [stdout] running 0 tests
[INFO] [stderr]      Running unittests src/omt-xcassets.rs (/opt/rustwide/target/release/build/omt/563e1d359f28e2fe/out/omt_xcassets-563e1d359f28e2fe)
[INFO] [stdout] 
[INFO] [stderr]      Running tests/atlas_test.rs (/opt/rustwide/target/release/build/omt/c44288020344a055/out/atlas_test-c44288020344a055)
[INFO] [stdout] test result: ok. 0 passed; 0 failed; 0 ignored; 0 measured; 0 filtered out; finished in 0.00s
[INFO] [stdout] 
[INFO] [stdout] 
[INFO] [stdout] running 0 tests
[INFO] [stdout] 
[INFO] [stdout] test result: ok. 0 passed; 0 failed; 0 ignored; 0 measured; 0 filtered out; finished in 0.00s
[INFO] [stdout] 
[INFO] [stdout] 
[INFO] [stdout] running 5 tests
[INFO] [stdout] test test::Atlas::v2_simple_combine_with_autosize_works ... FAILED
[INFO] [stdout] test test::Atlas::v2_simple_combine_works ... FAILED
[INFO] [stdout] test test::Atlas::v2_simple_combine_with_autosize_without_maximum_works ... FAILED
[INFO] [stdout] test test::Atlas::v2_simple_combine_with_autosize_without_maximum_border_7_works ... FAILED
[INFO] [stderr] error: test failed, to rerun pass `--test atlas_test`
[INFO] [stdout] test test::Atlas::simple_combine_works ... FAILED
[INFO] [stdout] 
[INFO] [stdout] failures:
[INFO] [stdout] 
[INFO] [stdout] ---- test::Atlas::v2_simple_combine_with_autosize_works stdout ----
[INFO] [stdout] "/tmp/omt-test/atlas/v2-simple-autosize-%d"
[INFO] [stdout] Analysing "Data/64x64_red.png"
[INFO] [stdout] 
[INFO] [stdout] thread 'test::Atlas::v2_simple_combine_with_autosize_works' (8594) panicked at src/atlas/atlas_set.rs:28:38:
[INFO] [stdout] called `Result::unwrap()` on an `Err` value: IoError(Os { code: 2, kind: NotFound, message: "No such file or directory" })
[INFO] [stdout] stack backtrace:
[INFO] [stdout]    0:     0x57e0b0dcd581 - <<std[617be2ca0a6fd877]::sys::backtrace::BacktraceLock>::print::DisplayBacktrace as core[a373ad73a504971]::fmt::Display>::fmt
[INFO] [stdout]    1:     0x57e0b0de32ea - core[a373ad73a504971]::fmt::write
[INFO] [stdout]    2:     0x57e0b0dd1dac - <alloc[2e1b2a31b91974c5]::vec::Vec<u8> as core[a373ad73a504971]::io::write::Write>::write_fmt
[INFO] [stdout]    3:     0x57e0b0da8706 - std[617be2ca0a6fd877]::panicking::default_hook::{closure#0}
[INFO] [stdout]    4:     0x57e0b0dc5b79 - std[617be2ca0a6fd877]::panicking::default_hook
[INFO] [stdout]    5:     0x57e0b0c65980 - test[aada8e7e76ba119b]::test_main_inner::{closure#0}
[INFO] [stdout]    6:     0x57e0b0dc5d32 - std[617be2ca0a6fd877]::panicking::panic_with_hook
[INFO] [stdout]    7:     0x57e0b0da87b2 - std[617be2ca0a6fd877]::panicking::panic_handler::{closure#0}
[INFO] [stdout]    8:     0x57e0b0da0e19 - std[617be2ca0a6fd877]::sys::backtrace::__rust_end_short_backtrace::<std[617be2ca0a6fd877]::panicking::panic_handler::{closure#0}, !>
[INFO] [stdout]    9:     0x57e0b0da94cd - __rustc[ea4f61d10b84890b]::rust_begin_unwind
[INFO] [stdout]   10:     0x57e0b0de3acc - core[a373ad73a504971]::panicking::panic_fmt
[INFO] [stdout]   11:     0x57e0b0de38a2 - core[a373ad73a504971]::result::unwrap_failed
[INFO] [stdout]   12:     0x57e0b0cb394c - <omt[fa93c9c953982582]::atlas::atlas_set::AtlasSet>::refit
[INFO] [stdout]   13:     0x57e0b0cb3c2d - <omt[fa93c9c953982582]::atlas::atlas_set::AtlasSet>::autosize
[INFO] [stdout]   14:     0x57e0b0c57f51 - <atlas_test[387f1505f9105f8a]::test::Atlas::v2_simple_combine_with_autosize_works::{closure#0} as core[a373ad73a504971]::ops::function::FnOnce<()>>::call_once
[INFO] [stdout]   15:     0x57e0b0c58dcb - test[aada8e7e76ba119b]::__rust_begin_short_backtrace::<core[a373ad73a504971]::result::Result<(), alloc[2e1b2a31b91974c5]::string::String>, fn() -> core[a373ad73a504971]::result::Result<(), alloc[2e1b2a31b91974c5]::string::String>>
[INFO] [stdout]   16:     0x57e0b0c65fa5 - test[aada8e7e76ba119b]::run_test::{closure#0}
[INFO] [stdout]   17:     0x57e0b0c5f894 - std[617be2ca0a6fd877]::sys::backtrace::__rust_begin_short_backtrace::<test[aada8e7e76ba119b]::run_test::{closure#1}, ()>
[INFO] [stdout]   18:     0x57e0b0c69032 - <std[617be2ca0a6fd877]::thread::lifecycle::spawn_unchecked<test[aada8e7e76ba119b]::run_test::{closure#1}, ()>::{closure#1} as core[a373ad73a504971]::ops::function::FnOnce<()>>::call_once::{shim:vtable#0}
[INFO] [stdout]   19:     0x57e0b0dccddf - <std[617be2ca0a6fd877]::sys::thread::unix::Thread>::new::thread_start
[INFO] [stdout]   20:     0x743c9a9c6dfa - <unknown>
[INFO] [stdout]   21:     0x743c9aa5a3d4 - clone
[INFO] [stdout]   22:                0x0 - <unknown>
[INFO] [stdout] 
[INFO] [stdout] ---- test::Atlas::v2_simple_combine_works stdout ----
[INFO] [stdout] "/tmp/omt-test/atlas/v2-simple-%d"
[INFO] [stdout] Analysing "Data/64x64_red.png"
[INFO] [stdout] 
[INFO] [stdout] thread 'test::Atlas::v2_simple_combine_works' (8595) panicked at src/atlas/atlas_set.rs:28:38:
[INFO] [stdout] called `Result::unwrap()` on an `Err` value: IoError(Os { code: 2, kind: NotFound, message: "No such file or directory" })
[INFO] [stdout] stack backtrace:
[INFO] [stdout]    0:     0x57e0b0dcd581 - <<std[617be2ca0a6fd877]::sys::backtrace::BacktraceLock>::print::DisplayBacktrace as core[a373ad73a504971]::fmt::Display>::fmt
[INFO] [stdout]    1:     0x57e0b0de32ea - core[a373ad73a504971]::fmt::write
[INFO] [stdout]    2:     0x57e0b0dd1dac - <alloc[2e1b2a31b91974c5]::vec::Vec<u8> as core[a373ad73a504971]::io::write::Write>::write_fmt
[INFO] [stdout]    3:     0x57e0b0da8706 - std[617be2ca0a6fd877]::panicking::default_hook::{closure#0}
[INFO] [stdout]    4:     0x57e0b0dc5b79 - std[617be2ca0a6fd877]::panicking::default_hook
[INFO] [stdout]    5:     0x57e0b0c65980 - test[aada8e7e76ba119b]::test_main_inner::{closure#0}
[INFO] [stdout]    6:     0x57e0b0dc5d32 - std[617be2ca0a6fd877]::panicking::panic_with_hook
[INFO] [stdout]    7:     0x57e0b0da87b2 - std[617be2ca0a6fd877]::panicking::panic_handler::{closure#0}
[INFO] [stdout]    8:     0x57e0b0da0e19 - std[617be2ca0a6fd877]::sys::backtrace::__rust_end_short_backtrace::<std[617be2ca0a6fd877]::panicking::panic_handler::{closure#0}, !>
[INFO] [stdout]    9:     0x57e0b0da94cd - __rustc[ea4f61d10b84890b]::rust_begin_unwind
[INFO] [stdout]   10:     0x57e0b0de3acc - core[a373ad73a504971]::panicking::panic_fmt
[INFO] [stdout]   11:     0x57e0b0de38a2 - core[a373ad73a504971]::result::unwrap_failed
[INFO] [stdout]   12:     0x57e0b0cb394c - <omt[fa93c9c953982582]::atlas::atlas_set::AtlasSet>::refit
[INFO] [stdout]   13:     0x57e0b0c57a3c - <atlas_test[387f1505f9105f8a]::test::Atlas::v2_simple_combine_works::{closure#0} as core[a373ad73a504971]::ops::function::FnOnce<()>>::call_once
[INFO] [stdout]   14:     0x57e0b0c58dcb - test[aada8e7e76ba119b]::__rust_begin_short_backtrace::<core[a373ad73a504971]::result::Result<(), alloc[2e1b2a31b91974c5]::string::String>, fn() -> core[a373ad73a504971]::result::Result<(), alloc[2e1b2a31b91974c5]::string::String>>
[INFO] [stdout]   15:     0x57e0b0c65fa5 - test[aada8e7e76ba119b]::run_test::{closure#0}
[INFO] [stdout]   16:     0x57e0b0c5f894 - std[617be2ca0a6fd877]::sys::backtrace::__rust_begin_short_backtrace::<test[aada8e7e76ba119b]::run_test::{closure#1}, ()>
[INFO] [stdout]   17:     0x57e0b0c69032 - <std[617be2ca0a6fd877]::thread::lifecycle::spawn_unchecked<test[aada8e7e76ba119b]::run_test::{closure#1}, ()>::{closure#1} as core[a373ad73a504971]::ops::function::FnOnce<()>>::call_once::{shim:vtable#0}
[INFO] [stdout]   18:     0x57e0b0dccddf - <std[617be2ca0a6fd877]::sys::thread::unix::Thread>::new::thread_start
[INFO] [stdout]   19:     0x743c9a9c6dfa - <unknown>
[INFO] [stdout]   20:     0x743c9aa5a3d4 - clone
[INFO] [stdout]   21:                0x0 - <unknown>
[INFO] [stdout] 
[INFO] [stdout] ---- test::Atlas::v2_simple_combine_with_autosize_without_maximum_works stdout ----
[INFO] [stdout] "/tmp/omt-test/atlas/v2-simple-autosize-without-maximum-%d"
[INFO] [stdout] Analysing "Data/64x64_red.png"
[INFO] [stdout] 
[INFO] [stdout] thread 'test::Atlas::v2_simple_combine_with_autosize_without_maximum_works' (8593) panicked at src/atlas/atlas_set.rs:28:38:
[INFO] [stdout] called `Result::unwrap()` on an `Err` value: IoError(Os { code: 2, kind: NotFound, message: "No such file or directory" })
[INFO] [stdout] stack backtrace:
[INFO] [stdout]    0:     0x57e0b0dcd581 - <<std[617be2ca0a6fd877]::sys::backtrace::BacktraceLock>::print::DisplayBacktrace as core[a373ad73a504971]::fmt::Display>::fmt
[INFO] [stdout]    1:     0x57e0b0de32ea - core[a373ad73a504971]::fmt::write
[INFO] [stdout]    2:     0x57e0b0dd1dac - <alloc[2e1b2a31b91974c5]::vec::Vec<u8> as core[a373ad73a504971]::io::write::Write>::write_fmt
[INFO] [stdout]    3:     0x57e0b0da8706 - std[617be2ca0a6fd877]::panicking::default_hook::{closure#0}
[INFO] [stdout]    4:     0x57e0b0dc5b79 - std[617be2ca0a6fd877]::panicking::default_hook
[INFO] [stdout]    5:     0x57e0b0c65980 - test[aada8e7e76ba119b]::test_main_inner::{closure#0}
[INFO] [stdout]    6:     0x57e0b0dc5d32 - std[617be2ca0a6fd877]::panicking::panic_with_hook
[INFO] [stdout]    7:     0x57e0b0da87b2 - std[617be2ca0a6fd877]::panicking::panic_handler::{closure#0}
[INFO] [stdout]    8:     0x57e0b0da0e19 - std[617be2ca0a6fd877]::sys::backtrace::__rust_end_short_backtrace::<std[617be2ca0a6fd877]::panicking::panic_handler::{closure#0}, !>
[INFO] [stdout]    9:     0x57e0b0da94cd - __rustc[ea4f61d10b84890b]::rust_begin_unwind
[INFO] [stdout]   10:     0x57e0b0de3acc - core[a373ad73a504971]::panicking::panic_fmt
[INFO] [stdout]   11:     0x57e0b0de38a2 - core[a373ad73a504971]::result::unwrap_failed
[INFO] [stdout]   12:     0x57e0b0cb394c - <omt[fa93c9c953982582]::atlas::atlas_set::AtlasSet>::refit
[INFO] [stdout]   13:     0x57e0b0cb3c2d - <omt[fa93c9c953982582]::atlas::atlas_set::AtlasSet>::autosize
[INFO] [stdout]   14:     0x57e0b0c584ba - <atlas_test[387f1505f9105f8a]::test::Atlas::v2_simple_combine_with_autosize_without_maximum_works::{closure#0} as core[a373ad73a504971]::ops::function::FnOnce<()>>::call_once
[INFO] [stdout]   15:     0x57e0b0c58dcb - test[aada8e7e76ba119b]::__rust_begin_short_backtrace::<core[a373ad73a504971]::result::Result<(), alloc[2e1b2a31b91974c5]::string::String>, fn() -> core[a373ad73a504971]::result::Result<(), alloc[2e1b2a31b91974c5]::string::String>>
[INFO] [stdout]   16:     0x57e0b0c65fa5 - test[aada8e7e76ba119b]::run_test::{closure#0}
[INFO] [stdout]   17:     0x57e0b0c5f894 - std[617be2ca0a6fd877]::sys::backtrace::__rust_begin_short_backtrace::<test[aada8e7e76ba119b]::run_test::{closure#1}, ()>
[INFO] [stdout]   18:     0x57e0b0c69032 - <std[617be2ca0a6fd877]::thread::lifecycle::spawn_unchecked<test[aada8e7e76ba119b]::run_test::{closure#1}, ()>::{closure#1} as core[a373ad73a504971]::ops::function::FnOnce<()>>::call_once::{shim:vtable#0}
[INFO] [stdout]   19:     0x57e0b0dccddf - <std[617be2ca0a6fd877]::sys::thread::unix::Thread>::new::thread_start
[INFO] [stdout]   20:     0x743c9a9c6dfa - <unknown>
[INFO] [stdout]   21:     0x743c9aa5a3d4 - clone
[INFO] [stdout]   22:                0x0 - <unknown>
[INFO] [stdout] 
[INFO] [stdout] ---- test::Atlas::v2_simple_combine_with_autosize_without_maximum_border_7_works stdout ----
[INFO] [stdout] "/tmp/omt-test/atlas/v2-simple-autosize-without-maximum-border-7-%d"
[INFO] [stdout] Analysing "Data/64x64_red.png"
[INFO] [stdout] 
[INFO] [stdout] thread 'test::Atlas::v2_simple_combine_with_autosize_without_maximum_border_7_works' (8592) panicked at src/atlas/atlas_set.rs:28:38:
[INFO] [stdout] called `Result::unwrap()` on an `Err` value: IoError(Os { code: 2, kind: NotFound, message: "No such file or directory" })
[INFO] [stdout] stack backtrace:
[INFO] [stdout]    0:     0x57e0b0dcd581 - <<std[617be2ca0a6fd877]::sys::backtrace::BacktraceLock>::print::DisplayBacktrace as core[a373ad73a504971]::fmt::Display>::fmt
[INFO] [stdout]    1:     0x57e0b0de32ea - core[a373ad73a504971]::fmt::write
[INFO] [stdout]    2:     0x57e0b0dd1dac - <alloc[2e1b2a31b91974c5]::vec::Vec<u8> as core[a373ad73a504971]::io::write::Write>::write_fmt
[INFO] [stdout]    3:     0x57e0b0da8706 - std[617be2ca0a6fd877]::panicking::default_hook::{closure#0}
[INFO] [stdout]    4:     0x57e0b0dc5b79 - std[617be2ca0a6fd877]::panicking::default_hook
[INFO] [stdout]    5:     0x57e0b0c65980 - test[aada8e7e76ba119b]::test_main_inner::{closure#0}
[INFO] [stdout]    6:     0x57e0b0dc5d32 - std[617be2ca0a6fd877]::panicking::panic_with_hook
[INFO] [stdout]    7:     0x57e0b0da87b2 - std[617be2ca0a6fd877]::panicking::panic_handler::{closure#0}
[INFO] [stdout]    8:     0x57e0b0da0e19 - std[617be2ca0a6fd877]::sys::backtrace::__rust_end_short_backtrace::<std[617be2ca0a6fd877]::panicking::panic_handler::{closure#0}, !>
[INFO] [stdout]    9:     0x57e0b0da94cd - __rustc[ea4f61d10b84890b]::rust_begin_unwind
[INFO] [stdout]   10:     0x57e0b0de3acc - core[a373ad73a504971]::panicking::panic_fmt
[INFO] [stdout]   11:     0x57e0b0de38a2 - core[a373ad73a504971]::result::unwrap_failed
[INFO] [stdout]   12:     0x57e0b0cb394c - <omt[fa93c9c953982582]::atlas::atlas_set::AtlasSet>::refit
[INFO] [stdout]   13:     0x57e0b0cb3c2d - <omt[fa93c9c953982582]::atlas::atlas_set::AtlasSet>::autosize
[INFO] [stdout]   14:     0x57e0b0c58a2a - <atlas_test[387f1505f9105f8a]::test::Atlas::v2_simple_combine_with_autosize_without_maximum_border_7_works::{closure#0} as core[a373ad73a504971]::ops::function::FnOnce<()>>::call_once
[INFO] [stdout]   15:     0x57e0b0c58dcb - test[aada8e7e76ba119b]::__rust_begin_short_backtrace::<core[a373ad73a504971]::result::Result<(), alloc[2e1b2a31b91974c5]::string::String>, fn() -> core[a373ad73a504971]::result::Result<(), alloc[2e1b2a31b91974c5]::string::String>>
[INFO] [stdout]   16:     0x57e0b0c65fa5 - test[aada8e7e76ba119b]::run_test::{closure#0}
[INFO] [stdout]   17:     0x57e0b0c5f894 - std[617be2ca0a6fd877]::sys::backtrace::__rust_begin_short_backtrace::<test[aada8e7e76ba119b]::run_test::{closure#1}, ()>
[INFO] [stdout]   18:     0x57e0b0c69032 - <std[617be2ca0a6fd877]::thread::lifecycle::spawn_unchecked<test[aada8e7e76ba119b]::run_test::{closure#1}, ()>::{closure#1} as core[a373ad73a504971]::ops::function::FnOnce<()>>::call_once::{shim:vtable#0}
[INFO] [stdout]   19:     0x57e0b0dccddf - <std[617be2ca0a6fd877]::sys::thread::unix::Thread>::new::thread_start
[INFO] [stdout]   20:     0x743c9a9c6dfa - <unknown>
[INFO] [stdout]   21:     0x743c9aa5a3d4 - clone
[INFO] [stdout]   22:                0x0 - <unknown>
[INFO] [stdout] 
[INFO] [stdout] ---- test::Atlas::simple_combine_works stdout ----
[INFO] [stdout] "/tmp/omt-test/atlas/simple"
[INFO] [stdout] Analysing "Data/64x64_red.png"
[INFO] [stdout] 
[INFO] [stdout] thread 'test::Atlas::simple_combine_works' (8591) panicked at src/atlas/atlas.rs:412:38:
[INFO] [stdout] called `Result::unwrap()` on an `Err` value: IoError(Os { code: 2, kind: NotFound, message: "No such file or directory" })
[INFO] [stdout] stack backtrace:
[INFO] [stdout]    0:     0x57e0b0dcd581 - <<std[617be2ca0a6fd877]::sys::backtrace::BacktraceLock>::print::DisplayBacktrace as core[a373ad73a504971]::fmt::Display>::fmt
[INFO] [stdout]    1:     0x57e0b0de32ea - core[a373ad73a504971]::fmt::write
[INFO] [stdout]    2:     0x57e0b0dd1dac - <alloc[2e1b2a31b91974c5]::vec::Vec<u8> as core[a373ad73a504971]::io::write::Write>::write_fmt
[INFO] [stdout]    3:     0x57e0b0da8706 - std[617be2ca0a6fd877]::panicking::default_hook::{closure#0}
[INFO] [stdout]    4:     0x57e0b0dc5b79 - std[617be2ca0a6fd877]::panicking::default_hook
[INFO] [stdout]    5:     0x57e0b0c65980 - test[aada8e7e76ba119b]::test_main_inner::{closure#0}
[INFO] [stdout]    6:     0x57e0b0dc5d32 - std[617be2ca0a6fd877]::panicking::panic_with_hook
[INFO] [stdout]    7:     0x57e0b0da87b2 - std[617be2ca0a6fd877]::panicking::panic_handler::{closure#0}
[INFO] [stdout]    8:     0x57e0b0da0e19 - std[617be2ca0a6fd877]::sys::backtrace::__rust_end_short_backtrace::<std[617be2ca0a6fd877]::panicking::panic_handler::{closure#0}, !>
[INFO] [stdout]    9:     0x57e0b0da94cd - __rustc[ea4f61d10b84890b]::rust_begin_unwind
[INFO] [stdout]   10:     0x57e0b0de3acc - core[a373ad73a504971]::panicking::panic_fmt
[INFO] [stdout]   11:     0x57e0b0de38a2 - core[a373ad73a504971]::result::unwrap_failed
[INFO] [stdout]   12:     0x57e0b0c9d43f - <omt[fa93c9c953982582]::atlas::atlas::Atlas>::combine
[INFO] [stdout]   13:     0x57e0b0c57578 - <atlas_test[387f1505f9105f8a]::test::Atlas::simple_combine_works::{closure#0} as core[a373ad73a504971]::ops::function::FnOnce<()>>::call_once
[INFO] [stdout]   14:     0x57e0b0c58dcb - test[aada8e7e76ba119b]::__rust_begin_short_backtrace::<core[a373ad73a504971]::result::Result<(), alloc[2e1b2a31b91974c5]::string::String>, fn() -> core[a373ad73a504971]::result::Result<(), alloc[2e1b2a31b91974c5]::string::String>>
[INFO] [stdout]   15:     0x57e0b0c65fa5 - test[aada8e7e76ba119b]::run_test::{closure#0}
[INFO] [stdout]   16:     0x57e0b0c5f894 - std[617be2ca0a6fd877]::sys::backtrace::__rust_begin_short_backtrace::<test[aada8e7e76ba119b]::run_test::{closure#1}, ()>
[INFO] [stdout]   17:     0x57e0b0c69032 - <std[617be2ca0a6fd877]::thread::lifecycle::spawn_unchecked<test[aada8e7e76ba119b]::run_test::{closure#1}, ()>::{closure#1} as core[a373ad73a504971]::ops::function::FnOnce<()>>::call_once::{shim:vtable#0}
[INFO] [stdout]   18:     0x57e0b0dccddf - <std[617be2ca0a6fd877]::sys::thread::unix::Thread>::new::thread_start
[INFO] [stdout]   19:     0x743c9a9c6dfa - <unknown>
[INFO] [stdout]   20:     0x743c9aa5a3d4 - clone
[INFO] [stdout]   21:                0x0 - <unknown>
[INFO] [stdout] 
[INFO] [stdout] 
[INFO] [stdout] failures:
[INFO] [stdout]     test::Atlas::simple_combine_works
[INFO] [stdout]     test::Atlas::v2_simple_combine_with_autosize_without_maximum_border_7_works
[INFO] [stdout]     test::Atlas::v2_simple_combine_with_autosize_without_maximum_works
[INFO] [stdout]     test::Atlas::v2_simple_combine_with_autosize_works
[INFO] [stdout]     test::Atlas::v2_simple_combine_works
[INFO] [stdout] 
[INFO] [stdout] test result: FAILED. 0 passed; 5 failed; 0 ignored; 0 measured; 0 filtered out; finished in 0.01s
[INFO] [stdout] 
[INFO] running `Command { std: "docker" "inspect" "12066c4284b048df2d74964d28c37cc80171137577197ffe950471f06877fd44", kill_on_drop: false }`
[INFO] running `Command { std: "docker" "rm" "-f" "12066c4284b048df2d74964d28c37cc80171137577197ffe950471f06877fd44", kill_on_drop: false }`
[INFO] [stdout] 12066c4284b048df2d74964d28c37cc80171137577197ffe950471f06877fd44
