[INFO] fetching crate omniqueue 0.3.0...
[INFO] testing omniqueue-0.3.0 against 1.100.0-beta.1+cargoflags=--release for beta-release-1.100-2
[INFO] extracting crate omniqueue 0.3.0 into /workspace/builds/worker-2-tc2/source
[INFO] started tweaking crates.io crate omniqueue 0.3.0
[INFO] removed 0 missing tests
[INFO] finished tweaking crates.io crate omniqueue 0.3.0
[INFO] tweaked toml for crates.io crate omniqueue 0.3.0 written to /workspace/builds/worker-2-tc2/source/Cargo.toml
[INFO] validating manifest of crates.io crate omniqueue 0.3.0 on toolchain 1.100.0-beta.1
[INFO] running `Command { std: CARGO_HOME="/workspace/cargo-home" RUSTUP_HOME="/workspace/rustup-home" "/workspace/cargo-home/bin/cargo" "+1.100.0-beta.1" "metadata" "--manifest-path" "Cargo.toml" "--no-deps", kill_on_drop: false }`
[INFO] crate crates.io crate omniqueue 0.3.0 already has a lockfile, it will not be regenerated
[INFO] running `Command { std: CARGO_HOME="/workspace/cargo-home" RUSTUP_HOME="/workspace/rustup-home" "/workspace/cargo-home/bin/cargo" "+1.100.0-beta.1" "fetch" "--manifest-path" "Cargo.toml", kill_on_drop: false }`
[INFO] running `Command { std: "docker" "create" "-v" "/var/lib/crater-agent-workspace/builds/worker-2-tc2/source:/opt/rustwide/workdir:ro,Z" "-v" "/var/lib/crater-agent-workspace/builds/worker-2-tc2/target:/opt/rustwide/target:rw,Z" "-v" "/var/lib/crater-agent-workspace/cargo-home:/opt/rustwide/cargo-home:ro,Z" "-v" "/var/lib/crater-agent-workspace/rustup-home:/opt/rustwide/rustup-home:ro,Z" "-m" "1610612736" "--network" "none" "ghcr.io/rust-lang/crates-build-env/linux@sha256:77db811e55d90add9212f6832c23229e3de5f1c1f9905e8cb07319ea15df73ac" "sleep" "infinity", kill_on_drop: false }`
[INFO] [stdout] 240b498f578f9a806e2c21a1b056b5134f879c72a60b1401c0f73859a13a54f7
[INFO] running `Command { std: "docker" "start" "240b498f578f9a806e2c21a1b056b5134f879c72a60b1401c0f73859a13a54f7", kill_on_drop: false }`
[INFO] running `Command { std: "docker" "inspect" "240b498f578f9a806e2c21a1b056b5134f879c72a60b1401c0f73859a13a54f7", kill_on_drop: false }`
[INFO] running `Command { std: "docker" "exec" "-e" "SOURCE_DIR=/opt/rustwide/workdir" "-e" "CARGO_HOME=/opt/rustwide/cargo-home" "-e" "RUSTUP_HOME=/opt/rustwide/rustup-home" "-e" "CARGO_TARGET_DIR=/opt/rustwide/target" "-w" "/opt/rustwide/workdir" "--user" "0:0" "240b498f578f9a806e2c21a1b056b5134f879c72a60b1401c0f73859a13a54f7" "/opt/rustwide/cargo-home/bin/cargo" "+1.100.0-beta.1" "metadata" "--no-deps" "--format-version=1", kill_on_drop: false }`
[INFO] running `Command { std: "docker" "inspect" "240b498f578f9a806e2c21a1b056b5134f879c72a60b1401c0f73859a13a54f7", kill_on_drop: false }`
[INFO] running `Command { std: "docker" "exec" "-e" "SOURCE_DIR=/opt/rustwide/workdir" "-e" "CARGO_HOME=/opt/rustwide/cargo-home" "-e" "RUSTUP_HOME=/opt/rustwide/rustup-home" "-e" "CARGO_TARGET_DIR=/opt/rustwide/target" "-e" "CARGO_INCREMENTAL=0" "-e" "RUST_BACKTRACE=full" "-e" "RUSTFLAGS=--cap-lints=warn" "-e" "RUSTDOCFLAGS=--cap-lints=warn" "-w" "/opt/rustwide/workdir" "--user" "0:0" "240b498f578f9a806e2c21a1b056b5134f879c72a60b1401c0f73859a13a54f7" "/opt/rustwide/cargo-home/bin/cargo" "+1.100.0-beta.1" "build" "--frozen" "--message-format=json" "--release", kill_on_drop: false }`
[INFO] [stderr]    Compiling bytes v1.11.0
[INFO] [stderr]    Compiling find-msvc-tools v0.1.5
[INFO] [stderr]    Compiling libc v0.2.177
[INFO] [stderr]    Compiling tracing-core v0.1.34
[INFO] [stderr]    Compiling futures-util v0.3.31
[INFO] [stderr]    Compiling log v0.4.28
[INFO] [stderr]    Compiling time-core v0.1.6
[INFO] [stderr]    Compiling num-conv v0.1.0
[INFO] [stderr]    Compiling syn v2.0.110
[INFO] [stderr]    Compiling parking_lot_core v0.9.12
[INFO] [stderr]    Compiling mio v1.1.0
[INFO] [stderr]    Compiling socket2 v0.6.1
[INFO] [stderr]    Compiling num-integer v0.1.46
[INFO] [stderr]    Compiling getrandom v0.2.16
[INFO] [stderr]    Compiling rustls-pki-types v1.13.0
[INFO] [stderr]    Compiling dunce v1.0.5
[INFO] [stderr]    Compiling fs_extra v1.3.0
[INFO] [stderr]    Compiling time v0.3.44
[INFO] [stderr]    Compiling indexmap v2.12.0
[INFO] [stderr]    Compiling aws-lc-rs v1.15.0
[INFO] [stderr]    Compiling parking_lot v0.12.5
[INFO] [stderr]    Compiling futures-channel v0.3.31
[INFO] [stderr]    Compiling rustls v0.23.35
[INFO] [stderr]    Compiling serde_core v1.0.228
[INFO] [stderr]    Compiling digest v0.10.7
[INFO] [stderr]    Compiling sync_wrapper v1.0.2
[INFO] [stderr]    Compiling outref v0.5.2
[INFO] [stderr]    Compiling vsimd v0.8.0
[INFO] [stderr]    Compiling crossbeam-utils v0.8.21
[INFO] [stderr]    Compiling either v1.15.0
[INFO] [stderr]    Compiling parking v2.2.1
[INFO] [stderr]    Compiling http v1.3.1
[INFO] [stderr]    Compiling http v0.2.12
[INFO] [stderr]    Compiling bytes-utils v0.1.4
[INFO] [stderr]    Compiling jobserver v0.1.34
[INFO] [stderr]    Compiling block-padding v0.3.3
[INFO] [stderr]    Compiling hmac v0.12.1
[INFO] [stderr]    Compiling base64-simd v0.8.0
[INFO] [stderr]    Compiling num-bigint v0.4.6
[INFO] [stderr]    Compiling inout v0.1.4
[INFO] [stderr]    Compiling sha2 v0.10.9
[INFO] [stderr]    Compiling futures-io v0.3.31
[INFO] [stderr]    Compiling cipher v0.4.4
[INFO] [stderr]    Compiling concurrent-queue v2.5.0
[INFO] [stderr]    Compiling cc v1.2.46
[INFO] [stderr]    Compiling zerocopy v0.8.27
[INFO] [stderr]    Compiling base64ct v1.8.0
[INFO] [stderr]    Compiling flagset v0.4.7
[INFO] [stderr]    Compiling openssl v0.10.75
[INFO] [stderr]    Compiling const-oid v0.9.6
[INFO] [stderr]    Compiling getrandom v0.3.4
[INFO] [stderr]    Compiling hex v0.4.3
[INFO] [stderr]    Compiling rustls v0.21.12
[INFO] [stderr]    Compiling http-body v1.0.1
[INFO] [stderr]    Compiling http-body v0.4.6
[INFO] [stderr]    Compiling pem-rfc7468 v0.7.0
[INFO] [stderr]    Compiling http-body-util v0.1.3
[INFO] [stderr]    Compiling native-tls v0.2.14
[INFO] [stderr]    Compiling rand_core v0.9.3
[INFO] [stderr]    Compiling rusticata-macros v4.1.0
[INFO] [stderr]    Compiling event-listener v5.4.1
[INFO] [stderr]    Compiling socket2 v0.5.10
[INFO] [stderr]    Compiling anyhow v1.0.100
[INFO] [stderr]    Compiling cmake v0.1.54
[INFO] [stderr]    Compiling oid-registry v0.8.1
[INFO] [stderr]    Compiling semver v1.0.27
[INFO] [stderr]    Compiling event-listener-strategy v0.5.4
[INFO] [stderr]    Compiling salsa20 v0.10.2
[INFO] [stderr]    Compiling rustc_version v0.4.1
[INFO] [stderr]    Compiling pbkdf2 v0.12.2
[INFO] [stderr]    Compiling rustls-native-certs v0.8.2
[INFO] [stderr]    Compiling rustix v1.1.2
[INFO] [stderr]    Compiling simd-adler32 v0.3.7
[INFO] [stderr]    Compiling scrypt v0.11.0
[INFO] [stderr]    Compiling aws-types v1.3.10
[INFO] [stderr]    Compiling itertools v0.14.0
[INFO] [stderr]    Compiling miniz_oxide v0.8.9
[INFO] [stderr]    Compiling ring v0.17.14
[INFO] [stderr]    Compiling aws-lc-sys v0.33.0
[INFO] [stderr]    Compiling openssl-sys v0.9.111
[INFO] [stderr]    Compiling cbc v0.1.2
[INFO] [stderr]    Compiling serde_json v1.0.145
[INFO] [stderr]    Compiling aes v0.8.4
[INFO] [stderr]    Compiling futures-lite v2.6.1
[INFO] [stderr]    Compiling rustls-pemfile v2.2.0
[INFO] [stderr]    Compiling linux-raw-sys v0.11.0
[INFO] [stderr]    Compiling data-encoding v2.9.0
[INFO] [stderr]    Compiling io-lifetimes v1.0.11
[INFO] [stderr]    Compiling ppv-lite86 v0.2.21
[INFO] [stderr]    Compiling flate2 v1.1.5
[INFO] [stderr]    Compiling rustls-native-certs v0.7.3
[INFO] [stderr]    Compiling synstructure v0.13.2
[INFO] [stderr]    Compiling async-channel v2.5.0
[INFO] [stderr]    Compiling rand_chacha v0.9.0
[INFO] [stderr]    Compiling rand v0.9.2
[INFO] [stderr]    Compiling rc2 v0.8.1
[INFO] [stderr]    Compiling des v0.8.1
[INFO] [stderr]    Compiling sha1 v0.10.6
[INFO] [stderr]    Compiling webpki-roots v1.0.4
[INFO] [stderr]    Compiling async-io v2.6.0
[INFO] [stderr]    Compiling polling v2.8.0
[INFO] [stderr]    Compiling iri-string v0.7.9
[INFO] [stderr]    Compiling async-task v4.7.1
[INFO] [stderr]    Compiling cookie-factory v0.3.3
[INFO] [stderr]    Compiling urlencoding v2.1.3
[INFO] [stderr]    Compiling rustix v0.37.28
[INFO] [stderr]    Compiling piper v0.2.4
[INFO] [stderr]    Compiling async-io v1.13.0
[INFO] [stderr]    Compiling encoding_rs v0.8.35
[INFO] [stderr]    Compiling event-listener v2.5.3
[INFO] [stderr]    Compiling crc16 v0.4.0
[INFO] [stderr]    Compiling linux-raw-sys v0.3.8
[INFO] [stderr]    Compiling waker-fn v1.2.0
[INFO] [stderr]    Compiling uuid v1.18.1
[INFO] [stderr]    Compiling doc-comment v0.3.4
[INFO] [stderr]    Compiling fastrand v1.9.0
[INFO] [stderr]    Compiling async-lock v2.8.0
[INFO] [stderr]    Compiling blocking v1.6.2
[INFO] [stderr]    Compiling futures-lite v1.13.0
[INFO] [stderr]    Compiling async-executor v1.13.3
[INFO] [stderr]    Compiling async-lock v3.4.1
[INFO] [stderr]    Compiling pem v3.0.6
[INFO] [stderr]    Compiling socket2 v0.4.10
[INFO] [stderr]    Compiling spin v0.9.8
[INFO] [stderr]    Compiling regex-lite v0.1.8
[INFO] [stderr]    Compiling xmlparser v0.13.6
[INFO] [stderr]    Compiling gcloud-googleapis v1.3.0
[INFO] [stderr]    Compiling tokio-macros v2.6.0
[INFO] [stderr]    Compiling tracing-attributes v0.1.30
[INFO] [stderr]    Compiling displaydoc v0.2.5
[INFO] [stderr]    Compiling zerofrom-derive v0.1.6
[INFO] [stderr]    Compiling yoke-derive v0.8.1
[INFO] [stderr]    Compiling zerovec-derive v0.11.2
[INFO] [stderr]    Compiling tokio v1.48.0
[INFO] [stderr]    Compiling thiserror-impl v2.0.17
[INFO] [stderr]    Compiling serde_derive v1.0.228
[INFO] [stderr]    Compiling async-trait v0.1.89
[INFO] [stderr]    Compiling der_derive v0.7.3
[INFO] [stderr]    Compiling openssl-macros v0.1.1
[INFO] [stderr]    Compiling zerofrom v0.1.6
[INFO] [stderr]    Compiling yoke v0.8.1
[INFO] [stderr]    Compiling tracing v0.1.41
[INFO] [stderr]    Compiling zerotrie v0.2.3
[INFO] [stderr]    Compiling thiserror v2.0.17
[INFO] [stderr]    Compiling asn1-rs-impl v0.2.0
[INFO] [stderr]    Compiling asn1-rs-derive v0.6.0
[INFO] [stderr]    Compiling pin-project-internal v1.1.10
[INFO] [stderr]    Compiling zerovec v0.11.5
[INFO] [stderr]    Compiling prost-derive v0.14.1
[INFO] [stderr]    Compiling token-source v1.0.0
[INFO] [stderr]    Compiling der v0.7.10
[INFO] [stderr]    Compiling simple_asn1 v0.6.3
[INFO] [stderr]    Compiling asn1-rs v0.7.1
[INFO] [stderr]    Compiling tinystr v0.8.2
[INFO] [stderr]    Compiling icu_locale_core v2.1.1
[INFO] [stderr]    Compiling potential_utf v0.1.4
[INFO] [stderr]    Compiling icu_collections v2.1.1
[INFO] [stderr]    Compiling amq-protocol v7.2.3
[INFO] [stderr]    Compiling pin-project v1.1.10
[INFO] [stderr]    Compiling reactor-trait v1.1.0
[INFO] [stderr]    Compiling executor-trait v2.1.2
[INFO] [stderr]    Compiling aws-smithy-xml v0.60.12
[INFO] [stderr]    Compiling async-stream-impl v0.3.6
[INFO] [stderr]    Compiling prost v0.14.1
[INFO] [stderr]    Compiling icu_provider v2.1.1
[INFO] [stderr]    Compiling spki v0.7.3
[INFO] [stderr]    Compiling icu_properties v2.1.1
[INFO] [stderr]    Compiling icu_normalizer v2.1.1
[INFO] [stderr]    Compiling x509-cert v0.2.5
[INFO] [stderr]    Compiling der-parser v10.0.0
[INFO] [stderr]    Compiling serde v1.0.228
[INFO] [stderr]    Compiling pkcs5 v0.7.1
[INFO] [stderr]    Compiling x509-parser v0.17.0
[INFO] [stderr]    Compiling polling v3.11.0
[INFO] [stderr]    Compiling idna_adapter v1.2.1
[INFO] [stderr]    Compiling idna v1.1.0
[INFO] [stderr]    Compiling cms v0.2.3
[INFO] [stderr]    Compiling serde_urlencoded v0.7.1
[INFO] [stderr]    Compiling amq-protocol-types v7.2.3
[INFO] [stderr]    Compiling url v2.5.7
[INFO] [stderr]    Compiling prost-types v0.14.1
[INFO] [stderr]    Compiling flume v0.11.1
[INFO] [stderr]    Compiling pkcs12 v0.1.0
[INFO] [stderr]    Compiling async-global-executor v3.1.0
[INFO] [stderr]    Compiling lapin v2.5.5
[INFO] [stderr]    Compiling p12-keystore v0.1.5
[INFO] [stderr]    Compiling async-global-executor-trait v2.2.0
[INFO] [stderr]    Compiling pinky-swear v6.2.1
[INFO] [stderr]    Compiling amq-protocol-uri v7.2.3
[INFO] [stderr]    Compiling async-stream v0.3.6
[INFO] [stderr]    Compiling tokio-util v0.7.17
[INFO] [stderr]    Compiling aws-smithy-async v1.2.6
[INFO] [stderr]    Compiling tokio-native-tls v0.3.1
[INFO] [stderr]    Compiling tokio-stream v0.1.17
[INFO] [stderr]    Compiling tokio-retry2 v0.6.2
[INFO] [stderr]    Compiling bb8 v0.9.0
[INFO] [stderr]    Compiling async-reactor-trait v1.1.0
[INFO] [stderr]    Compiling base-encode v0.3.1
[INFO] [stderr]    Compiling bytesize v2.2.0
[INFO] [stderr]    Compiling svix-ksuid v0.8.0
[INFO] [stderr]    Compiling h2 v0.4.12
[INFO] [stderr]    Compiling tower v0.5.2
[INFO] [stderr]    Compiling aws-smithy-types v1.3.4
[INFO] [stderr]    Compiling h2 v0.3.27
[INFO] [stderr]    Compiling combine v4.6.7
[INFO] [stderr]    Compiling aws-smithy-runtime-api v1.9.2
[INFO] [stderr]    Compiling tower-http v0.6.6
[INFO] [stderr]    Compiling aws-smithy-json v0.61.7
[INFO] [stderr]    Compiling aws-smithy-query v0.60.8
[INFO] [stderr]    Compiling aws-credential-types v1.2.9
[INFO] [stderr]    Compiling aws-smithy-http v0.62.5
[INFO] [stderr]    Compiling aws-smithy-observability v0.1.4
[INFO] [stderr]    Compiling rustls-webpki v0.101.7
[INFO] [stderr]    Compiling sct v0.7.1
[INFO] [stderr]    Compiling aws-sigv4 v1.3.6
[INFO] [stderr]    Compiling hyper v0.14.32
[INFO] [stderr]    Compiling jsonwebtoken v9.3.1
[INFO] [stderr]    Compiling hyper v1.8.1
[INFO] [stderr]    Compiling hyper-util v0.1.18
[INFO] [stderr]    Compiling redis v0.32.7
[INFO] [stderr]    Compiling tokio-rustls v0.24.1
[INFO] [stderr]    Compiling hyper-rustls v0.24.2
[INFO] [stderr]    Compiling hyper-timeout v0.5.2
[INFO] [stderr]    Compiling hyper-tls v0.6.0
[INFO] [stderr]    Compiling reqwest v0.12.24
[INFO] [stderr]    Compiling gcloud-metadata v1.0.1
[INFO] [stderr]    Compiling gcloud-auth v1.1.2
[INFO] [stderr]    Compiling bb8-redis v0.24.0
[INFO] [stderr]    Compiling rustls-webpki v0.103.8
[INFO] [stderr]    Compiling tokio-rustls v0.26.4
[INFO] [stderr]    Compiling rustls-connector v0.20.2
[INFO] [stderr]    Compiling tcp-stream v0.28.0
[INFO] [stderr]    Compiling hyper-rustls v0.27.7
[INFO] [stderr]    Compiling tonic v0.14.2
[INFO] [stderr]    Compiling amq-protocol-tcp v7.2.3
[INFO] [stderr]    Compiling aws-smithy-http-client v1.1.4
[INFO] [stderr]    Compiling tonic-prost v0.14.2
[INFO] [stderr]    Compiling gcloud-gax v1.3.1
[INFO] [stderr]    Compiling aws-smithy-runtime v1.9.4
[INFO] [stderr]    Compiling gcloud-pubsub v1.5.1
[INFO] [stderr]    Compiling aws-runtime v1.5.14
[INFO] [stderr]    Compiling aws-sdk-sts v1.92.0
[INFO] [stderr]    Compiling aws-sdk-sqs v1.89.0
[INFO] [stderr]    Compiling aws-config v1.8.10
[INFO] [stderr]    Compiling omniqueue v0.3.0 (/opt/rustwide/workdir)
[INFO] [stderr]     Finished `release` profile [optimized] target(s) in 2m 02s
[INFO] [stderr] warning: the following packages contain code that will be rejected by a future version of Rust: redis v0.32.7
[INFO] [stderr] note: to see what the problems were, use the option `--future-incompat-report`, or run `cargo report future-incompatibilities --id 1`
[INFO] running `Command { std: "docker" "inspect" "240b498f578f9a806e2c21a1b056b5134f879c72a60b1401c0f73859a13a54f7", kill_on_drop: false }`
[INFO] running `Command { std: "docker" "exec" "-e" "SOURCE_DIR=/opt/rustwide/workdir" "-e" "CARGO_HOME=/opt/rustwide/cargo-home" "-e" "RUSTUP_HOME=/opt/rustwide/rustup-home" "-e" "CARGO_TARGET_DIR=/opt/rustwide/target" "-e" "CARGO_INCREMENTAL=0" "-e" "RUST_BACKTRACE=full" "-e" "RUSTFLAGS=--cap-lints=warn" "-e" "RUSTDOCFLAGS=--cap-lints=warn" "-w" "/opt/rustwide/workdir" "--user" "0:0" "240b498f578f9a806e2c21a1b056b5134f879c72a60b1401c0f73859a13a54f7" "/opt/rustwide/cargo-home/bin/cargo" "+1.100.0-beta.1" "test" "--frozen" "--no-run" "--message-format=json" "--release", kill_on_drop: false }`
[INFO] [stderr]    Compiling futures-macro v0.3.31
[INFO] [stderr]    Compiling tokio v1.48.0
[INFO] [stderr]    Compiling winnow v0.7.13
[INFO] [stderr]    Compiling equivalent v1.0.2
[INFO] [stderr]    Compiling hashbrown v0.16.0
[INFO] [stderr]    Compiling memchr v2.7.6
[INFO] [stderr]    Compiling regex-syntax v0.8.8
[INFO] [stderr]    Compiling toml_datetime v0.7.3
[INFO] [stderr]    Compiling rstest_macros v0.25.0
[INFO] [stderr]    Compiling relative-path v1.9.3
[INFO] [stderr]    Compiling glob v0.3.3
[INFO] [stderr]    Compiling anyhow v1.0.100
[INFO] [stderr]    Compiling futures-timer v3.0.3
[INFO] [stderr]    Compiling aho-corasick v1.1.4
[INFO] [stderr]    Compiling indexmap v2.12.0
[INFO] [stderr]    Compiling futures-util v0.3.31
[INFO] [stderr]    Compiling regex-automata v0.4.13
[INFO] [stderr]    Compiling toml_parser v1.0.4
[INFO] [stderr]    Compiling toml_edit v0.23.7
[INFO] [stderr]    Compiling proc-macro-crate v3.4.0
[INFO] [stderr]    Compiling regex v1.12.2
[INFO] [stderr]    Compiling tokio-util v0.7.17
[INFO] [stderr]    Compiling tokio-rustls v0.26.4
[INFO] [stderr]    Compiling aws-smithy-async v1.2.6
[INFO] [stderr]    Compiling tokio-rustls v0.24.1
[INFO] [stderr]    Compiling tokio-native-tls v0.3.1
[INFO] [stderr]    Compiling tokio-stream v0.1.17
[INFO] [stderr]    Compiling tokio-retry2 v0.6.2
[INFO] [stderr]    Compiling bb8 v0.9.0
[INFO] [stderr]    Compiling tokio-executor-trait v2.4.0
[INFO] [stderr]    Compiling tokio-reactor-trait v1.1.0
[INFO] [stderr]    Compiling h2 v0.4.12
[INFO] [stderr]    Compiling tower v0.5.2
[INFO] [stderr]    Compiling aws-smithy-types v1.3.4
[INFO] [stderr]    Compiling h2 v0.3.27
[INFO] [stderr]    Compiling combine v4.6.7
[INFO] [stderr]    Compiling aws-smithy-runtime-api v1.9.2
[INFO] [stderr]    Compiling aws-smithy-json v0.61.7
[INFO] [stderr]    Compiling aws-smithy-query v0.60.8
[INFO] [stderr]    Compiling rstest v0.25.0
[INFO] [stderr]    Compiling tower-http v0.6.6
[INFO] [stderr]    Compiling aws-smithy-http v0.62.5
[INFO] [stderr]    Compiling aws-credential-types v1.2.9
[INFO] [stderr]    Compiling aws-smithy-observability v0.1.4
[INFO] [stderr]    Compiling aws-types v1.3.10
[INFO] [stderr]    Compiling aws-sigv4 v1.3.6
[INFO] [stderr]    Compiling hyper v0.14.32
[INFO] [stderr]    Compiling hyper v1.8.1
[INFO] [stderr]    Compiling hyper-util v0.1.18
[INFO] [stderr]    Compiling redis v0.32.7
[INFO] [stderr]    Compiling hyper-rustls v0.27.7
[INFO] [stderr]    Compiling hyper-timeout v0.5.2
[INFO] [stderr]    Compiling hyper-tls v0.6.0
[INFO] [stderr]    Compiling reqwest v0.12.24
[INFO] [stderr]    Compiling tonic v0.14.2
[INFO] [stderr]    Compiling hyper-rustls v0.24.2
[INFO] [stderr]    Compiling aws-smithy-http-client v1.1.4
[INFO] [stderr]    Compiling gcloud-metadata v1.0.1
[INFO] [stderr]    Compiling gcloud-auth v1.1.2
[INFO] [stderr]    Compiling tonic-prost v0.14.2
[INFO] [stderr]    Compiling gcloud-gax v1.3.1
[INFO] [stderr]    Compiling gcloud-googleapis v1.3.0
[INFO] [stderr]    Compiling aws-smithy-runtime v1.9.4
[INFO] [stderr]    Compiling gcloud-pubsub v1.5.1
[INFO] [stderr]    Compiling aws-runtime v1.5.14
[INFO] [stderr]    Compiling aws-sdk-sts v1.92.0
[INFO] [stderr]    Compiling aws-sdk-sqs v1.89.0
[INFO] [stderr]    Compiling bb8-redis v0.24.0
[INFO] [stderr]    Compiling aws-config v1.8.10
[INFO] [stderr]    Compiling omniqueue v0.3.0 (/opt/rustwide/workdir)
[INFO] [stderr]     Finished `release` profile [optimized] target(s) in 2m 04s
[INFO] [stderr] warning: the following packages contain code that will be rejected by a future version of Rust: redis v0.32.7
[INFO] [stderr] note: to see what the problems were, use the option `--future-incompat-report`, or run `cargo report future-incompatibilities --id 1`
[INFO] running `Command { std: "docker" "inspect" "240b498f578f9a806e2c21a1b056b5134f879c72a60b1401c0f73859a13a54f7", kill_on_drop: false }`
[INFO] running `Command { std: "docker" "exec" "-e" "SOURCE_DIR=/opt/rustwide/workdir" "-e" "CARGO_HOME=/opt/rustwide/cargo-home" "-e" "RUSTUP_HOME=/opt/rustwide/rustup-home" "-e" "CARGO_TARGET_DIR=/opt/rustwide/target" "-e" "CARGO_INCREMENTAL=0" "-e" "RUST_BACKTRACE=full" "-e" "RUSTFLAGS=--cap-lints=warn" "-e" "RUSTDOCFLAGS=--cap-lints=warn" "-w" "/opt/rustwide/workdir" "--user" "0:0" "240b498f578f9a806e2c21a1b056b5134f879c72a60b1401c0f73859a13a54f7" "/opt/rustwide/cargo-home/bin/cargo" "+1.100.0-beta.1" "test" "--frozen" "--release", kill_on_drop: false }`
[INFO] [stderr]     Finished `release` profile [optimized] target(s) in 0.61s
[INFO] [stderr] warning: the following packages contain code that will be rejected by a future version of Rust: redis v0.32.7
[INFO] [stderr] note: to see what the problems were, use the option `--future-incompat-report`, or run `cargo report future-incompatibilities --id 1`
[INFO] [stderr]      Running unittests src/lib.rs (/opt/rustwide/target/release/build/omniqueue/b09566f07bf005bd/out/omniqueue-b09566f07bf005bd)
[INFO] [stdout] 
[INFO] [stdout] running 7 tests
[INFO] [stdout] test backends::in_memory::tests::simple_queue_test ... ok
[INFO] [stdout] test queue::acker::tests::assert_acker_sync ... ok
[INFO] [stdout] test backends::in_memory::tests::test_send_recv_all_full_then_partial ... ok
[INFO] [stdout] test backends::in_memory::tests::test_send_recv_all_partial ... ok
[INFO] [stdout] test backends::in_memory::tests::test_send_recv_all_full ... ok
[INFO] [stdout] test backends::in_memory::tests::test_scheduled ... ok
[INFO] [stderr]      Running tests/it/main.rs (/opt/rustwide/target/release/build/omniqueue/347fc447998fcd1a/out/it-347fc447998fcd1a)
[INFO] [stdout] test backends::in_memory::tests::test_send_recv_all_late_arriving_items ... ok
[INFO] [stdout] 
[INFO] [stdout] test result: ok. 7 passed; 0 failed; 0 ignored; 0 measured; 0 filtered out; finished in 1.01s
[INFO] [stdout] 
[INFO] [stdout] 
[INFO] [stdout] running 54 tests
[INFO] [stdout] test gcp_pubsub::test_send_recv_all_partial ... FAILED
[INFO] [stdout] test gcp_pubsub::test_send_recv_all_full_then_partial ... FAILED
[INFO] [stdout] test gcp_pubsub::test_send_recv_all_full ... FAILED
[INFO] [stdout] test gcp_pubsub::test_raw_send_recv ... FAILED
[INFO] [stdout] test rabbitmq::test_serde_send_recv ... FAILED
[INFO] [stdout] test rabbitmq::test_send_recv_all_full ... FAILED
[INFO] [stdout] test gcp_pubsub::test_bytes_send_recv ... FAILED
[INFO] [stdout] test rabbitmq::test_send_recv_all_partial ... FAILED
[INFO] [stdout] test gcp_pubsub::test_send_recv_all_late_arriving_items ... FAILED
[INFO] [stdout] test rabbitmq::test_scheduled ... FAILED
[INFO] [stdout] test redis::test_bytes_send_recv::case_1 ... FAILED
[INFO] [stdout] test rabbitmq::test_bytes_send_recv ... FAILED
[INFO] [stdout] test redis::test_backward_compatible ... FAILED
[INFO] [stdout] test rabbitmq::test_send_recv_all_late_arriving_items ... FAILED
[INFO] [stdout] test gcp_pubsub::test_serde_send_recv ... FAILED
[INFO] [stdout] test redis::test_scheduled::case_1 ... FAILED
[INFO] [stdout] test redis::test_raw_send_recv::case_1 ... FAILED
[INFO] [stdout] test redis::test_send_recv_all_partial::case_1 ... FAILED
[INFO] [stdout] test redis::test_send_recv_all_full::case_1 ... FAILED
[INFO] [stdout] test rabbitmq::test_send_recv_all_full_then_partial ... FAILED
[INFO] [stdout] test redis_cluster::test_deadletter_config ... FAILED
[INFO] [stdout] test redis::test_deadletter_config_order ... FAILED
[INFO] [stdout] test redis::test_send_recv_all_full_then_partial::case_1 ... FAILED
[INFO] [stdout] test redis::test_pending::case_1 ... FAILED
[INFO] [stdout] test redis::test_deadletter_config ... FAILED
[INFO] [stdout] test redis::test_serde_send_recv::case_1 ... FAILED
[INFO] [stdout] test redis_cluster::test_backward_compatible ... FAILED
[INFO] [stdout] test redis_cluster::test_send_recv_all_late_arriving_items ... FAILED
[INFO] [stdout] test redis_cluster::test_serde_send_recv ... FAILED
[INFO] [stdout] test redis::test_send_recv_all_late_arriving_items::case_1 ... FAILED
[INFO] [stdout] test redis_cluster::test_pending ... FAILED
[INFO] [stdout] test redis_cluster::test_deadletter_config_order ... FAILED
[INFO] [stdout] test redis_cluster::test_send_recv_all_full ... FAILED
[INFO] [stdout] test redis_cluster::test_scheduled ... FAILED
[INFO] [stdout] test redis_cluster::test_bytes_send_recv ... FAILED
[INFO] [stdout] 
[INFO] [stdout] thread 'redis_fallback::test_backward_compatible' (7502) panicked at tests/it/redis_fallback.rs:552:68:
[INFO] [stdout] called `Result::unwrap()` on an `Err` value: Connection refused (os error 111)
[INFO] [stdout] stack backtrace:
[INFO] [stdout]    0:     0x5e88b9916421 - <<std[617be2ca0a6fd877]::sys::backtrace::BacktraceLock>::print::DisplayBacktrace as core[a373ad73a504971]::fmt::Display>::fmt
[INFO] [stdout]    1:     0x5e88b993154a - core[a373ad73a504971]::fmt::write
[INFO] [stdout]    2:     0x5e88b991bb0c - <alloc[2e1b2a31b91974c5]::vec::Vec<u8> as core[a373ad73a504971]::io::write::Write>::write_fmt
[INFO] [stdout]    3:     0x5e88b98ef3e6 - std[617be2ca0a6fd877]::panicking::default_hook::{closure#0}
[INFO] [stdout]    4:     0x5e88b990d019 - std[617be2ca0a6fd877]::panicking::default_hook
[INFO] [stdout]    5:     0x5e88b8d434f0 - test[aada8e7e76ba119b]::test_main_inner::{closure#0}
[INFO] [stdout]    6:     0x5e88b990d342 - std[617be2ca0a6fd877]::panicking::panic_with_hook
[INFO] [stdout]    7:     0x5e88b98ef492 - std[617be2ca0a6fd877]::panicking::panic_handler::{closure#0}
[INFO] [stdout]    8:     0x5e88b98e7c59 - std[617be2ca0a6fd877]::sys::backtrace::__rust_end_short_backtrace::<std[617be2ca0a6fd877]::panicking::panic_handler::{closure#0}, !>
[INFO] [stdout]    9:     0x5e88b98f032d - __rustc[ea4f61d10b84890b]::rust_begin_unwind
[INFO] [stdout]   10:     0x5e88b9931cac - core[a373ad73a504971]::panicking::panic_fmt
[INFO] [stdout]   11:     0x5e88b9931a82 - core[a373ad73a504971]::result::unwrap_failed
[INFO] [stdout]   12:     0x5e88b8c626c3 - it[c03782bb0cf87cff]::redis_fallback::test_backward_compatible::{closure#0}
[INFO] [stdout]   13:     0x5e88b8cdfad3 - <tokio[d1a18c46d44b42ab]::runtime::scheduler::current_thread::Context>::enter::<core[a373ad73a504971]::task::poll::Poll<()>, <tokio[d1a18c46d44b42ab]::runtime::scheduler::current_thread::CoreGuard>::block_on<core[a373ad73a504971]::pin::Pin<&mut core[a373ad73a504971]::pin::Pin<&mut dyn core[a373ad73a504971]::future::future::Future<Output = ()>>>>::{closure#0}::{closure#0}>
[INFO] [stdout]   14:     0x5e88b8aae40c - <tokio[d1a18c46d44b42ab]::runtime::context::scoped::Scoped<tokio[d1a18c46d44b42ab]::runtime::scheduler::Context>>::set::<<tokio[d1a18c46d44b42ab]::runtime::scheduler::current_thread::CoreGuard>::enter<<tokio[d1a18c46d44b42ab]::runtime::scheduler::current_thread::CoreGuard>::block_on<core[a373ad73a504971]::pin::Pin<&mut core[a373ad73a504971]::pin::Pin<&mut dyn core[a373ad73a504971]::future::future::Future<Output = ()>>>>::{closure#0}, core[a373ad73a504971]::option::Option<()>>::{closure#0}, (alloc[2e1b2a31b91974c5]::boxed::Box<tokio[d1a18c46d44b42ab]::runtime::scheduler::current_thread::Core>, core[a373ad73a504971]::option::Option<()>)>
[INFO] [stdout]   15:     0x5e88b8cde6dd - <tokio[d1a18c46d44b42ab]::runtime::scheduler::current_thread::CurrentThread>::block_on::<core[a373ad73a504971]::pin::Pin<&mut dyn core[a373ad73a504971]::future::future::Future<Output = ()>>>
[INFO] [stdout]   16:     0x5e88b8c42652 - <tokio[d1a18c46d44b42ab]::runtime::runtime::Runtime>::block_on::<core[a373ad73a504971]::pin::Pin<&mut dyn core[a373ad73a504971]::future::future::Future<Output = ()>>>
[INFO] [stdout]   17:     0x5e88b8c7254e - <it[c03782bb0cf87cff]::redis_fallback::test_backward_compatible::{closure#0} as core[a373ad73a504971]::ops::function::FnOnce<()>>::call_once
[INFO] [stdout]   18:     0x5e88b8d3693b - test[aada8e7e76ba119b]::__rust_begin_short_backtrace::<core[a373ad73a504971]::result::Result<(), alloc[2e1b2a31b91974c5]::string::String>, fn() -> core[a373ad73a504971]::result::Result<(), alloc[2e1b2a31b91974c5]::string::String>>
[INFO] [stdout]   19:     0x5e88b8d43b15 - test[aada8e7e76ba119b]::run_test::{closure#0}
[INFO] [stdout]   20:     0x5e88b8d3d404 - std[617be2ca0a6fd877]::sys::backtrace::__rust_begin_short_backtrace::<test[aada8e7e76ba119b]::run_test::{closure#1}, ()>
[INFO] [stdout]   21:     0x5e88b8d46ba2 - <std[617be2ca0a6fd877]::thread::lifecycle::spawn_unchecked<test[aada8e7e76ba119b]::run_test::{closure#1}, ()>::{closure#1} as core[a373ad73a504971]::ops::function::FnOnce<()>>::call_once::{shim:vtable#0}
[INFO] [stdout]   22:     0x5e88b99150af - <std[617be2ca0a6fd877]::sys::thread::unix::Thread>::new::thread_start
[INFO] [stdout]   23:     0x792149484dfa - <unknown>
[INFO] [stdout]   24:     0x7921495183d4 - clone
[INFO] [stdout]   25:                0x0 - <unknown>
[INFO] [stdout] 
[INFO] [stdout] thread 'redis_fallback::test_backward_compatible' (7502) panicked at tests/it/redis_fallback.rs:21:48:
[INFO] [stdout] called `Result::unwrap()` on an `Err` value: Connection refused (os error 111)
[INFO] [stdout] stack backtrace:
[INFO] [stdout]    0:     0x5e88b9916421 - <<std[617be2ca0a6fd877]::sys::backtrace::BacktraceLock>::print::DisplayBacktrace as core[a373ad73a504971]::fmt::Display>::fmt
[INFO] [stdout]    1:     0x5e88b993154a - core[a373ad73a504971]::fmt::write
[INFO] [stdout]    2:     0x5e88b991bb0c - <alloc[2e1b2a31b91974c5]::vec::Vec<u8> as core[a373ad73a504971]::io::write::Write>::write_fmt
[INFO] [stdout]    3:     0x5e88b98ef3e6 - std[617be2ca0a6fd877]::panicking::default_hook::{closure#0}
[INFO] [stdout]    4:     0x5e88b990d019 - std[617be2ca0a6fd877]::panicking::default_hook
[INFO] [stdout]    5:     0x5e88b8d434f0 - test[aada8e7e76ba119b]::test_main_inner::{closure#0}
[INFO] [stdout]    6:     0x5e88b990d342 - std[617be2ca0a6fd877]::panicking::panic_with_hook
[INFO] [stdout]    7:     0x5e88b98ef492 - std[617be2ca0a6fd877]::panicking::panic_handler::{closure#0}
[INFO] [stdout]    8:     0x5e88b98e7c59 - std[617be2ca0a6fd877]::sys::backtrace::__rust_end_short_backtrace::<std[617be2ca0a6fd877]::panicking::panic_handler::{closure#0}, !>
[INFO] [stdout]    9:     0x5e88b98f032d - __rustc[ea4f61d10b84890b]::rust_begin_unwind
[INFO] [stdout]   10:     0x5e88b9931cac - core[a373ad73a504971]::panicking::panic_fmt
[INFO] [stdout]   11:     0x5e88b9931a82 - core[a373ad73a504971]::result::unwrap_failed
[INFO] [stdout]   12:     0x5e88b8c4b102 - core[a373ad73a504971]::ptr::drop_glue::<it[c03782bb0cf87cff]::redis_fallback::RedisKeyDrop>
[INFO] [stdout]   13:     0x5e88b8c62b8a - it[c03782bb0cf87cff]::redis_fallback::test_backward_compatible::{closure#0}
[INFO] [stdout]   14:     0x5e88b8cdfad3 - <tokio[d1a18c46d44b42ab]::runtime::scheduler::current_thread::Context>::enter::<core[a373ad73a504971]::task::poll::Poll<()>, <tokio[d1a18c46d44b42ab]::runtime::scheduler::current_thread::CoreGuard>::block_on<core[a373ad73a504971]::pin::Pin<&mut core[a373ad73a504971]::pin::Pin<&mut dyn core[a373ad73a504971]::future::future::Future<Output = ()>>>>::{closure#0}::{closure#0}>
[INFO] [stdout]   15:     0x5e88b8aae40c - <tokio[d1a18c46d44b42ab]::runtime::context::scoped::Scoped<tokio[d1a18c46d44b42ab]::runtime::scheduler::Context>>::set::<<tokio[d1a18c46d44b42ab]::runtime::scheduler::current_thread::CoreGuard>::enter<<tokio[d1a18c46d44b42ab]::runtime::scheduler::current_thread::CoreGuard>::block_on<core[a373ad73a504971]::pin::Pin<&mut core[a373ad73a504971]::pin::Pin<&mut dyn core[a373ad73a504971]::future::future::Future<Output = ()>>>>::{closure#0}, core[a373ad73a504971]::option::Option<()>>::{closure#0}, (alloc[2e1b2a31b91974c5]::boxed::Box<tokio[d1a18c46d44b42ab]::runtime::scheduler::current_thread::Core>, core[a373ad73a504971]::option::Option<()>)>
[INFO] [stdout]   16:     0x5e88b8cde6dd - <tokio[d1a18c46d44b42ab]::runtime::scheduler::current_thread::CurrentThread>::block_on::<core[a373ad73a504971]::pin::Pin<&mut dyn core[a373ad73a504971]::future::future::Future<Output = ()>>>
[INFO] [stdout]   17:     0x5e88b8c42652 - <tokio[d1a18c46d44b42ab]::runtime::runtime::Runtime>::block_on::<core[a373ad73a504971]::pin::Pin<&mut dyn core[a373ad73a504971]::future::future::Future<Output = ()>>>
[INFO] [stdout]   18:     0x5e88b8c7254e - <it[c03782bb0cf87cff]::redis_fallback::test_backward_compatible::{closure#0} as core[a373ad73a504971]::ops::function::FnOnce<()>>::call_once
[INFO] [stdout]   19:     0x5e88b8d3693b - test[aada8e7e76ba119b]::__rust_begin_short_backtrace::<core[a373ad73a504971]::result::Result<(), alloc[2e1b2a31b91974c5]::string::String>, fn() -> core[a373ad73a504971]::result::Result<(), alloc[2e1b2a31b91974c5]::string::String>>
[INFO] [stdout]   20:     0x5e88b8d43b15 - test[aada8e7e76ba119b]::run_test::{closure#0}
[INFO] [stdout]   21:     0x5e88b8d3d404 - std[617be2ca0a6fd877]::sys::backtrace::__rust_begin_short_backtrace::<test[aada8e7e76ba119b]::run_test::{closure#1}, ()>
[INFO] [stdout]   22:     0x5e88b8d46ba2 - <std[617be2ca0a6fd877]::thread::lifecycle::spawn_unchecked<test[aada8e7e76ba119b]::run_test::{closure#1}, ()>::{closure#1} as core[a373ad73a504971]::ops::function::FnOnce<()>>::call_once::{shim:vtable#0}
[INFO] [stdout]   23:     0x5e88b99150af - <std[617be2ca0a6fd877]::sys::thread::unix::Thread>::new::thread_start
[INFO] [stdout]   24:     0x792149484dfa - <unknown>
[INFO] [stdout]   25:     0x7921495183d4 - clone
[INFO] [stdout]   26:                0x0 - <unknown>
[INFO] [stderr] 
[INFO] [stderr] thread 'redis_fallback::test_backward_compatible' (7502) panicked at /rustc/e3feeb59cd1bdd011a2bfcc0747b55125d9b8527/library/core/src/panicking.rs:233:5:
[INFO] [stderr] panic in a destructor during cleanup
[INFO] [stderr] thread caused non-unwinding panic. aborting.
[INFO] [stderr] error: test failed, to rerun pass `--test it`
[INFO] [stderr] 
[INFO] [stderr] Caused by:
[INFO] [stderr]   process didn't exit successfully: `/opt/rustwide/target/release/build/omniqueue/347fc447998fcd1a/out/it-347fc447998fcd1a` (signal: 6, SIGABRT: process abort signal)
[INFO] running `Command { std: "docker" "inspect" "240b498f578f9a806e2c21a1b056b5134f879c72a60b1401c0f73859a13a54f7", kill_on_drop: false }`
[INFO] running `Command { std: "docker" "rm" "-f" "240b498f578f9a806e2c21a1b056b5134f879c72a60b1401c0f73859a13a54f7", kill_on_drop: false }`
[INFO] [stdout] 240b498f578f9a806e2c21a1b056b5134f879c72a60b1401c0f73859a13a54f7
