[INFO] fetching crate noble 1.9.0...
[INFO] testing noble-1.9.0 against 1.100.0-beta.1+cargoflags=--release for beta-release-1.100-2
[INFO] extracting crate noble 1.9.0 into /workspace/builds/worker-0-tc2/source
[INFO] removed /workspace/builds/worker-0-tc2/source/.cargo/config.toml
[INFO] started tweaking crates.io crate noble 1.9.0
[INFO] finished tweaking crates.io crate noble 1.9.0
[INFO] tweaked toml for crates.io crate noble 1.9.0 written to /workspace/builds/worker-0-tc2/source/Cargo.toml
[INFO] validating manifest of crates.io crate noble 1.9.0 on toolchain 1.100.0-beta.1
[INFO] running `Command { std: CARGO_HOME="/workspace/cargo-home" RUSTUP_HOME="/workspace/rustup-home" "/workspace/cargo-home/bin/cargo" "+1.100.0-beta.1" "metadata" "--manifest-path" "Cargo.toml" "--no-deps", kill_on_drop: false }`
[INFO] crate crates.io crate noble 1.9.0 already has a lockfile, it will not be regenerated
[INFO] running `Command { std: CARGO_HOME="/workspace/cargo-home" RUSTUP_HOME="/workspace/rustup-home" "/workspace/cargo-home/bin/cargo" "+1.100.0-beta.1" "fetch" "--manifest-path" "Cargo.toml", kill_on_drop: false }`
[INFO] [stderr] warning: `package.homepage` is redundant with `package.repository`
[INFO] [stderr]   --> Cargo.toml:73:12
[INFO] [stderr]    |
[INFO] [stderr] 73 | homepage = "https://github.com/MertSoylu/noble"
[INFO] [stderr]    |            ^^^^^^^^^^^^^^^^^^^^^^^^^^^^^^^^^^^^
[INFO] [stderr] ...
[INFO] [stderr] 78 | repository = "https://github.com/MertSoylu/noble"
[INFO] [stderr]    |              ------------------------------------
[INFO] [stderr]    |
[INFO] [stderr]    = note: `cargo::redundant_homepage` is set to `warn` by default
[INFO] [stderr] help: consider removing `package.homepage`
[INFO] [stderr] warning: `noble` (manifest) generated 1 warning
[INFO] running `Command { std: "docker" "create" "-v" "/var/lib/crater-agent-workspace/builds/worker-0-tc2/source:/opt/rustwide/workdir:ro,Z" "-v" "/var/lib/crater-agent-workspace/builds/worker-0-tc2/target:/opt/rustwide/target:rw,Z" "-v" "/var/lib/crater-agent-workspace/cargo-home:/opt/rustwide/cargo-home:ro,Z" "-v" "/var/lib/crater-agent-workspace/rustup-home:/opt/rustwide/rustup-home:ro,Z" "-m" "1610612736" "--network" "none" "ghcr.io/rust-lang/crates-build-env/linux@sha256:77db811e55d90add9212f6832c23229e3de5f1c1f9905e8cb07319ea15df73ac" "sleep" "infinity", kill_on_drop: false }`
[INFO] [stdout] 31a934a05c237262cba6e7823b3fb886dd38cd7b6c0aa7da2453d555c773348a
[INFO] running `Command { std: "docker" "start" "31a934a05c237262cba6e7823b3fb886dd38cd7b6c0aa7da2453d555c773348a", kill_on_drop: false }`
[INFO] running `Command { std: "docker" "inspect" "31a934a05c237262cba6e7823b3fb886dd38cd7b6c0aa7da2453d555c773348a", kill_on_drop: false }`
[INFO] running `Command { std: "docker" "exec" "-e" "SOURCE_DIR=/opt/rustwide/workdir" "-e" "CARGO_HOME=/opt/rustwide/cargo-home" "-e" "RUSTUP_HOME=/opt/rustwide/rustup-home" "-e" "CARGO_TARGET_DIR=/opt/rustwide/target" "-w" "/opt/rustwide/workdir" "--user" "0:0" "31a934a05c237262cba6e7823b3fb886dd38cd7b6c0aa7da2453d555c773348a" "/opt/rustwide/cargo-home/bin/cargo" "+1.100.0-beta.1" "metadata" "--no-deps" "--format-version=1", kill_on_drop: false }`
[INFO] running `Command { std: "docker" "inspect" "31a934a05c237262cba6e7823b3fb886dd38cd7b6c0aa7da2453d555c773348a", kill_on_drop: false }`
[INFO] running `Command { std: "docker" "exec" "-e" "SOURCE_DIR=/opt/rustwide/workdir" "-e" "CARGO_HOME=/opt/rustwide/cargo-home" "-e" "RUSTUP_HOME=/opt/rustwide/rustup-home" "-e" "CARGO_TARGET_DIR=/opt/rustwide/target" "-e" "CARGO_INCREMENTAL=0" "-e" "RUST_BACKTRACE=full" "-e" "RUSTFLAGS=--cap-lints=warn" "-e" "RUSTDOCFLAGS=--cap-lints=warn" "-w" "/opt/rustwide/workdir" "--user" "0:0" "31a934a05c237262cba6e7823b3fb886dd38cd7b6c0aa7da2453d555c773348a" "/opt/rustwide/cargo-home/bin/cargo" "+1.100.0-beta.1" "build" "--frozen" "--message-format=json" "--release", kill_on_drop: false }`
[INFO] [stderr] warning: `package.homepage` is redundant with `package.repository`
[INFO] [stderr]   --> Cargo.toml:73:12
[INFO] [stderr]    |
[INFO] [stderr] 73 | homepage = "https://github.com/MertSoylu/noble"
[INFO] [stderr]    |            ^^^^^^^^^^^^^^^^^^^^^^^^^^^^^^^^^^^^
[INFO] [stderr] ...
[INFO] [stderr] 78 | repository = "https://github.com/MertSoylu/noble"
[INFO] [stderr]    |              ------------------------------------
[INFO] [stderr]    |
[INFO] [stderr]    = note: `cargo::redundant_homepage` is set to `warn` by default
[INFO] [stderr] help: consider removing `package.homepage`
[INFO] [stderr] warning: `noble` (manifest) generated 1 warning
[INFO] [stderr]    Compiling proc-macro2 v1.0.107
[INFO] [stderr]    Compiling unicode-ident v1.0.26
[INFO] [stderr]    Compiling quote v1.0.47
[INFO] [stderr]    Compiling libc v0.2.189
[INFO] [stderr]    Compiling cfg-if v1.0.5
[INFO] [stderr]    Compiling bitflags v2.13.2
[INFO] [stderr]    Compiling shlex v2.0.1
[INFO] [stderr]    Compiling find-msvc-tools v0.1.13
[INFO] [stderr]    Compiling equivalent v1.0.2
[INFO] [stderr]    Compiling allocator-api2 v0.2.21
[INFO] [stderr]    Compiling foldhash v0.2.0
[INFO] [stderr]    Compiling rustix v1.1.5
[INFO] [stderr]    Compiling linux-raw-sys v0.12.1
[INFO] [stderr]    Compiling log v0.4.34
[INFO] [stderr]    Compiling smallvec v1.16.1
[INFO] [stderr]    Compiling itoa v1.0.18
[INFO] [stderr]    Compiling pkg-config v0.3.34
[INFO] [stderr]    Compiling thiserror v2.0.20
[INFO] [stderr]    Compiling rustversion v1.0.23
[INFO] [stderr]    Compiling cc v1.4.7
[INFO] [stderr]    Compiling memchr v2.8.3
[INFO] [stderr]    Compiling strsim v0.11.1
[INFO] [stderr]    Compiling parking_lot_core v0.9.12
[INFO] [stderr]    Compiling ident_case v1.0.1
[INFO] [stderr]    Compiling downcast-rs v1.2.1
[INFO] [stderr]    Compiling serde_core v1.0.229
[INFO] [stderr]    Compiling either v1.18.0
[INFO] [stderr]    Compiling scopeguard v1.2.0
[INFO] [stderr]    Compiling unicode-segmentation v1.13.3
[INFO] [stderr]    Compiling wayland-client v0.31.15
[INFO] [stderr]    Compiling heck v0.5.0
[INFO] [stderr]    Compiling unicode-width v0.2.2
[INFO] [stderr]    Compiling signal-hook v0.3.18
[INFO] [stderr]    Compiling lock_api v0.4.14
[INFO] [stderr]    Compiling ryu v1.0.23
[INFO] [stderr]    Compiling hashbrown v0.17.1
[INFO] [stderr]    Compiling wayland-sys v0.31.11
[INFO] [stderr]    Compiling hashbrown v0.16.1
[INFO] [stderr]    Compiling quick-xml v0.41.0
[INFO] [stderr]    Compiling convert_case v0.10.0
[INFO] [stderr]    Compiling itertools v0.14.0
[INFO] [stderr]    Compiling foldhash v0.1.5
[INFO] [stderr]    Compiling syn v3.0.6
[INFO] [stderr]    Compiling syn v2.0.119
[INFO] [stderr]    Compiling castaway v0.2.4
[INFO] [stderr]    Compiling static_assertions v1.1.0
[INFO] [stderr]    Compiling instability v0.3.13
[INFO] [stderr]    Compiling zeroize v1.9.0
[INFO] [stderr]    Compiling hashbrown v0.15.5
[INFO] [stderr]    Compiling compact_str v0.9.1
[INFO] [stderr]    Compiling critical-section v1.2.0
[INFO] [stderr]    Compiling autocfg v1.5.1
[INFO] [stderr]    Compiling rustls-pki-types v1.15.1
[INFO] [stderr]    Compiling crc32fast v1.5.2
[INFO] [stderr]    Compiling indoc v2.0.7
[INFO] [stderr]    Compiling cfg_aliases v0.1.1
[INFO] [stderr]    Compiling thiserror v1.0.69
[INFO] [stderr]    Compiling indexmap v2.14.2
[INFO] [stderr]    Compiling lru v0.18.4
[INFO] [stderr]    Compiling httparse v1.10.1
[INFO] [stderr]    Compiling litrs v1.0.0
[INFO] [stderr]    Compiling fixedbitset v0.5.7
[INFO] [stderr]    Compiling untrusted v0.9.0
[INFO] [stderr]    Compiling num-traits v0.2.19
[INFO] [stderr]    Compiling nix v0.28.0
[INFO] [stderr]    Compiling nom v8.0.0
[INFO] [stderr]    Compiling rustls v0.23.45
[INFO] [stderr]    Compiling bytes v1.12.1
[INFO] [stderr]    Compiling anyhow v1.0.104
[INFO] [stderr]    Compiling adler2 v2.0.1
[INFO] [stderr]    Compiling wayland-scanner v0.31.11
[INFO] [stderr]    Compiling wayland-backend v0.3.17
[INFO] [stderr]    Compiling ring v0.17.14
[INFO] [stderr]    Compiling document-features v0.2.12
[INFO] [stderr]    Compiling zmij v1.0.23
[INFO] [stderr]    Compiling errno v0.3.14
[INFO] [stderr]    Compiling mio v1.2.3
[INFO] [stderr]    Compiling signal-hook-registry v1.4.8
[INFO] [stderr]    Compiling getrandom v0.2.17
[INFO] [stderr]    Compiling simd-adler32 v0.3.10
[INFO] [stderr]    Compiling parking_lot v0.12.5
[INFO] [stderr]    Compiling petgraph v0.8.3
[INFO] [stderr]    Compiling miniz_oxide v0.9.1
[INFO] [stderr]    Compiling signal-hook-mio v0.2.5
[INFO] [stderr]    Compiling http v1.5.0
[INFO] [stderr]    Compiling unicode-truncate v2.0.1
[INFO] [stderr]    Compiling os_pipe v1.2.3
[INFO] [stderr]    Compiling line-clipping v0.3.8
[INFO] [stderr]    Compiling x11rb-protocol v0.13.2
[INFO] [stderr]    Compiling signal-hook v0.4.4
[INFO] [stderr]    Compiling option-ext v0.2.0
[INFO] [stderr]    Compiling percent-encoding v2.3.2
[INFO] [stderr]    Compiling winnow v1.0.4
[INFO] [stderr]    Compiling base64 v0.23.1
[INFO] [stderr]    Compiling arrayvec v0.7.8
[INFO] [stderr]    Compiling serde_json v1.0.151
[INFO] [stderr]    Compiling serde v1.0.229
[INFO] [stderr]    Compiling once_cell v1.21.4
[INFO] [stderr]    Compiling subtle v2.6.1
[INFO] [stderr]    Compiling vte v0.15.0
[INFO] [stderr]    Compiling toml_parser v1.1.3+spec-1.1.0
[INFO] [stderr]    Compiling toml_datetime v1.1.1+spec-1.1.0
[INFO] [stderr]    Compiling serde_spanned v1.1.1
[INFO] [stderr]    Compiling flate2 v1.1.10
[INFO] [stderr]    Compiling dirs-sys v0.5.0
[INFO] [stderr]    Compiling ureq-proto v0.6.4
[INFO] [stderr]    Compiling serial2 v0.2.38
[INFO] [stderr]    Compiling webpki-roots v1.0.9
[INFO] [stderr]    Compiling darling_core v0.24.1
[INFO] [stderr]    Compiling utf8-zero v0.8.1
[INFO] [stderr]    Compiling strum_macros v0.28.0
[INFO] [stderr]    Compiling derive_more-impl v2.1.1
[INFO] [stderr]    Compiling thiserror-impl v1.0.69
[INFO] [stderr]    Compiling shell-words v1.1.1
[INFO] [stderr]    Compiling toml_writer v1.1.2+spec-1.1.0
[INFO] [stderr]    Compiling iana-time-zone v0.1.65
[INFO] [stderr]    Compiling dirs v7.0.0
[INFO] [stderr]    Compiling toml v1.1.6+spec-1.1.0
[INFO] [stderr]    Compiling chrono v0.4.45
[INFO] [stderr]    Compiling vt100 v0.16.2
[INFO] [stderr]    Compiling derive_more v2.1.1
[INFO] [stderr]    Compiling sysinfo v0.39.6
[INFO] [stderr]    Compiling tree_magic_mini v3.2.2
[INFO] [stderr]    Compiling thiserror-impl v2.0.20
[INFO] [stderr]    Compiling serde_derive v1.0.229
[INFO] [stderr]    Compiling filedescriptor v0.8.3
[INFO] [stderr]    Compiling portable-pty v0.9.0
[INFO] [stderr]    Compiling strum v0.28.0
[INFO] [stderr]    Compiling crossterm v0.29.0
[INFO] [stderr]    Compiling gethostname v1.1.0
[INFO] [stderr]    Compiling kasuari v0.4.12
[INFO] [stderr]    Compiling darling_macro v0.24.1
[INFO] [stderr]    Compiling ratatui-core v0.1.2
[INFO] [stderr]    Compiling darling v0.24.1
[INFO] [stderr]    Compiling x11rb v0.13.2
[INFO] [stderr]    Compiling ratatui-crossterm v0.1.2
[INFO] [stderr]    Compiling ratatui-widgets v0.3.2
[INFO] [stderr]    Compiling wayland-protocols v0.32.13
[INFO] [stderr]    Compiling ratatui v0.30.2
[INFO] [stderr]    Compiling wayland-protocols-wlr v0.3.12
[INFO] [stderr]    Compiling rustls-webpki v0.103.15
[INFO] [stderr]    Compiling wl-clipboard-rs v0.9.3
[INFO] [stderr]    Compiling arboard v3.6.1
[INFO] [stderr]    Compiling ureq v3.4.2
[INFO] [stderr]    Compiling noble v1.9.0 (/opt/rustwide/workdir)
[INFO] [stderr]     Finished `release` profile [optimized] target(s) in 1m 31s
[INFO] [stderr] warning: the following packages contain code that will be rejected by a future version of Rust: nix v0.28.0
[INFO] [stderr] note: to see what the problems were, use the option `--future-incompat-report`, or run `cargo report future-incompatibilities --id 1`
[INFO] running `Command { std: "docker" "inspect" "31a934a05c237262cba6e7823b3fb886dd38cd7b6c0aa7da2453d555c773348a", kill_on_drop: false }`
[INFO] running `Command { std: "docker" "exec" "-e" "SOURCE_DIR=/opt/rustwide/workdir" "-e" "CARGO_HOME=/opt/rustwide/cargo-home" "-e" "RUSTUP_HOME=/opt/rustwide/rustup-home" "-e" "CARGO_TARGET_DIR=/opt/rustwide/target" "-e" "CARGO_INCREMENTAL=0" "-e" "RUST_BACKTRACE=full" "-e" "RUSTFLAGS=--cap-lints=warn" "-e" "RUSTDOCFLAGS=--cap-lints=warn" "-w" "/opt/rustwide/workdir" "--user" "0:0" "31a934a05c237262cba6e7823b3fb886dd38cd7b6c0aa7da2453d555c773348a" "/opt/rustwide/cargo-home/bin/cargo" "+1.100.0-beta.1" "test" "--frozen" "--no-run" "--message-format=json" "--release", kill_on_drop: false }`
[INFO] [stderr] warning: `package.homepage` is redundant with `package.repository`
[INFO] [stderr]   --> Cargo.toml:73:12
[INFO] [stderr]    |
[INFO] [stderr] 73 | homepage = "https://github.com/MertSoylu/noble"
[INFO] [stderr]    |            ^^^^^^^^^^^^^^^^^^^^^^^^^^^^^^^^^^^^
[INFO] [stderr] ...
[INFO] [stderr] 78 | repository = "https://github.com/MertSoylu/noble"
[INFO] [stderr]    |              ------------------------------------
[INFO] [stderr]    |
[INFO] [stderr]    = note: `cargo::redundant_homepage` is set to `warn` by default
[INFO] [stderr] help: consider removing `package.homepage`
[INFO] [stderr] warning: `noble` (manifest) generated 1 warning
[INFO] [stderr]    Compiling noble v1.9.0 (/opt/rustwide/workdir)
[INFO] [stderr]     Finished `release` profile [optimized] target(s) in 54.63s
[INFO] [stderr] warning: the following packages contain code that will be rejected by a future version of Rust: nix v0.28.0
[INFO] [stderr] note: to see what the problems were, use the option `--future-incompat-report`, or run `cargo report future-incompatibilities --id 1`
[INFO] running `Command { std: "docker" "inspect" "31a934a05c237262cba6e7823b3fb886dd38cd7b6c0aa7da2453d555c773348a", kill_on_drop: false }`
[INFO] running `Command { std: "docker" "exec" "-e" "SOURCE_DIR=/opt/rustwide/workdir" "-e" "CARGO_HOME=/opt/rustwide/cargo-home" "-e" "RUSTUP_HOME=/opt/rustwide/rustup-home" "-e" "CARGO_TARGET_DIR=/opt/rustwide/target" "-e" "CARGO_INCREMENTAL=0" "-e" "RUST_BACKTRACE=full" "-e" "RUSTFLAGS=--cap-lints=warn" "-e" "RUSTDOCFLAGS=--cap-lints=warn" "-w" "/opt/rustwide/workdir" "--user" "0:0" "31a934a05c237262cba6e7823b3fb886dd38cd7b6c0aa7da2453d555c773348a" "/opt/rustwide/cargo-home/bin/cargo" "+1.100.0-beta.1" "test" "--frozen" "--release", kill_on_drop: false }`
[INFO] [stderr] warning: `package.homepage` is redundant with `package.repository`
[INFO] [stderr]   --> Cargo.toml:73:12
[INFO] [stderr]    |
[INFO] [stderr] 73 | homepage = "https://github.com/MertSoylu/noble"
[INFO] [stderr]    |            ^^^^^^^^^^^^^^^^^^^^^^^^^^^^^^^^^^^^
[INFO] [stderr] ...
[INFO] [stderr] 78 | repository = "https://github.com/MertSoylu/noble"
[INFO] [stderr]    |              ------------------------------------
[INFO] [stderr]    |
[INFO] [stderr]    = note: `cargo::redundant_homepage` is set to `warn` by default
[INFO] [stderr] help: consider removing `package.homepage`
[INFO] [stderr] warning: `noble` (manifest) generated 1 warning
[INFO] [stderr]     Finished `release` profile [optimized] target(s) in 0.19s
[INFO] [stderr] warning: the following packages contain code that will be rejected by a future version of Rust: nix v0.28.0
[INFO] [stderr] note: to see what the problems were, use the option `--future-incompat-report`, or run `cargo report future-incompatibilities --id 1`
[INFO] [stderr]      Running unittests src/lib.rs (/opt/rustwide/target/release/build/noble/0716559fd5488455/out/noble-0716559fd5488455)
[INFO] [stdout] 
[INFO] [stdout] running 194 tests
[INFO] [stdout] test ai::json::tests::nested_containers ... ok
[INFO] [stdout] test ai::providers::tests::claude_payload ... ok
[INFO] [stdout] test ai::json::tests::window_shapes ... ok
[INFO] [stdout] test ai::providers::tests::agy_payload ... ok
[INFO] [stdout] test ai::providers::tests::kilo_pass_payload ... ok
[INFO] [stdout] test ai::providers::tests::agy_secret_service_reply ... ok
[INFO] [stdout] test ai::tests::agent_detection ... ok
[INFO] [stdout] test ai::providers::tests::cmdc_payload ... ok
[INFO] [stdout] test ai::tests::disabled_or_hidden_collector_sleeps_until_asked ... ok
[INFO] [stdout] test ai::tests::expired_login_is_told_apart_from_no_plan ... ok
[INFO] [stdout] test ai::providers::tests::ocgo_payload ... ok
[INFO] [stdout] test ai::providers::tests::codex_payload ... ok
[INFO] [stdout] test ai::providers::tests::kilo_token_kinds ... ok
[INFO] [stdout] test ai::providers::tests::detection_on_empty_home ... ok
[INFO] [stdout] test ai::tests::fetches_only_while_visible ... ok
[INFO] [stdout] test ai::tests::cache_is_written_atomically ... ok
[INFO] [stdout] test ai::providers::tests::ocgo_key_prefers_go_entry ... ok
[INFO] [stdout] test ai::tests::initial_states_come_from_cache ... ok
[INFO] [stdout] test app::agents::tests::hooks_offer_only_once_for_claude_without_hooks ... ok
[INFO] [stdout] test app::agents::tests::hook_state_maps_events_and_subagents ... ok
[INFO] [stdout] test app::fx::tests::agents_light_up_on_change ... ok
[INFO] [stdout] test app::fx::tests::focus_and_split ... ok
[INFO] [stdout] test app::fx::tests::notice_pulse_fades ... ok
[INFO] [stdout] test app::fx::tests::tabs_open_flash_and_close ... ok
[INFO] [stdout] test app::fx::tests::off_means_final_state ... ok
[INFO] [stdout] test app::fx::tests::tween_paces_its_frames ... ok
[INFO] [stdout] test app::fx::tests::glide_fades_rows ... ok
[INFO] [stdout] test app::agents::tests::headless_launch_never_offers ... ok
[INFO] [stdout] test app::search::tests::scrolled_out_is_zero_when_nothing_moved ... ok
[INFO] [stdout] test app::search::tests::scrolled_out_recovers_the_dropped_lines ... ok
[INFO] [stdout] test app::fx::tests::tween_starts_from_shown_value ... ok
[INFO] [stdout] test app::agents::tests::running_subagents_keep_the_session_working_after_stop ... ok
[INFO] [stdout] test app::agents::tests::older_orphan_and_ended_records_are_ignored ... ok
[INFO] [stdout] test app::agents::tests::records_drive_working_needs_you_and_your_turn ... ok
[INFO] [stdout] test app::tests::jump_order_prefers_needs_you_then_idle ... ok
[INFO] [stdout] test app::search::tests::scrolled_out_scores_only_around_the_selection ... ok
[INFO] [stdout] test battery::tests::live_battery ... ignored
[INFO] [stdout] test battery::tests::pmset_output ... ok
[INFO] [stdout] test battery::tests::linux_sysfs_skips_device_batteries ... ok
[INFO] [stdout] test battery::tests::trend_estimates_from_percent_changes ... ok
[INFO] [stdout] test battery::tests::linux_sysfs ... ok
[INFO] [stdout] test config::tests::partial_config_uses_defaults ... ok
[INFO] [stdout] test config::tests::old_config_gets_new_launchers ... ok
[INFO] [stdout] test config::tests::default_template_parses ... ok
[INFO] [stdout] test battery::tests::windows_fields ... ok
[INFO] [stdout] test config::tests::bad_config_reports_error ... ok
[INFO] [stdout] test config::tests::read_for_edit_never_replaces_unreadable_files ... ok
[INFO] [stdout] test config::tests::provider_lists_match_the_registry ... ok
[INFO] [stdout] test config::tests::load_reports_broken_files ... ok
[INFO] [stdout] test config::tests::set_launchers_rewrites_blocks ... ok
[INFO] [stdout] test config::tests::set_value_hash_inside_quotes ... ok
[INFO] [stdout] test config::tests::set_value_header_with_comment ... ok
[INFO] [stdout] test config::tests::set_value_replaces_multiline_arrays ... ok
[INFO] [stdout] test event::tests::a_burst_of_keys_with_a_line_break_is_a_paste ... ok
[INFO] [stdout] test config::tests::set_value_keeps_comments ... ok
[INFO] [stdout] test hooks::tests::noble_command_shape_is_strict ... ok
[INFO] [stdout] test hooks::tests::cli_writes_records_only_inside_noble ... ok
[INFO] [stdout] test hooks::tests::prune_removes_stale_and_reused_instance_records ... ok
[INFO] [stdout] test hooks::tests::backup_is_written_only_once ... ok
[INFO] [stdout] test hooks::tests::only_real_notifications_are_recorded ... ok
[INFO] [stdout] test hooks::tests::write_settings_cleans_up_its_temp_file ... ok
[INFO] [stdout] test keys::tests::parse_chords ... ok
[INFO] [stdout] test keys::tests::action_ids_roundtrip ... ok
[INFO] [stdout] test hooks::tests::install_keeps_other_settings_and_is_idempotent ... ok
[INFO] [stdout] test keys::tests::parse_edge_cases ... ok
[INFO] [stdout] test hooks::tests::session_end_clears_the_record ... ok
[INFO] [stdout] test hooks::tests::upgrade_keeps_a_base_path_that_contains_hook ... ok
[INFO] [stdout] test hooks::tests::subagents_are_counted_until_they_stop ... ok
[INFO] [stdout] test keys::tests::shift_is_folded_into_chars ... ok
[INFO] [stdout] test keys::tests::user_overrides ... ok
[INFO] [stdout] test hooks::tests::upgrade_adds_new_events_to_old_installs ... ok
[INFO] [stdout] test outer::tests::sequences_are_osc_9_and_777 ... ok
[INFO] [stdout] test outer::tests::windows_needs_a_terminal_that_understands_them ... ok
[INFO] [stdout] test projects::live_tests::live_git_info ... ignored
[INFO] [stdout] test projects::tests::log_parsing ... ok
[INFO] [stdout] test projects::tests::containing_project_is_deepest_match ... ok
[INFO] [stdout] test outer::tests::sanitize_strips_controls_and_caps_length ... ok
[INFO] [stdout] test sensors::tests::traffic_skips_loopback_and_virtual_links ... ok
[INFO] [stdout] test sensors::tests::container_and_system_mounts_are_skipped ... ok
[INFO] [stdout] test projects::tests::status_parsing ... ok
[INFO] [stdout] test projects::tests::manual_projects_filter_and_merge ... ok
[INFO] [stdout] test keys::tests::parse_fuzz_never_panics ... ok
[INFO] [stdout] test sensors::tests::history_is_bounded_and_status_tracks_load ... ok
[INFO] [stdout] test store::tests::frecency_prefers_frequent_and_recent ... ok
[INFO] [stdout] test projects::tests::scan_finds_repos ... ok
[INFO] [stdout] test store::tests::instance_ids_tell_live_windows_from_dead_ones ... ok
[INFO] [stdout] test store::tests::recent_and_pins_compare_paths_platform_aware ... ok
[INFO] [stdout] test store::tests::usage_history_merges_and_resamples ... ok
[INFO] [stdout] test term::input::tests::chars_and_controls ... ok
[INFO] [stdout] test term::input::tests::altgr_symbols_pass_through ... ok
[INFO] [stdout] test store::tests::workspace_serialization ... ok
[INFO] [stdout] test term::input::tests::mouse_sgr_and_default ... ok
[INFO] [stdout] test term::integration::tests::scripts_mark_command_starts ... ok
[INFO] [stdout] test term::input::tests::cursor_keys ... ok
[INFO] [stdout] test store::tests::recent_record_and_roundtrip ... ok
[INFO] [stdout] test term::integration::tests::install_writes_once ... ok
[INFO] [stdout] test term::integration::tests::scripts_use_bel_and_percent_encode ... ok
[INFO] [stdout] test term::integration::tests::system_zdotdir_that_replaces_noble_is_detected ... ok
[INFO] [stdout] test store::tests::write_json_cleans_up_its_temp_file ... ok
[INFO] [stdout] test term::layout::tests::focus_navigation ... ok
[INFO] [stdout] test term::integration::tests::scripts_report_the_exit_code_first ... ok
[INFO] [stdout] test store::tests::hidden_and_added_projects_round_trip ... ok
[INFO] [stdout] test term::layout::tests::growing_pane_unfolds ... ok
[INFO] [stdout] test store::tests::write_text_keeps_symlinks_and_permissions ... ok
[INFO] [stdout] test term::link::tests::classify_urls_and_paths ... ok
[INFO] [stdout] test store::tests::session_lock_takes_over_from_dead_owners ... ok
[INFO] [stdout] test term::layout::tests::split_and_layout ... ok
[INFO] [stdout] test term::link::tests::classify_windows_drive_paths ... ok
[INFO] [stdout] test term::link::tests::classify_table ... ok
[INFO] [stdout] test term::link::tests::only_web_and_mail_urls_are_openable ... ok
[INFO] [stdout] test term::link::tests::line_editor_order_and_arguments ... ok
[INFO] [stdout] test term::link::tests::programs_are_never_opened_from_a_link ... ok
[INFO] [stdout] test term::layout::tests::neighbours_share_a_border ... ok
[INFO] [stdout] test term::link::tests::token_table ... ok
[INFO] [stdout] test term::link::tests::tokens_are_cut_at_delimiters ... ok
[INFO] [stdout] test term::pane::tests::bracketed_paste_drops_escape_characters ... ok
[INFO] [stdout] test term::pane::tests::command_start_mark ... ok
[INFO] [stdout] test term::pane::tests::callbacks_answer_queries ... ok
[INFO] [stdout] test term::pane::tests::argument_quoting_per_shell ... ok
[INFO] [stdout] test term::link::tests::token_spans_match_terminal_cells ... ok
[INFO] [stdout] test term::pane::tests::exit_codes_from_prompt_marks ... ok
[INFO] [stdout] test store::tests::recent_checks_directories_at_load_not_at_record ... ok
[INFO] [stdout] test term::pane::tests::launcher_invocation ... ok
[INFO] [stdout] test term::pane::tests::cwd_urls ... ok
[INFO] [stdout] test term::pane::tests::first_exit_code_of_a_prompt_wins ... ok
[INFO] [stdout] test term::pane::tests::labels ... ok
[INFO] [stdout] test term::pane::tests::live_timer_text_and_schedule ... ok
[INFO] [stdout] test term::layout::tests::tiny_areas_do_not_panic ... ok
[INFO] [stdout] test term::layout::tests::nudge_and_drag ... ok
[INFO] [stdout] test term::layout::tests::remove_collapses_parent ... ok
[INFO] [stdout] test term::pane::tests::osc8_hyperlink_is_not_returned_after_the_scrollback_drifts ... ok
[INFO] [stdout] test term::pane::tests::prompt_signal_drops_the_finished_programs_title ... ok
[INFO] [stdout] test term::pane::tests::search_is_case_insensitive_and_width_aware ... ok
[INFO] [stdout] test term::pane::tests::shell_command_args ... ok
[INFO] [stdout] test term::pane::tests::unix_quoting ... ok
[INFO] [stdout] test term::pane::tests::word_range_picks_paths_and_stops_at_delimiters ... ok
[INFO] [stdout] test term::pane::tests::unix_shell_integration ... ok
[INFO] [stdout] test theme::contrast_tests::theme_contrast_meets_wcag ... ok
[INFO] [stdout] test theme::contrast_tests::strong_selection_stays_readable ... ok
[INFO] [stdout] test theme::term_tests::palettes_resolve ... ok
[INFO] [stdout] test term::pane::tests::notifications_and_prompt_marks ... ok
[INFO] [stdout] test term::tests::tab_ids_are_unique ... ok
[INFO] [stdout] test ui::hud::tests::agent_spinner_frames ... ok
[INFO] [stdout] test term::pane::tests::osc8_hyperlinks_are_tracked ... ok
[INFO] [stdout] test term::pane::tests::selection_order ... ok
[INFO] [stdout] test ui::hud::tests::battery_icon_fills_by_percent ... ok
[INFO] [stdout] test ui::hud::tests::open_sides_leave_only_the_lines_between ... ok
[INFO] [stdout] test ui::hud::tests::big_digits_width ... ok
[INFO] [stdout] test ui::hud::tests::primitives_are_bounds_safe ... ok
[INFO] [stdout] test ui::hud::tests::split_frames_share_joined_lines ... ok
[INFO] [stdout] test ui::terminal::tests::live_chip_shrinks_to_fit ... ok
[INFO] [stdout] test ui::terminal::tests::scroll_track_geometry ... ok
[INFO] [stdout] test ui::terminal::tests::pane_buttons_are_single_cells ... ok
[INFO] [stdout] test update::tests::installs_latest_release ... ignored
[INFO] [stdout] test ui::terminal::tests::title_row_priority ... ok
[INFO] [stdout] test update::tests::checksum_file_is_parsed ... ok
[INFO] [stdout] test update::tests::asset_names_match_release_workflow ... FAILED
[INFO] [stdout] test ui::terminal::tests::working_time_is_by_the_minute ... ok
[INFO] [stdout] test update::tests::release_payload_is_parsed ... ok
[INFO] [stdout] test ui::terminal::tests::agent_title_per_state ... ok
[INFO] [stdout] test ui::hud::tests::braille_fills_from_bottom ... ok
[INFO] [stdout] test update::tests::old_binary_sits_next_to_the_exe ... ok
[INFO] [stdout] test keys::tests::keymap_from_random_config_never_panics ... ok
[INFO] [stdout] test update::tests::versions_compare_numerically ... ok
[INFO] [stdout] test util::tests::base64 ... ok
[INFO] [stdout] test util::tests::base64_round_trip ... ok
[INFO] [stdout] test update::tests::release_without_checksum_is_refused_before_downloading ... ok
[INFO] [stdout] test update::tests::partial_download_is_an_error ... ok
[INFO] [stdout] test util::tests::durations ... ok
[INFO] [stdout] test util::tests::forwarded_x11_display_is_told_from_a_local_one ... ok
[INFO] [stdout] test update::tests::work_dir_is_fresh_and_private ... ok
[INFO] [stdout] test util::tests::start_dir_argument_resolves_relative_and_tilde ... ok
[INFO] [stdout] test util::tests::bytes_format ... ok
[INFO] [stdout] test util::tests::fuzzy ... ok
[INFO] [stdout] test util::tests::tilde_only_shortens_paths_under_home ... ok
[INFO] [stdout] test util::tests::truncation ... ok
[INFO] [stdout] test wt::tests::jsonc_is_stripped_without_touching_strings ... ok
[INFO] [stdout] test wt::tests::live_windows_terminal ... ignored
[INFO] [stdout] test wt::tests::profile_overrides_and_object_scheme ... ok
[INFO] [stdout] test store::tests::ui_state_writes_keep_other_windows_changes ... ok
[INFO] [stdout] test config::tests::set_value_fuzz_keeps_valid_files_valid ... ok
[INFO] [stdout] test update::tests::sha256_matches_known_vectors ... ok
[INFO] [stdout] test store::tests::corrupt_files_never_panic ... ok
[INFO] [stdout] test wt::tests::reads_powershell_scheme_and_custom_schemes ... ok
[INFO] [stdout] test store::tests::workspaces_and_recent_merge_between_windows ... ok
[INFO] [stdout] test update::tests::read_only_install_dir_keeps_the_installed_binary ... ok
[INFO] [stdout] test update::tests::missing_tar_is_reported_and_keeps_the_installed_binary ... ok
[INFO] [stdout] test update::tests::checksum_mismatch_keeps_the_installed_binary ... ok
[INFO] [stdout] test update::tests::verified_archive_is_installed ... ok
[INFO] [stdout] test update::tests::undeletable_old_binary_does_not_block_the_update ... ok
[INFO] [stdout] test util::tests::command_for_passes_hostile_arguments_literally ... ok
[INFO] [stdout] test update::tests::corrupt_download_keeps_the_installed_binary ... ok
[INFO] [stdout] test util::tests::usable_dirs_gives_up_on_a_hanging_probe ... ok
[INFO] [stdout] test store::tests::session_lock_waits_for_a_live_owner ... ok
[INFO] [stderr] error: test failed, to rerun pass `--lib`
[INFO] [stdout] 
[INFO] [stdout] failures:
[INFO] [stdout] 
[INFO] [stdout] ---- update::tests::asset_names_match_release_workflow stdout ----
[INFO] [stdout] 
[INFO] [stdout] thread 'update::tests::asset_names_match_release_workflow' (3025) panicked at src/update.rs:772:108:
[INFO] [stdout] called `Result::unwrap()` on an `Err` value: Os { code: 2, kind: NotFound, message: "No such file or directory" }
[INFO] [stdout] stack backtrace:
[INFO] [stdout]    0:     0x5caa310015d6 - <unknown>
[INFO] [stdout]    1:     0x5caa30d7be0a - <unknown>
[INFO] [stdout]    2:     0x5caa31007cec - <unknown>
[INFO] [stdout]    3:     0x5caa30fd7ee2 - <unknown>
[INFO] [stdout]    4:     0x5caa30ff6131 - <unknown>
[INFO] [stdout]    5:     0x5caa30ff6312 - <unknown>
[INFO] [stdout]    6:     0x5caa30fd7f92 - <unknown>
[INFO] [stdout]    7:     0x5caa30fd03d9 - <unknown>
[INFO] [stdout]    8:     0x5caa30fd924d - <unknown>
[INFO] [stdout]    9:     0x5caa30d7c56c - <unknown>
[INFO] [stdout]   10:     0x5caa30d7c342 - <unknown>
[INFO] [stdout]   11:     0x5caa30ed75c5 - <unknown>
[INFO] [stdout]   12:     0x5caa3101e4eb - <unknown>
[INFO] [stdout]   13:     0x5caa3102c394 - <unknown>
[INFO] [stdout]   14:     0x5caa31025ac4 - <unknown>
[INFO] [stdout]   15:     0x5caa31030152 - <unknown>
[INFO] [stdout]   16:     0x5caa30fffc24 - <unknown>
[INFO] [stdout]   17:     0x7b3696eb9dfa - <unknown>
[INFO] [stdout]   18:     0x7b3696f4d3d4 - clone
[INFO] [stdout]   19:                0x0 - <unknown>
[INFO] [stdout] 
[INFO] [stdout] 
[INFO] [stdout] failures:
[INFO] [stdout]     update::tests::asset_names_match_release_workflow
[INFO] [stdout] 
[INFO] [stdout] test result: FAILED. 189 passed; 1 failed; 4 ignored; 0 measured; 0 filtered out; finished in 3.02s
[INFO] [stdout] 
[INFO] running `Command { std: "docker" "inspect" "31a934a05c237262cba6e7823b3fb886dd38cd7b6c0aa7da2453d555c773348a", kill_on_drop: false }`
[INFO] running `Command { std: "docker" "rm" "-f" "31a934a05c237262cba6e7823b3fb886dd38cd7b6c0aa7da2453d555c773348a", kill_on_drop: false }`
[INFO] [stdout] 31a934a05c237262cba6e7823b3fb886dd38cd7b6c0aa7da2453d555c773348a
