[INFO] fetching crate ninja-phylo 2.1.0...
[INFO] testing ninja-phylo-2.1.0 against 1.99.0-beta.8+cargoflags=--release for beta-release-1.100-2
[INFO] extracting crate ninja-phylo 2.1.0 into /workspace/builds/worker-5-tc1/source
[INFO] started tweaking crates.io crate ninja-phylo 2.1.0
[INFO] removed 0 missing examples
[INFO] finished tweaking crates.io crate ninja-phylo 2.1.0
[INFO] tweaked toml for crates.io crate ninja-phylo 2.1.0 written to /workspace/builds/worker-5-tc1/source/Cargo.toml
[INFO] validating manifest of crates.io crate ninja-phylo 2.1.0 on toolchain 1.99.0-beta.8
[INFO] running `Command { std: CARGO_HOME="/workspace/cargo-home" RUSTUP_HOME="/workspace/rustup-home" "/workspace/cargo-home/bin/cargo" "+1.99.0-beta.8" "metadata" "--manifest-path" "Cargo.toml" "--no-deps", kill_on_drop: false }`
[INFO] crate crates.io crate ninja-phylo 2.1.0 already has a lockfile, it will not be regenerated
[INFO] running `Command { std: CARGO_HOME="/workspace/cargo-home" RUSTUP_HOME="/workspace/rustup-home" "/workspace/cargo-home/bin/cargo" "+1.99.0-beta.8" "fetch" "--manifest-path" "Cargo.toml", kill_on_drop: false }`
[INFO] [stderr]     Updating crates.io index
[INFO] [stderr]  Downloading crates ...
[INFO] [stderr]   Downloaded terminal_size v0.4.4
[INFO] [stderr]   Downloaded syn v3.0.5
[INFO] running `Command { std: "docker" "create" "-v" "/var/lib/crater-agent-workspace/builds/worker-5-tc1/source:/opt/rustwide/workdir:ro,Z" "-v" "/var/lib/crater-agent-workspace/builds/worker-5-tc1/target:/opt/rustwide/target:rw,Z" "-v" "/var/lib/crater-agent-workspace/cargo-home:/opt/rustwide/cargo-home:ro,Z" "-v" "/var/lib/crater-agent-workspace/rustup-home:/opt/rustwide/rustup-home:ro,Z" "-m" "1610612736" "--network" "none" "ghcr.io/rust-lang/crates-build-env/linux@sha256:77db811e55d90add9212f6832c23229e3de5f1c1f9905e8cb07319ea15df73ac" "sleep" "infinity", kill_on_drop: false }`
[INFO] [stdout] 5f2205612cbb179b70808749858a537db5ff462ff4960dc4e09b0be19a32b84f
[INFO] running `Command { std: "docker" "start" "5f2205612cbb179b70808749858a537db5ff462ff4960dc4e09b0be19a32b84f", kill_on_drop: false }`
[INFO] running `Command { std: "docker" "inspect" "5f2205612cbb179b70808749858a537db5ff462ff4960dc4e09b0be19a32b84f", kill_on_drop: false }`
[INFO] running `Command { std: "docker" "exec" "-e" "SOURCE_DIR=/opt/rustwide/workdir" "-e" "CARGO_HOME=/opt/rustwide/cargo-home" "-e" "RUSTUP_HOME=/opt/rustwide/rustup-home" "-e" "CARGO_TARGET_DIR=/opt/rustwide/target" "-w" "/opt/rustwide/workdir" "--user" "0:0" "5f2205612cbb179b70808749858a537db5ff462ff4960dc4e09b0be19a32b84f" "/opt/rustwide/cargo-home/bin/cargo" "+1.99.0-beta.8" "metadata" "--no-deps" "--format-version=1", kill_on_drop: false }`
[INFO] running `Command { std: "docker" "inspect" "5f2205612cbb179b70808749858a537db5ff462ff4960dc4e09b0be19a32b84f", kill_on_drop: false }`
[INFO] running `Command { std: "docker" "exec" "-e" "SOURCE_DIR=/opt/rustwide/workdir" "-e" "CARGO_HOME=/opt/rustwide/cargo-home" "-e" "RUSTUP_HOME=/opt/rustwide/rustup-home" "-e" "CARGO_TARGET_DIR=/opt/rustwide/target" "-e" "CARGO_INCREMENTAL=0" "-e" "RUST_BACKTRACE=full" "-e" "RUSTFLAGS=--cap-lints=warn" "-e" "RUSTDOCFLAGS=--cap-lints=warn" "-w" "/opt/rustwide/workdir" "--user" "0:0" "5f2205612cbb179b70808749858a537db5ff462ff4960dc4e09b0be19a32b84f" "/opt/rustwide/cargo-home/bin/cargo" "+1.99.0-beta.8" "build" "--frozen" "--message-format=json" "--release", kill_on_drop: false }`
[INFO] [stderr]    Compiling rustix v1.1.4
[INFO] [stderr]    Compiling proc-macro2 v1.0.107
[INFO] [stderr]    Compiling crossbeam-utils v0.8.23
[INFO] [stderr]    Compiling quote v1.0.47
[INFO] [stderr]    Compiling unicode-ident v1.0.24
[INFO] [stderr]    Compiling linux-raw-sys v0.12.1
[INFO] [stderr]    Compiling bitflags v2.13.1
[INFO] [stderr]    Compiling crossbeam-epoch v0.9.21
[INFO] [stderr]    Compiling crossbeam-deque v0.8.8
[INFO] [stderr]    Compiling libc v0.2.189
[INFO] [stderr]    Compiling utf8parse v0.2.2
[INFO] [stderr]    Compiling rayon-core v1.13.0
[INFO] [stderr]    Compiling is_terminal_polyfill v1.70.2
[INFO] [stderr]    Compiling colorchoice v1.0.5
[INFO] [stderr]    Compiling getrandom v0.4.3
[INFO] [stderr]    Compiling anstyle-query v1.1.5
[INFO] [stderr]    Compiling anstyle v1.0.14
[INFO] [stderr]    Compiling strsim v0.11.1
[INFO] [stderr]    Compiling clap_lex v1.1.0
[INFO] [stderr]    Compiling anstyle-parse v1.0.0
[INFO] [stderr]    Compiling heck v0.5.0
[INFO] [stderr]    Compiling cfg-if v1.0.4
[INFO] [stderr]    Compiling either v1.18.0
[INFO] [stderr]    Compiling fastrand v2.5.0
[INFO] [stderr]    Compiling once_cell v1.21.4
[INFO] [stderr]    Compiling anstream v1.0.0
[INFO] [stderr]    Compiling syn v3.0.5
[INFO] [stderr]    Compiling rayon v1.12.0
[INFO] [stderr]    Compiling terminal_size v0.4.4
[INFO] [stderr]    Compiling tempfile v3.27.0
[INFO] [stderr]    Compiling clap_builder v4.6.6
[INFO] [stderr]    Compiling clap_derive v4.6.4
[INFO] [stderr]    Compiling clap v4.6.6
[INFO] [stderr]    Compiling ninja-phylo v2.1.0 (/opt/rustwide/workdir)
[INFO] [stderr]     Finished `release` profile [optimized + debuginfo] target(s) in 10.24s
[INFO] running `Command { std: "docker" "inspect" "5f2205612cbb179b70808749858a537db5ff462ff4960dc4e09b0be19a32b84f", kill_on_drop: false }`
[INFO] running `Command { std: "docker" "exec" "-e" "SOURCE_DIR=/opt/rustwide/workdir" "-e" "CARGO_HOME=/opt/rustwide/cargo-home" "-e" "RUSTUP_HOME=/opt/rustwide/rustup-home" "-e" "CARGO_TARGET_DIR=/opt/rustwide/target" "-e" "CARGO_INCREMENTAL=0" "-e" "RUST_BACKTRACE=full" "-e" "RUSTFLAGS=--cap-lints=warn" "-e" "RUSTDOCFLAGS=--cap-lints=warn" "-w" "/opt/rustwide/workdir" "--user" "0:0" "5f2205612cbb179b70808749858a537db5ff462ff4960dc4e09b0be19a32b84f" "/opt/rustwide/cargo-home/bin/cargo" "+1.99.0-beta.8" "test" "--frozen" "--no-run" "--message-format=json" "--release", kill_on_drop: false }`
[INFO] [stderr]    Compiling ninja-phylo v2.1.0 (/opt/rustwide/workdir)
[INFO] [stderr]     Finished `release` profile [optimized + debuginfo] target(s) in 6.34s
[INFO] running `Command { std: "docker" "inspect" "5f2205612cbb179b70808749858a537db5ff462ff4960dc4e09b0be19a32b84f", kill_on_drop: false }`
[INFO] running `Command { std: "docker" "exec" "-e" "SOURCE_DIR=/opt/rustwide/workdir" "-e" "CARGO_HOME=/opt/rustwide/cargo-home" "-e" "RUSTUP_HOME=/opt/rustwide/rustup-home" "-e" "CARGO_TARGET_DIR=/opt/rustwide/target" "-e" "CARGO_INCREMENTAL=0" "-e" "RUST_BACKTRACE=full" "-e" "RUSTFLAGS=--cap-lints=warn" "-e" "RUSTDOCFLAGS=--cap-lints=warn" "-w" "/opt/rustwide/workdir" "--user" "0:0" "5f2205612cbb179b70808749858a537db5ff462ff4960dc4e09b0be19a32b84f" "/opt/rustwide/cargo-home/bin/cargo" "+1.99.0-beta.8" "test" "--frozen" "--release", kill_on_drop: false }`
[INFO] [stderr]     Finished `release` profile [optimized + debuginfo] target(s) in 0.03s
[INFO] [stderr]      Running unittests src/lib.rs (/opt/rustwide/target/release/deps/ninja-ad0e48b1a1d7bd18)
[INFO] [stdout] 
[INFO] [stdout] running 63 tests
[INFO] [stdout] test distance::bl45::tests::symmetric_with_zero_diagonal ... ok
[INFO] [stdout] test distance::dna::tests::corrections ... ok
[INFO] [stdout] test distance::dna::tests::crosses_word_boundaries ... ok
[INFO] [stdout] test distance::dna::tests::counts_transitions_and_transversions ... ok
[INFO] [stdout] test distance::gaps::tests::hand_cases ... ok
[INFO] [stdout] test distance::matrix::tests::indexing_round_trips ... ok
[INFO] [stdout] test distance::protein::tests::identical_sequences_have_zero_distance ... ok
[INFO] [stdout] test distance::matrix::tests::quantize_rounds_to_hundreds ... ok
[INFO] [stdout] test distance::protein::tests::skips_gaps_and_unknowns ... ok
[INFO] [stdout] test distance::submat::tests::blosum45_derivation_reproduces_fasttree_table ... ok
[INFO] [stdout] test distance::protein::tests::saturation_gives_cap ... ok
[INFO] [stdout] test distance::submat::tests::blosum62_parses_with_its_scale ... ok
[INFO] [stdout] test distance::submat::tests::missing_residue_is_an_error ... ok
[INFO] [stdout] test heap::array_heap::tests::a_minimal_heap_holds_a_huge_cluster_pair ... ok
[INFO] [stdout] test distance::submat::tests::scale_comments_are_understood ... ok
[INFO] [stdout] test io::fasta::tests::detects_protein ... ok
[INFO] [stdout] test io::fasta::tests::parses_names_and_strips_gap_columns ... ok
[INFO] [stdout] test heap::binary_heap::tests::chop_bottom_removes_trailing_entries ... ok
[INFO] [stdout] test io::fasta::tests::rejects_empty ... ok
[INFO] [stdout] test cluster::tests::singletons_and_one_cluster ... ok
[INFO] [stdout] test io::names::tests::later_occurrences_get_suffixes ... ok
[INFO] [stdout] test io::names::tests::error_policy_names_each_duplicate_once ... ok
[INFO] [stdout] test io::fasta::tests::duplicate_groups ... ok
[INFO] [stdout] test io::fasta::tests::rejects_ragged ... ok
[INFO] [stdout] test heap::binary_heap::tests::pops_in_sorted_order ... ok
[INFO] [stdout] test heap::binary_heap::tests::from_entries_matches_pushes ... ok
[INFO] [stdout] test heap::pair_queue::tests::merges_run_and_heap_in_order ... ok
[INFO] [stdout] test io::names::tests::unique_names_are_untouched ... ok
[INFO] [stdout] test distance::submat::tests::scale_is_estimated_when_not_declared ... ok
[INFO] [stdout] test io::phylip::tests::fixed6_formatting ... ok
[INFO] [stdout] test io::names::tests::suffix_skips_names_present_in_the_input ... ok
[INFO] [stdout] test io::phylip::tests::parse_scaled_exact ... ok
[INFO] [stdout] test io::phylip::tests::write_round_trip ... ok
[INFO] [stdout] test io::phylip::tests::reads_square_and_lower ... ok
[INFO] [stdout] test nj::extmem::budget::tests::a_million_taxa_raise_the_minimum_budget ... ok
[INFO] [stdout] test nj::extmem::budget::tests::a_small_request_is_raised_to_the_minimum ... ok
[INFO] [stdout] test nj::extmem::budget::tests::allowances_stay_inside_the_budget ... ok
[INFO] [stdout] test nj::extmem::budget::tests::every_allowance_stays_usable ... ok
[INFO] [stdout] test nj::extmem::budget::tests::the_input_comes_off_the_top ... ok
[INFO] [stdout] test nj::extmem::matrix::tests::round7_matches_reference_rounding ... ok
[INFO] [stdout] test nj::extmem::matrix::tests::window_width_bounds ... ok
[INFO] [stdout] test nj::extmem::budget::tests::a_tight_budget_buys_fewer_clusters ... ok
[INFO] [stdout] test nj::extmem::matrix::tests::small_matrices_stay_resident ... ok
[INFO] [stdout] test nj::inmem::tests::two_taxa ... ok
[INFO] [stdout] test heap::binary_heap::tests::ties_pop_in_reference_order ... ok
[INFO] [stdout] test tree::tests::expands_duplicate_groups ... ok
[INFO] [stdout] test tree::tests::length_formatting_rounds_half_up ... ok
[INFO] [stdout] test tree::tests::newick_of_small_tree ... ok
[INFO] [stdout] test tree::tests::single_leaf ... ok
[INFO] [stdout] test distance::gaps::tests::random_against_scalar_across_words ... ok
[INFO] [stdout] test nj::inmem::tests::additive_tree_is_recovered ... ok
[INFO] [stdout] test nj::inmem::tests::textbook_example ... ok
[INFO] [stdout] test nj::inmem::tests::one_taxon ... ok
[INFO] [stdout] test nj::extmem::matrix::tests::disk_round_trip_and_pager ... ok
[INFO] [stdout] test heap::array_heap::tests::dead_entries_are_dropped_during_merges ... ok
[INFO] [stdout] test cluster::tests::matches_reference_merge_loop ... ok
[INFO] [stdout] test heap::array_heap::tests::interleaved_inserts_and_pops ... ok
[INFO] [stdout] test heap::array_heap::tests::pops_sorted_across_disk_levels ... ok
[INFO] [stdout] test tree::tests::deep_tree_does_not_overflow_stack ... ok
[INFO] [stdout] test heap::array_heap::tests::sorted_batches_and_single_inserts_interleave ... ok
[INFO] [stdout] test nj::inmem::tests::recovers_random_additive_trees ... ok
[INFO] [stdout] test nj::extmem::tests::recovers_random_additive_trees_on_disk ... ok
[INFO] [stdout] test nj::extmem::tests::recovers_trees_when_the_candidate_list_keeps_freezing ... ok
[INFO] [stdout] 
[INFO] [stdout] test result: ok. 63 passed; 0 failed; 0 ignored; 0 measured; 0 filtered out; finished in 1.52s
[INFO] [stdout] 
[INFO] [stderr]      Running unittests src/bin/ninja.rs (/opt/rustwide/target/release/deps/ninja-95849952ac3142fe)
[INFO] [stdout] 
[INFO] [stdout] running 0 tests
[INFO] [stdout] 
[INFO] [stdout] test result: ok. 0 passed; 0 failed; 0 ignored; 0 measured; 0 filtered out; finished in 0.00s
[INFO] [stdout] 
[INFO] [stderr]    Doc-tests ninja
[INFO] [stdout] 
[INFO] [stdout] running 99 tests
[INFO] [stdout] test src/cluster.rs - cluster::Clusters::is_empty (line 53) ... FAILED
[INFO] [stdout] test src/distance/bl45.rs - distance::bl45::BL45 (line 16) ... FAILED
[INFO] [stdout] test src/distance/dna.rs - distance::dna::PackedDna::new (line 52) ... ok
[INFO] [stdout] test src/cluster.rs - cluster::single_linkage_serial (line 107) ... ok
[INFO] [stdout] test src/alphabet.rs - alphabet::Correction (line 91) ... ok
[INFO] [stdout] test src/alphabet.rs - alphabet::Alphabet::index_table (line 50) ... ok
[INFO] [stdout] test src/alphabet.rs - alphabet::Alphabet::symbols (line 33) ... ok
[INFO] [stdout] test src/alphabet.rs - alphabet::Correction::max_distance (line 162) ... ok
[INFO] [stdout] test src/alphabet.rs - alphabet::Correction::applies_to (line 142) ... ok
[INFO] [stdout] test src/alphabet.rs - alphabet::Alphabet (line 10) ... ok
[INFO] [stdout] test src/distance/dna.rs - distance::dna::PackedDna (line 19) ... ok
[INFO] [stdout] test src/alphabet.rs - alphabet::Correction::default_for (line 125) ... ok
[INFO] [stdout] test src/distance/dna.rs - distance::dna::PackedDna::count (line 139) ... ok
[INFO] [stdout] test src/cluster.rs - cluster::Clusters (line 19) ... ok
[INFO] [stdout] test src/distance/dna.rs - distance::dna::PackedDna::openings (line 103) ... ok
[INFO] [stdout] test src/distance/dna.rs - distance::dna::correct (line 183) ... ok
[INFO] [stdout] test src/cluster.rs - cluster::single_linkage (line 76) ... ok
[INFO] [stdout] test src/cluster.rs - cluster::Clusters::len (line 39) ... ok
[INFO] [stdout] test src/distance/matrix.rs - distance::matrix::DistanceMatrix::SCALE (line 37) ... ok
[INFO] [stdout] test src/distance/matrix.rs - distance::matrix::DistanceMatrix::from_calculator (line 90) ... ok
[INFO] [stdout] test src/distance/matrix.rs - distance::matrix::DistanceMatrix::get (line 204) ... ok
[INFO] [stdout] test src/distance/matrix.rs - distance::matrix::DistanceMatrix::as_slice (line 255) ... ok
[INFO] [stdout] test src/distance/matrix.rs - distance::matrix::DistanceMatrix::set (line 222) ... ok
[INFO] [stdout] test src/distance/matrix.rs - distance::matrix::DistanceMatrix::zeros (line 69) ... ok
[INFO] [stdout] test src/distance/matrix.rs - distance::matrix::DistanceMatrix::is_empty (line 165) ... ok
[INFO] [stdout] test src/distance/matrix.rs - distance::matrix::DistanceMatrix::from_phylip (line 124) ... ok
[INFO] [stdout] test src/distance/matrix.rs - distance::matrix::DistanceMatrix::get_f64 (line 240) ... ok
[INFO] [stdout] test src/distance/matrix.rs - distance::matrix::DistanceMatrix (line 16) ... ok
[INFO] [stdout] test src/distance/mod.rs - distance::DistanceCalculator (line 39) ... ok
[INFO] [stdout] test src/distance/mod.rs - distance::DistanceCalculator::is_empty (line 139) ... ok
[INFO] [stdout] test src/distance/matrix.rs - distance::matrix::DistanceMatrix::quantize (line 54) ... ok
[INFO] [stdout] test src/distance/matrix.rs - distance::matrix::DistanceMatrix::len (line 151) ... ok
[INFO] [stdout] test src/distance/mod.rs - distance::DistanceCalculator::alphabet (line 156) ... ok
[INFO] [stdout] test src/distance/submat.rs - distance::submat::SubstitutionMatrix (line 37) ... ok
[INFO] [stdout] test src/distance/mod.rs - distance::DistanceCalculator::calc (line 194) ... ok
[INFO] [stdout] test src/distance/mod.rs - distance::DistanceCalculator::correction (line 173) ... ok
[INFO] [stdout] test src/distance/submat.rs - distance::submat::SubstitutionMatrix::bits (line 262) ... ok
[INFO] [stdout] test src/distance/submat.rs - distance::submat::SubstitutionMatrix::blosum45 (line 75) ... ok
[INFO] [stdout] test src/distance/mod.rs - distance::DistanceCalculator::with_matrix (line 89) ... ok
[INFO] [stdout] test src/distance/submat.rs - distance::submat::SubstitutionMatrix::derived_dissimilarities (line 336) ... ok
[INFO] [stdout] test src/distance/mod.rs - distance::DistanceCalculator::new (line 71) ... ok
[INFO] [stdout] test src/distance/submat.rs - distance::submat::RESIDUES (line 19) ... ok
[INFO] [stdout] test src/distance/mod.rs - distance::DistanceCalculator::len (line 123) ... ok
[INFO] [stdout] test src/distance/submat.rs - distance::submat::SubstitutionMatrix::blosum62 (line 58) ... ok
[INFO] [stdout] test src/distance/submat.rs - distance::submat::SubstitutionMatrix::dissimilarities (line 314) ... ok
[INFO] [stdout] test src/distance/submat.rs - distance::submat::SubstitutionMatrix::name (line 249) ... ok
[INFO] [stdout] test src/distance/submat.rs - distance::submat::SubstitutionMatrix::names (line 94) ... ok
[INFO] [stdout] test src/distance/submat.rs - distance::submat::SubstitutionMatrix::from_file (line 131) ... ok
[INFO] [stdout] test src/distance/submat.rs - distance::submat::SubstitutionMatrix::by_name (line 113) ... ok
[INFO] [stdout] test src/error.rs - error::Error (line 12) ... ok
[INFO] [stdout] test src/distance/submat.rs - distance::submat::SubstitutionMatrix::parse (line 157) ... ok
[INFO] [stdout] test src/distance/submat.rs - distance::submat::SubstitutionMatrix::score (line 297) ... ok
[INFO] [stdout] test src/error.rs - error::Result (line 42) ... ok
[INFO] [stdout] test src/io/fasta.rs - io::fasta::Alignment (line 14) ... ok
[INFO] [stdout] test src/distance/submat.rs - distance::submat::SubstitutionMatrix::scale_declared (line 276) ... ok
[INFO] [stdout] test src/io/fasta.rs - io::fasta::Alignment::is_empty (line 50) ... ok
[INFO] [stdout] test src/io/fasta.rs - io::fasta::Alignment::len (line 36) ... ok
[INFO] [stdout] test src/io/fasta.rs - io::fasta::Alignment::duplicate_groups (line 255) ... ok
[INFO] [stdout] test src/io/fasta.rs - io::fasta::Alignment::width (line 71) ... ok
[INFO] [stdout] test src/io/fasta.rs - io::fasta::Alignment::representatives (line 281) ... ok
[INFO] [stdout] test src/io/fasta.rs - io::fasta::detect_alphabet (line 302) ... ok
[INFO] [stdout] test src/lib.rs - (line 24) - compile ... ok
[INFO] [stdout] test src/lib.rs - (line 35) - compile ... ok
[INFO] [stdout] test src/io/fasta.rs - io::fasta::parse_fasta (line 150) ... ok
[INFO] [stdout] test src/io/fasta.rs - io::fasta::read_fasta_from (line 111) ... ok
[INFO] [stdout] test src/io/names.rs - io::names::DuplicateNames (line 15) ... ok
[INFO] [stdout] test src/io/phylip.rs - io::phylip::PhylipMatrix (line 32) ... ok
[INFO] [stdout] test src/io/names.rs - io::names::resolve_duplicates (line 73) ... ok
[INFO] [stdout] test src/io/fasta.rs - io::fasta::read_fasta (line 89) ... ok
[INFO] [stdout] test src/io/phylip.rs - io::phylip::PhylipMatrix::is_empty (line 68) ... ok
[INFO] [stdout] test src/io/phylip.rs - io::phylip::SCALE (line 20) ... ok
[INFO] [stdout] test src/io/phylip.rs - io::phylip::PhylipMatrix::get (line 85) ... ok
[INFO] [stdout] test src/io/phylip.rs - io::phylip::push_fixed6 (line 311) ... ok
[INFO] [stdout] test src/io/phylip.rs - io::phylip::PhylipMatrix::len (line 54) ... ok
[INFO] [stdout] test src/io/phylip.rs - io::phylip::read_phylip_from (line 128) ... ok
[INFO] [stdout] test src/io/names.rs - io::names::Renamed (line 39) ... ok
[INFO] [stdout] test src/io/phylip.rs - io::phylip::read_phylip (line 105) ... ok
[INFO] [stdout] test src/lib.rs - CITATION (line 85) ... ok
[INFO] [stdout] test src/lib.rs - VERSION (line 75) ... ok
[INFO] [stdout] test src/nj/mod.rs - nj::Method (line 35) ... ok
[INFO] [stdout] test src/io/phylip.rs - io::phylip::write_phylip (line 259) ... ok
[INFO] [stdout] test src/nj/mod.rs - nj::NjParams::effective_rebuild_ratio (line 130) ... ok
[INFO] [stdout] test src/tree.rs - tree::Node (line 12) ... ok
[INFO] [stdout] test src/nj/mod.rs - nj::NjParams (line 81) ... ok
[INFO] [stdout] test src/nj/inmem.rs - nj::inmem::build (line 23) ... ok
[INFO] [stdout] test src/tree.rs - tree::Node::branch_length (line 53) ... ok
[INFO] [stdout] test src/tree.rs - tree::Tree::leaves (line 97) ... ok
[INFO] [stdout] test src/tree.rs - tree::Tree (line 77) ... ok
[INFO] [stdout] test src/nj/mod.rs - nj::NjStats (line 178) ... ok
[INFO] [stdout] test src/tree.rs - tree::Tree::expand_duplicates (line 213) ... ok
[INFO] [stdout] test src/tree.rs - tree::Node::is_leaf (line 37) ... ok
[INFO] [stdout] test src/tree.rs - tree::Tree::join (line 184) ... ok
[INFO] [stdout] test src/tree.rs - tree::Tree::node_mut (line 137) ... ok
[INFO] [stdout] test src/tree.rs - tree::Tree::nodes (line 121) ... ok
[INFO] [stdout] test src/tree.rs - tree::Tree::root (line 168) ... ok
[INFO] [stdout] test src/tree.rs - tree::Tree::num_leaves (line 153) ... ok
[INFO] [stdout] test src/tree.rs - tree::Tree::write_newick (line 289) ... ok
[INFO] [stdout] test src/tree.rs - tree::Tree::to_newick (line 270) ... ok
[INFO] [stdout] test src/tree.rs - tree::format_len5 (line 384) ... ok
[INFO] [stdout] 
[INFO] [stdout] failures:
[INFO] [stdout] 
[INFO] [stdout] ---- src/cluster.rs - cluster::Clusters::is_empty (line 53) stdout ----
[INFO] [stdout] Couldn't compile the test.
[INFO] [stdout] ---- src/distance/bl45.rs - distance::bl45::BL45 (line 16) stdout ----
[INFO] [stdout] Couldn't compile the test.
[INFO] [stdout] 
[INFO] [stdout] failures:
[INFO] [stdout]     src/cluster.rs - cluster::Clusters::is_empty (line 53)
[INFO] [stdout]     src/distance/bl45.rs - distance::bl45::BL45 (line 16)
[INFO] [stdout] 
[INFO] [stdout] test result: FAILED. 97 passed; 2 failed; 0 ignored; 0 measured; 0 filtered out; finished in 19.12s
[INFO] [stdout] 
[INFO] [stderr] error: doctest failed, to rerun pass `--doc`
[INFO] running `Command { std: "docker" "inspect" "5f2205612cbb179b70808749858a537db5ff462ff4960dc4e09b0be19a32b84f", kill_on_drop: false }`
[INFO] running `Command { std: "docker" "rm" "-f" "5f2205612cbb179b70808749858a537db5ff462ff4960dc4e09b0be19a32b84f", kill_on_drop: false }`
[INFO] [stdout] 5f2205612cbb179b70808749858a537db5ff462ff4960dc4e09b0be19a32b84f
