[INFO] fetching crate ngdp-client 0.4.3...
[INFO] testing ngdp-client-0.4.3 against 1.100.0-beta.1+cargoflags=--release for beta-release-1.100-2
[INFO] extracting crate ngdp-client 0.4.3 into /workspace/builds/worker-3-tc2/source
[INFO] started tweaking crates.io crate ngdp-client 0.4.3
[INFO] removed 0 missing examples
[INFO] removed 0 missing tests
[INFO] finished tweaking crates.io crate ngdp-client 0.4.3
[INFO] tweaked toml for crates.io crate ngdp-client 0.4.3 written to /workspace/builds/worker-3-tc2/source/Cargo.toml
[INFO] validating manifest of crates.io crate ngdp-client 0.4.3 on toolchain 1.100.0-beta.1
[INFO] running `Command { std: CARGO_HOME="/workspace/cargo-home" RUSTUP_HOME="/workspace/rustup-home" "/workspace/cargo-home/bin/cargo" "+1.100.0-beta.1" "metadata" "--manifest-path" "Cargo.toml" "--no-deps", kill_on_drop: false }`
[INFO] crate crates.io crate ngdp-client 0.4.3 already has a lockfile, it will not be regenerated
[INFO] running `Command { std: CARGO_HOME="/workspace/cargo-home" RUSTUP_HOME="/workspace/rustup-home" "/workspace/cargo-home/bin/cargo" "+1.100.0-beta.1" "fetch" "--manifest-path" "Cargo.toml", kill_on_drop: false }`
[INFO] [stderr] warning: `package.homepage` is redundant with `package.repository`
[INFO] [stderr]    --> Cargo.toml:150:12
[INFO] [stderr]     |
[INFO] [stderr] 150 | homepage = "https://github.com/wowemulation-dev/cascette-rs"
[INFO] [stderr]     |            ^^^^^^^^^^^^^^^^^^^^^^^^^^^^^^^^^^^^^^^^^^^^^^^^^
[INFO] [stderr] ...
[INFO] [stderr] 155 | repository = "https://github.com/wowemulation-dev/cascette-rs"
[INFO] [stderr]     |              -------------------------------------------------
[INFO] [stderr]     |
[INFO] [stderr]     = note: `cargo::redundant_homepage` is set to `warn` by default
[INFO] [stderr] help: consider removing `package.homepage`
[INFO] [stderr] warning: `ngdp-client` (manifest) generated 1 warning
[INFO] running `Command { std: "docker" "create" "-v" "/var/lib/crater-agent-workspace/builds/worker-3-tc2/source:/opt/rustwide/workdir:ro,Z" "-v" "/var/lib/crater-agent-workspace/builds/worker-3-tc2/target:/opt/rustwide/target:rw,Z" "-v" "/var/lib/crater-agent-workspace/cargo-home:/opt/rustwide/cargo-home:ro,Z" "-v" "/var/lib/crater-agent-workspace/rustup-home:/opt/rustwide/rustup-home:ro,Z" "-m" "1610612736" "--network" "none" "ghcr.io/rust-lang/crates-build-env/linux@sha256:77db811e55d90add9212f6832c23229e3de5f1c1f9905e8cb07319ea15df73ac" "sleep" "infinity", kill_on_drop: false }`
[INFO] [stdout] 93233b99940f13423dd95c3df734bf237bc43589b8905d622f7866fa718c0e72
[INFO] running `Command { std: "docker" "start" "93233b99940f13423dd95c3df734bf237bc43589b8905d622f7866fa718c0e72", kill_on_drop: false }`
[INFO] running `Command { std: "docker" "inspect" "93233b99940f13423dd95c3df734bf237bc43589b8905d622f7866fa718c0e72", kill_on_drop: false }`
[INFO] running `Command { std: "docker" "exec" "-e" "SOURCE_DIR=/opt/rustwide/workdir" "-e" "CARGO_HOME=/opt/rustwide/cargo-home" "-e" "RUSTUP_HOME=/opt/rustwide/rustup-home" "-e" "CARGO_TARGET_DIR=/opt/rustwide/target" "-w" "/opt/rustwide/workdir" "--user" "0:0" "93233b99940f13423dd95c3df734bf237bc43589b8905d622f7866fa718c0e72" "/opt/rustwide/cargo-home/bin/cargo" "+1.100.0-beta.1" "metadata" "--no-deps" "--format-version=1", kill_on_drop: false }`
[INFO] running `Command { std: "docker" "inspect" "93233b99940f13423dd95c3df734bf237bc43589b8905d622f7866fa718c0e72", kill_on_drop: false }`
[INFO] running `Command { std: "docker" "exec" "-e" "SOURCE_DIR=/opt/rustwide/workdir" "-e" "CARGO_HOME=/opt/rustwide/cargo-home" "-e" "RUSTUP_HOME=/opt/rustwide/rustup-home" "-e" "CARGO_TARGET_DIR=/opt/rustwide/target" "-e" "CARGO_INCREMENTAL=0" "-e" "RUST_BACKTRACE=full" "-e" "RUSTFLAGS=--cap-lints=warn" "-e" "RUSTDOCFLAGS=--cap-lints=warn" "-w" "/opt/rustwide/workdir" "--user" "0:0" "93233b99940f13423dd95c3df734bf237bc43589b8905d622f7866fa718c0e72" "/opt/rustwide/cargo-home/bin/cargo" "+1.100.0-beta.1" "build" "--frozen" "--message-format=json" "--release", kill_on_drop: false }`
[INFO] [stderr] warning: `package.homepage` is redundant with `package.repository`
[INFO] [stderr]    --> Cargo.toml:150:12
[INFO] [stderr]     |
[INFO] [stderr] 150 | homepage = "https://github.com/wowemulation-dev/cascette-rs"
[INFO] [stderr]     |            ^^^^^^^^^^^^^^^^^^^^^^^^^^^^^^^^^^^^^^^^^^^^^^^^^
[INFO] [stderr] ...
[INFO] [stderr] 155 | repository = "https://github.com/wowemulation-dev/cascette-rs"
[INFO] [stderr]     |              -------------------------------------------------
[INFO] [stderr]     |
[INFO] [stderr]     = note: `cargo::redundant_homepage` is set to `warn` by default
[INFO] [stderr] help: consider removing `package.homepage`
[INFO] [stderr] warning: `ngdp-client` (manifest) generated 1 warning
[INFO] [stderr]    Compiling typenum v1.18.0
[INFO] [stderr]    Compiling const-oid v0.9.6
[INFO] [stderr]    Compiling syn v2.0.104
[INFO] [stderr]    Compiling parking_lot_core v0.9.11
[INFO] [stderr]    Compiling getrandom v0.2.16
[INFO] [stderr]    Compiling signal-hook-registry v1.4.6
[INFO] [stderr]    Compiling socket2 v0.6.0
[INFO] [stderr]    Compiling cc v1.2.31
[INFO] [stderr]    Compiling miniz_oxide v0.8.9
[INFO] [stderr]    Compiling num-traits v0.2.19
[INFO] [stderr]    Compiling flagset v0.4.7
[INFO] [stderr]    Compiling getrandom v0.3.3
[INFO] [stderr]    Compiling rustls v0.23.31
[INFO] [stderr]    Compiling spin v0.9.8
[INFO] [stderr]    Compiling dirs-sys v0.5.0
[INFO] [stderr]    Compiling hashbrown v0.15.4
[INFO] [stderr]    Compiling num-bigint-dig v0.8.4
[INFO] [stderr]    Compiling rand_core v0.6.4
[INFO] [stderr]    Compiling lazy_static v1.5.0
[INFO] [stderr]    Compiling dirs v6.0.0
[INFO] [stderr]    Compiling twox-hash v2.1.1
[INFO] [stderr]    Compiling rustix v0.38.44
[INFO] [stderr]    Compiling encoding_rs v0.8.35
[INFO] [stderr]    Compiling parking_lot v0.12.4
[INFO] [stderr]    Compiling dashmap v6.1.0
[INFO] [stderr]    Compiling rand_core v0.9.3
[INFO] [stderr]    Compiling lz4_flex v0.11.5
[INFO] [stderr]    Compiling rand_chacha v0.3.1
[INFO] [stderr]    Compiling rand_chacha v0.9.0
[INFO] [stderr]    Compiling aho-corasick v1.1.3
[INFO] [stderr]    Compiling flate2 v1.1.2
[INFO] [stderr]    Compiling rand v0.9.2
[INFO] [stderr]    Compiling rand v0.8.5
[INFO] [stderr]    Compiling regex-syntax v0.6.29
[INFO] [stderr]    Compiling generic-array v0.14.7
[INFO] [stderr]    Compiling hybrid-array v0.3.1
[INFO] [stderr]    Compiling generic-array v1.2.0
[INFO] [stderr]    Compiling regex-syntax v0.8.5
[INFO] [stderr]    Compiling linux-raw-sys v0.4.15
[INFO] [stderr]    Compiling md5 v0.8.0
[INFO] [stderr]    Compiling num-integer v0.1.46
[INFO] [stderr]    Compiling indexmap v2.10.0
[INFO] [stderr]    Compiling is-terminal v0.4.16
[INFO] [stderr]    Compiling overload v0.1.1
[INFO] [stderr]    Compiling owo-colors v4.2.2
[INFO] [stderr]    Compiling winnow v0.7.12
[INFO] [stderr]    Compiling num-iter v0.1.45
[INFO] [stderr]    Compiling ring v0.17.14
[INFO] [stderr]    Compiling clap_builder v4.5.43
[INFO] [stderr]    Compiling crypto-common v0.1.6
[INFO] [stderr]    Compiling block-buffer v0.10.4
[INFO] [stderr]    Compiling inout v0.1.4
[INFO] [stderr]    Compiling crypto-common v0.2.0-rc.3
[INFO] [stderr]    Compiling inout v0.2.0-rc.5
[INFO] [stderr]    Compiling digest v0.10.7
[INFO] [stderr]    Compiling cipher v0.4.4
[INFO] [stderr]    Compiling nu-ansi-term v0.46.0
[INFO] [stderr]    Compiling sha2 v0.10.9
[INFO] [stderr]    Compiling signature v2.2.0
[INFO] [stderr]    Compiling sha1 v0.10.6
[INFO] [stderr]    Compiling rc4 v0.1.0
[INFO] [stderr]    Compiling supports-color v2.1.0
[INFO] [stderr]    Compiling crossterm v0.28.1
[INFO] [stderr]    Compiling console v0.15.11
[INFO] [stderr]    Compiling supports-color v3.0.2
[INFO] [stderr]    Compiling lru v0.12.5
[INFO] [stderr]    Compiling sharded-slab v0.1.7
[INFO] [stderr]    Compiling cipher v0.5.0-rc.0
[INFO] [stderr]    Compiling regex-automata v0.1.10
[INFO] [stderr]    Compiling salsa20 v0.11.0-rc.0
[INFO] [stderr]    Compiling memmap2 v0.9.7
[INFO] [stderr]    Compiling thread_local v1.1.9
[INFO] [stderr]    Compiling comfy-table v7.1.4
[INFO] [stderr]    Compiling indicatif v0.17.11
[INFO] [stderr]    Compiling tempfile v3.20.0
[INFO] [stderr]    Compiling regex-automata v0.4.9
[INFO] [stderr]    Compiling matchers v0.1.0
[INFO] [stderr]    Compiling synstructure v0.13.2
[INFO] [stderr]    Compiling zerofrom-derive v0.1.6
[INFO] [stderr]    Compiling yoke-derive v0.8.0
[INFO] [stderr]    Compiling zerovec-derive v0.11.1
[INFO] [stderr]    Compiling tokio-macros v2.5.0
[INFO] [stderr]    Compiling displaydoc v0.2.5
[INFO] [stderr]    Compiling serde_derive v1.0.219
[INFO] [stderr]    Compiling tracing-attributes v0.1.30
[INFO] [stderr]    Compiling futures-macro v0.3.31
[INFO] [stderr]    Compiling thiserror-impl v2.0.12
[INFO] [stderr]    Compiling der_derive v0.7.3
[INFO] [stderr]    Compiling hashify v0.2.6
[INFO] [stderr]    Compiling modular-bitfield-impl v0.12.0
[INFO] [stderr]    Compiling tokio v1.47.1
[INFO] [stderr]    Compiling asn1_derive v0.22.0
[INFO] [stderr]    Compiling futures-util v0.3.31
[INFO] [stderr]    Compiling regex v1.11.1
[INFO] [stderr]    Compiling clap_derive v4.5.41
[INFO] [stderr]    Compiling zerofrom v0.1.6
[INFO] [stderr]    Compiling der v0.7.10
[INFO] [stderr]    Compiling yoke v0.8.0
[INFO] [stderr]    Compiling mail-parser v0.11.0
[INFO] [stderr]    Compiling thiserror v2.0.12
[INFO] [stderr]    Compiling zerovec v0.11.4
[INFO] [stderr]    Compiling zerotrie v0.2.2
[INFO] [stderr]    Compiling ngdp-bpsv v0.4.3
[INFO] [stderr]    Compiling tracing v0.1.41
[INFO] [stderr]    Compiling asn1 v0.22.0
[INFO] [stderr]    Compiling ngdp-crypto v0.4.3
[INFO] [stderr]    Compiling modular-bitfield v0.12.0
[INFO] [stderr]    Compiling async-trait v0.1.88
[INFO] [stderr]    Compiling tracing-subscriber v0.3.19
[INFO] [stderr]    Compiling tinystr v0.8.1
[INFO] [stderr]    Compiling icu_locale_core v2.0.0
[INFO] [stderr]    Compiling potential_utf v0.1.2
[INFO] [stderr]    Compiling spki v0.7.3
[INFO] [stderr]    Compiling icu_collections v2.0.0
[INFO] [stderr]    Compiling pkcs8 v0.10.2
[INFO] [stderr]    Compiling x509-cert v0.2.5
[INFO] [stderr]    Compiling blte v0.4.3
[INFO] [stderr]    Compiling clap v4.5.43
[INFO] [stderr]    Compiling pkcs1 v0.7.5
[INFO] [stderr]    Compiling serde v1.0.219
[INFO] [stderr]    Compiling icu_provider v2.0.0
[INFO] [stderr]    Compiling rsa v0.9.8
[INFO] [stderr]    Compiling icu_normalizer v2.0.0
[INFO] [stderr]    Compiling icu_properties v2.0.1
[INFO] [stderr]    Compiling futures-executor v0.3.31
[INFO] [stderr]    Compiling futures v0.3.31
[INFO] [stderr]    Compiling tact-parser v0.4.3
[INFO] [stderr]    Compiling idna_adapter v1.2.1
[INFO] [stderr]    Compiling cms v0.2.3
[INFO] [stderr]    Compiling idna v1.0.3
[INFO] [stderr]    Compiling url v2.5.4
[INFO] [stderr]    Compiling serde_json v1.0.142
[INFO] [stderr]    Compiling serde_urlencoded v0.7.1
[INFO] [stderr]    Compiling toml_datetime v0.6.11
[INFO] [stderr]    Compiling serde_spanned v0.6.9
[INFO] [stderr]    Compiling hyper v1.6.0
[INFO] [stderr]    Compiling tower v0.5.2
[INFO] [stderr]    Compiling async-compression v0.4.27
[INFO] [stderr]    Compiling tokio-util v0.7.16
[INFO] [stderr]    Compiling toml_edit v0.22.27
[INFO] [stderr]    Compiling ribbit-client v0.4.3
[INFO] [stderr]    Compiling rustls-webpki v0.103.4
[INFO] [stderr]    Compiling tower-http v0.6.6
[INFO] [stderr]    Compiling casc-storage v0.4.3
[INFO] [stderr]    Compiling hyper-util v0.1.16
[INFO] [stderr]    Compiling chrono v0.4.41
[INFO] [stderr]    Compiling toml v0.8.23
[INFO] [stderr]    Compiling tokio-rustls v0.26.2
[INFO] [stderr]    Compiling hyper-rustls v0.27.7
[INFO] [stderr]    Compiling reqwest v0.12.22
[INFO] [stderr]    Compiling tact-client v0.4.3
[INFO] [stderr]    Compiling ngdp-cdn v0.4.3
[INFO] [stderr]    Compiling ngdp-cache v0.4.3
[INFO] [stderr]    Compiling ngdp-client v0.4.3 (/opt/rustwide/workdir)
[INFO] [stderr] warning: unused dependency `tempfile`
[INFO] [stderr]   --> Cargo.toml:83:15
[INFO] [stderr]    |
[INFO] [stderr] 83 | [dependencies.tempfile]
[INFO] [stderr]    |               ^^^^^^^^^
[INFO] [stderr]    |
[INFO] [stderr]    = note: `cargo::unused_dependencies` is set to `warn` by default
[INFO] [stderr] help: consider removing the dependency on `tempfile`
[INFO] [stderr] warning: `ngdp-client` (manifest) generated 1 warning
[INFO] [stderr]     Finished `release` profile [optimized] target(s) in 1m 31s
[INFO] [stderr] warning: the following packages contain code that will be rejected by a future version of Rust: num-bigint-dig v0.8.4
[INFO] [stderr] note: to see what the problems were, use the option `--future-incompat-report`, or run `cargo report future-incompatibilities --id 5`
[INFO] running `Command { std: "docker" "inspect" "93233b99940f13423dd95c3df734bf237bc43589b8905d622f7866fa718c0e72", kill_on_drop: false }`
[INFO] running `Command { std: "docker" "exec" "-e" "SOURCE_DIR=/opt/rustwide/workdir" "-e" "CARGO_HOME=/opt/rustwide/cargo-home" "-e" "RUSTUP_HOME=/opt/rustwide/rustup-home" "-e" "CARGO_TARGET_DIR=/opt/rustwide/target" "-e" "CARGO_INCREMENTAL=0" "-e" "RUST_BACKTRACE=full" "-e" "RUSTFLAGS=--cap-lints=warn" "-e" "RUSTDOCFLAGS=--cap-lints=warn" "-w" "/opt/rustwide/workdir" "--user" "0:0" "93233b99940f13423dd95c3df734bf237bc43589b8905d622f7866fa718c0e72" "/opt/rustwide/cargo-home/bin/cargo" "+1.100.0-beta.1" "test" "--frozen" "--no-run" "--message-format=json" "--release", kill_on_drop: false }`
[INFO] [stderr] warning: `package.homepage` is redundant with `package.repository`
[INFO] [stderr]    --> Cargo.toml:150:12
[INFO] [stderr]     |
[INFO] [stderr] 150 | homepage = "https://github.com/wowemulation-dev/cascette-rs"
[INFO] [stderr]     |            ^^^^^^^^^^^^^^^^^^^^^^^^^^^^^^^^^^^^^^^^^^^^^^^^^
[INFO] [stderr] ...
[INFO] [stderr] 155 | repository = "https://github.com/wowemulation-dev/cascette-rs"
[INFO] [stderr]     |              -------------------------------------------------
[INFO] [stderr]     |
[INFO] [stderr]     = note: `cargo::redundant_homepage` is set to `warn` by default
[INFO] [stderr] help: consider removing `package.homepage`
[INFO] [stderr] warning: `ngdp-client` (manifest) generated 1 warning
[INFO] [stderr]    Compiling regex-automata v0.4.9
[INFO] [stderr]    Compiling float-cmp v0.10.0
[INFO] [stderr]    Compiling wait-timeout v0.2.1
[INFO] [stderr]    Compiling regex v1.11.1
[INFO] [stderr]    Compiling bstr v1.12.0
[INFO] [stderr]    Compiling tracing-subscriber v0.3.19
[INFO] [stderr]    Compiling predicates v3.1.3
[INFO] [stderr]    Compiling assert_cmd v2.0.17
[INFO] [stderr]    Compiling ngdp-client v0.4.3 (/opt/rustwide/workdir)
[INFO] [stderr] warning: unused dependency `tempfile`
[INFO] [stderr]   --> Cargo.toml:83:15
[INFO] [stderr]    |
[INFO] [stderr] 83 | [dependencies.tempfile]
[INFO] [stderr]    |               ^^^^^^^^^
[INFO] [stderr]    |
[INFO] [stderr]    = note: `cargo::unused_dependencies` is set to `warn` by default
[INFO] [stderr] help: consider removing the dependency on `tempfile`
[INFO] [stderr] help: to still use for development builds, move to `dev-dependencies`
[INFO] [stderr] warning: `ngdp-client` (manifest) generated 1 warning
[INFO] [stderr]     Finished `release` profile [optimized] target(s) in 44.18s
[INFO] [stderr] warning: the following packages contain code that will be rejected by a future version of Rust: num-bigint-dig v0.8.4
[INFO] [stderr] note: to see what the problems were, use the option `--future-incompat-report`, or run `cargo report future-incompatibilities --id 5`
[INFO] running `Command { std: "docker" "inspect" "93233b99940f13423dd95c3df734bf237bc43589b8905d622f7866fa718c0e72", kill_on_drop: false }`
[INFO] running `Command { std: "docker" "exec" "-e" "SOURCE_DIR=/opt/rustwide/workdir" "-e" "CARGO_HOME=/opt/rustwide/cargo-home" "-e" "RUSTUP_HOME=/opt/rustwide/rustup-home" "-e" "CARGO_TARGET_DIR=/opt/rustwide/target" "-e" "CARGO_INCREMENTAL=0" "-e" "RUST_BACKTRACE=full" "-e" "RUSTFLAGS=--cap-lints=warn" "-e" "RUSTDOCFLAGS=--cap-lints=warn" "-w" "/opt/rustwide/workdir" "--user" "0:0" "93233b99940f13423dd95c3df734bf237bc43589b8905d622f7866fa718c0e72" "/opt/rustwide/cargo-home/bin/cargo" "+1.100.0-beta.1" "test" "--frozen" "--release", kill_on_drop: false }`
[INFO] [stderr] warning: `package.homepage` is redundant with `package.repository`
[INFO] [stderr]    --> Cargo.toml:150:12
[INFO] [stderr]     |
[INFO] [stderr] 150 | homepage = "https://github.com/wowemulation-dev/cascette-rs"
[INFO] [stderr]     |            ^^^^^^^^^^^^^^^^^^^^^^^^^^^^^^^^^^^^^^^^^^^^^^^^^
[INFO] [stderr] ...
[INFO] [stderr] 155 | repository = "https://github.com/wowemulation-dev/cascette-rs"
[INFO] [stderr]     |              -------------------------------------------------
[INFO] [stderr]     |
[INFO] [stderr]     = note: `cargo::redundant_homepage` is set to `warn` by default
[INFO] [stderr] help: consider removing `package.homepage`
[INFO] [stderr] warning: `ngdp-client` (manifest) generated 1 warning
[INFO] [stderr] warning: unused dependency `tempfile`
[INFO] [stderr]   --> Cargo.toml:83:15
[INFO] [stderr]    |
[INFO] [stderr] 83 | [dependencies.tempfile]
[INFO] [stderr]    |               ^^^^^^^^^
[INFO] [stderr]    |
[INFO] [stderr]    = note: `cargo::unused_dependencies` is set to `warn` by default
[INFO] [stderr] help: consider removing the dependency on `tempfile`
[INFO] [stderr] help: to still use for development builds, move to `dev-dependencies`
[INFO] [stderr] warning: `ngdp-client` (manifest) generated 1 warning
[INFO] [stderr]     Finished `release` profile [optimized] target(s) in 0.35s
[INFO] [stderr] warning: the following packages contain code that will be rejected by a future version of Rust: num-bigint-dig v0.8.4
[INFO] [stderr] note: to see what the problems were, use the option `--future-incompat-report`, or run `cargo report future-incompatibilities --id 5`
[INFO] [stderr]      Running unittests src/lib.rs (/opt/rustwide/target/release/build/ngdp-client/0a953d6eadbe0bf5/out/ngdp_client-0a953d6eadbe0bf5)
[INFO] [stdout] 
[INFO] [stdout] running 10 tests
[INFO] [stdout] test pattern_extraction::tests::test_glob_to_regex_conversion ... ok
[INFO] [stdout] test config_manager::tests::test_config_creation_and_persistence ... ok
[INFO] [stdout] test tests::test_output_format_debug ... ok
[INFO] [stdout] test pattern_extraction::tests::test_pattern_detection ... ok
[INFO] [stdout] test pattern_extraction::tests::test_priority_calculation ... ok
[INFO] [stdout] test commands::certs::tests::test_convert_pem_to_der ... ok
[INFO] [stdout] test pattern_extraction::tests::test_glob_matching ... ok
[INFO] [stdout] test pattern_extraction::tests::test_regex_matching ... ok
[INFO] [stdout] test config_manager::tests::test_config_get_set ... ok
[INFO] [stdout] test cdn_config::tests::test_create_cdn_client_with_config ... ok
[INFO] [stdout] 
[INFO] [stdout] test result: ok. 10 passed; 0 failed; 0 ignored; 0 measured; 0 filtered out; finished in 0.01s
[INFO] [stdout] 
[INFO] [stderr]      Running unittests src/main.rs (/opt/rustwide/target/release/build/ngdp-client/e2b0070be7806be6/out/ngdp-e2b0070be7806be6)
[INFO] [stdout] 
[INFO] [stdout] running 0 tests
[INFO] [stdout] 
[INFO] [stdout] test result: ok. 0 passed; 0 failed; 0 ignored; 0 measured; 0 filtered out; finished in 0.00s
[INFO] [stdout] 
[INFO] [stdout] 
[INFO] [stderr]      Running tests/builds_test.rs (/opt/rustwide/target/release/build/ngdp-client/7187f84a640c5475/out/builds_test-7187f84a640c5475)
[INFO] [stdout] running 4 tests
[INFO] [stdout] test test_builds_help ... ok
[INFO] [stdout] test test_builds_invalid_product ... FAILED
[INFO] [stdout] test test_builds_json_format ... FAILED
[INFO] [stdout] test test_builds_bpsv_format ... FAILED
[INFO] [stdout] 
[INFO] [stdout] failures:
[INFO] [stdout] 
[INFO] [stdout] ---- test_builds_invalid_product stdout ----
[INFO] [stdout] 
[INFO] [stdout] thread 'test_builds_invalid_product' (3954) panicked at /rustc/e3feeb59cd1bdd011a2bfcc0747b55125d9b8527/library/core/src/ops/function.rs:250:5:
[INFO] [stdout] Unexpected failure.
[INFO] [stdout] code=1
[INFO] [stdout] stderr=``````
[INFO] [stdout] Fetching build history from Wago Tools API...
[INFO] [stdout] Error: error sending request for url (https://wago.tools/api/builds)
[INFO] [stdout] ```
[INFO] [stdout] ```
[INFO] [stdout] command=`"/opt/rustwide/target/release/ngdp" "products" "builds" "nonexistent"`
[INFO] [stdout] code=1
[INFO] [stdout] stdout=""
[INFO] [stdout] stderr=```
[INFO] [stdout] Fetching build history from Wago Tools API...
[INFO] [stdout] Error: error sending request for url (https://wago.tools/api/builds)
[INFO] [stdout] ```
[INFO] [stdout] 
[INFO] [stdout] 
[INFO] [stdout] stack backtrace:
[INFO] [stdout]    0:     0x61b1213a1eb1 - <<std[617be2ca0a6fd877]::sys::backtrace::BacktraceLock>::print::DisplayBacktrace as core[a373ad73a504971]::fmt::Display>::fmt
[INFO] [stdout]    1:     0x61b1213b86ba - core[a373ad73a504971]::fmt::write
[INFO] [stdout]    2:     0x61b1213a74dc - <alloc[2e1b2a31b91974c5]::vec::Vec<u8> as core[a373ad73a504971]::io::write::Write>::write_fmt
[INFO] [stdout]    3:     0x61b12137d9c6 - std[617be2ca0a6fd877]::panicking::default_hook::{closure#0}
[INFO] [stdout]    4:     0x61b12139a4c9 - std[617be2ca0a6fd877]::panicking::default_hook
[INFO] [stdout]    5:     0x61b12131d500 - test[aada8e7e76ba119b]::test_main_inner::{closure#0}
[INFO] [stdout]    6:     0x61b12139a682 - std[617be2ca0a6fd877]::panicking::panic_with_hook
[INFO] [stdout]    7:     0x61b12137da72 - std[617be2ca0a6fd877]::panicking::panic_handler::{closure#0}
[INFO] [stdout]    8:     0x61b121376789 - std[617be2ca0a6fd877]::sys::backtrace::__rust_end_short_backtrace::<std[617be2ca0a6fd877]::panicking::panic_handler::{closure#0}, !>
[INFO] [stdout]    9:     0x61b12137e67d - __rustc[ea4f61d10b84890b]::rust_begin_unwind
[INFO] [stdout]   10:     0x61b1213b8e6c - core[a373ad73a504971]::panicking::panic_fmt
[INFO] [stdout]   11:     0x61b121351383 - <assert_cmd[c82f30a0e1b44236]::assert::AssertError>::panic::<assert_cmd[c82f30a0e1b44236]::assert::Assert>
[INFO] [stdout]   12:     0x61b121351cd6 - <assert_cmd[c82f30a0e1b44236]::assert::Assert>::success
[INFO] [stdout]   13:     0x61b1213105b1 - <builds_test[ffea3d5e5725bb64]::test_builds_invalid_product::{closure#0} as core[a373ad73a504971]::ops::function::FnOnce<()>>::call_once
[INFO] [stdout]   14:     0x61b12131094b - test[aada8e7e76ba119b]::__rust_begin_short_backtrace::<core[a373ad73a504971]::result::Result<(), alloc[2e1b2a31b91974c5]::string::String>, fn() -> core[a373ad73a504971]::result::Result<(), alloc[2e1b2a31b91974c5]::string::String>>
[INFO] [stdout]   15:     0x61b12131db25 - test[aada8e7e76ba119b]::run_test::{closure#0}
[INFO] [stdout]   16:     0x61b121317414 - std[617be2ca0a6fd877]::sys::backtrace::__rust_begin_short_backtrace::<test[aada8e7e76ba119b]::run_test::{closure#1}, ()>
[INFO] [stdout]   17:     0x61b121320bb2 - <std[617be2ca0a6fd877]::thread::lifecycle::spawn_unchecked<test[aada8e7e76ba119b]::run_test::{closure#1}, ()>::{closure#1} as core[a373ad73a504971]::ops::function::FnOnce<()>>::call_once::{shim:vtable#0}
[INFO] [stdout]   18:     0x61b1213a168f - <std[617be2ca0a6fd877]::sys::thread::unix::Thread>::new::thread_start
[INFO] [stdout]   19:     0x70f1f771edfa - <unknown>
[INFO] [stdout]   20:     0x70f1f77b23d4 - clone
[INFO] [stdout]   21:                0x0 - <unknown>
[INFO] [stdout] 
[INFO] [stdout] ---- test_builds_json_format stdout ----
[INFO] [stdout] 
[INFO] [stdout] thread 'test_builds_json_format' (3956) panicked at /rustc/e3feeb59cd1bdd011a2bfcc0747b55125d9b8527/library/core/src/ops/function.rs:250:5:
[INFO] [stdout] Unexpected failure.
[INFO] [stdout] code=1
[INFO] [stdout] stderr=```"Error: error sending request for url (https://wago.tools/api/builds)\n"```
[INFO] [stdout] command=`"/opt/rustwide/target/release/ngdp" "products" "builds" "nonexistent" "--format" "json"`
[INFO] [stdout] code=1
[INFO] [stdout] stdout=""
[INFO] [stdout] stderr="Error: error sending request for url (https://wago.tools/api/builds)\n"
[INFO] [stdout] 
[INFO] [stdout] stack backtrace:
[INFO] [stdout]    0:     0x61b1213a1eb1 - <<std[617be2ca0a6fd877]::sys::backtrace::BacktraceLock>::print::DisplayBacktrace as core[a373ad73a504971]::fmt::Display>::fmt
[INFO] [stdout]    1:     0x61b1213b86ba - core[a373ad73a504971]::fmt::write
[INFO] [stdout]    2:     0x61b1213a74dc - <alloc[2e1b2a31b91974c5]::vec::Vec<u8> as core[a373ad73a504971]::io::write::Write>::write_fmt
[INFO] [stdout]    3:     0x61b12137d9c6 - std[617be2ca0a6fd877]::panicking::default_hook::{closure#0}
[INFO] [stdout]    4:     0x61b12139a4c9 - std[617be2ca0a6fd877]::panicking::default_hook
[INFO] [stdout]    5:     0x61b12131d500 - test[aada8e7e76ba119b]::test_main_inner::{closure#0}
[INFO] [stdout]    6:     0x61b12139a682 - std[617be2ca0a6fd877]::panicking::panic_with_hook
[INFO] [stdout]    7:     0x61b12137da72 - std[617be2ca0a6fd877]::panicking::panic_handler::{closure#0}
[INFO] [stdout]    8:     0x61b121376789 - std[617be2ca0a6fd877]::sys::backtrace::__rust_end_short_backtrace::<std[617be2ca0a6fd877]::panicking::panic_handler::{closure#0}, !>
[INFO] [stdout]    9:     0x61b12137e67d - __rustc[ea4f61d10b84890b]::rust_begin_unwind
[INFO] [stdout]   10:     0x61b1213b8e6c - core[a373ad73a504971]::panicking::panic_fmt
[INFO] [stdout]   11:     0x61b121351383 - <assert_cmd[c82f30a0e1b44236]::assert::AssertError>::panic::<assert_cmd[c82f30a0e1b44236]::assert::Assert>
[INFO] [stdout]   12:     0x61b121351cd6 - <assert_cmd[c82f30a0e1b44236]::assert::Assert>::success
[INFO] [stdout]   13:     0x61b1213102b8 - <builds_test[ffea3d5e5725bb64]::test_builds_json_format::{closure#0} as core[a373ad73a504971]::ops::function::FnOnce<()>>::call_once
[INFO] [stdout]   14:     0x61b12131094b - test[aada8e7e76ba119b]::__rust_begin_short_backtrace::<core[a373ad73a504971]::result::Result<(), alloc[2e1b2a31b91974c5]::string::String>, fn() -> core[a373ad73a504971]::result::Result<(), alloc[2e1b2a31b91974c5]::string::String>>
[INFO] [stdout]   15:     0x61b12131db25 - test[aada8e7e76ba119b]::run_test::{closure#0}
[INFO] [stdout]   16:     0x61b121317414 - std[617be2ca0a6fd877]::sys::backtrace::__rust_begin_short_backtrace::<test[aada8e7e76ba119b]::run_test::{closure#1}, ()>
[INFO] [stdout]   17:     0x61b121320bb2 - <std[617be2ca0a6fd877]::thread::lifecycle::spawn_unchecked<test[aada8e7e76ba119b]::run_test::{closure#1}, ()>::{closure#1} as core[a373ad73a504971]::ops::function::FnOnce<()>>::call_once::{shim:vtable#0}
[INFO] [stdout]   18:     0x61b1213a168f - <std[617be2ca0a6fd877]::sys::thread::unix::Thread>::new::thread_start
[INFO] [stdout]   19:     0x70f1f771edfa - <unknown>
[INFO] [stdout]   20:     0x70f1f77b23d4 - clone
[INFO] [stdout]   21:                0x0 - <unknown>
[INFO] [stdout] 
[INFO] [stdout] ---- test_builds_bpsv_format stdout ----
[INFO] [stdout] 
[INFO] [stdout] thread 'test_builds_bpsv_format' (3952) panicked at /rustc/e3feeb59cd1bdd011a2bfcc0747b55125d9b8527/library/core/src/ops/function.rs:250:5:
[INFO] [stdout] Unexpected failure.
[INFO] [stdout] code=1
[INFO] [stdout] stderr=```"Error: error sending request for url (https://wago.tools/api/builds)\n"```
[INFO] [stdout] command=`"/opt/rustwide/target/release/ngdp" "products" "builds" "nonexistent" "--format" "bpsv"`
[INFO] [stdout] code=1
[INFO] [stdout] stdout=""
[INFO] [stdout] stderr="Error: error sending request for url (https://wago.tools/api/builds)\n"
[INFO] [stdout] 
[INFO] [stdout] stack backtrace:
[INFO] [stdout]    0:     0x61b1213a1eb1 - <<std[617be2ca0a6fd877]::sys::backtrace::BacktraceLock>::print::DisplayBacktrace as core[a373ad73a504971]::fmt::Display>::fmt
[INFO] [stdout]    1:     0x61b1213b86ba - core[a373ad73a504971]::fmt::write
[INFO] [stdout]    2:     0x61b1213a74dc - <alloc[2e1b2a31b91974c5]::vec::Vec<u8> as core[a373ad73a504971]::io::write::Write>::write_fmt
[INFO] [stdout]    3:     0x61b12137d9c6 - std[617be2ca0a6fd877]::panicking::default_hook::{closure#0}
[INFO] [stdout]    4:     0x61b12139a4c9 - std[617be2ca0a6fd877]::panicking::default_hook
[INFO] [stdout]    5:     0x61b12131d500 - test[aada8e7e76ba119b]::test_main_inner::{closure#0}
[INFO] [stdout]    6:     0x61b12139a682 - std[617be2ca0a6fd877]::panicking::panic_with_hook
[INFO] [stdout]    7:     0x61b12137da72 - std[617be2ca0a6fd877]::panicking::panic_handler::{closure#0}
[INFO] [stdout]    8:     0x61b121376789 - std[617be2ca0a6fd877]::sys::backtrace::__rust_end_short_backtrace::<std[617be2ca0a6fd877]::panicking::panic_handler::{closure#0}, !>
[INFO] [stdout]    9:     0x61b12137e67d - __rustc[ea4f61d10b84890b]::rust_begin_unwind
[INFO] [stdout]   10:     0x61b1213b8e6c - core[a373ad73a504971]::panicking::panic_fmt
[INFO] [stdout]   11:     0x61b121351383 - <assert_cmd[c82f30a0e1b44236]::assert::AssertError>::panic::<assert_cmd[c82f30a0e1b44236]::assert::Assert>
[INFO] [stdout]   12:     0x61b121351cd6 - <assert_cmd[c82f30a0e1b44236]::assert::Assert>::success
[INFO] [stdout]   13:     0x61b12130fd64 - <builds_test[ffea3d5e5725bb64]::test_builds_bpsv_format::{closure#0} as core[a373ad73a504971]::ops::function::FnOnce<()>>::call_once
[INFO] [stdout]   14:     0x61b12131094b - test[aada8e7e76ba119b]::__rust_begin_short_backtrace::<core[a373ad73a504971]::result::Result<(), alloc[2e1b2a31b91974c5]::string::String>, fn() -> core[a373ad73a504971]::result::Result<(), alloc[2e1b2a31b91974c5]::string::String>>
[INFO] [stdout]   15:     0x61b12131db25 - test[aada8e7e76ba119b]::run_test::{closure#0}
[INFO] [stdout]   16:     0x61b121317414 - std[617be2ca0a6fd877]::sys::backtrace::__rust_begin_short_backtrace::<test[aada8e7e76ba119b]::run_test::{closure#1}, ()>
[INFO] [stdout]   17:     0x61b121320bb2 - <std[617be2ca0a6fd877]::thread::lifecycle::spawn_unchecked<test[aada8e7e76ba119b]::run_test::{closure#1}, ()>::{closure#1} as core[a373ad73a504971]::ops::function::FnOnce<()>>::call_once::{shim:vtable#0}
[INFO] [stdout]   18:     0x61b1213a168f - <std[617be2ca0a6fd877]::sys::thread::unix::Thread>::new::thread_start
[INFO] [stdout]   19:     0x70f1f771edfa - <unknown>
[INFO] [stdout]   20:     0x70f1f77b23d4 - clone
[INFO] [stdout]   21:                0x0 - <unknown>
[INFO] [stdout] 
[INFO] [stdout] 
[INFO] [stdout] failures:
[INFO] [stdout]     test_builds_bpsv_format
[INFO] [stdout]     test_builds_invalid_product
[INFO] [stdout]     test_builds_json_format
[INFO] [stdout] 
[INFO] [stdout] test result: FAILED. 1 passed; 3 failed; 0 ignored; 0 measured; 0 filtered out; finished in 0.03s
[INFO] [stdout] 
[INFO] [stderr] error: test failed, to rerun pass `--test builds_test`
[INFO] running `Command { std: "docker" "inspect" "93233b99940f13423dd95c3df734bf237bc43589b8905d622f7866fa718c0e72", kill_on_drop: false }`
[INFO] running `Command { std: "docker" "rm" "-f" "93233b99940f13423dd95c3df734bf237bc43589b8905d622f7866fa718c0e72", kill_on_drop: false }`
[INFO] [stdout] 93233b99940f13423dd95c3df734bf237bc43589b8905d622f7866fa718c0e72
