[INFO] fetching crate neurogrim-sensory 5.0.0...
[INFO] testing neurogrim-sensory-5.0.0 against 1.100.0-beta.1+cargoflags=--release for beta-release-1.100-2
[INFO] extracting crate neurogrim-sensory 5.0.0 into /workspace/builds/worker-1-tc2/source
[INFO] started tweaking crates.io crate neurogrim-sensory 5.0.0
[INFO] removed 0 missing tests
[INFO] finished tweaking crates.io crate neurogrim-sensory 5.0.0
[INFO] tweaked toml for crates.io crate neurogrim-sensory 5.0.0 written to /workspace/builds/worker-1-tc2/source/Cargo.toml
[INFO] validating manifest of crates.io crate neurogrim-sensory 5.0.0 on toolchain 1.100.0-beta.1
[INFO] running `Command { std: CARGO_HOME="/workspace/cargo-home" RUSTUP_HOME="/workspace/rustup-home" "/workspace/cargo-home/bin/cargo" "+1.100.0-beta.1" "metadata" "--manifest-path" "Cargo.toml" "--no-deps", kill_on_drop: false }`
[INFO] crate crates.io crate neurogrim-sensory 5.0.0 already has a lockfile, it will not be regenerated
[INFO] running `Command { std: CARGO_HOME="/workspace/cargo-home" RUSTUP_HOME="/workspace/rustup-home" "/workspace/cargo-home/bin/cargo" "+1.100.0-beta.1" "fetch" "--manifest-path" "Cargo.toml", kill_on_drop: false }`
[INFO] running `Command { std: "docker" "create" "-v" "/var/lib/crater-agent-workspace/builds/worker-1-tc2/source:/opt/rustwide/workdir:ro,Z" "-v" "/var/lib/crater-agent-workspace/builds/worker-1-tc2/target:/opt/rustwide/target:rw,Z" "-v" "/var/lib/crater-agent-workspace/cargo-home:/opt/rustwide/cargo-home:ro,Z" "-v" "/var/lib/crater-agent-workspace/rustup-home:/opt/rustwide/rustup-home:ro,Z" "-m" "1610612736" "--network" "none" "ghcr.io/rust-lang/crates-build-env/linux@sha256:77db811e55d90add9212f6832c23229e3de5f1c1f9905e8cb07319ea15df73ac" "sleep" "infinity", kill_on_drop: false }`
[INFO] [stdout] c567dd84e4690163d61de91791ea01e726ecd1ff1ef1b55787bfe8233d2c3d63
[INFO] running `Command { std: "docker" "start" "c567dd84e4690163d61de91791ea01e726ecd1ff1ef1b55787bfe8233d2c3d63", kill_on_drop: false }`
[INFO] running `Command { std: "docker" "inspect" "c567dd84e4690163d61de91791ea01e726ecd1ff1ef1b55787bfe8233d2c3d63", kill_on_drop: false }`
[INFO] running `Command { std: "docker" "exec" "-e" "SOURCE_DIR=/opt/rustwide/workdir" "-e" "CARGO_HOME=/opt/rustwide/cargo-home" "-e" "RUSTUP_HOME=/opt/rustwide/rustup-home" "-e" "CARGO_TARGET_DIR=/opt/rustwide/target" "-w" "/opt/rustwide/workdir" "--user" "0:0" "c567dd84e4690163d61de91791ea01e726ecd1ff1ef1b55787bfe8233d2c3d63" "/opt/rustwide/cargo-home/bin/cargo" "+1.100.0-beta.1" "metadata" "--no-deps" "--format-version=1", kill_on_drop: false }`
[INFO] running `Command { std: "docker" "inspect" "c567dd84e4690163d61de91791ea01e726ecd1ff1ef1b55787bfe8233d2c3d63", kill_on_drop: false }`
[INFO] running `Command { std: "docker" "exec" "-e" "SOURCE_DIR=/opt/rustwide/workdir" "-e" "CARGO_HOME=/opt/rustwide/cargo-home" "-e" "RUSTUP_HOME=/opt/rustwide/rustup-home" "-e" "CARGO_TARGET_DIR=/opt/rustwide/target" "-e" "CARGO_INCREMENTAL=0" "-e" "RUST_BACKTRACE=full" "-e" "RUSTFLAGS=--cap-lints=warn" "-e" "RUSTDOCFLAGS=--cap-lints=warn" "-w" "/opt/rustwide/workdir" "--user" "0:0" "c567dd84e4690163d61de91791ea01e726ecd1ff1ef1b55787bfe8233d2c3d63" "/opt/rustwide/cargo-home/bin/cargo" "+1.100.0-beta.1" "build" "--frozen" "--message-format=json" "--release", kill_on_drop: false }`
[INFO] [stderr]    Compiling proc-macro2 v1.0.106
[INFO] [stderr]    Compiling unicode-ident v1.0.24
[INFO] [stderr]    Compiling quote v1.0.45
[INFO] [stderr]    Compiling libc v0.2.184
[INFO] [stderr]    Compiling cfg-if v1.0.4
[INFO] [stderr]    Compiling serde_core v1.0.228
[INFO] [stderr]    Compiling memchr v2.8.0
[INFO] [stderr]    Compiling smallvec v1.15.1
[INFO] [stderr]    Compiling pin-project-lite v0.2.17
[INFO] [stderr]    Compiling serde v1.0.228
[INFO] [stderr]    Compiling bytes v1.11.1
[INFO] [stderr]    Compiling itoa v1.0.18
[INFO] [stderr]    Compiling futures-core v0.3.32
[INFO] [stderr]    Compiling parking_lot_core v0.9.12
[INFO] [stderr]    Compiling stable_deref_trait v1.2.1
[INFO] [stderr]    Compiling scopeguard v1.2.0
[INFO] [stderr]    Compiling once_cell v1.21.4
[INFO] [stderr]    Compiling lock_api v0.4.14
[INFO] [stderr]    Compiling futures-sink v0.3.32
[INFO] [stderr]    Compiling find-msvc-tools v0.1.9
[INFO] [stderr]    Compiling futures-channel v0.3.32
[INFO] [stderr]    Compiling version_check v0.9.5
[INFO] [stderr]    Compiling shlex v1.3.0
[INFO] [stderr]    Compiling autocfg v1.5.0
[INFO] [stderr]    Compiling cc v1.2.60
[INFO] [stderr]    Compiling zmij v1.0.21
[INFO] [stderr]    Compiling futures-io v0.3.32
[INFO] [stderr]    Compiling futures-task v0.3.32
[INFO] [stderr]    Compiling num-traits v0.2.19
[INFO] [stderr]    Compiling slab v0.4.12
[INFO] [stderr]    Compiling litemap v0.8.2
[INFO] [stderr]    Compiling writeable v0.6.3
[INFO] [stderr]    Compiling syn v2.0.117
[INFO] [stderr]    Compiling tracing-core v0.1.36
[INFO] [stderr]    Compiling zerocopy v0.8.48
[INFO] [stderr]    Compiling icu_normalizer_data v2.2.0
[INFO] [stderr]    Compiling equivalent v1.0.2
[INFO] [stderr]    Compiling hashbrown v0.17.0
[INFO] [stderr]    Compiling utf8_iter v1.0.4
[INFO] [stderr]    Compiling icu_properties_data v2.2.0
[INFO] [stderr]    Compiling bitflags v2.11.0
[INFO] [stderr]    Compiling percent-encoding v2.3.2
[INFO] [stderr]    Compiling indexmap v2.14.0
[INFO] [stderr]    Compiling errno v0.3.14
[INFO] [stderr]    Compiling mio v1.2.0
[INFO] [stderr]    Compiling signal-hook-registry v1.4.8
[INFO] [stderr]    Compiling parking_lot v0.12.5
[INFO] [stderr]    Compiling socket2 v0.6.3
[INFO] [stderr]    Compiling getrandom v0.2.17
[INFO] [stderr]    Compiling httparse v1.10.1
[INFO] [stderr]    Compiling serde_json v1.0.149
[INFO] [stderr]    Compiling ring v0.17.14
[INFO] [stderr]    Compiling tower-service v0.3.3
[INFO] [stderr]    Compiling getrandom v0.3.4
[INFO] [stderr]    Compiling try-lock v0.2.5
[INFO] [stderr]    Compiling want v0.3.1
[INFO] [stderr]    Compiling form_urlencoded v1.2.2
[INFO] [stderr]    Compiling ahash v0.8.12
[INFO] [stderr]    Compiling http v1.4.0
[INFO] [stderr]    Compiling zeroize v1.8.2
[INFO] [stderr]    Compiling rustls-pki-types v1.14.0
[INFO] [stderr]    Compiling num-integer v0.1.46
[INFO] [stderr]    Compiling generic-array v0.14.7
[INFO] [stderr]    Compiling ryu v1.0.23
[INFO] [stderr]    Compiling untrusted v0.9.0
[INFO] [stderr]    Compiling fnv v1.0.7
[INFO] [stderr]    Compiling http v0.2.12
[INFO] [stderr]    Compiling rustls v0.23.38
[INFO] [stderr]    Compiling getrandom v0.4.2
[INFO] [stderr]    Compiling http-body v1.0.1
[INFO] [stderr]    Compiling ipnet v2.12.0
[INFO] [stderr]    Compiling vcpkg v0.2.15
[INFO] [stderr]    Compiling typenum v1.20.0
[INFO] [stderr]    Compiling strsim v0.11.1
[INFO] [stderr]    Compiling thiserror v2.0.18
[INFO] [stderr]    Compiling cfg_aliases v0.2.1
[INFO] [stderr]    Compiling ident_case v1.0.1
[INFO] [stderr]    Compiling pkg-config v0.3.33
[INFO] [stderr]    Compiling utf8parse v0.2.2
[INFO] [stderr]    Compiling anstyle-parse v1.0.0
[INFO] [stderr]    Compiling nix v0.30.1
[INFO] [stderr]    Compiling synstructure v0.13.2
[INFO] [stderr]    Compiling serde_derive_internals v0.29.1
[INFO] [stderr]    Compiling libsqlite3-sys v0.28.0
[INFO] [stderr]    Compiling darling_core v0.21.3
[INFO] [stderr]    Compiling num-bigint v0.4.6
[INFO] [stderr]    Compiling aho-corasick v1.1.4
[INFO] [stderr]    Compiling subtle v2.6.1
[INFO] [stderr]    Compiling anyhow v1.0.102
[INFO] [stderr]    Compiling atomic-waker v1.1.2
[INFO] [stderr]    Compiling is_terminal_polyfill v1.70.2
[INFO] [stderr]    Compiling iana-time-zone v0.1.65
[INFO] [stderr]    Compiling anstyle v1.0.14
[INFO] [stderr]    Compiling winnow v0.7.15
[INFO] [stderr]    Compiling rustix v1.1.4
[INFO] [stderr]    Compiling serde_derive v1.0.228
[INFO] [stderr]    Compiling zerofrom-derive v0.1.7
[INFO] [stderr]    Compiling yoke-derive v0.8.2
[INFO] [stderr]    Compiling zerofrom v0.1.7
[INFO] [stderr]    Compiling tokio-macros v2.7.0
[INFO] [stderr]    Compiling yoke v0.8.2
[INFO] [stderr]    Compiling zerovec-derive v0.11.3
[INFO] [stderr]    Compiling tokio v1.51.1
[INFO] [stderr]    Compiling displaydoc v0.2.5
[INFO] [stderr]    Compiling zerovec v0.11.6
[INFO] [stderr]    Compiling futures-macro v0.3.32
[INFO] [stderr]    Compiling zerotrie v0.2.4
[INFO] [stderr]    Compiling tinystr v0.8.3
[INFO] [stderr]    Compiling futures-util v0.3.32
[INFO] [stderr]    Compiling potential_utf v0.1.5
[INFO] [stderr]    Compiling tracing-attributes v0.1.31
[INFO] [stderr]    Compiling icu_locale_core v2.2.0
[INFO] [stderr]    Compiling icu_collections v2.2.0
[INFO] [stderr]    Compiling thiserror-impl v2.0.18
[INFO] [stderr]    Compiling icu_provider v2.2.0
[INFO] [stderr]    Compiling tracing v0.1.44
[INFO] [stderr]    Compiling icu_properties v2.2.0
[INFO] [stderr]    Compiling icu_normalizer v2.2.0
[INFO] [stderr]    Compiling regex-syntax v0.8.10
[INFO] [stderr]    Compiling ref-cast v1.0.25
[INFO] [stderr]    Compiling anstyle-query v1.1.5
[INFO] [stderr]    Compiling colorchoice v1.0.5
[INFO] [stderr]    Compiling base64 v0.22.1
[INFO] [stderr]    Compiling idna_adapter v1.2.1
[INFO] [stderr]    Compiling idna v1.1.0
[INFO] [stderr]    Compiling futures-executor v0.3.32
[INFO] [stderr]    Compiling anstream v1.0.0
[INFO] [stderr]    Compiling url v2.5.8
[INFO] [stderr]    Compiling hashbrown v0.14.5
[INFO] [stderr]    Compiling chrono v0.4.44
[INFO] [stderr]    Compiling tokio-util v0.7.18
[INFO] [stderr]    Compiling hyper v1.9.0
[INFO] [stderr]    Compiling rustls-webpki v0.103.13
[INFO] [stderr]    Compiling h2 v0.3.27
[INFO] [stderr]    Compiling regex-automata v0.4.14
[INFO] [stderr]    Compiling serde_urlencoded v0.7.1
[INFO] [stderr]    Compiling darling_macro v0.21.3
[INFO] [stderr]    Compiling num-rational v0.4.2
[INFO] [stderr]    Compiling ref-cast-impl v1.0.25
[INFO] [stderr]    Compiling ppv-lite86 v0.2.21
[INFO] [stderr]    Compiling http-body v0.4.6
[INFO] [stderr]    Compiling num-iter v0.1.45
[INFO] [stderr]    Compiling rand_core v0.6.4
[INFO] [stderr]    Compiling num-complex v0.4.6
[INFO] [stderr]    Compiling socket2 v0.5.10
[INFO] [stderr]    Compiling sync_wrapper v1.0.2
[INFO] [stderr]    Compiling linux-raw-sys v0.12.1
[INFO] [stderr]    Compiling bit-vec v0.6.3
[INFO] [stderr]    Compiling clap_lex v1.1.0
[INFO] [stderr]    Compiling openssl-probe v0.2.1
[INFO] [stderr]    Compiling httpdate v1.0.3
[INFO] [stderr]    Compiling winnow v1.0.2
[INFO] [stderr]    Compiling log v0.4.29
[INFO] [stderr]    Compiling heck v0.5.0
[INFO] [stderr]    Compiling dyn-clone v1.0.20
[INFO] [stderr]    Compiling tower-layer v0.3.3
[INFO] [stderr]    Compiling num-conv v0.2.1
[INFO] [stderr]    Compiling crc32fast v1.5.0
[INFO] [stderr]    Compiling paste v1.0.15
[INFO] [stderr]    Compiling powerfmt v0.2.0
[INFO] [stderr]    Compiling time-core v0.1.8
[INFO] [stderr]    Compiling deranged v0.5.8
[INFO] [stderr]    Compiling time-macros v0.2.27
[INFO] [stderr]    Compiling tower v0.5.3
[INFO] [stderr]    Compiling clap_derive v4.6.0
[INFO] [stderr]    Compiling toml_parser v1.1.2+spec-1.1.0
[INFO] [stderr]    Compiling clap_builder v4.6.0
[INFO] [stderr]    Compiling hyper v0.14.32
[INFO] [stderr]    Compiling rustls-native-certs v0.8.3
[INFO] [stderr]    Compiling bit-set v0.5.3
[INFO] [stderr]    Compiling tokio-rustls v0.26.4
[INFO] [stderr]    Compiling regex v1.12.3
[INFO] [stderr]    Compiling num v0.4.3
[INFO] [stderr]    Compiling rand_chacha v0.3.1
[INFO] [stderr]    Compiling uuid v1.23.1
[INFO] [stderr]    Compiling darling v0.21.3
[INFO] [stderr]    Compiling hyper-util v0.1.20
[INFO] [stderr]    Compiling hashlink v0.9.1
[INFO] [stderr]    Compiling futures v0.3.32
[INFO] [stderr]    Compiling serde_spanned v0.6.9
[INFO] [stderr]    Compiling toml_datetime v0.6.11
[INFO] [stderr]    Compiling schemars_derive v1.2.1
[INFO] [stderr]    Compiling crypto-common v0.1.7
[INFO] [stderr]    Compiling block-buffer v0.10.4
[INFO] [stderr]    Compiling serde_spanned v1.1.1
[INFO] [stderr]    Compiling toml_datetime v0.7.5+spec-1.1.0
[INFO] [stderr]    Compiling nom v8.0.0
[INFO] [stderr]    Compiling encoding_rs v0.8.35
[INFO] [stderr]    Compiling minimal-lexical v0.2.1
[INFO] [stderr]    Compiling toml_writer v1.1.1+spec-1.1.0
[INFO] [stderr]    Compiling lazy_static v1.5.0
[INFO] [stderr]    Compiling unsafe-libyaml v0.2.11
[INFO] [stderr]    Compiling adler2 v2.0.1
[INFO] [stderr]    Compiling simd-adler32 v0.3.9
[INFO] [stderr]    Compiling mime v0.3.17
[INFO] [stderr]    Compiling fallible-iterator v0.3.0
[INFO] [stderr]    Compiling iri-string v0.7.12
[INFO] [stderr]    Compiling fallible-streaming-iterator v0.1.9
[INFO] [stderr]    Compiling schemars v0.8.22
[INFO] [stderr]    Compiling base64 v0.21.7
[INFO] [stderr]    Compiling toml_write v0.1.2
[INFO] [stderr]    Compiling sync_wrapper v0.1.2
[INFO] [stderr]    Compiling reqwest v0.11.27
[INFO] [stderr]    Compiling toml_edit v0.22.27
[INFO] [stderr]    Compiling iso8601 v0.6.3
[INFO] [stderr]    Compiling tower-http v0.6.8
[INFO] [stderr]    Compiling serde_yaml v0.9.34+deprecated
[INFO] [stderr]    Compiling miniz_oxide v0.8.9
[INFO] [stderr]    Compiling time v0.3.47
[INFO] [stderr]    Compiling fraction v0.13.1
[INFO] [stderr]    Compiling toml v0.9.12+spec-1.1.0
[INFO] [stderr]    Compiling nom v7.1.3
[INFO] [stderr]    Compiling schemars v1.2.1
[INFO] [stderr]    Compiling digest v0.10.7
[INFO] [stderr]    Compiling hyper-rustls v0.27.9
[INFO] [stderr]    Compiling process-wrap v8.2.1
[INFO] [stderr]    Compiling rmcp-macros v0.8.5
[INFO] [stderr]    Compiling clap v4.6.0
[INFO] [stderr]    Compiling xattr v1.6.1
[INFO] [stderr]    Compiling rand v0.8.6
[INFO] [stderr]    Compiling fancy-regex v0.11.0
[INFO] [stderr]    Compiling tokio-stream v0.1.18
[INFO] [stderr]    Compiling schemars_derive v0.8.22
[INFO] [stderr]    Compiling async-trait v0.1.89
[INFO] [stderr]    Compiling http-body-util v0.1.3
[INFO] [stderr]    Compiling semver v1.0.28
[INFO] [stderr]    Compiling filetime v0.2.27
[INFO] [stderr]    Compiling num-cmp v0.1.0
[INFO] [stderr]    Compiling cpufeatures v0.2.17
[INFO] [stderr]    Compiling bytecount v0.6.9
[INFO] [stderr]    Compiling jsonschema v0.17.1
[INFO] [stderr]    Compiling sha2 v0.10.9
[INFO] [stderr]    Compiling cargo-lock v11.0.1
[INFO] [stderr]    Compiling tar v0.4.45
[INFO] [stderr]    Compiling reqwest v0.12.28
[INFO] [stderr]    Compiling rmcp v0.8.5
[INFO] [stderr]    Compiling flate2 v1.1.9
[INFO] [stderr]    Compiling yarn-lock-parser v0.10.0
[INFO] [stderr]    Compiling toml v0.8.23
[INFO] [stderr]    Compiling rusqlite v0.31.0
[INFO] [stderr]    Compiling neurogrim-core v5.0.0
[INFO] [stderr]    Compiling neurogrim-sensory v5.0.0 (/opt/rustwide/workdir)
[INFO] [stdout] warning: field `type_name` is never read
[INFO] [stdout]    --> src/capability_hygiene.rs:212:5
[INFO] [stdout]     |
[INFO] [stdout] 211 | struct TypeResult {
[INFO] [stdout]     |        ---------- field in this struct
[INFO] [stdout] 212 |     type_name: &'static str,
[INFO] [stdout]     |     ^^^^^^^^^
[INFO] [stdout]     |
[INFO] [stdout]     = note: `TypeResult` has a derived impl for the trait `Debug`, but this is intentionally ignored during dead code analysis
[INFO] [stdout]     = note: `#[warn(dead_code)]` (part of `#[warn(unused)]`) on by default
[INFO] [stdout] 
[INFO] [stdout] 
[INFO] [stderr]     Finished `release` profile [optimized] target(s) in 8m 04s
[INFO] [stderr] warning: the following packages contain code that will be rejected by a future version of Rust: nix v0.30.1
[INFO] [stderr] note: to see what the problems were, use the option `--future-incompat-report`, or run `cargo report future-incompatibilities --id 1`
[INFO] running `Command { std: "docker" "inspect" "c567dd84e4690163d61de91791ea01e726ecd1ff1ef1b55787bfe8233d2c3d63", kill_on_drop: false }`
[INFO] running `Command { std: "docker" "exec" "-e" "SOURCE_DIR=/opt/rustwide/workdir" "-e" "CARGO_HOME=/opt/rustwide/cargo-home" "-e" "RUSTUP_HOME=/opt/rustwide/rustup-home" "-e" "CARGO_TARGET_DIR=/opt/rustwide/target" "-e" "CARGO_INCREMENTAL=0" "-e" "RUST_BACKTRACE=full" "-e" "RUSTFLAGS=--cap-lints=warn" "-e" "RUSTDOCFLAGS=--cap-lints=warn" "-w" "/opt/rustwide/workdir" "--user" "0:0" "c567dd84e4690163d61de91791ea01e726ecd1ff1ef1b55787bfe8233d2c3d63" "/opt/rustwide/cargo-home/bin/cargo" "+1.100.0-beta.1" "test" "--frozen" "--no-run" "--message-format=json" "--release", kill_on_drop: false }`
[INFO] [stderr]    Compiling rustix v1.1.4
[INFO] [stderr]    Compiling neurogrim-core v5.0.0
[INFO] [stderr]    Compiling fastrand v2.4.1
[INFO] [stderr]    Compiling xattr v1.6.1
[INFO] [stderr]    Compiling tempfile v3.27.0
[INFO] [stderr]    Compiling tar v0.4.45
[INFO] [stderr]    Compiling neurogrim-sensory v5.0.0 (/opt/rustwide/workdir)
[INFO] [stdout] warning: field `type_name` is never read
[INFO] [stdout]    --> src/capability_hygiene.rs:212:5
[INFO] [stdout]     |
[INFO] [stdout] 211 | struct TypeResult {
[INFO] [stdout]     |        ---------- field in this struct
[INFO] [stdout] 212 |     type_name: &'static str,
[INFO] [stdout]     |     ^^^^^^^^^
[INFO] [stdout]     |
[INFO] [stdout]     = note: `TypeResult` has a derived impl for the trait `Debug`, but this is intentionally ignored during dead code analysis
[INFO] [stdout]     = note: `#[warn(dead_code)]` (part of `#[warn(unused)]`) on by default
[INFO] [stdout] 
[INFO] [stdout] 
[INFO] [stdout] warning: field `type_name` is never read
[INFO] [stdout]    --> src/capability_hygiene.rs:212:5
[INFO] [stdout]     |
[INFO] [stdout] 211 | struct TypeResult {
[INFO] [stdout]     |        ---------- field in this struct
[INFO] [stdout] 212 |     type_name: &'static str,
[INFO] [stdout]     |     ^^^^^^^^^
[INFO] [stdout]     |
[INFO] [stdout]     = note: `TypeResult` has a derived impl for the trait `Debug`, but this is intentionally ignored during dead code analysis
[INFO] [stdout]     = note: `#[warn(dead_code)]` (part of `#[warn(unused)]`) on by default
[INFO] [stdout] 
[INFO] [stdout] 
[INFO] [stderr]     Finished `release` profile [optimized] target(s) in 3m 14s
[INFO] [stderr] warning: the following packages contain code that will be rejected by a future version of Rust: nix v0.30.1
[INFO] [stderr] note: to see what the problems were, use the option `--future-incompat-report`, or run `cargo report future-incompatibilities --id 1`
[INFO] running `Command { std: "docker" "inspect" "c567dd84e4690163d61de91791ea01e726ecd1ff1ef1b55787bfe8233d2c3d63", kill_on_drop: false }`
[INFO] running `Command { std: "docker" "exec" "-e" "SOURCE_DIR=/opt/rustwide/workdir" "-e" "CARGO_HOME=/opt/rustwide/cargo-home" "-e" "RUSTUP_HOME=/opt/rustwide/rustup-home" "-e" "CARGO_TARGET_DIR=/opt/rustwide/target" "-e" "CARGO_INCREMENTAL=0" "-e" "RUST_BACKTRACE=full" "-e" "RUSTFLAGS=--cap-lints=warn" "-e" "RUSTDOCFLAGS=--cap-lints=warn" "-w" "/opt/rustwide/workdir" "--user" "0:0" "c567dd84e4690163d61de91791ea01e726ecd1ff1ef1b55787bfe8233d2c3d63" "/opt/rustwide/cargo-home/bin/cargo" "+1.100.0-beta.1" "test" "--frozen" "--release", kill_on_drop: false }`
[INFO] [stderr] warning: field `type_name` is never read
[INFO] [stderr]    --> src/capability_hygiene.rs:212:5
[INFO] [stderr]     |
[INFO] [stderr] 211 | struct TypeResult {
[INFO] [stderr]     |        ---------- field in this struct
[INFO] [stderr] 212 |     type_name: &'static str,
[INFO] [stderr]     |     ^^^^^^^^^
[INFO] [stderr]     |
[INFO] [stderr]     = note: `TypeResult` has a derived impl for the trait `Debug`, but this is intentionally ignored during dead code analysis
[INFO] [stderr]     = note: `#[warn(dead_code)]` (part of `#[warn(unused)]`) on by default
[INFO] [stderr] 
[INFO] [stderr] warning: `neurogrim-sensory` (lib) generated 1 warning
[INFO] [stderr] warning: `neurogrim-sensory` (lib test) generated 1 warning (1 duplicate)
[INFO] [stderr]     Finished `release` profile [optimized] target(s) in 0.29s
[INFO] [stderr] warning: the following packages contain code that will be rejected by a future version of Rust: nix v0.30.1
[INFO] [stderr] note: to see what the problems were, use the option `--future-incompat-report`, or run `cargo report future-incompatibilities --id 1`
[INFO] [stderr]      Running unittests src/lib.rs (/opt/rustwide/target/release/build/neurogrim-sensory/9342dc9401ca3432/out/neurogrim_sensory-9342dc9401ca3432)
[INFO] [stdout] 
[INFO] [stdout] running 337 tests
[INFO] [stdout] test capability_hygiene::tests::detect_when_to_use_matches_common_phrasings ... ok
[INFO] [stdout] test capability_hygiene::tests::extract_description_stops_at_first_double_hash ... ok
[INFO] [stdout] test agent_behavior::tests::empty_scenarios_dir_produces_degraded_cmdb ... ok
[INFO] [stdout] test agent_behavior::tests::missing_proxy_env_produces_degraded_cmdb ... ok
[INFO] [stdout] test capability_hygiene::tests::extract_skill_md_routing_text_returns_none_for_empty_fields ... ok
[INFO] [stdout] test capability_hygiene::tests::extract_skill_md_routing_text_parses_description_only ... ok
[INFO] [stdout] test capability_hygiene::tests::extract_skill_md_routing_text_combines_description_and_when_to_use ... ok
[INFO] [stdout] test capability_hygiene::tests::correlations_scored_from_registry ... ok
[INFO] [stdout] test agent_behavior::tests::missing_scenarios_dir_produces_degraded_cmdb ... ok
[INFO] [stdout] test capability_hygiene::tests::extract_skill_md_routing_text_returns_none_for_no_frontmatter ... ok
[INFO] [stdout] test capability_hygiene::tests::missing_skills_dir_yields_score_100 ... ok
[INFO] [stdout] test capability_hygiene::tests::hats_scored_from_registry ... ok
[INFO] [stdout] test capability_hygiene::tests::parse_tool_attrs_handles_inline_form ... ok
[INFO] [stdout] test capability_hygiene::tests::parse_tool_attrs_handles_multi_line_form ... ok
[INFO] [stdout] test capability_hygiene::tests::parse_usage_rarity_case_insensitive ... ok
[INFO] [stdout] test capability_hygiene::tests::parse_usage_rarity_defaults_common ... ok
[INFO] [stdout] test capability_hygiene::tests::parse_usage_rarity_detects_rare ... ok
[INFO] [stdout] test capability_hygiene::tests::personas_scored_from_registry ... ok
[INFO] [stdout] test capability_hygiene::tests::low_confidence_prefix_when_ledger_is_sparse ... ok
[INFO] [stdout] test capability_hygiene::tests::compliant_skill_scores_100 ... ok
[INFO] [stdout] test capability_hygiene::tests::new_skill_inside_grace_period_not_flagged_dead ... ok
[INFO] [stdout] test capability_hygiene::tests::dead_skill_flagged_after_grace_period_with_no_invocations ... ok
[INFO] [stdout] test capability_hygiene::tests::missing_when_to_use_signal_gets_partial_credit ... ok
[INFO] [stdout] test capability_hygiene::tests::compliant_skill_md_plugin_scores_100 ... ok
[INFO] [stdout] test capability_hygiene::tests::mixed_corpus_aggregates_correctly ... ok
[INFO] [stdout] test capability_hygiene::tests::subagents_are_scored_when_dir_exists ... ok
[INFO] [stdout] test capability_hygiene::tests::tools_scored_from_rust_source ... ok
[INFO] [stdout] test capability_hygiene::tests::rare_skill_uses_extended_window ... ok
[INFO] [stdout] test cmdb::tests::cmdb_clamps_confidence ... ok
[INFO] [stdout] test cmdb::tests::cmdb_clamps_score ... ok
[INFO] [stdout] test cmdb::tests::cmdb_confidence_coexists_with_extras ... ok
[INFO] [stdout] test cmdb::tests::cmdb_has_required_fields ... ok
[INFO] [stdout] test cmdb::tests::cmdb_includes_confidence_when_some ... ok
[INFO] [stdout] test cmdb::tests::cmdb_includes_confidence_zero_when_some_zero ... ok
[INFO] [stdout] test cmdb::tests::cmdb_includes_extra_fields ... ok
[INFO] [stdout] test cmdb::tests::cmdb_includes_findings ... ok
[INFO] [stdout] test cmdb::tests::cmdb_omits_confidence_when_none ... ok
[INFO] [stdout] test docker_topology::tests::analyze_runs_against_live_daemon ... ignored, requires Docker daemon
[INFO] [stdout] test docker_topology::tests::compose_file_discovery_accepts_compose_yml ... ok
[INFO] [stdout] test capability_hygiene::tests::read_invocation_ledger_tolerates_malformed ... ok
[INFO] [stdout] test docker_topology::tests::compose_file_discovery_missing_returns_none ... ok
[INFO] [stdout] test capability_hygiene::tests::read_invocation_ledger_basic_counts ... ok
[INFO] [stdout] test docker_topology::tests::container_state_lowercases_state_field ... ok
[INFO] [stdout] test docker_topology::tests::container_state_unknown_when_both_missing ... ok
[INFO] [stdout] test docker_topology::tests::image_matches_handles_repo_tag_split ... ok
[INFO] [stdout] test docker_topology::tests::compose_file_discovery_prefers_docker_compose_yml ... ok
[INFO] [stdout] test docker_topology::tests::container_state_falls_back_to_status_first_word ... ok
[INFO] [stdout] test docker_topology::tests::parse_docker_json_empty_is_empty_vec ... ok
[INFO] [stdout] test docker_topology::tests::read_only_tool_surface_is_fixed ... ok
[INFO] [stdout] test capability_hygiene::tests::read_invocation_ledger_missing_file_returns_empty ... ok
[INFO] [stdout] test docker_topology::tests::parse_docker_json_array_shape ... ok
[INFO] [stdout] test docker_topology::tests::parse_docker_json_ndjson_shape ... ok
[INFO] [stdout] test docker_topology::tests::validate_docker_ident_accepts_reasonable_names ... ok
[INFO] [stdout] test domain_calibration::tests::extract_domain_from_filename_rejects_non_jsonl ... ok
[INFO] [stdout] test docker_topology::tests::validate_docker_ident_rejects_whitespace_and_shell_metas ... ok
[INFO] [stdout] test domain_calibration::tests::extract_domain_from_filename_rotation_form ... ok
[INFO] [stdout] test domain_calibration::tests::extract_domain_from_filename_base_form ... ok
[INFO] [stdout] test federated_patterns::schema_anchor_tests::embedded_schema_parses_as_json ... ok
[INFO] [stdout] test domain_calibration::tests::extract_domain_from_filename_rejects_non_calibration ... ok
[INFO] [stdout] test operator_calibration::schema_anchor_tests::embedded_schema_parses_as_json ... ok
[INFO] [stdout] test rust_health::tests::rust_health_detects_msrv_via_cargo_toml ... ok
[INFO] [stdout] test rust_health::tests::rust_health_finds_cargo_toml_at_root ... ok
[INFO] [stdout] test rust_health::tests::rust_health_detects_workspace_lints_clippy ... ok
[INFO] [stdout] test rust_health::tests::rust_health_detects_msrv_via_toolchain_file ... ok
[INFO] [stdout] test rust_health::tests::rust_health_finds_neurogrim_workspace_subdir ... ok
[INFO] [stdout] test rust_health::tests::rust_health_full_score_with_all_signals ... ok
[INFO] [stdout] test rust_health::tests::rust_health_returns_zero_for_non_rust_project ... ok
[INFO] [stdout] test secrets_readiness::tests::cmdb_extras_includes_per_secret_summary ... ok
[INFO] [stdout] test secrets_readiness::tests::malformed_manifest_returns_parse_error ... ok
[INFO] [stdout] test secrets_readiness::tests::no_manifest_returns_advisory_finding ... ok
[INFO] [stdout] test secrets_readiness::tests::multiple_declared_secrets_aggregate_correctly ... ok
[INFO] [stdout] test capability_hygiene::tests::skill_md_plugin_is_scannable_alongside_legacy ... ok
[INFO] [stdout] test capability_hygiene::tests::skill_md_without_description_falls_back_to_lead_paragraph ... ok
[INFO] [stdout] test secrets_readiness::tests::declared_missing_emits_finding ... ok
[INFO] [stdout] test secrets_readiness::tests::declared_present_no_findings ... ok
[INFO] [stdout] test secrets_readiness::tests::rotation_within_threshold_emits_no_finding ... ok
[INFO] [stdout] test secrets_readiness::tests::rotation_overdue_emits_finding_when_past_threshold ... ok
[INFO] [stdout] test sensor_impls::tests::all_built_in_factories_register_into_registry ... ok
[INFO] [stdout] test sensor_impls::tests::wire_names_match_v4_run_sensory_dispatch ... ok
[INFO] [stdout] test sensor_impls::tests::registry_can_build_and_invoke_a_sensor_end_to_end ... ok
[INFO] [stdout] test skill_coherence::tests::child_brains_are_discovered ... ok
[INFO] [stdout] test skill_coherence::tests::empty_project_yields_score_100 ... ok
[INFO] [stdout] test skill_coherence::tests::drifted_duplicate_deducts_10_points ... ok
[INFO] [stdout] test skill_coherence::tests::multiple_drifts_compound_deduction ... ok
[INFO] [stdout] test skill_coherence::tests::single_brain_no_duplicates_yields_score_100 ... ok
[INFO] [stdout] test skill_coherence::tests::mixed_legacy_and_plugin_formats_coexist ... ok
[INFO] [stdout] test secrets_readiness::tests::unnamed_secret_falls_back_to_id_field ... ok
[INFO] [stdout] test skill_coherence::tests::identical_duplicates_across_siblings_score_100 ... ok
[INFO] [stdout] test supply_chain_calibration::fixture::tests::discover_returns_empty_for_nonexistent_dir ... ok
[INFO] [stdout] test supply_chain_calibration::fixture::tests::discover_returns_stable_order ... ok
[INFO] [stdout] test skill_coherence::tests::skill_md_drift_between_brains_is_detected ... ok
[INFO] [stdout] test skill_coherence::tests::skill_md_plugin_format_is_discovered ... ok
[INFO] [stdout] test supply_chain_calibration::fixture::tests::parse_layer_2_fixture_with_findings ... ok
[INFO] [stdout] test supply_chain_calibration::fixture::tests::parse_minimal_fixture_toml ... ok
[INFO] [stdout] test supply_chain_calibration::fixture::tests::parse_layer_3_fixture_with_reference_decision ... ok
[INFO] [stdout] test supply_chain_calibration::tests::overall_status_all_no_fixtures ... ok
[INFO] [stdout] test supply_chain_calibration::tests::overall_status_all_pass_full_size ... ok
[INFO] [stdout] test capability_hygiene::tests::under_described_skill_is_penalized ... ok
[INFO] [stdout] test capability_hygiene::tests::skill_md_plugin_ledger_lookup_uses_directory_name ... ok
[INFO] [stdout] test supply_chain_calibration::tests::overall_status_l3_framework_only_yields_warning ... ok
[INFO] [stdout] test supply_chain_calibration::tests::overall_status_red_miss_dominates ... ok
[INFO] [stdout] test supply_chain_calibration::tests::overall_status_target_miss_beats_warnings ... ok
[INFO] [stdout] test supply_chain_calibration::tests::overall_status_warning_propagates ... ok
[INFO] [stdout] test supply_chain_calibration::tests::promotion_readiness_full_size_pass_is_ready ... ok
[INFO] [stdout] test supply_chain_calibration::tests::promotion_readiness_target_miss_blocks ... ok
[INFO] [stdout] test supply_chain_calibration::tests::promotion_readiness_v1_not_ready ... ok
[INFO] [stdout] test supply_chain_calibration::tests::validity_note_warns_on_small_size ... ok
[INFO] [stdout] test supply_chain_calibration::fixture::tests::discover_loads_only_dirs_with_fixture_toml ... ok
[INFO] [stdout] test supply_chain_review::ledger::tests::append_and_read_roundtrip ... ok
[INFO] [stdout] test supply_chain_review::ledger::tests::fold_reconstructs_open_pending ... ok
[INFO] [stdout] test supply_chain_review::ledger::tests::validate_accept_requires_notes ... ok
[INFO] [stdout] test supply_chain_review::ledger::tests::validate_pin_to_last_good_requires_versions ... ok
[INFO] [stdout] test supply_chain_review::ledger::tests::validate_review_pending_accepts_auto_operator ... ok
[INFO] [stdout] test supply_chain_review::ledger::tests::read_all_missing_file_returns_empty ... ok
[INFO] [stdout] test supply_chain_calibration::fixture::tests::parse_layer_1_fixture_with_advisories ... ok
[INFO] [stdout] test supply_chain_review::scoring::tests::score_with_one_open_is_90 ... ok
[INFO] [stdout] test supply_chain_review::ledger::tests::validate_review_pending_requires_human_operator ... ok
[INFO] [stdout] test supply_chain_review::ledger::tests::validate_review_pending_requires_signals ... ok
[INFO] [stdout] test supply_chain_review::scoring::tests::score_floor_at_0 ... ok
[INFO] [stdout] test supply_chain_review::scoring::tests::score_resolved_tickets_dont_deduct ... ok
[INFO] [stdout] test supply_chain_review::scoring::tests::score_with_no_tickets_is_100 ... ok
[INFO] [stdout] test supply_chain_review::tests::auto_create_after_resolve_creates_fresh_ticket ... ok
[INFO] [stdout] test supply_chain_review::tests::analyze_empty_returns_score_100 ... ok
[INFO] [stdout] test supply_chain_review::tests::auto_create_creates_then_dedups ... ok
[INFO] [stdout] test supply_chain_review::ledger::tests::validate_review_triaged_resolution_enum ... ok
[INFO] [stdout] test supply_chain_review::scoring::tests::score_mixed_only_counts_open ... ok
[INFO] [stdout] test supply_chain_review::tests::auto_create_dedups_within_batch ... ok
[INFO] [stdout] test supply_chain_review::tests::auto_create_skips_sensor_degradation ... ok
[INFO] [stdout] test supply_chain_review::ticket::tests::dedup_distinguishes_kind ... ok
[INFO] [stdout] test supply_chain_review::tests::cli_create_then_list_open ... ok
[INFO] [stdout] test supply_chain_review::tests::cli_resolve_rejects_invalid_decision ... ok
[INFO] [stdout] test supply_chain_review::tests::review_module_has_no_exec_paths ... ok
[INFO] [stdout] test supply_chain_review::ticket::tests::dedup_skips_resolved ... ok
[INFO] [stdout] test supply_chain_review::tests::auto_create_writes_ticket_and_ledger_atomically ... ok
[INFO] [stdout] test supply_chain_review::ticket::tests::dedup_finds_open_match ... ok
[INFO] [stdout] test supply_chain_review::tests::cli_resolve_closes_ticket ... ok
[INFO] [stdout] test supply_chain_review::ticket::tests::next_id_starts_at_0001 ... ok
[INFO] [stdout] test supply_chain_review::tests::cli_resolve_requires_non_empty_note ... ok
[INFO] [stdout] test supply_chain_review::ticket::tests::next_id_increments ... ok
[INFO] [stdout] test supply_chain_review::tests::cli_resolve_rejects_already_resolved ... ok
[INFO] [stdout] test supply_chain_review::ticket::tests::read_open_only_returns_empty_when_dir_missing ... ok
[INFO] [stdout] test supply_chain_sca::accepted::tests::empty_file_returns_empty_set ... ok
[INFO] [stdout] test supply_chain_sca::accepted::tests::entry_with_empty_id_is_skipped ... ok
[INFO] [stdout] test supply_chain_review::ticket::tests::read_open_only_skips_resolved_tickets ... ok
[INFO] [stdout] test supply_chain_sca::accepted::tests::entry_with_empty_note_is_skipped ... ok
[INFO] [stdout] test supply_chain_review::ticket::tests::read_open_only_handles_all_resolved ... ok
[INFO] [stdout] test supply_chain_review::ticket::tests::write_read_roundtrip ... ok
[INFO] [stdout] test supply_chain_sca::accepted::tests::one_valid_entry_is_accepted ... ok
[INFO] [stdout] test supply_chain_sca::accepted::tests::read_happy_path ... ok
[INFO] [stdout] test supply_chain_sca::accepted::tests::read_returns_empty_when_file_missing ... ok
[INFO] [stdout] test supply_chain_sca::accepted::tests::malformed_toml_returns_empty_not_error ... ok
[INFO] [stdout] test supply_chain_sca::accepted::tests::entry_without_note_is_skipped ... ok
[INFO] [stdout] test supply_chain_sca::accepted::tests::rfc3339_expires_at_is_supported ... ok
[INFO] [stdout] test supply_chain_sca::lockfile::cargo::tests::errors_when_lockfile_missing ... ok
[INFO] [stdout] test supply_chain_sca::lockfile::cargo::tests::excludes_git_sources ... ok
[INFO] [stdout] test supply_chain_sca::lockfile::cargo::tests::mixed_lockfile_keeps_only_crates_io ... ok
[INFO] [stdout] test supply_chain_sca::lockfile::cargo::tests::output_is_deterministic_and_deduped ... ok
[INFO] [stdout] test supply_chain_sca::lockfile::cargo::tests::parses_real_neurogrim_lockfile ... ok
[INFO] [stdout] test supply_chain_sca::lockfile::cargo::tests::parses_simple_crates_io_package ... ok
[INFO] [stdout] test supply_chain_sca::lockfile::npm::tests::dedups_when_same_pkg_appears_in_multiple_paths ... ok
[INFO] [stdout] test supply_chain_sca::accepted::tests::unparseable_expires_at_treated_as_non_expiring ... ok
[INFO] [stdout] test supply_chain_sca::accepted::tests::future_expires_at_is_accepted ... ok
[INFO] [stdout] test supply_chain_sca::lockfile::npm::tests::excludes_alt_registry ... ok
[INFO] [stdout] test supply_chain_sca::lockfile::npm::tests::excludes_file_sources ... ok
[INFO] [stdout] test supply_chain_sca::lockfile::npm::tests::excludes_git_sources ... ok
[INFO] [stdout] test supply_chain_sca::lockfile::npm::tests::excludes_workspace_links ... ok
[INFO] [stdout] test supply_chain_sca::lockfile::cargo::tests::excludes_local_path_deps ... ok
[INFO] [stdout] test supply_chain_sca::lockfile::npm::tests::extracts_name_from_alias ... ok
[INFO] [stdout] test supply_chain_sca::lockfile::npm::tests::malformed_json_returns_error ... ok
[INFO] [stdout] test supply_chain_sca::lockfile::npm::tests::parse_from_file_round_trip ... ok
[INFO] [stdout] test supply_chain_sca::accepted::tests::multiple_entries_deduped_by_id ... ok
[INFO] [stdout] test supply_chain_sca::lockfile::npm::tests::parses_scoped_packages ... ok
[INFO] [stdout] test supply_chain_sca::lockfile::npm::tests::parses_simple_v3_lockfile ... ok
[INFO] [stdout] test supply_chain_sca::lockfile::npm::tests::rejects_lockfile_version_1 ... ok
[INFO] [stdout] test supply_chain_sca::lockfile::pnpm::tests::dedups_repeats ... ok
[INFO] [stdout] test supply_chain_sca::accepted::tests::past_expires_at_is_skipped ... ok
[INFO] [stdout] test supply_chain_sca::lockfile::pnpm::tests::excludes_alt_registry_tarball ... ok
[INFO] [stdout] test supply_chain_sca::lockfile::pnpm::tests::excludes_git_resolution ... ok
[INFO] [stdout] test supply_chain_sca::lockfile::pnpm::tests::excludes_no_resolution_block ... ok
[INFO] [stdout] test supply_chain_sca::lockfile::pnpm::tests::keeps_canonical_tarball_url ... ok
[INFO] [stdout] test supply_chain_sca::lockfile::pnpm::tests::key_only_scope_is_invalid ... ok
[INFO] [stdout] test supply_chain_sca::accepted::tests::today_expires_at_is_accepted ... ok
[INFO] [stdout] test supply_chain_sca::lockfile::npm::tests::handles_nested_node_modules_paths ... ok
[INFO] [stdout] test supply_chain_sca::lockfile::npm::tests::lockfile_with_no_packages_field_returns_empty ... ok
[INFO] [stdout] test supply_chain_sca::lockfile::pnpm::tests::key_v6_scoped ... ok
[INFO] [stdout] test supply_chain_sca::lockfile::pnpm::tests::key_v6_simple ... ok
[INFO] [stdout] test supply_chain_sca::lockfile::pnpm::tests::key_v9_scoped ... ok
[INFO] [stdout] test supply_chain_sca::lockfile::pnpm::tests::key_v9_simple ... ok
[INFO] [stdout] test supply_chain_sca::lockfile::pnpm::tests::key_with_peer_dep_suffix ... ok
[INFO] [stdout] test supply_chain_sca::lockfile::pnpm::tests::parses_scoped_packages ... ok
[INFO] [stdout] test supply_chain_sca::lockfile::pnpm::tests::parses_simple_v6_lockfile ... ok
[INFO] [stdout] test supply_chain_sca::lockfile::pnpm::tests::parses_simple_v9_lockfile ... ok
[INFO] [stdout] test supply_chain_sca::lockfile::python::tests::requirements_dedups_repeated_entries ... ok
[INFO] [stdout] test supply_chain_sca::lockfile::python::tests::requirements_load_from_file_round_trip ... ok
[INFO] [stdout] test supply_chain_sca::lockfile::pnpm::tests::parse_from_file_round_trip ... ok
[INFO] [stdout] test supply_chain_sca::lockfile::python::tests::requirements_parses_simple_pin ... ok
[INFO] [stdout] test supply_chain_sca::lockfile::python::tests::requirements_realistic_freeze_output ... ok
[INFO] [stdout] test supply_chain_sca::lockfile::python::tests::requirements_skips_comments_and_blanks ... ok
[INFO] [stdout] test supply_chain_sca::lockfile::python::tests::requirements_skips_direct_url ... ok
[INFO] [stdout] test supply_chain_sca::lockfile::python::tests::requirements_skips_pip_flags ... ok
[INFO] [stdout] test supply_chain_sca::lockfile::python::tests::requirements_skips_unpinned_specifiers ... ok
[INFO] [stdout] test supply_chain_sca::lockfile::python::tests::requirements_skips_vcs_url_form ... ok
[INFO] [stdout] test supply_chain_sca::lockfile::python::tests::requirements_strips_environment_markers ... ok
[INFO] [stdout] test supply_chain_sca::lockfile::python::tests::requirements_strips_extras_from_name ... ok
[INFO] [stdout] test supply_chain_sca::lockfile::python::tests::requirements_strips_inline_comments ... ok
[INFO] [stdout] test supply_chain_sca::lockfile::python::tests::uv_dedups_repeated_entries ... ok
[INFO] [stdout] test supply_chain_sca::lockfile::python::tests::uv_excludes_alt_registry ... ok
[INFO] [stdout] test supply_chain_sca::lockfile::python::tests::uv_excludes_git_source ... ok
[INFO] [stdout] test supply_chain_sca::lockfile::python::tests::uv_excludes_path_source ... ok
[INFO] [stdout] test supply_chain_sca::lockfile::python::tests::uv_load_from_file_round_trip ... ok
[INFO] [stdout] test supply_chain_sca::lockfile::python::tests::uv_mixed_keeps_only_pypi ... ok
[INFO] [stdout] test supply_chain_sca::lockfile::python::tests::uv_parses_simple_pypi_package ... ok
[INFO] [stdout] test supply_chain_sca::lockfile::tests::detect_finds_cargo_lock ... ok
[INFO] [stdout] test supply_chain_sca::lockfile::tests::detect_finds_multiple_ecosystems_in_one_root ... ok
[INFO] [stdout] test supply_chain_sca::lockfile::tests::detect_finds_cargo_lock_in_neurogrim_subdir ... ok
[INFO] [stdout] test supply_chain_sca::lockfile::tests::detect_finds_package_lock_json ... ok
[INFO] [stdout] test supply_chain_sca::lockfile::tests::detect_finds_pnpm_lock_yaml ... ok
[INFO] [stdout] test supply_chain_sca::lockfile::tests::detect_finds_requirements_txt ... ok
[INFO] [stdout] test supply_chain_sca::lockfile::tests::detect_finds_uv_lock ... ok
[INFO] [stdout] test supply_chain_sca::lockfile::tests::detect_finds_yarn_lock ... ok
[INFO] [stdout] test supply_chain_sca::lockfile::tests::detect_returns_empty_for_empty_dir ... ok
[INFO] [stdout] test supply_chain_sca::lockfile::tests::parse_detected_routes_cargo_to_cargo_parser ... ok
[INFO] [stdout] test supply_chain_sca::lockfile::yarn::tests::malformed_yarn_lock_returns_error ... ok
[INFO] [stdout] test supply_chain_sca::lockfile::yarn::tests::yarn_v1_accepts_yarnpkg_com_mirror ... ok
[INFO] [stdout] test supply_chain_sca::lockfile::yarn::tests::yarn_v1_dedups_repeated_versions ... ok
[INFO] [stdout] test supply_chain_sca::lockfile::yarn::tests::yarn_v1_excludes_alt_registry ... ok
[INFO] [stdout] test supply_chain_sca::lockfile::yarn::tests::yarn_v1_excludes_git_resolution ... ok
[INFO] [stdout] test supply_chain_sca::lockfile::yarn::tests::yarn_v1_excludes_workspace_symlink ... ok
[INFO] [stdout] test supply_chain_sca::lockfile::tests::detect_prefers_root_cargo_lock_over_subdir ... ok
[INFO] [stdout] test supply_chain_sca::lockfile::yarn::tests::yarn_v1_parses_canonical_registry_packages ... ok
[INFO] [stdout] test supply_chain_sca::lockfile::tests::parse_detected_uses_carried_workspace_for_cargo ... ok
[INFO] [stdout] test supply_chain_sca::lockfile::yarn::tests::yarn_v1_round_trip_from_file ... ok
[INFO] [stdout] test supply_chain_sca::osv::tests::cache_read_missing_is_none ... ok
[INFO] [stdout] test supply_chain_sca::osv::tests::cache_read_stale_is_none ... ok
[INFO] [stdout] test supply_chain_sca::osv::tests::cache_write_then_read_roundtrips ... ok
[INFO] [stdout] test supply_chain_sca::osv::tests::empty_packages_input_is_noop ... ok
[INFO] [stdout] test supply_chain_sca::osv::tests::env_parse_arbitrary_truthy_is_bypass ... ok
[INFO] [stdout] test supply_chain_sca::osv::tests::env_parse_empty_is_use_cache ... ok
[INFO] [stdout] test supply_chain_sca::osv::tests::env_parse_false_insensitive_is_use_cache ... ok
[INFO] [stdout] test supply_chain_sca::osv::tests::env_parse_one_is_bypass ... ok
[INFO] [stdout] test supply_chain_sca::osv::tests::env_parse_true_is_bypass ... ok
[INFO] [stdout] test supply_chain_sca::osv::tests::env_parse_unset_is_use_cache ... ok
[INFO] [stdout] test supply_chain_sca::osv::tests::env_parse_zero_is_use_cache ... ok
[INFO] [stdout] test supply_chain_sca::rustsec::tests::empty_patched_and_unaffected_means_affected ... ok
[INFO] [stdout] test supply_chain_sca::osv::tests::cache_read_mismatched_denorm_is_none ... ok
[INFO] [stdout] test supply_chain_sca::rustsec::tests::extracts_toml_frontmatter_from_typical_advisory ... ok
[INFO] [stdout] test supply_chain_sca::rustsec::tests::multiple_patched_ranges_any_match_is_safe ... ok
[INFO] [stdout] test supply_chain_sca::osv::tests::cache_key_differs_across_ecosystem ... ok
[INFO] [stdout] test supply_chain_sca::osv::tests::cache_key_differs_across_version ... ok
[INFO] [stdout] test supply_chain_sca::osv::tests::cache_key_is_deterministic ... ok
[INFO] [stdout] test supply_chain_sca::rustsec::tests::returns_none_on_unterminated_fence ... ok
[INFO] [stdout] test supply_chain_sca::osv::tests::cache_read_corrupt_is_none ... ok
[INFO] [stdout] test supply_chain_sca::rustsec::tests::returns_none_when_fence_is_bash_not_toml ... ok
[INFO] [stdout] test supply_chain_sca::rustsec::tests::returns_none_when_no_toml_block ... ok
[INFO] [stdout] test supply_chain_sca::rustsec::tests::scan_flags_real_rustls_webpki ... ok
[INFO] [stdout] test supply_chain_sca::rustsec::tests::scan_flags_unmaintained_paste ... ok
[INFO] [stdout] test supply_chain_sca::rustsec::tests::unparseable_range_does_not_crash ... ok
[INFO] [stdout] test supply_chain_sca::rustsec::tests::scan_handles_malformed_advisory_gracefully ... ok
[INFO] [stdout] test supply_chain_sca::rustsec::tests::version_in_patched_range_is_not_affected ... ok
[INFO] [stdout] test supply_chain_sca::rustsec::tests::version_in_unaffected_range_is_not_affected ... ok
[INFO] [stdout] test supply_chain_sca::scoring::tests::accepted_advisory_does_not_deduct ... ok
[INFO] [stdout] test supply_chain_sca::scoring::tests::empty_advisories_means_perfect_score ... ok
[INFO] [stdout] test supply_chain_sca::scoring::tests::finding_detail_for_real_vuln_says_vulnerability ... ok
[INFO] [stdout] test supply_chain_sca::scoring::tests::finding_detail_includes_source_and_kind ... ok
[INFO] [stdout] test supply_chain_sca::scoring::tests::four_or_more_clamps_to_zero ... ok
[INFO] [stdout] test supply_chain_sca::scoring::tests::mixed_accepted_and_unaccepted ... ok
[INFO] [stdout] test supply_chain_sca::scoring::tests::score_table ... ok
[INFO] [stdout] test supply_chain_sca::rustsec::tests::scan_keeps_non_withdrawn_advisory ... ok
[INFO] [stdout] test supply_chain_sca::scoring::tests::single_unaccepted_deducts_to_75 ... ok
[INFO] [stdout] test supply_chain_vigilance::binary_reproducibility::tests::opt_in_default_off ... ok
[INFO] [stdout] test supply_chain_sca::rustsec::tests::scan_returns_empty_when_advisory_db_missing ... ok
[INFO] [stdout] test supply_chain_vigilance::binary_reproducibility::tests::opt_in_truthy ... ok
[INFO] [stdout] test supply_chain_vigilance::exfil_indicator::tests::build_finding_above_base64_threshold ... ok
[INFO] [stdout] test supply_chain_vigilance::exfil_indicator::tests::build_finding_below_thresholds_returns_none ... ok
[INFO] [stdout] test supply_chain_vigilance::exfil_indicator::tests::count_long_base64_below_threshold ... ok
[INFO] [stdout] test supply_chain_vigilance::exfil_indicator::tests::count_long_base64_finds_long_runs ... ok
[INFO] [stdout] test supply_chain_vigilance::exfil_indicator::tests::count_long_base64_multiple_runs ... ok
[INFO] [stdout] test supply_chain_sca::rustsec::tests::scan_skips_unknown_crate ... ok
[INFO] [stdout] test supply_chain_sca::rustsec::tests::scan_handles_non_semver_package_version ... ok
[INFO] [stdout] test supply_chain_vigilance::exfil_indicator::tests::opt_in_default_off ... ok
[INFO] [stdout] test supply_chain_sca::rustsec::tests::version_below_patched_is_affected ... ok
[INFO] [stdout] test supply_chain_vigilance::exfil_indicator::tests::opt_in_truthy ... ok
[INFO] [stdout] test supply_chain_vigilance::exfil_indicator::tests::count_substr_basic ... ok
[INFO] [stdout] test supply_chain_vigilance::exfil_indicator::tests::scan_python_eval_pattern ... ok
[INFO] [stdout] test supply_chain_vigilance::exfil_indicator::tests::scan_rust_command_new ... ok
[INFO] [stdout] test supply_chain_vigilance::maintainer_delta::tests::calibration_period_suppresses_findings ... ok
[INFO] [stdout] test supply_chain_vigilance::maintainer_delta::tests::maintainer_first_seen_recently_flagged ... ok
[INFO] [stdout] test supply_chain_vigilance::maintainer_delta::tests::maintainer_seen_long_ago_not_flagged ... ok
[INFO] [stdout] test supply_chain_vigilance::publish_cadence::tests::acceleration_flagged ... ok
[INFO] [stdout] test supply_chain_vigilance::maintainer_delta::tests::first_run_no_finding ... ok
[INFO] [stdout] test supply_chain_sca::rustsec::tests::scan_skips_withdrawn_advisory ... ok
[INFO] [stdout] test supply_chain_vigilance::publish_cadence::tests::missing_metadata_skipped ... ok
[INFO] [stdout] test supply_chain_vigilance::publish_cadence::tests::acceleration_only_flags_gap_to_scanned_version ... ok
[INFO] [stdout] test supply_chain_vigilance::publish_cadence::tests::post_dormancy_flagged ... ok
[INFO] [stdout] test supply_chain_vigilance::publish_cadence::tests::acceleration_zero_day_gap_not_flagged ... ok
[INFO] [stdout] test supply_chain_vigilance::publish_cadence::tests::steady_cadence_no_findings ... ok
[INFO] [stdout] test supply_chain_vigilance::publish_cadence::tests::dormancy_long_ago_not_flagged ... ok
[INFO] [stdout] test supply_chain_vigilance::registry::tests::cache_behavior_env_parsing ... ok
[INFO] [stdout] test supply_chain_vigilance::publish_cadence::tests::empty_history_no_findings ... ok
[INFO] [stdout] test supply_chain_vigilance::registry::tests::cache_miss_on_unknown ... ok
[INFO] [stdout] test supply_chain_vigilance::registry::tests::cache_file_path_is_deterministic ... ok
[INFO] [stdout] test supply_chain_vigilance::registry::tests::npm_scoped_name_encoding ... ok
[INFO] [stdout] test supply_chain_vigilance::scan_with_metadata::tests::synthetic_known_good_fires_nothing ... ok
[INFO] [stdout] test supply_chain_vigilance::scan_with_metadata::tests::empty_metadata_yields_empty_findings ... ok
[INFO] [stdout] test supply_chain_vigilance::scan_with_metadata::tests::synthetic_typosquat_fixture_fires ... ok
[INFO] [stdout] test supply_chain_vigilance::scoring::tests::mixed_findings_sum_correctly ... ok
[INFO] [stdout] test supply_chain_vigilance::registry::tests::cache_roundtrip ... ok
[INFO] [stdout] test supply_chain_vigilance::scoring::tests::kind_string_identifiers_are_kebab_case ... ok
[INFO] [stdout] test supply_chain_vigilance::scoring::tests::one_typosquat_finding_score_75 ... ok
[INFO] [stdout] test supply_chain_vigilance::scoring::tests::empty_findings_score_100 ... ok
[INFO] [stdout] test supply_chain_vigilance::scoring::tests::five_typosquat_findings_floor_at_0 ... ok
[INFO] [stdout] test supply_chain_vigilance::signature_gap::tests::never_signed_no_finding ... ok
[INFO] [stdout] test supply_chain_vigilance::scoring::tests::sensor_degradation_does_not_deduct ... ok
[INFO] [stdout] test supply_chain_vigilance::signature_gap::tests::improvement_no_finding ... ok
[INFO] [stdout] test supply_chain_vigilance::signature_gap::tests::attestation_drop_flagged ... ok
[INFO] [stdout] test supply_chain_vigilance::signature_gap::tests::no_attestation_drop_no_finding ... ok
[INFO] [stdout] test supply_chain_vigilance::signature_gap::tests::historical_attestation_then_long_gap_no_finding ... ok
[INFO] [stdout] test supply_chain_vigilance::state::tests::calibration_period_suppresses_findings ... ok
[INFO] [stdout] test supply_chain_vigilance::state::tests::first_run_records_observations_no_findings ... ok
[INFO] [stdout] test supply_chain_vigilance::state::tests::maintainer_first_seen_recently_flagged ... ok
[INFO] [stdout] test supply_chain_vigilance::state::tests::maintainer_present_at_watch_start_not_flagged ... ok
[INFO] [stdout] test supply_chain_vigilance::transitive_surface::tests::dep_decrease_not_flagged ... ok
[INFO] [stdout] test supply_chain_vigilance::transitive_surface::tests::missing_dep_count_skipped ... ok
[INFO] [stdout] test supply_chain_vigilance::transitive_surface::tests::absolute_surge_flagged ... ok
[INFO] [stdout] test supply_chain_vigilance::transitive_surface::tests::small_relative_below_threshold ... ok
[INFO] [stdout] test supply_chain_vigilance::transitive_surface::tests::steady_dep_count_no_finding ... ok
[INFO] [stdout] test supply_chain_vigilance::typosquat::tests::case_insensitive_match ... ok
[INFO] [stdout] test supply_chain_vigilance::typosquat::tests::closest_within_one_finds_typosquat ... ok
[INFO] [stdout] test supply_chain_vigilance::transitive_surface::tests::relative_surge_flagged ... ok
[INFO] [stdout] test supply_chain_vigilance::state::tests::save_load_roundtrip ... ok
[INFO] [stdout] test supply_chain_vigilance::typosquat::tests::closest_within_one_skips_self ... ok
[INFO] [stdout] test supply_chain_vigilance::typosquat::tests::levenshtein_basic ... ok
[INFO] [stdout] test supply_chain_vigilance::typosquat::tests::levenshtein_length_diff_quick_reject ... ok
[INFO] [stdout] test supply_chain_vigilance::state::tests::load_missing_returns_default ... ok
[INFO] [stdout] test supply_chain_vigilance::state::tests::maintainer_seen_long_ago_not_flagged ... ok
[INFO] [stdout] test supply_chain_vigilance::typosquat::tests::closest_within_one_no_match ... ok
[INFO] [stdout] test supply_chain_sca::osv::tests::bypass_mode_skips_cache_entirely ... ok
[INFO] [stdout] 
[INFO] [stdout] test result: ok. 336 passed; 0 failed; 1 ignored; 0 measured; 0 filtered out; finished in 1.30s
[INFO] [stdout] 
[INFO] [stderr]      Running tests/agent_output_schema_conformance.rs (/opt/rustwide/target/release/build/neurogrim-sensory/7025e3451c826e4c/out/agent_output_schema_conformance-7025e3451c826e4c)
[INFO] [stdout] 
[INFO] [stdout] running 5 tests
[INFO] [stdout] test agent_output_unified_confidence_zero_validates ... ok
[INFO] [stdout] test agent_output_extra_unknown_field_validates ... ok
[INFO] [stdout] test agent_output_with_unified_confidence_validates ... ok
[INFO] [stdout] test agent_output_without_unified_confidence_validates ... ok
[INFO] [stdout] test agent_output_unified_confidence_above_100_rejected ... ok
[INFO] [stdout] 
[INFO] [stdout] test result: ok. 5 passed; 0 failed; 0 ignored; 0 measured; 0 filtered out; finished in 0.00s
[INFO] [stdout] 
[INFO] [stderr]      Running tests/brain_registry_schema_conformance.rs (/opt/rustwide/target/release/build/neurogrim-sensory/a31f0f6904bcb85e/out/brain_registry_schema_conformance-a31f0f6904bcb85e)
[INFO] [stdout] 
[INFO] [stdout] running 17 tests
[INFO] [stdout] test baseline_registry_validates ... ok
[INFO] [stdout] test enable_calibration_writes_false_validates ... ok
[INFO] [stdout] test enable_calibration_writes_wrong_type_rejected ... ok
[INFO] [stdout] test manual_variant_validates ... ok
[INFO] [stdout] test out_of_expected_range_missing_max_rejected ... ok
[INFO] [stdout] test out_of_expected_range_missing_min_rejected ... ok
[INFO] [stdout] test out_of_expected_range_variant_validates ... ok
[INFO] [stdout] test registry_without_either_field_still_validates ... ok
[INFO] [stdout] test signal_class_fired_empty_signal_kinds_rejected ... ok
[INFO] [stdout] test signal_class_fired_missing_signal_kinds_rejected ... ok
[INFO] [stdout] test enable_calibration_writes_true_validates ... ok
[INFO] [stdout] test signal_class_fired_variant_validates ... ok
[INFO] [stdout] test trajectory_swing_missing_fields_rejected ... ok
[INFO] [stdout] test trajectory_swing_variant_validates ... ok
[INFO] [stdout] test unknown_kind_rejected ... ok
[INFO] [stdout] test out_of_expected_range_min_above_100_rejected ... ok
[INFO] [stdout] test manual_with_extra_property_rejected ... ok
[INFO] [stdout] 
[INFO] [stdout] test result: ok. 17 passed; 0 failed; 0 ignored; 0 measured; 0 filtered out; finished in 0.01s
[INFO] [stdout] 
[INFO] [stderr]      Running tests/calibration_behavior.rs (/opt/rustwide/target/release/build/neurogrim-sensory/54b911c1e2021cdb/out/calibration_behavior-54b911c1e2021cdb)
[INFO] [stdout] 
[INFO] [stdout] running 10 tests
[INFO] [stdout] test layer_3_runs_framework_only ... ok
[INFO] [stdout] test library_root_exists ... FAILED
[INFO] [stdout] test discovers_layer_1_fixtures ... FAILED
[INFO] [stdout] test discovers_layer_2_fixtures ... FAILED
[INFO] [stderr] error: test failed, to rerun pass `--test calibration_behavior`
[INFO] [stdout] test layer_2_calibration_runs_to_completion ... FAILED
[INFO] [stdout] test discovers_layer_3_fixtures ... FAILED
[INFO] [stdout] test full_run_produces_valid_report ... FAILED
[INFO] [stdout] test report_serializes_to_valid_json ... ok
[INFO] [stdout] test layer_2_known_good_fixture_no_findings ... FAILED
[INFO] [stdout] test layer_2_typosquat_fixture_fires ... FAILED
[INFO] [stdout] 
[INFO] [stdout] failures:
[INFO] [stdout] 
[INFO] [stdout] ---- library_root_exists stdout ----
[INFO] [stdout] 
[INFO] [stdout] thread 'library_root_exists' (5552) panicked at tests/calibration_behavior.rs:42:5:
[INFO] [stdout] fixture library not found at /opt/tests/supply-chain-fixtures — did the test run from the wrong directory?
[INFO] [stdout] stack backtrace:
[INFO] [stdout]    0:     0x6431945bf591 - <<std[617be2ca0a6fd877]::sys::backtrace::BacktraceLock>::print::DisplayBacktrace as core[a373ad73a504971]::fmt::Display>::fmt
[INFO] [stdout]    1:     0x6431945d6c8a - core[a373ad73a504971]::fmt::write
[INFO] [stdout]    2:     0x6431945c46fc - <alloc[2e1b2a31b91974c5]::vec::Vec<u8> as core[a373ad73a504971]::io::write::Write>::write_fmt
[INFO] [stdout]    3:     0x643194598576 - std[617be2ca0a6fd877]::panicking::default_hook::{closure#0}
[INFO] [stdout]    4:     0x6431945b6639 - std[617be2ca0a6fd877]::panicking::default_hook
[INFO] [stdout]    5:     0x64319421a5a0 - test[aada8e7e76ba119b]::test_main_inner::{closure#0}
[INFO] [stdout]    6:     0x6431945b6962 - std[617be2ca0a6fd877]::panicking::panic_with_hook
[INFO] [stdout]    7:     0x643194598622 - std[617be2ca0a6fd877]::panicking::panic_handler::{closure#0}
[INFO] [stdout]    8:     0x643194590979 - std[617be2ca0a6fd877]::sys::backtrace::__rust_end_short_backtrace::<std[617be2ca0a6fd877]::panicking::panic_handler::{closure#0}, !>
[INFO] [stdout]    9:     0x64319459952d - __rustc[ea4f61d10b84890b]::rust_begin_unwind
[INFO] [stdout]   10:     0x6431945d742c - core[a373ad73a504971]::panicking::panic_fmt
[INFO] [stdout]   11:     0x64319420a3d5 - <calibration_behavior[86f0587c498e26a9]::library_root_exists::{closure#0} as core[a373ad73a504971]::ops::function::FnOnce<()>>::call_once
[INFO] [stdout]   12:     0x64319420d9eb - test[aada8e7e76ba119b]::__rust_begin_short_backtrace::<core[a373ad73a504971]::result::Result<(), alloc[2e1b2a31b91974c5]::string::String>, fn() -> core[a373ad73a504971]::result::Result<(), alloc[2e1b2a31b91974c5]::string::String>>
[INFO] [stdout]   13:     0x64319421abc5 - test[aada8e7e76ba119b]::run_test::{closure#0}
[INFO] [stdout]   14:     0x6431942144b4 - std[617be2ca0a6fd877]::sys::backtrace::__rust_begin_short_backtrace::<test[aada8e7e76ba119b]::run_test::{closure#1}, ()>
[INFO] [stdout]   15:     0x64319421dc52 - <std[617be2ca0a6fd877]::thread::lifecycle::spawn_unchecked<test[aada8e7e76ba119b]::run_test::{closure#1}, ()>::{closure#1} as core[a373ad73a504971]::ops::function::FnOnce<()>>::call_once::{shim:vtable#0}
[INFO] [stdout]   16:     0x6431945be4ff - <std[617be2ca0a6fd877]::sys::thread::unix::Thread>::new::thread_start
[INFO] [stdout]   17:     0x7e1ce5a68dfa - <unknown>
[INFO] [stdout]   18:     0x7e1ce5afc3d4 - clone
[INFO] [stdout]   19:                0x0 - <unknown>
[INFO] [stdout] 
[INFO] [stdout] ---- discovers_layer_1_fixtures stdout ----
[INFO] [stdout] 
[INFO] [stdout] thread 'discovers_layer_1_fixtures' (5544) panicked at tests/calibration_behavior.rs:53:5:
[INFO] [stdout] expected ≥1 Layer 1 fixture under /opt/tests/supply-chain-fixtures
[INFO] [stdout] stack backtrace:
[INFO] [stdout]    0:     0x6431945bf591 - <<std[617be2ca0a6fd877]::sys::backtrace::BacktraceLock>::print::DisplayBacktrace as core[a373ad73a504971]::fmt::Display>::fmt
[INFO] [stdout]    1:     0x6431945d6c8a - core[a373ad73a504971]::fmt::write
[INFO] [stdout]    2:     0x6431945c46fc - <alloc[2e1b2a31b91974c5]::vec::Vec<u8> as core[a373ad73a504971]::io::write::Write>::write_fmt
[INFO] [stdout]    3:     0x643194598576 - std[617be2ca0a6fd877]::panicking::default_hook::{closure#0}
[INFO] [stdout]    4:     0x6431945b6639 - std[617be2ca0a6fd877]::panicking::default_hook
[INFO] [stdout]    5:     0x64319421a5a0 - test[aada8e7e76ba119b]::test_main_inner::{closure#0}
[INFO] [stdout]    6:     0x6431945b6962 - std[617be2ca0a6fd877]::panicking::panic_with_hook
[INFO] [stdout]    7:     0x643194598622 - std[617be2ca0a6fd877]::panicking::panic_handler::{closure#0}
[INFO] [stdout]    8:     0x643194590979 - std[617be2ca0a6fd877]::sys::backtrace::__rust_end_short_backtrace::<std[617be2ca0a6fd877]::panicking::panic_handler::{closure#0}, !>
[INFO] [stdout]    9:     0x64319459952d - __rustc[ea4f61d10b84890b]::rust_begin_unwind
[INFO] [stdout]   10:     0x6431945d742c - core[a373ad73a504971]::panicking::panic_fmt
[INFO] [stdout]   11:     0x64319420a5cc - <calibration_behavior[86f0587c498e26a9]::discovers_layer_1_fixtures::{closure#0} as core[a373ad73a504971]::ops::function::FnOnce<()>>::call_once
[INFO] [stdout]   12:     0x64319420d9eb - test[aada8e7e76ba119b]::__rust_begin_short_backtrace::<core[a373ad73a504971]::result::Result<(), alloc[2e1b2a31b91974c5]::string::String>, fn() -> core[a373ad73a504971]::result::Result<(), alloc[2e1b2a31b91974c5]::string::String>>
[INFO] [stdout]   13:     0x64319421abc5 - test[aada8e7e76ba119b]::run_test::{closure#0}
[INFO] [stdout]   14:     0x6431942144b4 - std[617be2ca0a6fd877]::sys::backtrace::__rust_begin_short_backtrace::<test[aada8e7e76ba119b]::run_test::{closure#1}, ()>
[INFO] [stdout]   15:     0x64319421dc52 - <std[617be2ca0a6fd877]::thread::lifecycle::spawn_unchecked<test[aada8e7e76ba119b]::run_test::{closure#1}, ()>::{closure#1} as core[a373ad73a504971]::ops::function::FnOnce<()>>::call_once::{shim:vtable#0}
[INFO] [stdout]   16:     0x6431945be4ff - <std[617be2ca0a6fd877]::sys::thread::unix::Thread>::new::thread_start
[INFO] [stdout]   17:     0x7e1ce5a68dfa - <unknown>
[INFO] [stdout]   18:     0x7e1ce5afc3d4 - clone
[INFO] [stdout]   19:                0x0 - <unknown>
[INFO] [stdout] 
[INFO] [stdout] ---- discovers_layer_2_fixtures stdout ----
[INFO] [stdout] 
[INFO] [stdout] thread 'discovers_layer_2_fixtures' (5545) panicked at tests/calibration_behavior.rs:68:5:
[INFO] [stdout] expected ≥5 Layer 2 fixtures (got 0) — v1 ships 8
[INFO] [stdout] stack backtrace:
[INFO] [stdout]    0:     0x6431945bf591 - <<std[617be2ca0a6fd877]::sys::backtrace::BacktraceLock>::print::DisplayBacktrace as core[a373ad73a504971]::fmt::Display>::fmt
[INFO] [stdout]    1:     0x6431945d6c8a - core[a373ad73a504971]::fmt::write
[INFO] [stdout]    2:     0x6431945c46fc - <alloc[2e1b2a31b91974c5]::vec::Vec<u8> as core[a373ad73a504971]::io::write::Write>::write_fmt
[INFO] [stdout]    3:     0x643194598576 - std[617be2ca0a6fd877]::panicking::default_hook::{closure#0}
[INFO] [stdout]    4:     0x6431945b6639 - std[617be2ca0a6fd877]::panicking::default_hook
[INFO] [stdout]    5:     0x64319421a5a0 - test[aada8e7e76ba119b]::test_main_inner::{closure#0}
[INFO] [stdout]    6:     0x6431945b6962 - std[617be2ca0a6fd877]::panicking::panic_with_hook
[INFO] [stdout]    7:     0x643194598622 - std[617be2ca0a6fd877]::panicking::panic_handler::{closure#0}
[INFO] [stdout]    8:     0x643194590979 - std[617be2ca0a6fd877]::sys::backtrace::__rust_end_short_backtrace::<std[617be2ca0a6fd877]::panicking::panic_handler::{closure#0}, !>
[INFO] [stdout]    9:     0x64319459952d - __rustc[ea4f61d10b84890b]::rust_begin_unwind
[INFO] [stdout]   10:     0x6431945d742c - core[a373ad73a504971]::panicking::panic_fmt
[INFO] [stdout]   11:     0x64319420a88b - <calibration_behavior[86f0587c498e26a9]::discovers_layer_2_fixtures::{closure#0} as core[a373ad73a504971]::ops::function::FnOnce<()>>::call_once
[INFO] [stdout]   12:     0x64319420d9eb - test[aada8e7e76ba119b]::__rust_begin_short_backtrace::<core[a373ad73a504971]::result::Result<(), alloc[2e1b2a31b91974c5]::string::String>, fn() -> core[a373ad73a504971]::result::Result<(), alloc[2e1b2a31b91974c5]::string::String>>
[INFO] [stdout]   13:     0x64319421abc5 - test[aada8e7e76ba119b]::run_test::{closure#0}
[INFO] [stdout]   14:     0x6431942144b4 - std[617be2ca0a6fd877]::sys::backtrace::__rust_begin_short_backtrace::<test[aada8e7e76ba119b]::run_test::{closure#1}, ()>
[INFO] [stdout]   15:     0x64319421dc52 - <std[617be2ca0a6fd877]::thread::lifecycle::spawn_unchecked<test[aada8e7e76ba119b]::run_test::{closure#1}, ()>::{closure#1} as core[a373ad73a504971]::ops::function::FnOnce<()>>::call_once::{shim:vtable#0}
[INFO] [stdout]   16:     0x6431945be4ff - <std[617be2ca0a6fd877]::sys::thread::unix::Thread>::new::thread_start
[INFO] [stdout]   17:     0x7e1ce5a68dfa - <unknown>
[INFO] [stdout]   18:     0x7e1ce5afc3d4 - clone
[INFO] [stdout]   19:                0x0 - <unknown>
[INFO] [stdout] 
[INFO] [stdout] ---- layer_2_calibration_runs_to_completion stdout ----
[INFO] [stdout] 
[INFO] [stdout] thread 'layer_2_calibration_runs_to_completion' (5548) panicked at tests/calibration_behavior.rs:97:5:
[INFO] [stdout] assertion failed: report.sample_size > 0
[INFO] [stdout] stack backtrace:
[INFO] [stdout]    0:     0x6431945bf591 - <<std[617be2ca0a6fd877]::sys::backtrace::BacktraceLock>::print::DisplayBacktrace as core[a373ad73a504971]::fmt::Display>::fmt
[INFO] [stdout]    1:     0x6431945d6c8a - core[a373ad73a504971]::fmt::write
[INFO] [stdout]    2:     0x6431945c46fc - <alloc[2e1b2a31b91974c5]::vec::Vec<u8> as core[a373ad73a504971]::io::write::Write>::write_fmt
[INFO] [stdout]    3:     0x643194598576 - std[617be2ca0a6fd877]::panicking::default_hook::{closure#0}
[INFO] [stdout]    4:     0x6431945b6639 - std[617be2ca0a6fd877]::panicking::default_hook
[INFO] [stdout]    5:     0x64319421a5a0 - test[aada8e7e76ba119b]::test_main_inner::{closure#0}
[INFO] [stdout]    6:     0x6431945b6962 - std[617be2ca0a6fd877]::panicking::panic_with_hook
[INFO] [stdout]    7:     0x643194598654 - std[617be2ca0a6fd877]::panicking::panic_handler::{closure#0}
[INFO] [stdout]    8:     0x643194590979 - std[617be2ca0a6fd877]::sys::backtrace::__rust_end_short_backtrace::<std[617be2ca0a6fd877]::panicking::panic_handler::{closure#0}, !>
[INFO] [stdout]    9:     0x64319459952d - __rustc[ea4f61d10b84890b]::rust_begin_unwind
[INFO] [stdout]   10:     0x6431945d742c - core[a373ad73a504971]::panicking::panic_fmt
[INFO] [stdout]   11:     0x6431945d73f2 - core[a373ad73a504971]::panicking::panic
[INFO] [stdout]   12:     0x64319420b9bf - <calibration_behavior[86f0587c498e26a9]::layer_2_calibration_runs_to_completion::{closure#0} as core[a373ad73a504971]::ops::function::FnOnce<()>>::call_once
[INFO] [stdout]   13:     0x64319420d9eb - test[aada8e7e76ba119b]::__rust_begin_short_backtrace::<core[a373ad73a504971]::result::Result<(), alloc[2e1b2a31b91974c5]::string::String>, fn() -> core[a373ad73a504971]::result::Result<(), alloc[2e1b2a31b91974c5]::string::String>>
[INFO] [stdout]   14:     0x64319421abc5 - test[aada8e7e76ba119b]::run_test::{closure#0}
[INFO] [stdout]   15:     0x6431942144b4 - std[617be2ca0a6fd877]::sys::backtrace::__rust_begin_short_backtrace::<test[aada8e7e76ba119b]::run_test::{closure#1}, ()>
[INFO] [stdout]   16:     0x64319421dc52 - <std[617be2ca0a6fd877]::thread::lifecycle::spawn_unchecked<test[aada8e7e76ba119b]::run_test::{closure#1}, ()>::{closure#1} as core[a373ad73a504971]::ops::function::FnOnce<()>>::call_once::{shim:vtable#0}
[INFO] [stdout]   17:     0x6431945be4ff - <std[617be2ca0a6fd877]::sys::thread::unix::Thread>::new::thread_start
[INFO] [stdout]   18:     0x7e1ce5a68dfa - <unknown>
[INFO] [stdout]   19:     0x7e1ce5afc3d4 - clone
[INFO] [stdout]   20:                0x0 - <unknown>
[INFO] [stdout] 
[INFO] [stdout] ---- discovers_layer_3_fixtures stdout ----
[INFO] [stdout] 
[INFO] [stdout] thread 'discovers_layer_3_fixtures' (5546) panicked at tests/calibration_behavior.rs:82:5:
[INFO] [stdout] expected ≥3 Layer 3 fixtures (got 0) — v1 ships 4
[INFO] [stdout] stack backtrace:
[INFO] [stdout]    0:     0x6431945bf591 - <<std[617be2ca0a6fd877]::sys::backtrace::BacktraceLock>::print::DisplayBacktrace as core[a373ad73a504971]::fmt::Display>::fmt
[INFO] [stdout]    1:     0x6431945d6c8a - core[a373ad73a504971]::fmt::write
[INFO] [stdout]    2:     0x6431945c46fc - <alloc[2e1b2a31b91974c5]::vec::Vec<u8> as core[a373ad73a504971]::io::write::Write>::write_fmt
[INFO] [stdout]    3:     0x643194598576 - std[617be2ca0a6fd877]::panicking::default_hook::{closure#0}
[INFO] [stdout]    4:     0x6431945b6639 - std[617be2ca0a6fd877]::panicking::default_hook
[INFO] [stdout]    5:     0x64319421a5a0 - test[aada8e7e76ba119b]::test_main_inner::{closure#0}
[INFO] [stdout]    6:     0x6431945b6962 - std[617be2ca0a6fd877]::panicking::panic_with_hook
[INFO] [stdout]    7:     0x643194598622 - std[617be2ca0a6fd877]::panicking::panic_handler::{closure#0}
[INFO] [stdout]    8:     0x643194590979 - std[617be2ca0a6fd877]::sys::backtrace::__rust_end_short_backtrace::<std[617be2ca0a6fd877]::panicking::panic_handler::{closure#0}, !>
[INFO] [stdout]    9:     0x64319459952d - __rustc[ea4f61d10b84890b]::rust_begin_unwind
[INFO] [stdout]   10:     0x6431945d742c - core[a373ad73a504971]::panicking::panic_fmt
[INFO] [stdout]   11:     0x64319420ab4b - <calibration_behavior[86f0587c498e26a9]::discovers_layer_3_fixtures::{closure#0} as core[a373ad73a504971]::ops::function::FnOnce<()>>::call_once
[INFO] [stdout]   12:     0x64319420d9eb - test[aada8e7e76ba119b]::__rust_begin_short_backtrace::<core[a373ad73a504971]::result::Result<(), alloc[2e1b2a31b91974c5]::string::String>, fn() -> core[a373ad73a504971]::result::Result<(), alloc[2e1b2a31b91974c5]::string::String>>
[INFO] [stdout]   13:     0x64319421abc5 - test[aada8e7e76ba119b]::run_test::{closure#0}
[INFO] [stdout]   14:     0x6431942144b4 - std[617be2ca0a6fd877]::sys::backtrace::__rust_begin_short_backtrace::<test[aada8e7e76ba119b]::run_test::{closure#1}, ()>
[INFO] [stdout]   15:     0x64319421dc52 - <std[617be2ca0a6fd877]::thread::lifecycle::spawn_unchecked<test[aada8e7e76ba119b]::run_test::{closure#1}, ()>::{closure#1} as core[a373ad73a504971]::ops::function::FnOnce<()>>::call_once::{shim:vtable#0}
[INFO] [stdout]   16:     0x6431945be4ff - <std[617be2ca0a6fd877]::sys::thread::unix::Thread>::new::thread_start
[INFO] [stdout]   17:     0x7e1ce5a68dfa - <unknown>
[INFO] [stdout]   18:     0x7e1ce5afc3d4 - clone
[INFO] [stdout]   19:                0x0 - <unknown>
[INFO] [stdout] 
[INFO] [stdout] ---- full_run_produces_valid_report stdout ----
[INFO] [stdout] 
[INFO] [stdout] thread 'full_run_produces_valid_report' (5547) panicked at tests/calibration_behavior.rs:165:5:
[INFO] [stdout] assertion failed: report.layer_1.sample_size > 0
[INFO] [stdout] stack backtrace:
[INFO] [stdout]    0:     0x6431945bf591 - <<std[617be2ca0a6fd877]::sys::backtrace::BacktraceLock>::print::DisplayBacktrace as core[a373ad73a504971]::fmt::Display>::fmt
[INFO] [stdout]    1:     0x6431945d6c8a - core[a373ad73a504971]::fmt::write
[INFO] [stdout]    2:     0x6431945c46fc - <alloc[2e1b2a31b91974c5]::vec::Vec<u8> as core[a373ad73a504971]::io::write::Write>::write_fmt
[INFO] [stdout]    3:     0x643194598576 - std[617be2ca0a6fd877]::panicking::default_hook::{closure#0}
[INFO] [stdout]    4:     0x6431945b6639 - std[617be2ca0a6fd877]::panicking::default_hook
[INFO] [stdout]    5:     0x64319421a5a0 - test[aada8e7e76ba119b]::test_main_inner::{closure#0}
[INFO] [stdout]    6:     0x6431945b6962 - std[617be2ca0a6fd877]::panicking::panic_with_hook
[INFO] [stdout]    7:     0x643194598654 - std[617be2ca0a6fd877]::panicking::panic_handler::{closure#0}
[INFO] [stdout]    8:     0x643194590979 - std[617be2ca0a6fd877]::sys::backtrace::__rust_end_short_backtrace::<std[617be2ca0a6fd877]::panicking::panic_handler::{closure#0}, !>
[INFO] [stdout]    9:     0x64319459952d - __rustc[ea4f61d10b84890b]::rust_begin_unwind
[INFO] [stdout]   10:     0x6431945d742c - core[a373ad73a504971]::panicking::panic_fmt
[INFO] [stdout]   11:     0x6431945d73f2 - core[a373ad73a504971]::panicking::panic
[INFO] [stdout]   12:     0x64319420b18e - <calibration_behavior[86f0587c498e26a9]::full_run_produces_valid_report::{closure#0} as core[a373ad73a504971]::ops::function::FnOnce<()>>::call_once
[INFO] [stdout]   13:     0x64319420d9eb - test[aada8e7e76ba119b]::__rust_begin_short_backtrace::<core[a373ad73a504971]::result::Result<(), alloc[2e1b2a31b91974c5]::string::String>, fn() -> core[a373ad73a504971]::result::Result<(), alloc[2e1b2a31b91974c5]::string::String>>
[INFO] [stdout]   14:     0x64319421abc5 - test[aada8e7e76ba119b]::run_test::{closure#0}
[INFO] [stdout]   15:     0x6431942144b4 - std[617be2ca0a6fd877]::sys::backtrace::__rust_begin_short_backtrace::<test[aada8e7e76ba119b]::run_test::{closure#1}, ()>
[INFO] [stdout]   16:     0x64319421dc52 - <std[617be2ca0a6fd877]::thread::lifecycle::spawn_unchecked<test[aada8e7e76ba119b]::run_test::{closure#1}, ()>::{closure#1} as core[a373ad73a504971]::ops::function::FnOnce<()>>::call_once::{shim:vtable#0}
[INFO] [stdout]   17:     0x6431945be4ff - <std[617be2ca0a6fd877]::sys::thread::unix::Thread>::new::thread_start
[INFO] [stdout]   18:     0x7e1ce5a68dfa - <unknown>
[INFO] [stdout]   19:     0x7e1ce5afc3d4 - clone
[INFO] [stdout]   20:                0x0 - <unknown>
[INFO] [stdout] 
[INFO] [stdout] ---- layer_2_known_good_fixture_no_findings stdout ----
[INFO] [stdout] 
[INFO] [stdout] thread 'layer_2_known_good_fixture_no_findings' (5549) panicked at tests/calibration_behavior.rs:111:5:
[INFO] [stdout] known-good fixture not found in results
[INFO] [stdout] stack backtrace:
[INFO] [stdout]    0:     0x6431945bf591 - <<std[617be2ca0a6fd877]::sys::backtrace::BacktraceLock>::print::DisplayBacktrace as core[a373ad73a504971]::fmt::Display>::fmt
[INFO] [stdout]    1:     0x6431945d6c8a - core[a373ad73a504971]::fmt::write
[INFO] [stdout]    2:     0x6431945c46fc - <alloc[2e1b2a31b91974c5]::vec::Vec<u8> as core[a373ad73a504971]::io::write::Write>::write_fmt
[INFO] [stdout]    3:     0x643194598576 - std[617be2ca0a6fd877]::panicking::default_hook::{closure#0}
[INFO] [stdout]    4:     0x6431945b6639 - std[617be2ca0a6fd877]::panicking::default_hook
[INFO] [stdout]    5:     0x64319421a5a0 - test[aada8e7e76ba119b]::test_main_inner::{closure#0}
[INFO] [stdout]    6:     0x6431945b6962 - std[617be2ca0a6fd877]::panicking::panic_with_hook
[INFO] [stdout]    7:     0x643194598654 - std[617be2ca0a6fd877]::panicking::panic_handler::{closure#0}
[INFO] [stdout]    8:     0x643194590979 - std[617be2ca0a6fd877]::sys::backtrace::__rust_end_short_backtrace::<std[617be2ca0a6fd877]::panicking::panic_handler::{closure#0}, !>
[INFO] [stdout]    9:     0x64319459952d - __rustc[ea4f61d10b84890b]::rust_begin_unwind
[INFO] [stdout]   10:     0x6431945d742c - core[a373ad73a504971]::panicking::panic_fmt
[INFO] [stdout]   11:     0x64319420bc0b - <calibration_behavior[86f0587c498e26a9]::layer_2_known_good_fixture_no_findings::{closure#0} as core[a373ad73a504971]::ops::function::FnOnce<()>>::call_once
[INFO] [stdout]   12:     0x64319420d9eb - test[aada8e7e76ba119b]::__rust_begin_short_backtrace::<core[a373ad73a504971]::result::Result<(), alloc[2e1b2a31b91974c5]::string::String>, fn() -> core[a373ad73a504971]::result::Result<(), alloc[2e1b2a31b91974c5]::string::String>>
[INFO] [stdout]   13:     0x64319421abc5 - test[aada8e7e76ba119b]::run_test::{closure#0}
[INFO] [stdout]   14:     0x6431942144b4 - std[617be2ca0a6fd877]::sys::backtrace::__rust_begin_short_backtrace::<test[aada8e7e76ba119b]::run_test::{closure#1}, ()>
[INFO] [stdout]   15:     0x64319421dc52 - <std[617be2ca0a6fd877]::thread::lifecycle::spawn_unchecked<test[aada8e7e76ba119b]::run_test::{closure#1}, ()>::{closure#1} as core[a373ad73a504971]::ops::function::FnOnce<()>>::call_once::{shim:vtable#0}
[INFO] [stdout]   16:     0x6431945be4ff - <std[617be2ca0a6fd877]::sys::thread::unix::Thread>::new::thread_start
[INFO] [stdout]   17:     0x7e1ce5a68dfa - <unknown>
[INFO] [stdout]   18:     0x7e1ce5afc3d4 - clone
[INFO] [stdout]   19:                0x0 - <unknown>
[INFO] [stdout] 
[INFO] [stdout] ---- layer_2_typosquat_fixture_fires stdout ----
[INFO] [stdout] 
[INFO] [stdout] thread 'layer_2_typosquat_fixture_fires' (5550) panicked at tests/calibration_behavior.rs:132:5:
[INFO] [stdout] typosquat fixture missing
[INFO] [stdout] stack backtrace:
[INFO] [stdout]    0:     0x6431945bf591 - <<std[617be2ca0a6fd877]::sys::backtrace::BacktraceLock>::print::DisplayBacktrace as core[a373ad73a504971]::fmt::Display>::fmt
[INFO] [stdout]    1:     0x6431945d6c8a - core[a373ad73a504971]::fmt::write
[INFO] [stdout]    2:     0x6431945c46fc - <alloc[2e1b2a31b91974c5]::vec::Vec<u8> as core[a373ad73a504971]::io::write::Write>::write_fmt
[INFO] [stdout]    3:     0x643194598576 - std[617be2ca0a6fd877]::panicking::default_hook::{closure#0}
[INFO] [stdout]    4:     0x6431945b6639 - std[617be2ca0a6fd877]::panicking::default_hook
[INFO] [stdout]    5:     0x64319421a5a0 - test[aada8e7e76ba119b]::test_main_inner::{closure#0}
[INFO] [stdout]    6:     0x6431945b6962 - std[617be2ca0a6fd877]::panicking::panic_with_hook
[INFO] [stdout]    7:     0x643194598654 - std[617be2ca0a6fd877]::panicking::panic_handler::{closure#0}
[INFO] [stdout]    8:     0x643194590979 - std[617be2ca0a6fd877]::sys::backtrace::__rust_end_short_backtrace::<std[617be2ca0a6fd877]::panicking::panic_handler::{closure#0}, !>
[INFO] [stdout]    9:     0x64319459952d - __rustc[ea4f61d10b84890b]::rust_begin_unwind
[INFO] [stdout]   10:     0x6431945d742c - core[a373ad73a504971]::panicking::panic_fmt
[INFO] [stdout]   11:     0x64319420b368 - <calibration_behavior[86f0587c498e26a9]::layer_2_typosquat_fixture_fires::{closure#0} as core[a373ad73a504971]::ops::function::FnOnce<()>>::call_once
[INFO] [stdout]   12:     0x64319420d9eb - test[aada8e7e76ba119b]::__rust_begin_short_backtrace::<core[a373ad73a504971]::result::Result<(), alloc[2e1b2a31b91974c5]::string::String>, fn() -> core[a373ad73a504971]::result::Result<(), alloc[2e1b2a31b91974c5]::string::String>>
[INFO] [stdout]   13:     0x64319421abc5 - test[aada8e7e76ba119b]::run_test::{closure#0}
[INFO] [stdout]   14:     0x6431942144b4 - std[617be2ca0a6fd877]::sys::backtrace::__rust_begin_short_backtrace::<test[aada8e7e76ba119b]::run_test::{closure#1}, ()>
[INFO] [stdout]   15:     0x64319421dc52 - <std[617be2ca0a6fd877]::thread::lifecycle::spawn_unchecked<test[aada8e7e76ba119b]::run_test::{closure#1}, ()>::{closure#1} as core[a373ad73a504971]::ops::function::FnOnce<()>>::call_once::{shim:vtable#0}
[INFO] [stdout]   16:     0x6431945be4ff - <std[617be2ca0a6fd877]::sys::thread::unix::Thread>::new::thread_start
[INFO] [stdout]   17:     0x7e1ce5a68dfa - <unknown>
[INFO] [stdout]   18:     0x7e1ce5afc3d4 - clone
[INFO] [stdout]   19:                0x0 - <unknown>
[INFO] [stdout] 
[INFO] [stdout] 
[INFO] [stdout] failures:
[INFO] [stdout]     discovers_layer_1_fixtures
[INFO] [stdout]     discovers_layer_2_fixtures
[INFO] [stdout]     discovers_layer_3_fixtures
[INFO] [stdout]     full_run_produces_valid_report
[INFO] [stdout]     layer_2_calibration_runs_to_completion
[INFO] [stdout]     layer_2_known_good_fixture_no_findings
[INFO] [stdout]     layer_2_typosquat_fixture_fires
[INFO] [stdout]     library_root_exists
[INFO] [stdout] 
[INFO] [stdout] test result: FAILED. 2 passed; 8 failed; 0 ignored; 0 measured; 0 filtered out; finished in 0.00s
[INFO] [stdout] 
[INFO] running `Command { std: "docker" "inspect" "c567dd84e4690163d61de91791ea01e726ecd1ff1ef1b55787bfe8233d2c3d63", kill_on_drop: false }`
[INFO] running `Command { std: "docker" "rm" "-f" "c567dd84e4690163d61de91791ea01e726ecd1ff1ef1b55787bfe8233d2c3d63", kill_on_drop: false }`
[INFO] [stdout] c567dd84e4690163d61de91791ea01e726ecd1ff1ef1b55787bfe8233d2c3d63
