[INFO] fetching crate needletail 0.7.3...
[INFO] testing needletail-0.7.3 against 1.100.0-beta.1+cargoflags=--release for beta-release-1.100-2
[INFO] extracting crate needletail 0.7.3 into /workspace/builds/worker-6-tc2/source
[INFO] started tweaking crates.io crate needletail 0.7.3
[INFO] removed 0 missing tests
[INFO] finished tweaking crates.io crate needletail 0.7.3
[INFO] tweaked toml for crates.io crate needletail 0.7.3 written to /workspace/builds/worker-6-tc2/source/Cargo.toml
[INFO] validating manifest of crates.io crate needletail 0.7.3 on toolchain 1.100.0-beta.1
[INFO] running `Command { std: CARGO_HOME="/workspace/cargo-home" RUSTUP_HOME="/workspace/rustup-home" "/workspace/cargo-home/bin/cargo" "+1.100.0-beta.1" "metadata" "--manifest-path" "Cargo.toml" "--no-deps", kill_on_drop: false }`
[INFO] crate crates.io crate needletail 0.7.3 already has a lockfile, it will not be regenerated
[INFO] running `Command { std: CARGO_HOME="/workspace/cargo-home" RUSTUP_HOME="/workspace/rustup-home" "/workspace/cargo-home/bin/cargo" "+1.100.0-beta.1" "fetch" "--manifest-path" "Cargo.toml", kill_on_drop: false }`
[INFO] running `Command { std: "docker" "create" "-v" "/var/lib/crater-agent-workspace/builds/worker-6-tc2/source:/opt/rustwide/workdir:ro,Z" "-v" "/var/lib/crater-agent-workspace/builds/worker-6-tc2/target:/opt/rustwide/target:rw,Z" "-v" "/var/lib/crater-agent-workspace/cargo-home:/opt/rustwide/cargo-home:ro,Z" "-v" "/var/lib/crater-agent-workspace/rustup-home:/opt/rustwide/rustup-home:ro,Z" "-m" "1610612736" "--network" "none" "ghcr.io/rust-lang/crates-build-env/linux@sha256:77db811e55d90add9212f6832c23229e3de5f1c1f9905e8cb07319ea15df73ac" "sleep" "infinity", kill_on_drop: false }`
[INFO] [stdout] 697d88b9797b37302db6d75a8c45c5e9d35f892666f267de2762f7e2771f65db
[INFO] running `Command { std: "docker" "start" "697d88b9797b37302db6d75a8c45c5e9d35f892666f267de2762f7e2771f65db", kill_on_drop: false }`
[INFO] running `Command { std: "docker" "inspect" "697d88b9797b37302db6d75a8c45c5e9d35f892666f267de2762f7e2771f65db", kill_on_drop: false }`
[INFO] running `Command { std: "docker" "exec" "-e" "SOURCE_DIR=/opt/rustwide/workdir" "-e" "CARGO_HOME=/opt/rustwide/cargo-home" "-e" "RUSTUP_HOME=/opt/rustwide/rustup-home" "-e" "CARGO_TARGET_DIR=/opt/rustwide/target" "-w" "/opt/rustwide/workdir" "--user" "0:0" "697d88b9797b37302db6d75a8c45c5e9d35f892666f267de2762f7e2771f65db" "/opt/rustwide/cargo-home/bin/cargo" "+1.100.0-beta.1" "metadata" "--no-deps" "--format-version=1", kill_on_drop: false }`
[INFO] running `Command { std: "docker" "inspect" "697d88b9797b37302db6d75a8c45c5e9d35f892666f267de2762f7e2771f65db", kill_on_drop: false }`
[INFO] running `Command { std: "docker" "exec" "-e" "SOURCE_DIR=/opt/rustwide/workdir" "-e" "CARGO_HOME=/opt/rustwide/cargo-home" "-e" "RUSTUP_HOME=/opt/rustwide/rustup-home" "-e" "CARGO_TARGET_DIR=/opt/rustwide/target" "-e" "CARGO_INCREMENTAL=0" "-e" "RUST_BACKTRACE=full" "-e" "RUSTFLAGS=--cap-lints=warn" "-e" "RUSTDOCFLAGS=--cap-lints=warn" "-w" "/opt/rustwide/workdir" "--user" "0:0" "697d88b9797b37302db6d75a8c45c5e9d35f892666f267de2762f7e2771f65db" "/opt/rustwide/cargo-home/bin/cargo" "+1.100.0-beta.1" "build" "--frozen" "--message-format=json" "--release", kill_on_drop: false }`
[INFO] [stderr]    Compiling libc v0.2.180
[INFO] [stderr]    Compiling shlex v1.3.0
[INFO] [stderr]    Compiling find-msvc-tools v0.1.7
[INFO] [stderr]    Compiling pkg-config v0.3.32
[INFO] [stderr]    Compiling zstd-safe v7.2.4
[INFO] [stderr]    Compiling crc32fast v1.5.0
[INFO] [stderr]    Compiling cfg-if v1.0.4
[INFO] [stderr]    Compiling adler2 v2.0.1
[INFO] [stderr]    Compiling simd-adler32 v0.3.8
[INFO] [stderr]    Compiling memchr v2.7.6
[INFO] [stderr]    Compiling libbz2-rs-sys v0.2.2
[INFO] [stderr]    Compiling bytecount v0.6.9
[INFO] [stderr]    Compiling miniz_oxide v0.8.9
[INFO] [stderr]    Compiling bzip2 v0.6.1
[INFO] [stderr]    Compiling buffer-redux v1.1.0
[INFO] [stderr]    Compiling flate2 v1.1.8
[INFO] [stderr]    Compiling jobserver v0.1.34
[INFO] [stderr]    Compiling cc v1.2.52
[INFO] [stderr]    Compiling zstd-sys v2.0.16+zstd.1.5.7
[INFO] [stderr]    Compiling liblzma-sys v0.3.13
[INFO] [stderr]    Compiling liblzma v0.3.6
[INFO] [stderr]    Compiling zstd v0.13.3
[INFO] [stderr]    Compiling needletail v0.7.3 (/opt/rustwide/workdir)
[INFO] [stderr]     Finished `release` profile [optimized] target(s) in 43.09s
[INFO] running `Command { std: "docker" "inspect" "697d88b9797b37302db6d75a8c45c5e9d35f892666f267de2762f7e2771f65db", kill_on_drop: false }`
[INFO] running `Command { std: "docker" "exec" "-e" "SOURCE_DIR=/opt/rustwide/workdir" "-e" "CARGO_HOME=/opt/rustwide/cargo-home" "-e" "RUSTUP_HOME=/opt/rustwide/rustup-home" "-e" "CARGO_TARGET_DIR=/opt/rustwide/target" "-e" "CARGO_INCREMENTAL=0" "-e" "RUST_BACKTRACE=full" "-e" "RUSTFLAGS=--cap-lints=warn" "-e" "RUSTDOCFLAGS=--cap-lints=warn" "-w" "/opt/rustwide/workdir" "--user" "0:0" "697d88b9797b37302db6d75a8c45c5e9d35f892666f267de2762f7e2771f65db" "/opt/rustwide/cargo-home/bin/cargo" "+1.100.0-beta.1" "test" "--frozen" "--no-run" "--message-format=json" "--release", kill_on_drop: false }`
[INFO] [stderr]    Compiling proc-macro2 v1.0.105
[INFO] [stderr]    Compiling quote v1.0.43
[INFO] [stderr]    Compiling unicode-ident v1.0.22
[INFO] [stderr]    Compiling autocfg v1.5.0
[INFO] [stderr]    Compiling libm v0.2.15
[INFO] [stderr]    Compiling serde_core v1.0.228
[INFO] [stderr]    Compiling zerocopy v0.8.33
[INFO] [stderr]    Compiling serde v1.0.228
[INFO] [stderr]    Compiling regex-syntax v0.8.8
[INFO] [stderr]    Compiling crossbeam-utils v0.8.21
[INFO] [stderr]    Compiling aho-corasick v1.1.4
[INFO] [stderr]    Compiling syn v1.0.109
[INFO] [stderr]    Compiling bytemuck v1.24.0
[INFO] [stderr]    Compiling either v1.15.0
[INFO] [stderr]    Compiling getrandom v0.2.17
[INFO] [stderr]    Compiling itoa v1.0.17
[INFO] [stderr]    Compiling zmij v1.0.14
[INFO] [stderr]    Compiling rustversion v1.0.22
[INFO] [stderr]    Compiling paste v1.0.15
[INFO] [stderr]    Compiling safe_arch v0.7.4
[INFO] [stderr]    Compiling semver v0.1.20
[INFO] [stderr]    Compiling rawpointer v0.2.1
[INFO] [stderr]    Compiling rand_core v0.6.4
[INFO] [stderr]    Compiling anstyle v1.0.13
[INFO] [stderr]    Compiling serde_json v1.0.149
[INFO] [stderr]    Compiling typenum v1.19.0
[INFO] [stderr]    Compiling rustc_version v0.1.7
[INFO] [stderr]    Compiling rayon-core v1.13.0
[INFO] [stderr]    Compiling thiserror v1.0.69
[INFO] [stderr]    Compiling num-traits v0.2.19
[INFO] [stderr]    Compiling matrixmultiply v0.3.10
[INFO] [stderr]    Compiling feature-probe v0.1.1
[INFO] [stderr]    Compiling newtype_derive v0.1.6
[INFO] [stderr]    Compiling rustix v1.1.3
[INFO] [stderr]    Compiling bv v0.11.1
[INFO] [stderr]    Compiling heck v0.5.0
[INFO] [stderr]    Compiling anyhow v1.0.100
[INFO] [stderr]    Compiling equivalent v1.0.2
[INFO] [stderr]    Compiling predicates-core v1.0.9
[INFO] [stderr]    Compiling hashbrown v0.16.1
[INFO] [stderr]    Compiling ciborium-io v0.2.2
[INFO] [stderr]    Compiling clap_lex v0.7.7
[INFO] [stderr]    Compiling getrandom v0.3.4
[INFO] [stderr]    Compiling crossbeam-epoch v0.9.18
[INFO] [stderr]    Compiling wide v0.7.33
[INFO] [stderr]    Compiling lazy_static v1.5.0
[INFO] [stderr]    Compiling plotters-backend v0.3.7
[INFO] [stderr]    Compiling clap_builder v4.5.54
[INFO] [stderr]    Compiling syn v2.0.114
[INFO] [stderr]    Compiling crossbeam-deque v0.8.6
[INFO] [stderr]    Compiling plotters-svg v0.3.7
[INFO] [stderr]    Compiling itertools v0.10.5
[INFO] [stderr]    Compiling csv-core v0.1.13
[INFO] [stderr]    Compiling termtree v0.5.1
[INFO] [stderr]    Compiling bit-vec v0.6.3
[INFO] [stderr]    Compiling same-file v1.0.6
[INFO] [stderr]    Compiling byteorder v1.5.0
[INFO] [stderr]    Compiling winnow v1.0.1
[INFO] [stderr]    Compiling heck v0.4.1
[INFO] [stderr]    Compiling difflib v0.4.0
[INFO] [stderr]    Compiling fixedbitset v0.4.2
[INFO] [stderr]    Compiling assert_cmd v2.1.2
[INFO] [stderr]    Compiling bitflags v2.10.0
[INFO] [stderr]    Compiling escargot v0.5.15
[INFO] [stderr]    Compiling indexmap v2.13.0
[INFO] [stderr]    Compiling ryu v1.0.22
[INFO] [stderr]    Compiling once_cell v1.21.3
[INFO] [stderr]    Compiling cast v0.3.0
[INFO] [stderr]    Compiling normalize-line-endings v0.3.0
[INFO] [stderr]    Compiling linux-raw-sys v0.11.0
[INFO] [stderr]    Compiling toml_parser v1.1.2+spec-1.1.0
[INFO] [stderr]    Compiling rayon v1.11.0
[INFO] [stderr]    Compiling fxhash v0.2.1
[INFO] [stderr]    Compiling criterion-plot v0.5.0
[INFO] [stderr]    Compiling bit-set v0.5.3
[INFO] [stderr]    Compiling walkdir v2.5.0
[INFO] [stderr]    Compiling predicates-tree v1.0.12
[INFO] [stderr]    Compiling itertools v0.11.0
[INFO] [stderr]    Compiling is-terminal v0.4.17
[INFO] [stderr]    Compiling toml_datetime v0.7.5+spec-1.1.0
[INFO] [stderr]    Compiling csv v1.4.0
[INFO] [stderr]    Compiling serde_spanned v1.1.1
[INFO] [stderr]    Compiling wait-timeout v0.2.1
[INFO] [stderr]    Compiling log v0.4.29
[INFO] [stderr]    Compiling scoped_threadpool v0.1.9
[INFO] [stderr]    Compiling anes v0.1.6
[INFO] [stderr]    Compiling toml_writer v1.1.1+spec-1.1.0
[INFO] [stderr]    Compiling winnow v0.7.14
[INFO] [stderr]    Compiling triple_accel v0.4.0
[INFO] [stderr]    Compiling custom_derive v0.1.7
[INFO] [stderr]    Compiling editdistancek v1.0.2
[INFO] [stderr]    Compiling oorandom v11.1.5
[INFO] [stderr]    Compiling strum v0.25.0
[INFO] [stderr]    Compiling fastrand v2.3.0
[INFO] [stderr]    Compiling regex-automata v0.4.13
[INFO] [stderr]    Compiling num-integer v0.1.46
[INFO] [stderr]    Compiling num-complex v0.4.6
[INFO] [stderr]    Compiling approx v0.5.1
[INFO] [stderr]    Compiling float-cmp v0.10.0
[INFO] [stderr]    Compiling itertools-num v0.1.3
[INFO] [stderr]    Compiling ordered-float v3.9.2
[INFO] [stderr]    Compiling num-rational v0.4.2
[INFO] [stderr]    Compiling nalgebra-macros v0.1.0
[INFO] [stderr]    Compiling plotters v0.3.7
[INFO] [stderr]    Compiling petgraph v0.6.5
[INFO] [stderr]    Compiling simba v0.6.0
[INFO] [stderr]    Compiling ndarray v0.15.6
[INFO] [stderr]    Compiling toml v0.9.12+spec-1.1.0
[INFO] [stderr]    Compiling clap v4.5.54
[INFO] [stderr]    Compiling tempfile v3.24.0
[INFO] [stderr]    Compiling zerocopy-derive v0.8.33
[INFO] [stderr]    Compiling serde_derive v1.0.228
[INFO] [stderr]    Compiling thiserror-impl v1.0.69
[INFO] [stderr]    Compiling strum_macros v0.26.4
[INFO] [stderr]    Compiling derive-new v0.6.0
[INFO] [stderr]    Compiling enum-map-derive v0.17.0
[INFO] [stderr]    Compiling strum_macros v0.25.3
[INFO] [stderr]    Compiling enum-map v2.7.3
[INFO] [stderr]    Compiling regex v1.12.2
[INFO] [stderr]    Compiling bstr v1.12.1
[INFO] [stderr]    Compiling bio-types v1.0.4
[INFO] [stderr]    Compiling predicates v3.1.3
[INFO] [stderr]    Compiling multimap v0.9.1
[INFO] [stderr]    Compiling tinytemplate v1.2.1
[INFO] [stderr]    Compiling vec_map v0.8.2
[INFO] [stderr]    Compiling seq_io v0.3.2
[INFO] [stderr]    Compiling ppv-lite86 v0.2.21
[INFO] [stderr]    Compiling half v2.7.1
[INFO] [stderr]    Compiling ciborium-ll v0.2.2
[INFO] [stderr]    Compiling rand_chacha v0.3.1
[INFO] [stderr]    Compiling ciborium v0.2.2
[INFO] [stderr]    Compiling rand v0.8.5
[INFO] [stderr]    Compiling criterion v0.5.1
[INFO] [stderr]    Compiling rand_distr v0.4.3
[INFO] [stderr]    Compiling nalgebra v0.29.0
[INFO] [stderr]    Compiling statrs v0.16.1
[INFO] [stderr]    Compiling bio v1.6.0
[INFO] [stderr]    Compiling needletail v0.7.3 (/opt/rustwide/workdir)
[INFO] [stderr]     Finished `release` profile [optimized] target(s) in 1m 17s
[INFO] running `Command { std: "docker" "inspect" "697d88b9797b37302db6d75a8c45c5e9d35f892666f267de2762f7e2771f65db", kill_on_drop: false }`
[INFO] running `Command { std: "docker" "exec" "-e" "SOURCE_DIR=/opt/rustwide/workdir" "-e" "CARGO_HOME=/opt/rustwide/cargo-home" "-e" "RUSTUP_HOME=/opt/rustwide/rustup-home" "-e" "CARGO_TARGET_DIR=/opt/rustwide/target" "-e" "CARGO_INCREMENTAL=0" "-e" "RUST_BACKTRACE=full" "-e" "RUSTFLAGS=--cap-lints=warn" "-e" "RUSTDOCFLAGS=--cap-lints=warn" "-w" "/opt/rustwide/workdir" "--user" "0:0" "697d88b9797b37302db6d75a8c45c5e9d35f892666f267de2762f7e2771f65db" "/opt/rustwide/cargo-home/bin/cargo" "+1.100.0-beta.1" "test" "--frozen" "--release", kill_on_drop: false }`
[INFO] [stderr]     Finished `release` profile [optimized] target(s) in 0.34s
[INFO] [stderr]      Running unittests src/lib.rs (/opt/rustwide/target/release/build/needletail/c86aabe58b4c7d18/out/needletail-c86aabe58b4c7d18)
[INFO] [stdout] 
[INFO] [stdout] running 41 tests
[INFO] [stdout] test parser::fasta::tests::test_empty_records ... ok
[INFO] [stdout] test parser::fasta::tests::test_wrapped_fasta ... ok
[INFO] [stdout] test parser::fasta::tests::test_wrapped_fasta_windows_newlines ... ok
[INFO] [stdout] test parser::fastq::test::test_empty_records ... ok
[INFO] [stdout] test parser::fastq::test::test_bad_headers ... ok
[INFO] [stdout] test parser::fasta::tests::test_premature_ending ... ok
[INFO] [stdout] test parser::fastq::test::test_eof_in_seq ... ok
[INFO] [stdout] test parser::fastq::test::test_extra_empty_newlines_at_end_are_ok ... ok
[INFO] [stdout] test parser::fastq::test::test_extra_non_empty_newlines_at_end_are_not_ok ... ok
[INFO] [stdout] test bitkmer::tests::can_kmerize ... ok
[INFO] [stdout] test parser::fastq::test::test_eof_in_qual ... ok
[INFO] [stdout] test bitkmer::tests::test_reverse_complement ... ok
[INFO] [stdout] test bitkmer::tests::test_bytes_to_bitkmer ... ok
[INFO] [stdout] test parser::fastq::test::test_fastq_with_random_tsv_inside ... ok
[INFO] [stdout] test parser::fastq::test::test_simple_fastq ... ok
[INFO] [stdout] test bitkmer::tests::test_bitmer_to_bytes ... ok
[INFO] [stdout] test parser::fastq::test::test_mismatched_lengths ... ok
[INFO] [stdout] test parser::fastq::test::test_weird_ncbi_file ... ok
[INFO] [stdout] test kmer::tests::can_canonicalize ... ok
[INFO] [stdout] test parser::record::test::test_position ... ok
[INFO] [stdout] test parser::record::test::test_record_decode_phred ... ok
[INFO] [stdout] test parser::record::test::test_start_line_number ... ok
[INFO] [stdout] test parser::fasta::tests::test_basic ... ok
[INFO] [stdout] test bitkmer::tests::test_minimizer ... ok
[INFO] [stdout] test bitkmer::tests::test_iterator ... ok
[INFO] [stdout] test kmer::tests::can_kmerize ... ok
[INFO] [stdout] test parser::test::test_empty_file_raises_parser_error_of_same_kind ... ok
[INFO] [stdout] test parser::test::test_empty_gz_raises_empty_file_error ... ok
[INFO] [stdout] test sequence::tests::can_minimize ... ok
[INFO] [stdout] test sequence::tests::test_quality_mask ... ok
[INFO] [stdout] test sequence::tests::test_complement ... ok
[INFO] [stdout] test parser::test::test_empty_bz_raises_empty_file_error ... ok
[INFO] [stdout] test parser::test::test_empty_zstd_raises_empty_file_error ... ok
[INFO] [stdout] test quality::test::test_decode_phred33 ... ok
[INFO] [stdout] test parser::test::test_only_one_byte_in_file_raises_empty_file_error ... ok
[INFO] [stdout] test quality::test::test_decode_phred33_error ... ok
[INFO] [stdout] test sequence::tests::test_normalize ... ok
[INFO] [stdout] test quality::test::test_decode_phred64 ... ok
[INFO] [stdout] test quality::test::test_decode_phred64_error ... ok
[INFO] [stdout] test sequence::tests::can_canonicalize ... ok
[INFO] [stdout] test parser::test::test_empty_xz_raises_empty_file_error ... ok
[INFO] [stdout] 
[INFO] [stdout] test result: ok. 41 passed; 0 failed; 0 ignored; 0 measured; 0 filtered out; finished in 0.01s
[INFO] [stdout] 
[INFO] [stderr]      Running tests/format_specimens.rs (/opt/rustwide/target/release/build/needletail/a76c9c8a7a1d0779/out/format_specimens-a76c9c8a7a1d0779)
[INFO] [stdout] 
[INFO] [stdout] running 2 tests
[INFO] [stdout] test test_specimen_fastq ... ok
[INFO] [stderr]      Running tests/test_compressed.rs (/opt/rustwide/target/release/build/needletail/27da7d183f1dbf34/out/test_compressed-27da7d183f1dbf34)
[INFO] [stdout] test test_specimen_fasta ... ok
[INFO] [stdout] 
[INFO] [stdout] test result: ok. 2 passed; 0 failed; 0 ignored; 0 measured; 0 filtered out; finished in 0.01s
[INFO] [stdout] 
[INFO] [stdout] 
[INFO] [stdout] running 1 test
[INFO] [stdout] test can_read_compressed_files_automatically ... ok
[INFO] [stdout] 
[INFO] [stdout] test result: ok. 1 passed; 0 failed; 0 ignored; 0 measured; 0 filtered out; finished in 0.00s
[INFO] [stdout] 
[INFO] [stderr]      Running tests/test_stdin.rs (/opt/rustwide/target/release/build/needletail/058ada88e41d49b6/out/test_stdin-058ada88e41d49b6)
[INFO] [stdout] 
[INFO] [stdout] running 5 tests
[INFO] [stdout] test test_stdin_zstd ... FAILED
[INFO] [stdout] test test_stdin_no_compression ... FAILED
[INFO] [stdout] test test_stdin_bzip ... FAILED
[INFO] [stdout] test test_stdin_xz ... FAILED
[INFO] [stdout] test test_stdin_gz ... FAILED
[INFO] [stdout] 
[INFO] [stdout] failures:
[INFO] [stdout] 
[INFO] [stdout] ---- test_stdin_zstd stdout ----
[INFO] [stdout] 
[INFO] [stdout] thread 'test_stdin_zstd' (3041) panicked at tests/test_stdin.rs:111:10:
[INFO] [stdout] called `Result::unwrap()` on an `Err` value: CargoError { kind: CommandFailed, context: Some("error: no example target named `stdin_pipe` in default-run packages\n"), cause: None }
[INFO] [stdout] stack backtrace:
[INFO] [stdout]    0:     0x5e84bc9c1415 - <<std[617be2ca0a6fd877]::sys::backtrace::BacktraceLock>::print::DisplayBacktrace as core[a373ad73a504971]::fmt::Display>::fmt
[INFO] [stdout]    1:     0x5e84bc97ee8a - core[a373ad73a504971]::fmt::write
[INFO] [stdout]    2:     0x5e84bc9c0aab - <alloc[2e1b2a31b91974c5]::vec::Vec<u8> as core[a373ad73a504971]::io::write::Write>::write_fmt
[INFO] [stdout]    3:     0x5e84bc9c058f - std[617be2ca0a6fd877]::panicking::default_hook::{closure#0}
[INFO] [stdout]    4:     0x5e84bc9c01ba - std[617be2ca0a6fd877]::panicking::default_hook
[INFO] [stdout]    5:     0x5e84bc9bfcf5 - std[617be2ca0a6fd877]::panicking::panic_with_hook
[INFO] [stdout]    6:     0x5e84bc9e6b31 - std[617be2ca0a6fd877]::panicking::panic_handler::{closure#0}
[INFO] [stdout]    7:     0x5e84bc9e6ae9 - std[617be2ca0a6fd877]::sys::backtrace::__rust_end_short_backtrace::<std[617be2ca0a6fd877]::panicking::panic_handler::{closure#0}, !>
[INFO] [stdout]    8:     0x5e84bc9e6fec - __rustc[ea4f61d10b84890b]::rust_begin_unwind
[INFO] [stdout]    9:     0x5e84bc97ed1b - core[a373ad73a504971]::panicking::panic_fmt
[INFO] [stdout]   10:     0x5e84bc982111 - core[a373ad73a504971]::result::unwrap_failed
[INFO] [stdout]   11:     0x5e84bc976eb6 - <test_stdin[a87ee8c7f85b46d0]::test_stdin_zstd::{closure#0} as core[a373ad73a504971]::ops::function::FnOnce<()>>::call_once
[INFO] [stdout]   12:     0x5e84bca026bb - test[aada8e7e76ba119b]::__rust_begin_short_backtrace::<core[a373ad73a504971]::result::Result<(), alloc[2e1b2a31b91974c5]::string::String>, fn() -> core[a373ad73a504971]::result::Result<(), alloc[2e1b2a31b91974c5]::string::String>>
[INFO] [stdout]   13:     0x5e84bc9fe681 - test[aada8e7e76ba119b]::run_test::{closure#0}
[INFO] [stdout]   14:     0x5e84bc9fde6c - std[617be2ca0a6fd877]::sys::backtrace::__rust_begin_short_backtrace::<test[aada8e7e76ba119b]::run_test::{closure#1}, ()>
[INFO] [stdout]   15:     0x5e84bca1db0c - <std[617be2ca0a6fd877]::thread::lifecycle::spawn_unchecked<test[aada8e7e76ba119b]::run_test::{closure#1}, ()>::{closure#1} as core[a373ad73a504971]::ops::function::FnOnce<()>>::call_once::{shim:vtable#0}
[INFO] [stdout]   16:     0x5e84bc9e8874 - <std[617be2ca0a6fd877]::sys::thread::unix::Thread>::new::thread_start
[INFO] [stdout]   17:     0x720cda64ddfa - <unknown>
[INFO] [stdout]   18:     0x720cda6e13d4 - clone
[INFO] [stdout]   19:                0x0 - <unknown>
[INFO] [stdout] 
[INFO] [stdout] ---- test_stdin_no_compression stdout ----
[INFO] [stdout] 
[INFO] [stdout] thread 'test_stdin_no_compression' (3039) panicked at tests/test_stdin.rs:133:10:
[INFO] [stdout] called `Result::unwrap()` on an `Err` value: CargoError { kind: CommandFailed, context: Some("error: no example target named `stdin_pipe` in default-run packages\n"), cause: None }
[INFO] [stdout] stack backtrace:
[INFO] [stdout]    0:     0x5e84bc9c1415 - <<std[617be2ca0a6fd877]::sys::backtrace::BacktraceLock>::print::DisplayBacktrace as core[a373ad73a504971]::fmt::Display>::fmt
[INFO] [stdout]    1:     0x5e84bc97ee8a - core[a373ad73a504971]::fmt::write
[INFO] [stdout]    2:     0x5e84bc9c0aab - <alloc[2e1b2a31b91974c5]::vec::Vec<u8> as core[a373ad73a504971]::io::write::Write>::write_fmt
[INFO] [stdout]    3:     0x5e84bc9c058f - std[617be2ca0a6fd877]::panicking::default_hook::{closure#0}
[INFO] [stdout]    4:     0x5e84bc9c01ba - std[617be2ca0a6fd877]::panicking::default_hook
[INFO] [stdout]    5:     0x5e84bc9bfcf5 - std[617be2ca0a6fd877]::panicking::panic_with_hook
[INFO] [stdout]    6:     0x5e84bc9e6b31 - std[617be2ca0a6fd877]::panicking::panic_handler::{closure#0}
[INFO] [stdout]    7:     0x5e84bc9e6ae9 - std[617be2ca0a6fd877]::sys::backtrace::__rust_end_short_backtrace::<std[617be2ca0a6fd877]::panicking::panic_handler::{closure#0}, !>
[INFO] [stdout]    8:     0x5e84bc9e6fec - __rustc[ea4f61d10b84890b]::rust_begin_unwind
[INFO] [stdout]    9:     0x5e84bc97ed1b - core[a373ad73a504971]::panicking::panic_fmt
[INFO] [stdout]   10:     0x5e84bc982111 - core[a373ad73a504971]::result::unwrap_failed
[INFO] [stdout]   11:     0x5e84bc977726 - <test_stdin[a87ee8c7f85b46d0]::test_stdin_no_compression::{closure#0} as core[a373ad73a504971]::ops::function::FnOnce<()>>::call_once
[INFO] [stdout]   12:     0x5e84bca026bb - test[aada8e7e76ba119b]::__rust_begin_short_backtrace::<core[a373ad73a504971]::result::Result<(), alloc[2e1b2a31b91974c5]::string::String>, fn() -> core[a373ad73a504971]::result::Result<(), alloc[2e1b2a31b91974c5]::string::String>>
[INFO] [stdout]   13:     0x5e84bc9fe681 - test[aada8e7e76ba119b]::run_test::{closure#0}
[INFO] [stdout]   14:     0x5e84bc9fde6c - std[617be2ca0a6fd877]::sys::backtrace::__rust_begin_short_backtrace::<test[aada8e7e76ba119b]::run_test::{closure#1}, ()>
[INFO] [stdout]   15:     0x5e84bca1db0c - <std[617be2ca0a6fd877]::thread::lifecycle::spawn_unchecked<test[aada8e7e76ba119b]::run_test::{closure#1}, ()>::{closure#1} as core[a373ad73a504971]::ops::function::FnOnce<()>>::call_once::{shim:vtable#0}
[INFO] [stdout]   16:     0x5e84bc9e8874 - <std[617be2ca0a6fd877]::sys::thread::unix::Thread>::new::thread_start
[INFO] [stdout]   17:     0x720cda64ddfa - <unknown>
[INFO] [stdout]   18:     0x720cda6e13d4 - clone
[INFO] [stdout]   19:                0x0 - <unknown>
[INFO] [stdout] 
[INFO] [stdout] ---- test_stdin_bzip stdout ----
[INFO] [stdout] 
[INFO] [stdout] thread 'test_stdin_bzip' (3037) panicked at tests/test_stdin.rs:84:10:
[INFO] [stdout] called `Result::unwrap()` on an `Err` value: CargoError { kind: CommandFailed, context: Some("error: no example target named `stdin_pipe` in default-run packages\n"), cause: None }
[INFO] [stdout] stack backtrace:
[INFO] [stdout]    0:     0x5e84bc9c1415 - <<std[617be2ca0a6fd877]::sys::backtrace::BacktraceLock>::print::DisplayBacktrace as core[a373ad73a504971]::fmt::Display>::fmt
[INFO] [stdout]    1:     0x5e84bc97ee8a - core[a373ad73a504971]::fmt::write
[INFO] [stdout]    2:     0x5e84bc9c0aab - <alloc[2e1b2a31b91974c5]::vec::Vec<u8> as core[a373ad73a504971]::io::write::Write>::write_fmt
[INFO] [stdout]    3:     0x5e84bc9c058f - std[617be2ca0a6fd877]::panicking::default_hook::{closure#0}
[INFO] [stdout]    4:     0x5e84bc9c01ba - std[617be2ca0a6fd877]::panicking::default_hook
[INFO] [stdout]    5:     0x5e84bc9bfcf5 - std[617be2ca0a6fd877]::panicking::panic_with_hook
[INFO] [stdout]    6:     0x5e84bc9e6b31 - std[617be2ca0a6fd877]::panicking::panic_handler::{closure#0}
[INFO] [stdout]    7:     0x5e84bc9e6ae9 - std[617be2ca0a6fd877]::sys::backtrace::__rust_end_short_backtrace::<std[617be2ca0a6fd877]::panicking::panic_handler::{closure#0}, !>
[INFO] [stdout]    8:     0x5e84bc9e6fec - __rustc[ea4f61d10b84890b]::rust_begin_unwind
[INFO] [stdout]    9:     0x5e84bc97ed1b - core[a373ad73a504971]::panicking::panic_fmt
[INFO] [stdout]   10:     0x5e84bc982111 - core[a373ad73a504971]::result::unwrap_failed
[INFO] [stdout]   11:     0x5e84bc976646 - <test_stdin[a87ee8c7f85b46d0]::test_stdin_bzip::{closure#0} as core[a373ad73a504971]::ops::function::FnOnce<()>>::call_once
[INFO] [stdout]   12:     0x5e84bca026bb - test[aada8e7e76ba119b]::__rust_begin_short_backtrace::<core[a373ad73a504971]::result::Result<(), alloc[2e1b2a31b91974c5]::string::String>, fn() -> core[a373ad73a504971]::result::Result<(), alloc[2e1b2a31b91974c5]::string::String>>
[INFO] [stdout]   13:     0x5e84bc9fe681 - test[aada8e7e76ba119b]::run_test::{closure#0}
[INFO] [stdout]   14:     0x5e84bc9fde6c - std[617be2ca0a6fd877]::sys::backtrace::__rust_begin_short_backtrace::<test[aada8e7e76ba119b]::run_test::{closure#1}, ()>
[INFO] [stdout]   15:     0x5e84bca1db0c - <std[617be2ca0a6fd877]::thread::lifecycle::spawn_unchecked<test[aada8e7e76ba119b]::run_test::{closure#1}, ()>::{closure#1} as core[a373ad73a504971]::ops::function::FnOnce<()>>::call_once::{shim:vtable#0}
[INFO] [stdout]   16:     0x5e84bc9e8874 - <std[617be2ca0a6fd877]::sys::thread::unix::Thread>::new::thread_start
[INFO] [stdout]   17:     0x720cda64ddfa - <unknown>
[INFO] [stdout]   18:     0x720cda6e13d4 - clone
[INFO] [stdout]   19:                0x0 - <unknown>
[INFO] [stdout] 
[INFO] [stdout] ---- test_stdin_xz stdout ----
[INFO] [stdout] 
[INFO] [stdout] thread 'test_stdin_xz' (3040) panicked at tests/test_stdin.rs:55:10:
[INFO] [stdout] called `Result::unwrap()` on an `Err` value: CargoError { kind: CommandFailed, context: Some("error: no example target named `stdin_pipe` in default-run packages\n"), cause: None }
[INFO] [stdout] stack backtrace:
[INFO] [stdout]    0:     0x5e84bc9c1415 - <<std[617be2ca0a6fd877]::sys::backtrace::BacktraceLock>::print::DisplayBacktrace as core[a373ad73a504971]::fmt::Display>::fmt
[INFO] [stdout]    1:     0x5e84bc97ee8a - core[a373ad73a504971]::fmt::write
[INFO] [stdout]    2:     0x5e84bc9c0aab - <alloc[2e1b2a31b91974c5]::vec::Vec<u8> as core[a373ad73a504971]::io::write::Write>::write_fmt
[INFO] [stdout]    3:     0x5e84bc9c058f - std[617be2ca0a6fd877]::panicking::default_hook::{closure#0}
[INFO] [stdout]    4:     0x5e84bc9c01ba - std[617be2ca0a6fd877]::panicking::default_hook
[INFO] [stdout]    5:     0x5e84bc9bfcf5 - std[617be2ca0a6fd877]::panicking::panic_with_hook
[INFO] [stdout]    6:     0x5e84bc9e6b31 - std[617be2ca0a6fd877]::panicking::panic_handler::{closure#0}
[INFO] [stdout]    7:     0x5e84bc9e6ae9 - std[617be2ca0a6fd877]::sys::backtrace::__rust_end_short_backtrace::<std[617be2ca0a6fd877]::panicking::panic_handler::{closure#0}, !>
[INFO] [stdout]    8:     0x5e84bc9e6fec - __rustc[ea4f61d10b84890b]::rust_begin_unwind
[INFO] [stdout]    9:     0x5e84bc97ed1b - core[a373ad73a504971]::panicking::panic_fmt
[INFO] [stdout]   10:     0x5e84bc982111 - core[a373ad73a504971]::result::unwrap_failed
[INFO] [stdout]   11:     0x5e84bc975dd6 - <test_stdin[a87ee8c7f85b46d0]::test_stdin_xz::{closure#0} as core[a373ad73a504971]::ops::function::FnOnce<()>>::call_once
[INFO] [stdout]   12:     0x5e84bca026bb - test[aada8e7e76ba119b]::__rust_begin_short_backtrace::<core[a373ad73a504971]::result::Result<(), alloc[2e1b2a31b91974c5]::string::String>, fn() -> core[a373ad73a504971]::result::Result<(), alloc[2e1b2a31b91974c5]::string::String>>
[INFO] [stdout]   13:     0x5e84bc9fe681 - test[aada8e7e76ba119b]::run_test::{closure#0}
[INFO] [stdout]   14:     0x5e84bc9fde6c - std[617be2ca0a6fd877]::sys::backtrace::__rust_begin_short_backtrace::<test[aada8e7e76ba119b]::run_test::{closure#1}, ()>
[INFO] [stdout]   15:     0x5e84bca1db0c - <std[617be2ca0a6fd877]::thread::lifecycle::spawn_unchecked<test[aada8e7e76ba119b]::run_test::{closure#1}, ()>::{closure#1} as core[a373ad73a504971]::ops::function::FnOnce<()>>::call_once::{shim:vtable#0}
[INFO] [stdout]   16:     0x5e84bc9e8874 - <std[617be2ca0a6fd877]::sys::thread::unix::Thread>::new::thread_start
[INFO] [stdout]   17:     0x720cda64ddfa - <unknown>
[INFO] [stdout]   18:     0x720cda6e13d4 - clone
[INFO] [stdout]   19:                0x0 - <unknown>
[INFO] [stdout] 
[INFO] [stdout] ---- test_stdin_gz stdout ----
[INFO] [stdout] 
[INFO] [stdout] thread 'test_stdin_gz' (3038) panicked at tests/test_stdin.rs:25:10:
[INFO] [stdout] called `Result::unwrap()` on an `Err` value: CargoError { kind: CommandFailed, context: Some("error: no example target named `stdin_pipe` in default-run packages\n"), cause: None }
[INFO] [stdout] stack backtrace:
[INFO] [stdout]    0:     0x5e84bc9c1415 - <<std[617be2ca0a6fd877]::sys::backtrace::BacktraceLock>::print::DisplayBacktrace as core[a373ad73a504971]::fmt::Display>::fmt
[INFO] [stdout]    1:     0x5e84bc97ee8a - core[a373ad73a504971]::fmt::write
[INFO] [stdout]    2:     0x5e84bc9c0aab - <alloc[2e1b2a31b91974c5]::vec::Vec<u8> as core[a373ad73a504971]::io::write::Write>::write_fmt
[INFO] [stdout]    3:     0x5e84bc9c058f - std[617be2ca0a6fd877]::panicking::default_hook::{closure#0}
[INFO] [stdout]    4:     0x5e84bc9c01ba - std[617be2ca0a6fd877]::panicking::default_hook
[INFO] [stdout]    5:     0x5e84bc9bfcf5 - std[617be2ca0a6fd877]::panicking::panic_with_hook
[INFO] [stdout]    6:     0x5e84bc9e6b31 - std[617be2ca0a6fd877]::panicking::panic_handler::{closure#0}
[INFO] [stdout]    7:     0x5e84bc9e6ae9 - std[617be2ca0a6fd877]::sys::backtrace::__rust_end_short_backtrace::<std[617be2ca0a6fd877]::panicking::panic_handler::{closure#0}, !>
[INFO] [stdout]    8:     0x5e84bc9e6fec - __rustc[ea4f61d10b84890b]::rust_begin_unwind
[INFO] [stdout]    9:     0x5e84bc97ed1b - core[a373ad73a504971]::panicking::panic_fmt
[INFO] [stdout]   10:     0x5e84bc982111 - core[a373ad73a504971]::result::unwrap_failed
[INFO] [stdout]   11:     0x5e84bc975566 - <test_stdin[a87ee8c7f85b46d0]::test_stdin_gz::{closure#0} as core[a373ad73a504971]::ops::function::FnOnce<()>>::call_once
[INFO] [stdout]   12:     0x5e84bca026bb - test[aada8e7e76ba119b]::__rust_begin_short_backtrace::<core[a373ad73a504971]::result::Result<(), alloc[2e1b2a31b91974c5]::string::String>, fn() -> core[a373ad73a504971]::result::Result<(), alloc[2e1b2a31b91974c5]::string::String>>
[INFO] [stdout]   13:     0x5e84bc9fe681 - test[aada8e7e76ba119b]::run_test::{closure#0}
[INFO] [stdout]   14:     0x5e84bc9fde6c - std[617be2ca0a6fd877]::sys::backtrace::__rust_begin_short_backtrace::<test[aada8e7e76ba119b]::run_test::{closure#1}, ()>
[INFO] [stdout]   15:     0x5e84bca1db0c - <std[617be2ca0a6fd877]::thread::lifecycle::spawn_unchecked<test[aada8e7e76ba119b]::run_test::{closure#1}, ()>::{closure#1} as core[a373ad73a504971]::ops::function::FnOnce<()>>::call_once::{shim:vtable#0}
[INFO] [stdout]   16:     0x5e84bc9e8874 - <std[617be2ca0a6fd877]::sys::thread::unix::Thread>::new::thread_start
[INFO] [stdout]   17:     0x720cda64ddfa - <unknown>
[INFO] [stdout]   18:     0x720cda6e13d4 - clone
[INFO] [stdout]   19:                0x0 - <unknown>
[INFO] [stdout] 
[INFO] [stdout] 
[INFO] [stdout] failures:
[INFO] [stdout]     test_stdin_bzip
[INFO] [stdout]     test_stdin_gz
[INFO] [stdout]     test_stdin_no_compression
[INFO] [stdout]     test_stdin_xz
[INFO] [stdout]     test_stdin_zstd
[INFO] [stdout] 
[INFO] [stdout] test result: FAILED. 0 passed; 5 failed; 0 ignored; 0 measured; 0 filtered out; finished in 0.44s
[INFO] [stdout] 
[INFO] [stderr] error: test failed, to rerun pass `--test test_stdin`
[INFO] running `Command { std: "docker" "inspect" "697d88b9797b37302db6d75a8c45c5e9d35f892666f267de2762f7e2771f65db", kill_on_drop: false }`
[INFO] running `Command { std: "docker" "rm" "-f" "697d88b9797b37302db6d75a8c45c5e9d35f892666f267de2762f7e2771f65db", kill_on_drop: false }`
[INFO] [stdout] 697d88b9797b37302db6d75a8c45c5e9d35f892666f267de2762f7e2771f65db
