[INFO] fetching crate my_rust_socketio 0.0.3...
[INFO] testing my_rust_socketio-0.0.3 against 1.100.0-beta.1+cargoflags=--release for beta-release-1.100-2
[INFO] extracting crate my_rust_socketio 0.0.3 into /workspace/builds/worker-3-tc2/source
[INFO] started tweaking crates.io crate my_rust_socketio 0.0.3
[INFO] removed 0 missing examples
[INFO] finished tweaking crates.io crate my_rust_socketio 0.0.3
[INFO] tweaked toml for crates.io crate my_rust_socketio 0.0.3 written to /workspace/builds/worker-3-tc2/source/Cargo.toml
[INFO] validating manifest of crates.io crate my_rust_socketio 0.0.3 on toolchain 1.100.0-beta.1
[INFO] running `Command { std: CARGO_HOME="/workspace/cargo-home" RUSTUP_HOME="/workspace/rustup-home" "/workspace/cargo-home/bin/cargo" "+1.100.0-beta.1" "metadata" "--manifest-path" "Cargo.toml" "--no-deps", kill_on_drop: false }`
[INFO] crate crates.io crate my_rust_socketio 0.0.3 already has a lockfile, it will not be regenerated
[INFO] running `Command { std: CARGO_HOME="/workspace/cargo-home" RUSTUP_HOME="/workspace/rustup-home" "/workspace/cargo-home/bin/cargo" "+1.100.0-beta.1" "fetch" "--manifest-path" "Cargo.toml", kill_on_drop: false }`
[INFO] running `Command { std: "docker" "create" "-v" "/var/lib/crater-agent-workspace/builds/worker-3-tc2/source:/opt/rustwide/workdir:ro,Z" "-v" "/var/lib/crater-agent-workspace/builds/worker-3-tc2/target:/opt/rustwide/target:rw,Z" "-v" "/var/lib/crater-agent-workspace/cargo-home:/opt/rustwide/cargo-home:ro,Z" "-v" "/var/lib/crater-agent-workspace/rustup-home:/opt/rustwide/rustup-home:ro,Z" "-m" "1610612736" "--network" "none" "ghcr.io/rust-lang/crates-build-env/linux@sha256:77db811e55d90add9212f6832c23229e3de5f1c1f9905e8cb07319ea15df73ac" "sleep" "infinity", kill_on_drop: false }`
[INFO] [stdout] 725f2cf8bc5096ddb335502b905d64858348b09acdb7a2fc04732efd11270b79
[INFO] running `Command { std: "docker" "start" "725f2cf8bc5096ddb335502b905d64858348b09acdb7a2fc04732efd11270b79", kill_on_drop: false }`
[INFO] running `Command { std: "docker" "inspect" "725f2cf8bc5096ddb335502b905d64858348b09acdb7a2fc04732efd11270b79", kill_on_drop: false }`
[INFO] running `Command { std: "docker" "exec" "-e" "SOURCE_DIR=/opt/rustwide/workdir" "-e" "CARGO_HOME=/opt/rustwide/cargo-home" "-e" "RUSTUP_HOME=/opt/rustwide/rustup-home" "-e" "CARGO_TARGET_DIR=/opt/rustwide/target" "-w" "/opt/rustwide/workdir" "--user" "0:0" "725f2cf8bc5096ddb335502b905d64858348b09acdb7a2fc04732efd11270b79" "/opt/rustwide/cargo-home/bin/cargo" "+1.100.0-beta.1" "metadata" "--no-deps" "--format-version=1", kill_on_drop: false }`
[INFO] running `Command { std: "docker" "inspect" "725f2cf8bc5096ddb335502b905d64858348b09acdb7a2fc04732efd11270b79", kill_on_drop: false }`
[INFO] running `Command { std: "docker" "exec" "-e" "SOURCE_DIR=/opt/rustwide/workdir" "-e" "CARGO_HOME=/opt/rustwide/cargo-home" "-e" "RUSTUP_HOME=/opt/rustwide/rustup-home" "-e" "CARGO_TARGET_DIR=/opt/rustwide/target" "-e" "CARGO_INCREMENTAL=0" "-e" "RUST_BACKTRACE=full" "-e" "RUSTFLAGS=--cap-lints=warn" "-e" "RUSTDOCFLAGS=--cap-lints=warn" "-w" "/opt/rustwide/workdir" "--user" "0:0" "725f2cf8bc5096ddb335502b905d64858348b09acdb7a2fc04732efd11270b79" "/opt/rustwide/cargo-home/bin/cargo" "+1.100.0-beta.1" "build" "--frozen" "--message-format=json" "--release", kill_on_drop: false }`
[INFO] [stderr]    Compiling proc-macro2 v1.0.54
[INFO] [stderr]    Compiling libc v0.2.146
[INFO] [stderr]    Compiling unicode-ident v1.0.1
[INFO] [stderr]    Compiling quote v1.0.26
[INFO] [stderr]    Compiling syn v1.0.107
[INFO] [stderr]    Compiling log v0.4.17
[INFO] [stderr]    Compiling pkg-config v0.3.20
[INFO] [stderr]    Compiling pin-project-lite v0.2.7
[INFO] [stderr]    Compiling memchr v2.4.1
[INFO] [stderr]    Compiling futures-core v0.3.28
[INFO] [stderr]    Compiling bytes v1.4.0
[INFO] [stderr]    Compiling once_cell v1.8.0
[INFO] [stderr]    Compiling itoa v1.0.1
[INFO] [stderr]    Compiling serde v1.0.163
[INFO] [stderr]    Compiling version_check v0.9.4
[INFO] [stderr]    Compiling typenum v1.14.0
[INFO] [stderr]    Compiling openssl v0.10.54
[INFO] [stderr]    Compiling futures-task v0.3.28
[INFO] [stderr]    Compiling autocfg v1.0.1
[INFO] [stderr]    Compiling futures-sink v0.3.28
[INFO] [stderr]    Compiling httparse v1.6.0
[INFO] [stderr]    Compiling tinyvec_macros v0.1.0
[INFO] [stderr]    Compiling native-tls v0.2.11
[INFO] [stderr]    Compiling bitflags v1.3.2
[INFO] [stderr]    Compiling futures-util v0.3.28
[INFO] [stderr]    Compiling lazy_static v1.4.0
[INFO] [stderr]    Compiling tinyvec v1.5.0
[INFO] [stderr]    Compiling futures-io v0.3.28
[INFO] [stderr]    Compiling tracing-core v0.1.21
[INFO] [stderr]    Compiling slab v0.4.5
[INFO] [stderr]    Compiling generic-array v0.14.5
[INFO] [stderr]    Compiling percent-encoding v2.2.0
[INFO] [stderr]    Compiling openssl-probe v0.1.4
[INFO] [stderr]    Compiling form_urlencoded v1.1.0
[INFO] [stderr]    Compiling ppv-lite86 v0.2.14
[INFO] [stderr]    Compiling unicode-bidi v0.3.7
[INFO] [stderr]    Compiling hashbrown v0.11.2
[INFO] [stderr]    Compiling indexmap v1.7.0
[INFO] [stderr]    Compiling ryu v1.0.5
[INFO] [stderr]    Compiling futures-channel v0.3.17
[INFO] [stderr]    Compiling thiserror v1.0.38
[INFO] [stderr]    Compiling http v0.2.9
[INFO] [stderr]    Compiling try-lock v0.2.3
[INFO] [stderr]    Compiling want v0.3.0
[INFO] [stderr]    Compiling tracing v0.1.29
[INFO] [stderr]    Compiling encoding_rs v0.8.29
[INFO] [stderr]    Compiling httpdate v1.0.1
[INFO] [stderr]    Compiling tower-service v0.3.1
[INFO] [stderr]    Compiling cpufeatures v0.2.1
[INFO] [stderr]    Compiling utf-8 v0.7.6
[INFO] [stderr]    Compiling serde_json v1.0.96
[INFO] [stderr]    Compiling syn v2.0.12
[INFO] [stderr]    Compiling async-trait v0.1.68
[INFO] [stderr]    Compiling byteorder v1.4.3
[INFO] [stderr]    Compiling mio v0.8.4
[INFO] [stderr]    Compiling socket2 v0.4.4
[INFO] [stderr]    Compiling num_cpus v1.13.0
[INFO] [stderr]    Compiling getrandom v0.2.3
[INFO] [stderr]    Compiling crossbeam-utils v0.8.12
[INFO] [stderr]    Compiling rand_core v0.6.3
[INFO] [stderr]    Compiling mime v0.3.16
[INFO] [stderr]    Compiling ipnet v2.3.1
[INFO] [stderr]    Compiling base64 v0.21.0
[INFO] [stderr]    Compiling unicode-normalization v0.1.19
[INFO] [stderr]    Compiling rand_chacha v0.3.1
[INFO] [stderr]    Compiling instant v0.1.12
[INFO] [stderr]    Compiling base64 v0.20.0
[INFO] [stderr]    Compiling rand v0.8.5
[INFO] [stderr]    Compiling jobserver v0.1.25
[INFO] [stderr]    Compiling adler32 v1.2.0
[INFO] [stderr]    Compiling http-body v0.4.3
[INFO] [stderr]    Compiling cc v1.0.71
[INFO] [stderr]    Compiling idna v0.3.0
[INFO] [stderr]    Compiling block-buffer v0.10.2
[INFO] [stderr]    Compiling crypto-common v0.1.3
[INFO] [stderr]    Compiling openssl-sys v0.9.88
[INFO] [stderr]    Compiling digest v0.10.7
[INFO] [stderr]    Compiling url v2.3.1
[INFO] [stderr]    Compiling sha-1 v0.10.1
[INFO] [stderr]    Compiling backoff v0.4.0
[INFO] [stderr]    Compiling serde_derive v1.0.163
[INFO] [stderr]    Compiling openssl-macros v0.1.1
[INFO] [stderr]    Compiling futures-macro v0.3.28
[INFO] [stderr]    Compiling async-stream-impl v0.3.5
[INFO] [stderr]    Compiling tokio-macros v1.7.0
[INFO] [stderr]    Compiling thiserror-impl v1.0.38
[INFO] [stderr]    Compiling tokio v1.19.2
[INFO] [stderr]    Compiling async-stream v0.3.5
[INFO] [stderr]    Compiling tungstenite v0.17.3
[INFO] [stderr]    Compiling tokio-util v0.7.3
[INFO] [stderr]    Compiling tokio-native-tls v0.3.1
[INFO] [stderr]    Compiling tokio-tungstenite v0.17.2
[INFO] [stderr]    Compiling serde_urlencoded v0.7.1
[INFO] [stderr]    Compiling h2 v0.3.17
[INFO] [stderr]    Compiling hyper v0.14.19
[INFO] [stderr]    Compiling hyper-tls v0.5.0
[INFO] [stderr]    Compiling reqwest v0.11.16
[INFO] [stderr]    Compiling rust_engineio v0.4.1-alpha.1
[INFO] [stderr]    Compiling my_rust_socketio v0.0.3 (/opt/rustwide/workdir)
[INFO] [stdout] warning: unexpected `cfg` condition name: `tarpaulin`
[INFO] [stdout]   --> src/error.rs:13:12
[INFO] [stdout]    |
[INFO] [stdout] 13 | #[cfg_attr(tarpaulin, ignore)]
[INFO] [stdout]    |            ^^^^^^^^^
[INFO] [stdout]    |
[INFO] [stdout]    = help: expected names are: `docsrs`, `feature`, and `test` and 34 more
[INFO] [stdout]    = help: consider using a Cargo feature instead
[INFO] [stdout]    = help: or consider adding in `Cargo.toml` the `check-cfg` lint config for the lint:
[INFO] [stdout]             [lints.rust]
[INFO] [stdout]             unexpected_cfgs = { level = "warn", check-cfg = ['cfg(tarpaulin)'] }
[INFO] [stdout]    = help: or consider adding `println!("cargo::rustc-check-cfg=cfg(tarpaulin)");` to the top of the `build.rs`
[INFO] [stdout]    = note: see <https://doc.rust-lang.org/nightly/rustc/check-cfg/cargo-specifics.html> for more information about checking conditional configuration
[INFO] [stdout]    = note: `#[warn(unexpected_cfgs)]` on by default
[INFO] [stdout] 
[INFO] [stdout] 
[INFO] [stdout] warning: struct `Iter` is never constructed
[INFO] [stdout]    --> src/client/raw_client.rs:402:12
[INFO] [stdout]     |
[INFO] [stdout] 402 | pub struct Iter<'a> {
[INFO] [stdout]     |            ^^^^
[INFO] [stdout]     |
[INFO] [stdout]     = note: `#[warn(dead_code)]` (part of `#[warn(unused)]`) on by default
[INFO] [stdout] 
[INFO] [stdout] 
[INFO] [stderr]     Finished `release` profile [optimized] target(s) in 1m 25s
[INFO] [stderr] warning: the following packages contain code that will be rejected by a future version of Rust: openssl v0.10.54
[INFO] [stderr] note: to see what the problems were, use the option `--future-incompat-report`, or run `cargo report future-incompatibilities --id 3`
[INFO] running `Command { std: "docker" "inspect" "725f2cf8bc5096ddb335502b905d64858348b09acdb7a2fc04732efd11270b79", kill_on_drop: false }`
[INFO] running `Command { std: "docker" "exec" "-e" "SOURCE_DIR=/opt/rustwide/workdir" "-e" "CARGO_HOME=/opt/rustwide/cargo-home" "-e" "RUSTUP_HOME=/opt/rustwide/rustup-home" "-e" "CARGO_TARGET_DIR=/opt/rustwide/target" "-e" "CARGO_INCREMENTAL=0" "-e" "RUST_BACKTRACE=full" "-e" "RUSTFLAGS=--cap-lints=warn" "-e" "RUSTDOCFLAGS=--cap-lints=warn" "-w" "/opt/rustwide/workdir" "--user" "0:0" "725f2cf8bc5096ddb335502b905d64858348b09acdb7a2fc04732efd11270b79" "/opt/rustwide/cargo-home/bin/cargo" "+1.100.0-beta.1" "test" "--frozen" "--no-run" "--message-format=json" "--release", kill_on_drop: false }`
[INFO] [stderr]    Compiling crc32fast v1.3.2
[INFO] [stderr]    Compiling libz-sys v1.1.8
[INFO] [stderr]    Compiling semver v1.0.16
[INFO] [stderr]    Compiling num-traits v0.2.14
[INFO] [stderr]    Compiling curl-sys v0.4.59+curl-7.86.0
[INFO] [stderr]    Compiling libssh2-sys v0.2.23
[INFO] [stderr]    Compiling num-integer v0.1.45
[INFO] [stderr]    Compiling serde v1.0.163
[INFO] [stderr]    Compiling regex-syntax v0.6.29
[INFO] [stderr]    Compiling adler v1.0.2
[INFO] [stderr]    Compiling libgit2-sys v0.12.26+1.3.0
[INFO] [stderr]    Compiling time v0.1.43
[INFO] [stderr]    Compiling proc-macro2 v1.0.54
[INFO] [stderr]    Compiling memoffset v0.6.4
[INFO] [stderr]    Compiling unicode-ident v1.0.1
[INFO] [stderr]    Compiling camino v1.1.2
[INFO] [stderr]    Compiling iana-time-zone v0.1.53
[INFO] [stderr]    Compiling curl v0.4.44
[INFO] [stderr]    Compiling miniz_oxide v0.6.2
[INFO] [stderr]    Compiling gzip-header v0.3.0
[INFO] [stderr]    Compiling aho-corasick v0.7.18
[INFO] [stderr]    Compiling quote v1.0.26
[INFO] [stderr]    Compiling ansi_term v0.12.1
[INFO] [stderr]    Compiling unicode-width v0.1.10
[INFO] [stderr]    Compiling textwrap v0.11.0
[INFO] [stderr]    Compiling cargo-platform v0.1.2
[INFO] [stderr]    Compiling tracing-log v0.1.3
[INFO] [stderr]    Compiling deflate v0.8.6
[INFO] [stderr]    Compiling atty v0.2.14
[INFO] [stderr]    Compiling flate2 v1.0.25
[INFO] [stderr]    Compiling syn v1.0.107
[INFO] [stderr]    Compiling sharded-slab v0.1.4
[INFO] [stderr]    Compiling thread_local v1.1.4
[INFO] [stderr]    Compiling fallible-iterator v0.2.0
[INFO] [stderr]    Compiling vec_map v0.8.2
[INFO] [stderr]    Compiling strsim v0.8.0
[INFO] [stderr]    Compiling md5 v0.7.0
[INFO] [stderr]    Compiling smallvec v1.10.0
[INFO] [stderr]    Compiling humantime v2.1.0
[INFO] [stderr]    Compiling hex v0.4.3
[INFO] [stderr]    Compiling chrono v0.4.23
[INFO] [stderr]    Compiling stable_deref_trait v1.2.0
[INFO] [stderr]    Compiling clap v2.34.0
[INFO] [stderr]    Compiling humantime-serde v1.1.1
[INFO] [stderr]    Compiling gimli v0.26.2
[INFO] [stderr]    Compiling coveralls-api v0.5.0
[INFO] [stderr]    Compiling object v0.24.0
[INFO] [stderr]    Compiling walkdir v2.3.2
[INFO] [stderr]    Compiling cargo_metadata v0.14.2
[INFO] [stderr]    Compiling nix v0.23.2
[INFO] [stderr]    Compiling toml v0.5.10
[INFO] [stderr]    Compiling procfs v0.11.1
[INFO] [stderr]    Compiling quick-xml v0.22.0
[INFO] [stderr]    Compiling memmap v0.7.0
[INFO] [stderr]    Compiling rustc-demangle v0.1.21
[INFO] [stderr]    Compiling regex-automata v0.1.10
[INFO] [stderr]    Compiling rustc_version v0.4.0
[INFO] [stderr]    Compiling cargo-tarpaulin v0.18.5
[INFO] [stderr]    Compiling regex v1.7.3
[INFO] [stdout] warning: unexpected `cfg` condition name: `tarpaulin`
[INFO] [stdout]   --> src/error.rs:13:12
[INFO] [stdout]    |
[INFO] [stdout] 13 | #[cfg_attr(tarpaulin, ignore)]
[INFO] [stdout]    |            ^^^^^^^^^
[INFO] [stdout]    |
[INFO] [stdout]    = help: expected names are: `docsrs`, `feature`, and `test` and 34 more
[INFO] [stdout]    = help: consider using a Cargo feature instead
[INFO] [stdout]    = help: or consider adding in `Cargo.toml` the `check-cfg` lint config for the lint:
[INFO] [stdout]             [lints.rust]
[INFO] [stdout]             unexpected_cfgs = { level = "warn", check-cfg = ['cfg(tarpaulin)'] }
[INFO] [stdout]    = help: or consider adding `println!("cargo::rustc-check-cfg=cfg(tarpaulin)");` to the top of the `build.rs`
[INFO] [stdout]    = note: see <https://doc.rust-lang.org/nightly/rustc/check-cfg/cargo-specifics.html> for more information about checking conditional configuration
[INFO] [stdout]    = note: `#[warn(unexpected_cfgs)]` on by default
[INFO] [stdout] 
[INFO] [stdout] 
[INFO] [stdout] warning: struct `Iter` is never constructed
[INFO] [stdout]    --> src/client/raw_client.rs:402:12
[INFO] [stdout]     |
[INFO] [stdout] 402 | pub struct Iter<'a> {
[INFO] [stdout]     |            ^^^^
[INFO] [stdout]     |
[INFO] [stdout]     = note: `#[warn(dead_code)]` (part of `#[warn(unused)]`) on by default
[INFO] [stdout] 
[INFO] [stdout] 
[INFO] [stderr]    Compiling matchers v0.0.1
[INFO] [stderr]    Compiling tracing-subscriber v0.2.25
[INFO] [stderr]    Compiling git2 v0.13.25
[INFO] [stderr]    Compiling my_rust_socketio v0.0.3 (/opt/rustwide/workdir)
[INFO] [stdout] warning: unexpected `cfg` condition name: `tarpaulin`
[INFO] [stdout]   --> src/error.rs:13:12
[INFO] [stdout]    |
[INFO] [stdout] 13 | #[cfg_attr(tarpaulin, ignore)]
[INFO] [stdout]    |            ^^^^^^^^^
[INFO] [stdout]    |
[INFO] [stdout]    = help: expected names are: `docsrs`, `feature`, and `test` and 34 more
[INFO] [stdout]    = help: consider using a Cargo feature instead
[INFO] [stdout]    = help: or consider adding in `Cargo.toml` the `check-cfg` lint config for the lint:
[INFO] [stdout]             [lints.rust]
[INFO] [stdout]             unexpected_cfgs = { level = "warn", check-cfg = ['cfg(tarpaulin)'] }
[INFO] [stdout]    = help: or consider adding `println!("cargo::rustc-check-cfg=cfg(tarpaulin)");` to the top of the `build.rs`
[INFO] [stdout]    = note: see <https://doc.rust-lang.org/nightly/rustc/check-cfg/cargo-specifics.html> for more information about checking conditional configuration
[INFO] [stdout]    = note: `#[warn(unexpected_cfgs)]` on by default
[INFO] [stdout] 
[INFO] [stdout] 
[INFO] [stdout] warning: hiding a lifetime that's elided elsewhere is confusing
[INFO] [stdout]    --> src/client/raw_client.rs:244:24
[INFO] [stdout]     |
[INFO] [stdout] 244 |     pub(crate) fn iter(&self) -> Iter {
[INFO] [stdout]     |                        ^^^^^     ^^^^ the same lifetime is hidden here
[INFO] [stdout]     |                        |
[INFO] [stdout]     |                        the lifetime is elided here
[INFO] [stdout]     |
[INFO] [stdout]     = help: the same lifetime is referred to in inconsistent ways, making the signature confusing
[INFO] [stdout]     = note: `#[warn(mismatched_lifetime_syntaxes)]` on by default
[INFO] [stdout] help: use `'_` for type paths
[INFO] [stdout]     |
[INFO] [stdout] 244 |     pub(crate) fn iter(&self) -> Iter<'_> {
[INFO] [stdout]     |                                      ++++
[INFO] [stdout] 
[INFO] [stdout] 
[INFO] [stderr]     Finished `release` profile [optimized] target(s) in 2m 53s
[INFO] [stderr] warning: the following packages contain code that will be rejected by a future version of Rust: openssl v0.10.54, quick-xml v0.22.0
[INFO] [stderr] note: to see what the problems were, use the option `--future-incompat-report`, or run `cargo report future-incompatibilities --id 4`
[INFO] running `Command { std: "docker" "inspect" "725f2cf8bc5096ddb335502b905d64858348b09acdb7a2fc04732efd11270b79", kill_on_drop: false }`
[INFO] running `Command { std: "docker" "exec" "-e" "SOURCE_DIR=/opt/rustwide/workdir" "-e" "CARGO_HOME=/opt/rustwide/cargo-home" "-e" "RUSTUP_HOME=/opt/rustwide/rustup-home" "-e" "CARGO_TARGET_DIR=/opt/rustwide/target" "-e" "CARGO_INCREMENTAL=0" "-e" "RUST_BACKTRACE=full" "-e" "RUSTFLAGS=--cap-lints=warn" "-e" "RUSTDOCFLAGS=--cap-lints=warn" "-w" "/opt/rustwide/workdir" "--user" "0:0" "725f2cf8bc5096ddb335502b905d64858348b09acdb7a2fc04732efd11270b79" "/opt/rustwide/cargo-home/bin/cargo" "+1.100.0-beta.1" "test" "--frozen" "--release", kill_on_drop: false }`
[INFO] [stderr] warning: unexpected `cfg` condition name: `tarpaulin`
[INFO] [stderr]   --> src/error.rs:13:12
[INFO] [stderr]    |
[INFO] [stderr] 13 | #[cfg_attr(tarpaulin, ignore)]
[INFO] [stderr]    |            ^^^^^^^^^
[INFO] [stderr]    |
[INFO] [stderr]    = help: expected names are: `docsrs`, `feature`, and `test` and 34 more
[INFO] [stderr]    = help: consider using a Cargo feature instead
[INFO] [stderr]    = help: or consider adding in `Cargo.toml` the `check-cfg` lint config for the lint:
[INFO] [stderr]             [lints.rust]
[INFO] [stderr]             unexpected_cfgs = { level = "warn", check-cfg = ['cfg(tarpaulin)'] }
[INFO] [stderr]    = help: or consider adding `println!("cargo::rustc-check-cfg=cfg(tarpaulin)");` to the top of the `build.rs`
[INFO] [stderr]    = note: see <https://doc.rust-lang.org/nightly/rustc/check-cfg/cargo-specifics.html> for more information about checking conditional configuration
[INFO] [stderr]    = note: `#[warn(unexpected_cfgs)]` on by default
[INFO] [stderr] 
[INFO] [stderr] warning: struct `Iter` is never constructed
[INFO] [stderr]    --> src/client/raw_client.rs:402:12
[INFO] [stderr]     |
[INFO] [stderr] 402 | pub struct Iter<'a> {
[INFO] [stderr]     |            ^^^^
[INFO] [stderr]     |
[INFO] [stderr]     = note: `#[warn(dead_code)]` (part of `#[warn(unused)]`) on by default
[INFO] [stderr] 
[INFO] [stderr] warning: `my_rust_socketio` (lib) generated 2 warnings
[INFO] [stderr] warning: hiding a lifetime that's elided elsewhere is confusing
[INFO] [stderr]    --> src/client/raw_client.rs:244:24
[INFO] [stderr]     |
[INFO] [stderr] 244 |     pub(crate) fn iter(&self) -> Iter {
[INFO] [stderr]     |                        ^^^^^     ^^^^ the same lifetime is hidden here
[INFO] [stderr]     |                        |
[INFO] [stderr]     |                        the lifetime is elided here
[INFO] [stderr]     |
[INFO] [stderr]     = help: the same lifetime is referred to in inconsistent ways, making the signature confusing
[INFO] [stderr]     = note: `#[warn(mismatched_lifetime_syntaxes)]` on by default
[INFO] [stderr] help: use `'_` for type paths
[INFO] [stderr]     |
[INFO] [stderr] 244 |     pub(crate) fn iter(&self) -> Iter<'_> {
[INFO] [stderr]     |                                      ++++
[INFO] [stderr] 
[INFO] [stderr] warning: `my_rust_socketio` (lib test) generated 2 warnings (1 duplicate) (run `cargo fix --lib -p my_rust_socketio --tests` to apply 1 suggestion)
[INFO] [stderr]     Finished `release` profile [optimized] target(s) in 0.38s
[INFO] [stderr] warning: the following packages contain code that will be rejected by a future version of Rust: openssl v0.10.54, quick-xml v0.22.0
[INFO] [stderr] note: to see what the problems were, use the option `--future-incompat-report`, or run `cargo report future-incompatibilities --id 4`
[INFO] [stderr]      Running unittests src/lib.rs (/opt/rustwide/target/release/build/my_rust_socketio/6b18ad13527a9ae9/out/my_rust_socketio-6b18ad13527a9ae9)
[INFO] [stdout] 
[INFO] [stdout] running 27 tests
[INFO] [stdout] test asynchronous::client::client::test::socket_io_websocket_integration ... FAILED
[INFO] [stdout] test client::raw_client::test::socket_io_builder_integration ... FAILED
[INFO] [stdout] test asynchronous::client::client::test::socketio_polling_integration ... FAILED
[INFO] [stdout] test asynchronous::client::client::test::socket_io_auth_builder_integration ... FAILED
[INFO] [stdout] test client::raw_client::test::socket_io_websocket_integration ... FAILED
[INFO] [stdout] test asynchronous::client::client::test::socket_io_websocket_upgrade_integration ... FAILED
[INFO] [stdout] test asynchronous::client::client::test::socket_io_builder_integration ... FAILED
[INFO] [stdout] test client::raw_client::test::socket_io_builder_integration_iterator ... FAILED
[INFO] [stdout] test packet::test::test_decode ... ok
[INFO] [stdout] test error::tests::test_error_conversion ... ok
[INFO] [stdout] test packet::test::test_illegal_packet_id ... ok
[INFO] [stdout] test packet::test::test_encode ... ok
[INFO] [stdout] test payload::tests::test_from ... ok
[INFO] [stdout] test asynchronous::client::client::test::socket_io_on_any_integration ... FAILED
[INFO] [stdout] test asynchronous::client::client::test::socket_io_builder_integration_iterator ... FAILED
[INFO] [stdout] test asynchronous::client::client::test::socket_io_any_integration ... FAILED
[INFO] [stdout] test client::raw_client::test::socket_io_auth_builder_integration ... FAILED
[INFO] [stdout] test client::client::test::socket_io_iterator_integration ... FAILED
[INFO] [stdout] test client::raw_client::test::socket_io_any_integration ... FAILED
[INFO] [stdout] test asynchronous::client::client::test::socket_io_integration ... FAILED
[INFO] [stdout] test asynchronous::client::client::test::socket_io_async_callback ... FAILED
[INFO] [stdout] test client::raw_client::test::socket_io_websocket_upgrade_integration ... FAILED
[INFO] [stdout] test client::client::test::socket_io_reconnect_url_auth_integration ... FAILED
[INFO] [stdout] test client::raw_client::test::socket_io_integration ... FAILED
[INFO] [stdout] test client::client::test::socket_io_reconnect_integration ... FAILED
[INFO] [stdout] test client::raw_client::test::socketio_polling_integration ... FAILED
[INFO] [stdout] test client::raw_client::test::socket_io_on_any_integration ... FAILED
[INFO] [stdout] 
[INFO] [stdout] failures:
[INFO] [stdout] 
[INFO] [stdout] ---- asynchronous::client::client::test::socket_io_websocket_integration stdout ----
[INFO] [stdout] Error: IncompleteResponseFromEngineIo(WebsocketError(Io(Os { code: 111, kind: ConnectionRefused, message: "Connection refused" })))
[INFO] [stdout] 
[INFO] [stdout] ---- client::raw_client::test::socket_io_builder_integration stdout ----
[INFO] [stdout] Error: IncompleteResponseFromEngineIo(IncompleteResponseFromReqwest(reqwest::Error { kind: Request, url: Url { scheme: "http", cannot_be_a_base: false, username: "", password: None, host: Some(Domain("localhost")), port: Some(4200), path: "/socket.io/", query: Some("EIO=4&transport=polling&t=970133683"), fragment: None }, source: hyper::Error(Connect, ConnectError("tcp connect error", Os { code: 111, kind: ConnectionRefused, message: "Connection refused" })) }))
[INFO] [stdout] 
[INFO] [stdout] ---- asynchronous::client::client::test::socketio_polling_integration stdout ----
[INFO] [stdout] Error: IncompleteResponseFromEngineIo(IncompleteResponseFromReqwest(reqwest::Error { kind: Request, url: Url { scheme: "http", cannot_be_a_base: false, username: "", password: None, host: Some(Domain("localhost")), port: Some(4200), path: "/socket.io/", query: Some("EIO=4&transport=polling&t=973017270"), fragment: None }, source: hyper::Error(Connect, ConnectError("tcp connect error", Os { code: 111, kind: ConnectionRefused, message: "Connection refused" })) }))
[INFO] [stdout] 
[INFO] [stdout] ---- asynchronous::client::client::test::socket_io_auth_builder_integration stdout ----
[INFO] [stdout] Error: IncompleteResponseFromEngineIo(IncompleteResponseFromReqwest(reqwest::Error { kind: Request, url: Url { scheme: "http", cannot_be_a_base: false, username: "", password: None, host: Some(Domain("localhost")), port: Some(4204), path: "/socket.io/", query: Some("EIO=4&transport=polling&t=965677225"), fragment: None }, source: hyper::Error(Connect, ConnectError("tcp connect error", Os { code: 111, kind: ConnectionRefused, message: "Connection refused" })) }))
[INFO] [stdout] 
[INFO] [stdout] ---- client::raw_client::test::socket_io_websocket_integration stdout ----
[INFO] [stdout] Error: IncompleteResponseFromEngineIo(WebsocketError(Io(Os { code: 111, kind: ConnectionRefused, message: "Connection refused" })))
[INFO] [stdout] 
[INFO] [stdout] ---- asynchronous::client::client::test::socket_io_websocket_upgrade_integration stdout ----
[INFO] [stdout] Error: IncompleteResponseFromEngineIo(IncompleteResponseFromReqwest(reqwest::Error { kind: Request, url: Url { scheme: "http", cannot_be_a_base: false, username: "", password: None, host: Some(Domain("localhost")), port: Some(4200), path: "/socket.io/", query: Some("EIO=4&transport=polling&t=966529192"), fragment: None }, source: hyper::Error(Connect, ConnectError("tcp connect error", Os { code: 111, kind: ConnectionRefused, message: "Connection refused" })) }))
[INFO] [stdout] 
[INFO] [stdout] ---- asynchronous::client::client::test::socket_io_builder_integration stdout ----
[INFO] [stdout] Error: IncompleteResponseFromEngineIo(IncompleteResponseFromReqwest(reqwest::Error { kind: Request, url: Url { scheme: "http", cannot_be_a_base: false, username: "", password: None, host: Some(Domain("localhost")), port: Some(4200), path: "/socket.io/", query: Some("EIO=4&transport=polling&t=967446700"), fragment: None }, source: hyper::Error(Connect, ConnectError("tcp connect error", Os { code: 111, kind: ConnectionRefused, message: "Connection refused" })) }))
[INFO] [stdout] 
[INFO] [stdout] ---- client::raw_client::test::socket_io_builder_integration_iterator stdout ----
[INFO] [stdout] Error: IncompleteResponseFromEngineIo(IncompleteResponseFromReqwest(reqwest::Error { kind: Request, url: Url { scheme: "http", cannot_be_a_base: false, username: "", password: None, host: Some(Domain("localhost")), port: Some(4200), path: "/socket.io/", query: Some("EIO=4&transport=polling&t=969478318"), fragment: None }, source: hyper::Error(Connect, ConnectError("tcp connect error", Os { code: 111, kind: ConnectionRefused, message: "Connection refused" })) }))
[INFO] [stdout] 
[INFO] [stdout] ---- asynchronous::client::client::test::socket_io_on_any_integration stdout ----
[INFO] [stdout] Error: IncompleteResponseFromEngineIo(IncompleteResponseFromReqwest(reqwest::Error { kind: Request, url: Url { scheme: "http", cannot_be_a_base: false, username: "", password: None, host: Some(Domain("localhost")), port: Some(4200), path: "/socket.io/", query: Some("EIO=4&transport=polling&t=963448996"), fragment: None }, source: hyper::Error(Connect, ConnectError("tcp connect error", Os { code: 111, kind: ConnectionRefused, message: "Connection refused" })) }))
[INFO] [stdout] 
[INFO] [stdout] ---- asynchronous::client::client::test::socket_io_builder_integration_iterator stdout ----
[INFO] [stdout] Error: IncompleteResponseFromEngineIo(IncompleteResponseFromReqwest(reqwest::Error { kind: Request, url: Url { scheme: "http", cannot_be_a_base: false, username: "", password: None, host: Some(Domain("localhost")), port: Some(4200), path: "/socket.io/", query: Some("EIO=4&transport=polling&t=968954033"), fragment: None }, source: hyper::Error(Connect, ConnectError("tcp connect error", Os { code: 111, kind: ConnectionRefused, message: "Connection refused" })) }))
[INFO] [stdout] 
[INFO] [stdout] ---- asynchronous::client::client::test::socket_io_any_integration stdout ----
[INFO] [stdout] Error: IncompleteResponseFromEngineIo(IncompleteResponseFromReqwest(reqwest::Error { kind: Request, url: Url { scheme: "http", cannot_be_a_base: false, username: "", password: None, host: Some(Domain("localhost")), port: Some(4200), path: "/socket.io/", query: Some("EIO=4&transport=polling&t=972624052"), fragment: None }, source: hyper::Error(Connect, ConnectError("tcp connect error", Os { code: 111, kind: ConnectionRefused, message: "Connection refused" })) }))
[INFO] [stdout] 
[INFO] [stdout] ---- client::raw_client::test::socket_io_auth_builder_integration stdout ----
[INFO] [stdout] Error: IncompleteResponseFromEngineIo(IncompleteResponseFromReqwest(reqwest::Error { kind: Request, url: Url { scheme: "http", cannot_be_a_base: false, username: "", password: None, host: Some(Domain("localhost")), port: Some(4204), path: "/socket.io/", query: Some("EIO=4&transport=polling&t=972296368"), fragment: None }, source: hyper::Error(Connect, ConnectError("tcp connect error", Os { code: 111, kind: ConnectionRefused, message: "Connection refused" })) }))
[INFO] [stdout] 
[INFO] [stdout] ---- client::client::test::socket_io_iterator_integration stdout ----
[INFO] [stdout] Error: IncompleteResponseFromEngineIo(IncompleteResponseFromReqwest(reqwest::Error { kind: Request, url: Url { scheme: "http", cannot_be_a_base: false, username: "", password: None, host: Some(Domain("localhost")), port: Some(4200), path: "/socket.io/", query: Some("EIO=4&transport=polling&t=971903155"), fragment: None }, source: hyper::Error(Connect, ConnectError("tcp connect error", Os { code: 111, kind: ConnectionRefused, message: "Connection refused" })) }))
[INFO] [stdout] 
[INFO] [stdout] ---- client::raw_client::test::socket_io_any_integration stdout ----
[INFO] [stdout] Error: IncompleteResponseFromEngineIo(IncompleteResponseFromReqwest(reqwest::Error { kind: Request, url: Url { scheme: "http", cannot_be_a_base: false, username: "", password: None, host: Some(Domain("localhost")), port: Some(4200), path: "/socket.io/", query: Some("EIO=4&transport=polling&t=968626345"), fragment: None }, source: hyper::Error(Connect, ConnectError("tcp connect error", Os { code: 111, kind: ConnectionRefused, message: "Connection refused" })) }))
[INFO] [stdout] 
[INFO] [stdout] ---- asynchronous::client::client::test::socket_io_integration stdout ----
[INFO] [stdout] Error: IncompleteResponseFromEngineIo(IncompleteResponseFromReqwest(reqwest::Error { kind: Request, url: Url { scheme: "http", cannot_be_a_base: false, username: "", password: None, host: Some(Domain("localhost")), port: Some(4200), path: "/socket.io/", query: Some("EIO=4&transport=polling&t=979177665"), fragment: None }, source: hyper::Error(Connect, ConnectError("tcp connect error", Os { code: 111, kind: ConnectionRefused, message: "Connection refused" })) }))
[INFO] [stdout] 
[INFO] [stdout] ---- asynchronous::client::client::test::socket_io_async_callback stdout ----
[INFO] [stdout] Error: IncompleteResponseFromEngineIo(IncompleteResponseFromReqwest(reqwest::Error { kind: Request, url: Url { scheme: "http", cannot_be_a_base: false, username: "", password: None, host: Some(Domain("localhost")), port: Some(4200), path: "/socket.io/", query: Some("EIO=4&transport=polling&t=977473724"), fragment: None }, source: hyper::Error(Connect, ConnectError("tcp connect error", Os { code: 111, kind: ConnectionRefused, message: "Connection refused" })) }))
[INFO] [stdout] 
[INFO] [stdout] ---- client::raw_client::test::socket_io_websocket_upgrade_integration stdout ----
[INFO] [stderr] error: test failed, to rerun pass `--lib`
[INFO] [stdout] Error: IncompleteResponseFromEngineIo(IncompleteResponseFromReqwest(reqwest::Error { kind: Request, url: Url { scheme: "http", cannot_be_a_base: false, username: "", password: None, host: Some(Domain("localhost")), port: Some(4200), path: "/socket.io/", query: Some("EIO=4&transport=polling&t=970330291"), fragment: None }, source: hyper::Error(Connect, ConnectError("tcp connect error", Os { code: 111, kind: ConnectionRefused, message: "Connection refused" })) }))
[INFO] [stdout] 
[INFO] [stdout] ---- client::client::test::socket_io_reconnect_url_auth_integration stdout ----
[INFO] [stdout] 
[INFO] [stdout] thread 'client::client::test::socket_io_reconnect_url_auth_integration' (4898) panicked at src/client/client.rs:383:9:
[INFO] [stdout] should connect success
[INFO] [stdout] stack backtrace:
[INFO] [stdout]    0:     0x64caaa8e0691 - <<std[617be2ca0a6fd877]::sys::backtrace::BacktraceLock>::print::DisplayBacktrace as core[a373ad73a504971]::fmt::Display>::fmt
[INFO] [stdout]    1:     0x64caaa8f7e4a - core[a373ad73a504971]::fmt::write
[INFO] [stdout]    2:     0x64caaa8e527c - <alloc[2e1b2a31b91974c5]::vec::Vec<u8> as core[a373ad73a504971]::io::write::Write>::write_fmt
[INFO] [stdout]    3:     0x64caaa8bb456 - std[617be2ca0a6fd877]::panicking::default_hook::{closure#0}
[INFO] [stdout]    4:     0x64caaa8d82f9 - std[617be2ca0a6fd877]::panicking::default_hook
[INFO] [stdout]    5:     0x64caaa698bc0 - test[aada8e7e76ba119b]::test_main_inner::{closure#0}
[INFO] [stdout]    6:     0x64caaa8d8622 - std[617be2ca0a6fd877]::panicking::panic_with_hook
[INFO] [stdout]    7:     0x64caaa8bb534 - std[617be2ca0a6fd877]::panicking::panic_handler::{closure#0}
[INFO] [stdout]    8:     0x64caaa8b3ef9 - std[617be2ca0a6fd877]::sys::backtrace::__rust_end_short_backtrace::<std[617be2ca0a6fd877]::panicking::panic_handler::{closure#0}, !>
[INFO] [stdout]    9:     0x64caaa8bc39d - __rustc[ea4f61d10b84890b]::rust_begin_unwind
[INFO] [stdout]   10:     0x64caaa8f85ac - core[a373ad73a504971]::panicking::panic_fmt
[INFO] [stdout]   11:     0x64caaa68ba63 - <my_rust_socketio[9fe60fcd274a0230]::client::client::test::socket_io_reconnect_url_auth_integration::{closure#0} as core[a373ad73a504971]::ops::function::FnOnce<()>>::call_once
[INFO] [stdout]   12:     0x64caaa68c00b - test[aada8e7e76ba119b]::__rust_begin_short_backtrace::<core[a373ad73a504971]::result::Result<(), alloc[2e1b2a31b91974c5]::string::String>, fn() -> core[a373ad73a504971]::result::Result<(), alloc[2e1b2a31b91974c5]::string::String>>
[INFO] [stdout]   13:     0x64caaa6991e5 - test[aada8e7e76ba119b]::run_test::{closure#0}
[INFO] [stdout]   14:     0x64caaa692ad4 - std[617be2ca0a6fd877]::sys::backtrace::__rust_begin_short_backtrace::<test[aada8e7e76ba119b]::run_test::{closure#1}, ()>
[INFO] [stdout]   15:     0x64caaa69c272 - <std[617be2ca0a6fd877]::thread::lifecycle::spawn_unchecked<test[aada8e7e76ba119b]::run_test::{closure#1}, ()>::{closure#1} as core[a373ad73a504971]::ops::function::FnOnce<()>>::call_once::{shim:vtable#0}
[INFO] [stdout]   16:     0x64caaa8dfb3f - <std[617be2ca0a6fd877]::sys::thread::unix::Thread>::new::thread_start
[INFO] [stdout]   17:     0x72a3bced4dfa - <unknown>
[INFO] [stdout]   18:     0x72a3bcf683d4 - clone
[INFO] [stdout]   19:                0x0 - <unknown>
[INFO] [stdout] 
[INFO] [stdout] ---- client::raw_client::test::socket_io_integration stdout ----
[INFO] [stdout] Error: IncompleteResponseFromEngineIo(IncompleteResponseFromReqwest(reqwest::Error { kind: Request, url: Url { scheme: "http", cannot_be_a_base: false, username: "", password: None, host: Some(Domain("localhost")), port: Some(4200), path: "/socket.io/", query: Some("EIO=4&transport=polling&t=969150640"), fragment: None }, source: hyper::Error(Connect, ConnectError("tcp connect error", Os { code: 111, kind: ConnectionRefused, message: "Connection refused" })) }))
[INFO] [stdout] 
[INFO] [stdout] ---- client::client::test::socket_io_reconnect_integration stdout ----
[INFO] [stdout] 
[INFO] [stdout] thread 'client::client::test::socket_io_reconnect_integration' (4897) panicked at src/client/client.rs:314:9:
[INFO] [stdout] should connect success
[INFO] [stdout] stack backtrace:
[INFO] [stdout]    0:     0x64caaa8e0691 - <<std[617be2ca0a6fd877]::sys::backtrace::BacktraceLock>::print::DisplayBacktrace as core[a373ad73a504971]::fmt::Display>::fmt
[INFO] [stdout]    1:     0x64caaa8f7e4a - core[a373ad73a504971]::fmt::write
[INFO] [stdout]    2:     0x64caaa8e527c - <alloc[2e1b2a31b91974c5]::vec::Vec<u8> as core[a373ad73a504971]::io::write::Write>::write_fmt
[INFO] [stdout]    3:     0x64caaa8bb456 - std[617be2ca0a6fd877]::panicking::default_hook::{closure#0}
[INFO] [stdout]    4:     0x64caaa8d82f9 - std[617be2ca0a6fd877]::panicking::default_hook
[INFO] [stdout]    5:     0x64caaa698bc0 - test[aada8e7e76ba119b]::test_main_inner::{closure#0}
[INFO] [stdout]    6:     0x64caaa8d8622 - std[617be2ca0a6fd877]::panicking::panic_with_hook
[INFO] [stdout]    7:     0x64caaa8bb534 - std[617be2ca0a6fd877]::panicking::panic_handler::{closure#0}
[INFO] [stdout]    8:     0x64caaa8b3ef9 - std[617be2ca0a6fd877]::sys::backtrace::__rust_end_short_backtrace::<std[617be2ca0a6fd877]::panicking::panic_handler::{closure#0}, !>
[INFO] [stdout]    9:     0x64caaa8bc39d - __rustc[ea4f61d10b84890b]::rust_begin_unwind
[INFO] [stdout]   10:     0x64caaa8f85ac - core[a373ad73a504971]::panicking::panic_fmt
[INFO] [stdout]   11:     0x64caaa68b31b - <my_rust_socketio[9fe60fcd274a0230]::client::client::test::socket_io_reconnect_integration::{closure#0} as core[a373ad73a504971]::ops::function::FnOnce<()>>::call_once
[INFO] [stdout]   12:     0x64caaa68c00b - test[aada8e7e76ba119b]::__rust_begin_short_backtrace::<core[a373ad73a504971]::result::Result<(), alloc[2e1b2a31b91974c5]::string::String>, fn() -> core[a373ad73a504971]::result::Result<(), alloc[2e1b2a31b91974c5]::string::String>>
[INFO] [stdout]   13:     0x64caaa6991e5 - test[aada8e7e76ba119b]::run_test::{closure#0}
[INFO] [stdout]   14:     0x64caaa692ad4 - std[617be2ca0a6fd877]::sys::backtrace::__rust_begin_short_backtrace::<test[aada8e7e76ba119b]::run_test::{closure#1}, ()>
[INFO] [stdout]   15:     0x64caaa69c272 - <std[617be2ca0a6fd877]::thread::lifecycle::spawn_unchecked<test[aada8e7e76ba119b]::run_test::{closure#1}, ()>::{closure#1} as core[a373ad73a504971]::ops::function::FnOnce<()>>::call_once::{shim:vtable#0}
[INFO] [stdout]   16:     0x64caaa8dfb3f - <std[617be2ca0a6fd877]::sys::thread::unix::Thread>::new::thread_start
[INFO] [stdout]   17:     0x72a3bced4dfa - <unknown>
[INFO] [stdout]   18:     0x72a3bcf683d4 - clone
[INFO] [stdout]   19:                0x0 - <unknown>
[INFO] [stdout] 
[INFO] [stdout] ---- client::raw_client::test::socketio_polling_integration stdout ----
[INFO] [stdout] Error: IncompleteResponseFromEngineIo(IncompleteResponseFromReqwest(reqwest::Error { kind: Request, url: Url { scheme: "http", cannot_be_a_base: false, username: "", password: None, host: Some(Domain("localhost")), port: Some(4200), path: "/socket.io/", query: Some("EIO=4&transport=polling&t=969543855"), fragment: None }, source: hyper::Error(Connect, ConnectError("tcp connect error", Os { code: 111, kind: ConnectionRefused, message: "Connection refused" })) }))
[INFO] [stdout] 
[INFO] [stdout] ---- client::raw_client::test::socket_io_on_any_integration stdout ----
[INFO] [stdout] Error: IncompleteResponseFromEngineIo(IncompleteResponseFromReqwest(reqwest::Error { kind: Request, url: Url { scheme: "http", cannot_be_a_base: false, username: "", password: None, host: Some(Domain("localhost")), port: Some(4200), path: "/socket.io/", query: Some("EIO=4&transport=polling&t=974459068"), fragment: None }, source: hyper::Error(Connect, ConnectError("tcp connect error", Os { code: 111, kind: ConnectionRefused, message: "Connection refused" })) }))
[INFO] [stdout] 
[INFO] [stdout] 
[INFO] [stdout] failures:
[INFO] [stdout]     asynchronous::client::client::test::socket_io_any_integration
[INFO] [stdout]     asynchronous::client::client::test::socket_io_async_callback
[INFO] [stdout]     asynchronous::client::client::test::socket_io_auth_builder_integration
[INFO] [stdout]     asynchronous::client::client::test::socket_io_builder_integration
[INFO] [stdout]     asynchronous::client::client::test::socket_io_builder_integration_iterator
[INFO] [stdout]     asynchronous::client::client::test::socket_io_integration
[INFO] [stdout]     asynchronous::client::client::test::socket_io_on_any_integration
[INFO] [stdout]     asynchronous::client::client::test::socket_io_websocket_integration
[INFO] [stdout]     asynchronous::client::client::test::socket_io_websocket_upgrade_integration
[INFO] [stdout]     asynchronous::client::client::test::socketio_polling_integration
[INFO] [stdout]     client::client::test::socket_io_iterator_integration
[INFO] [stdout]     client::client::test::socket_io_reconnect_integration
[INFO] [stdout]     client::client::test::socket_io_reconnect_url_auth_integration
[INFO] [stdout]     client::raw_client::test::socket_io_any_integration
[INFO] [stdout]     client::raw_client::test::socket_io_auth_builder_integration
[INFO] [stdout]     client::raw_client::test::socket_io_builder_integration
[INFO] [stdout]     client::raw_client::test::socket_io_builder_integration_iterator
[INFO] [stdout]     client::raw_client::test::socket_io_integration
[INFO] [stdout]     client::raw_client::test::socket_io_on_any_integration
[INFO] [stdout]     client::raw_client::test::socket_io_websocket_integration
[INFO] [stdout]     client::raw_client::test::socket_io_websocket_upgrade_integration
[INFO] [stdout]     client::raw_client::test::socketio_polling_integration
[INFO] [stdout] 
[INFO] [stdout] test result: FAILED. 5 passed; 22 failed; 0 ignored; 0 measured; 0 filtered out; finished in 0.29s
[INFO] [stdout] 
[INFO] running `Command { std: "docker" "inspect" "725f2cf8bc5096ddb335502b905d64858348b09acdb7a2fc04732efd11270b79", kill_on_drop: false }`
[INFO] running `Command { std: "docker" "rm" "-f" "725f2cf8bc5096ddb335502b905d64858348b09acdb7a2fc04732efd11270b79", kill_on_drop: false }`
[INFO] [stdout] 725f2cf8bc5096ddb335502b905d64858348b09acdb7a2fc04732efd11270b79
