[INFO] fetching crate mw-cli 0.2.0...
[INFO] testing mw-cli-0.2.0 against 1.100.0-beta.1+cargoflags=--release for beta-release-1.100-2
[INFO] extracting crate mw-cli 0.2.0 into /workspace/builds/worker-2-tc2/source
[INFO] started tweaking crates.io crate mw-cli 0.2.0
[INFO] removed 0 missing tests
[INFO] finished tweaking crates.io crate mw-cli 0.2.0
[INFO] tweaked toml for crates.io crate mw-cli 0.2.0 written to /workspace/builds/worker-2-tc2/source/Cargo.toml
[INFO] validating manifest of crates.io crate mw-cli 0.2.0 on toolchain 1.100.0-beta.1
[INFO] running `Command { std: CARGO_HOME="/workspace/cargo-home" RUSTUP_HOME="/workspace/rustup-home" "/workspace/cargo-home/bin/cargo" "+1.100.0-beta.1" "metadata" "--manifest-path" "Cargo.toml" "--no-deps", kill_on_drop: false }`
[INFO] crate crates.io crate mw-cli 0.2.0 already has a lockfile, it will not be regenerated
[INFO] running `Command { std: CARGO_HOME="/workspace/cargo-home" RUSTUP_HOME="/workspace/rustup-home" "/workspace/cargo-home/bin/cargo" "+1.100.0-beta.1" "fetch" "--manifest-path" "Cargo.toml", kill_on_drop: false }`
[INFO] running `Command { std: "docker" "create" "-v" "/var/lib/crater-agent-workspace/builds/worker-2-tc2/source:/opt/rustwide/workdir:ro,Z" "-v" "/var/lib/crater-agent-workspace/builds/worker-2-tc2/target:/opt/rustwide/target:rw,Z" "-v" "/var/lib/crater-agent-workspace/cargo-home:/opt/rustwide/cargo-home:ro,Z" "-v" "/var/lib/crater-agent-workspace/rustup-home:/opt/rustwide/rustup-home:ro,Z" "-m" "1610612736" "--network" "none" "ghcr.io/rust-lang/crates-build-env/linux@sha256:77db811e55d90add9212f6832c23229e3de5f1c1f9905e8cb07319ea15df73ac" "sleep" "infinity", kill_on_drop: false }`
[INFO] [stdout] f8182171b9e778b67f85eb095dd6b17b3eda20188b0972514a7d2a3dc64a3a2f
[INFO] running `Command { std: "docker" "start" "f8182171b9e778b67f85eb095dd6b17b3eda20188b0972514a7d2a3dc64a3a2f", kill_on_drop: false }`
[INFO] running `Command { std: "docker" "inspect" "f8182171b9e778b67f85eb095dd6b17b3eda20188b0972514a7d2a3dc64a3a2f", kill_on_drop: false }`
[INFO] running `Command { std: "docker" "exec" "-e" "SOURCE_DIR=/opt/rustwide/workdir" "-e" "CARGO_HOME=/opt/rustwide/cargo-home" "-e" "RUSTUP_HOME=/opt/rustwide/rustup-home" "-e" "CARGO_TARGET_DIR=/opt/rustwide/target" "-w" "/opt/rustwide/workdir" "--user" "0:0" "f8182171b9e778b67f85eb095dd6b17b3eda20188b0972514a7d2a3dc64a3a2f" "/opt/rustwide/cargo-home/bin/cargo" "+1.100.0-beta.1" "metadata" "--no-deps" "--format-version=1", kill_on_drop: false }`
[INFO] running `Command { std: "docker" "inspect" "f8182171b9e778b67f85eb095dd6b17b3eda20188b0972514a7d2a3dc64a3a2f", kill_on_drop: false }`
[INFO] running `Command { std: "docker" "exec" "-e" "SOURCE_DIR=/opt/rustwide/workdir" "-e" "CARGO_HOME=/opt/rustwide/cargo-home" "-e" "RUSTUP_HOME=/opt/rustwide/rustup-home" "-e" "CARGO_TARGET_DIR=/opt/rustwide/target" "-e" "CARGO_INCREMENTAL=0" "-e" "RUST_BACKTRACE=full" "-e" "RUSTFLAGS=--cap-lints=warn" "-e" "RUSTDOCFLAGS=--cap-lints=warn" "-w" "/opt/rustwide/workdir" "--user" "0:0" "f8182171b9e778b67f85eb095dd6b17b3eda20188b0972514a7d2a3dc64a3a2f" "/opt/rustwide/cargo-home/bin/cargo" "+1.100.0-beta.1" "build" "--frozen" "--message-format=json" "--release", kill_on_drop: false }`
[INFO] [stderr]    Compiling unicode-ident v1.0.26
[INFO] [stderr]    Compiling subtle v2.6.1
[INFO] [stderr]    Compiling serde_core v1.0.229
[INFO] [stderr]    Compiling memchr v2.8.3
[INFO] [stderr]    Compiling generic-array v0.14.7
[INFO] [stderr]    Compiling pem-rfc7468 v0.7.0
[INFO] [stderr]    Compiling zerocopy v0.8.57
[INFO] [stderr]    Compiling smallvec v1.16.1
[INFO] [stderr]    Compiling find-msvc-tools v0.1.12
[INFO] [stderr]    Compiling serde_json v1.0.151
[INFO] [stderr]    Compiling rustversion v1.0.23
[INFO] [stderr]    Compiling getrandom v0.2.17
[INFO] [stderr]    Compiling num-traits v0.2.19
[INFO] [stderr]    Compiling base16ct v0.2.0
[INFO] [stderr]    Compiling http v1.5.0
[INFO] [stderr]    Compiling spin v0.9.9
[INFO] [stderr]    Compiling proc-macro2 v1.0.107
[INFO] [stderr]    Compiling cc v1.4.6
[INFO] [stderr]    Compiling mio v1.2.3
[INFO] [stderr]    Compiling socket2 v0.6.5
[INFO] [stderr]    Compiling rustls-pki-types v1.15.1
[INFO] [stderr]    Compiling ahash v0.8.12
[INFO] [stderr]    Compiling rand_core v0.6.4
[INFO] [stderr]    Compiling der v0.7.10
[INFO] [stderr]    Compiling slab v0.4.12
[INFO] [stderr]    Compiling ff v0.13.1
[INFO] [stderr]    Compiling quote v1.0.47
[INFO] [stderr]    Compiling group v0.13.0
[INFO] [stderr]    Compiling futures-task v0.3.34
[INFO] [stderr]    Compiling syn v3.0.6
[INFO] [stderr]    Compiling syn v2.0.119
[INFO] [stderr]    Compiling futures-util v0.3.34
[INFO] [stderr]    Compiling block-buffer v0.10.4
[INFO] [stderr]    Compiling crypto-common v0.1.7
[INFO] [stderr]    Compiling crypto-bigint v0.5.5
[INFO] [stderr]    Compiling encoding_rs v0.8.41
[INFO] [stderr]    Compiling indexmap v2.11.4
[INFO] [stderr]    Compiling digest v0.10.7
[INFO] [stderr]    Compiling curve25519-dalek v4.1.3
[INFO] [stderr]    Compiling proc-macro2-diagnostics v0.10.1
[INFO] [stderr]    Compiling num-conv v0.2.2
[INFO] [stderr]    Compiling fixedbitset v0.4.2
[INFO] [stderr]    Compiling sha2 v0.10.9
[INFO] [stderr]    Compiling hmac v0.12.1
[INFO] [stderr]    Compiling signature v2.2.0
[INFO] [stderr]    Compiling hkdf v0.12.4
[INFO] [stderr]    Compiling num-integer v0.1.47
[INFO] [stderr]    Compiling http-body v1.1.0
[INFO] [stderr]    Compiling rfc6979 v0.4.0
[INFO] [stderr]    Compiling crc32fast v1.5.2
[INFO] [stderr]    Compiling thiserror v2.0.20
[INFO] [stderr]    Compiling time-core v0.1.9
[INFO] [stderr]    Compiling num-bigint-dig v0.8.6
[INFO] [stderr]    Compiling lazy_static v1.5.0
[INFO] [stderr]    Compiling futures-channel v0.3.34
[INFO] [stderr]    Compiling time-macros v0.2.32
[INFO] [stderr]    Compiling ring v0.17.14
[INFO] [stderr]    Compiling libsqlite3-sys v0.28.0
[INFO] [stderr]    Compiling num-iter v0.1.46
[INFO] [stderr]    Compiling spki v0.7.3
[INFO] [stderr]    Compiling pkcs8 v0.10.2
[INFO] [stderr]    Compiling multiversion_no_op v1.0.0
[INFO] [stderr]    Compiling rustls v0.23.45
[INFO] [stderr]    Compiling deranged v0.5.8
[INFO] [stderr]    Compiling sec1 v0.7.3
[INFO] [stderr]    Compiling sync_wrapper v1.0.2
[INFO] [stderr]    Compiling simdutf8 v0.1.5
[INFO] [stderr]    Compiling petgraph v0.6.5
[INFO] [stderr]    Compiling simd-adler32 v0.3.10
[INFO] [stderr]    Compiling core_detect v1.0.0
[INFO] [stderr]    Compiling elliptic-curve v0.13.8
[INFO] [stderr]    Compiling miniz_oxide v0.9.1
[INFO] [stderr]    Compiling pkcs1 v0.7.5
[INFO] [stderr]    Compiling ed25519 v2.2.3
[INFO] [stderr]    Compiling ecdsa v0.16.9
[INFO] [stderr]    Compiling primeorder v0.13.6
[INFO] [stderr]    Compiling num-bigint v0.4.8
[INFO] [stderr]    Compiling http-body-util v0.1.5
[INFO] [stderr]    Compiling time v0.3.55
[INFO] [stderr]    Compiling webpki-roots v1.0.9
[INFO] [stderr]    Compiling webpki-roots v0.26.11
[INFO] [stderr]    Compiling p384 v0.13.1
[INFO] [stderr]    Compiling p256 v0.13.2
[INFO] [stderr]    Compiling serde_path_to_error v0.1.20
[INFO] [stderr]    Compiling flate2 v1.1.10
[INFO] [stderr]    Compiling getrandom v0.4.3
[INFO] [stderr]    Compiling pem v3.0.6
[INFO] [stderr]    Compiling roxmltree v0.21.1
[INFO] [stderr]    Compiling matchit v0.7.3
[INFO] [stderr]    Compiling fallible-iterator v0.3.0
[INFO] [stderr]    Compiling fallible-streaming-iterator v0.1.9
[INFO] [stderr]    Compiling tempfile v3.27.0
[INFO] [stderr]    Compiling synstructure v0.14.0
[INFO] [stderr]    Compiling curve25519-dalek-derive v0.1.1
[INFO] [stderr]    Compiling maud_macros v0.27.0
[INFO] [stderr]    Compiling ppv-lite86 v0.2.21
[INFO] [stderr]    Compiling rand_chacha v0.3.1
[INFO] [stderr]    Compiling hashbrown v0.14.5
[INFO] [stderr]    Compiling rand v0.8.8
[INFO] [stderr]    Compiling maud v0.27.0
[INFO] [stderr]    Compiling zerofrom-derive v0.1.8
[INFO] [stderr]    Compiling yoke-derive v0.8.3
[INFO] [stderr]    Compiling zerovec-derive v0.11.6
[INFO] [stderr]    Compiling serde_derive v1.0.229
[INFO] [stderr]    Compiling displaydoc v0.2.7
[INFO] [stderr]    Compiling tokio-macros v2.7.2
[INFO] [stderr]    Compiling multiversion-macros v0.9.0
[INFO] [stderr]    Compiling thiserror-impl v2.0.20
[INFO] [stderr]    Compiling async-trait v0.1.92
[INFO] [stderr]    Compiling tokio v1.53.1
[INFO] [stderr]    Compiling zerofrom v0.1.8
[INFO] [stderr]    Compiling yoke v0.8.3
[INFO] [stderr]    Compiling hashlink v0.9.1
[INFO] [stderr]    Compiling multiversion v0.9.0
[INFO] [stderr]    Compiling axum-core v0.4.5
[INFO] [stderr]    Compiling zerotrie v0.2.5
[INFO] [stderr]    Compiling zerovec v0.11.8
[INFO] [stderr]    Compiling ed25519-dalek v2.2.0
[INFO] [stderr]    Compiling simple_asn1 v0.6.4
[INFO] [stderr]    Compiling tinystr v0.8.4
[INFO] [stderr]    Compiling potential_utf v0.1.6
[INFO] [stderr]    Compiling icu_collections v2.3.0
[INFO] [stderr]    Compiling multer v3.1.0
[INFO] [stderr]    Compiling icu_locale_core v2.3.0
[INFO] [stderr]    Compiling rsa v0.9.10
[INFO] [stderr]    Compiling serde v1.0.229
[INFO] [stderr]    Compiling mw-okf v0.2.0
[INFO] [stderr]    Compiling icu_provider v2.3.1
[INFO] [stderr]    Compiling serde_urlencoded v0.7.1
[INFO] [stderr]    Compiling icu_normalizer v2.3.0
[INFO] [stderr]    Compiling icu_properties v2.3.0
[INFO] [stderr]    Compiling jsonwebtoken v10.3.0
[INFO] [stderr]    Compiling mw-graph v0.2.0
[INFO] [stderr]    Compiling mw-binding v0.2.0
[INFO] [stderr]    Compiling mw-analytics v0.2.0
[INFO] [stderr]    Compiling mw-gate v0.2.0
[INFO] [stderr]    Compiling hyper v1.11.1
[INFO] [stderr]    Compiling tower v0.5.3
[INFO] [stderr]    Compiling mw-binding-xmi v0.2.0
[INFO] [stderr]    Compiling idna_adapter v1.2.2
[INFO] [stderr]    Compiling idna v1.1.0
[INFO] [stderr]    Compiling mw-agent v0.2.0
[INFO] [stderr]    Compiling url v2.5.8
[INFO] [stderr]    Compiling hyper-util v0.1.20
[INFO] [stderr]    Compiling axum v0.7.9
[INFO] [stderr]    Compiling rustls-webpki v0.103.15
[INFO] [stderr]    Compiling ureq v2.12.1
[INFO] [stderr]    Compiling rusqlite v0.31.0
[INFO] [stderr]    Compiling mw-server v0.2.0
[INFO] [stderr]    Compiling mw-cli v0.2.0 (/opt/rustwide/workdir)
[INFO] [stderr]     Finished `release` profile [optimized] target(s) in 3m 45s
[INFO] running `Command { std: "docker" "inspect" "f8182171b9e778b67f85eb095dd6b17b3eda20188b0972514a7d2a3dc64a3a2f", kill_on_drop: false }`
[INFO] running `Command { std: "docker" "exec" "-e" "SOURCE_DIR=/opt/rustwide/workdir" "-e" "CARGO_HOME=/opt/rustwide/cargo-home" "-e" "RUSTUP_HOME=/opt/rustwide/rustup-home" "-e" "CARGO_TARGET_DIR=/opt/rustwide/target" "-e" "CARGO_INCREMENTAL=0" "-e" "RUST_BACKTRACE=full" "-e" "RUSTFLAGS=--cap-lints=warn" "-e" "RUSTDOCFLAGS=--cap-lints=warn" "-w" "/opt/rustwide/workdir" "--user" "0:0" "f8182171b9e778b67f85eb095dd6b17b3eda20188b0972514a7d2a3dc64a3a2f" "/opt/rustwide/cargo-home/bin/cargo" "+1.100.0-beta.1" "test" "--frozen" "--no-run" "--message-format=json" "--release", kill_on_drop: false }`
[INFO] [stderr]    Compiling mw-test-support v0.2.0
[INFO] [stderr]    Compiling mw-cli v0.2.0 (/opt/rustwide/workdir)
[INFO] [stderr]     Finished `release` profile [optimized] target(s) in 6.09s
[INFO] running `Command { std: "docker" "inspect" "f8182171b9e778b67f85eb095dd6b17b3eda20188b0972514a7d2a3dc64a3a2f", kill_on_drop: false }`
[INFO] running `Command { std: "docker" "exec" "-e" "SOURCE_DIR=/opt/rustwide/workdir" "-e" "CARGO_HOME=/opt/rustwide/cargo-home" "-e" "RUSTUP_HOME=/opt/rustwide/rustup-home" "-e" "CARGO_TARGET_DIR=/opt/rustwide/target" "-e" "CARGO_INCREMENTAL=0" "-e" "RUST_BACKTRACE=full" "-e" "RUSTFLAGS=--cap-lints=warn" "-e" "RUSTDOCFLAGS=--cap-lints=warn" "-w" "/opt/rustwide/workdir" "--user" "0:0" "f8182171b9e778b67f85eb095dd6b17b3eda20188b0972514a7d2a3dc64a3a2f" "/opt/rustwide/cargo-home/bin/cargo" "+1.100.0-beta.1" "test" "--frozen" "--release", kill_on_drop: false }`
[INFO] [stderr]     Finished `release` profile [optimized] target(s) in 0.21s
[INFO] [stderr]      Running unittests src/main.rs (/opt/rustwide/target/release/build/mw-cli/c5c92c3f861769b9/out/mw-c5c92c3f861769b9)
[INFO] [stdout] 
[INFO] [stdout] running 23 tests
[INFO] [stdout] test tests::lock_list_parses ... ok
[INFO] [stdout] test tests::lock_release_parses ... ok
[INFO] [stdout] test tests::lock_acquire_parses ... ok
[INFO] [stdout] test tests::missing_transport_is_a_clear_error ... ok
[INFO] [stdout] test tests::branch_create_parses ... ok
[INFO] [stdout] test tests::log_parses ... ok
[INFO] [stdout] test tests::audit_parses ... ok
[INFO] [stdout] test tests::a_missing_flag_value_is_a_clear_error ... ok
[INFO] [stdout] test tests::branch_delete_parses ... ok
[INFO] [stdout] test tests::commit_parses_with_and_without_holder ... ok
[INFO] [stdout] test tests::artifact_parses ... ok
[INFO] [stdout] test tests::branch_list_parses ... ok
[INFO] [stdout] test tests::server_and_db_are_mutually_exclusive ... ok
[INFO] [stdout] test tests::server_and_token_parse ... ok
[INFO] [stdout] test tests::reset_parses ... ok
[INFO] [stdout] test tests::project_list_parses ... ok
[INFO] [stdout] test tests::gate_parses ... ok
[INFO] [stdout] test tests::merge_parses ... ok
[INFO] [stdout] test tests::token_requires_server ... ok
[INFO] [stdout] test tests::unknown_command_is_a_clear_error ... ok
[INFO] [stdout] test tests::unknown_flag_is_a_clear_error ... ok
[INFO] [stdout] test tests::project_create_parses ... ok
[INFO] [stderr]      Running tests/cli.rs (/opt/rustwide/target/release/build/mw-cli/757344ecb040e363/out/cli-757344ecb040e363)
[INFO] [stdout] test http::tests::a_server_that_accepts_but_never_answers_fails_with_a_timeout ... ok
[INFO] [stdout] 
[INFO] [stdout] test result: ok. 23 passed; 0 failed; 0 ignored; 0 measured; 0 filtered out; finished in 0.51s
[INFO] [stdout] 
[INFO] [stdout] 
[INFO] [stdout] running 14 tests
[INFO] [stdout] test no_arguments_is_a_clear_error ... ok
[INFO] [stdout] test an_unknown_flag_is_a_clear_error ... ok
[INFO] [stdout] test an_https_url_is_refused_with_a_message_about_the_proxy ... ok
[INFO] [stdout] test a_failed_command_exits_non_zero_with_a_message ... ok
[INFO] [stdout] test a_token_is_read_from_the_named_environment_variable_and_never_echoed ... ok
[INFO] [stdout] test offline_gate_matches_the_server_verdict_on_the_corpus_pair ... FAILED
[INFO] [stdout] test offline_lock_acquire_deduplicates_elements_and_requires_the_project ... ok
[INFO] [stdout] test offline_artifact_fetches_the_retained_source_bytes ... ok
[INFO] [stdout] test offline_commit_of_an_invalid_document_is_refused_with_the_validators_errors ... ok
[INFO] [stdout] test http_path_talks_to_an_in_process_router ... ok
[INFO] [stdout] test offline_commit_derives_a_true_summary ... ok
[INFO] [stdout] test offline_commit_then_log_round_trips ... ok
[INFO] [stdout] test offline_commit_changing_a_locked_element_is_refused_naming_the_holder ... ok
[INFO] [stdout] test offline_merge_writes_a_two_parent_commit_and_a_conflict_writes_nothing ... ok
[INFO] [stdout] 
[INFO] [stdout] failures:
[INFO] [stdout] 
[INFO] [stdout] ---- offline_gate_matches_the_server_verdict_on_the_corpus_pair stdout ----
[INFO] [stdout] 
[INFO] [stdout] thread 'offline_gate_matches_the_server_verdict_on_the_corpus_pair' (3141) panicked at /opt/rustwide/cargo-home/registry/src/index.crates.io-1949cf8c6b5b557f/mw-test-support-0.2.0/src/lib.rs:18:45:
[INFO] [stdout] corpus fixture must exist: Os { code: 2, kind: NotFound, message: "No such file or directory" }
[INFO] [stdout] stack backtrace:
[INFO] [stdout]    0:     0x5ca0d9434db1 - <<std[617be2ca0a6fd877]::sys::backtrace::BacktraceLock>::print::DisplayBacktrace as core[a373ad73a504971]::fmt::Display>::fmt
[INFO] [stdout]    1:     0x5ca0d944c5aa - core[a373ad73a504971]::fmt::write
[INFO] [stdout]    2:     0x5ca0d943a14c - <alloc[2e1b2a31b91974c5]::vec::Vec<u8> as core[a373ad73a504971]::io::write::Write>::write_fmt
[INFO] [stdout]    3:     0x5ca0d940cb66 - std[617be2ca0a6fd877]::panicking::default_hook::{closure#0}
[INFO] [stdout]    4:     0x5ca0d942bcd9 - std[617be2ca0a6fd877]::panicking::default_hook
[INFO] [stdout]    5:     0x5ca0d8cf8a80 - test[aada8e7e76ba119b]::test_main_inner::{closure#0}
[INFO] [stdout]    6:     0x5ca0d942c002 - std[617be2ca0a6fd877]::panicking::panic_with_hook
[INFO] [stdout]    7:     0x5ca0d940cc12 - std[617be2ca0a6fd877]::panicking::panic_handler::{closure#0}
[INFO] [stdout]    8:     0x5ca0d9405009 - std[617be2ca0a6fd877]::sys::backtrace::__rust_end_short_backtrace::<std[617be2ca0a6fd877]::panicking::panic_handler::{closure#0}, !>
[INFO] [stdout]    9:     0x5ca0d940db1d - __rustc[ea4f61d10b84890b]::rust_begin_unwind
[INFO] [stdout]   10:     0x5ca0d944cd0c - core[a373ad73a504971]::panicking::panic_fmt
[INFO] [stdout]   11:     0x5ca0d944cae2 - core[a373ad73a504971]::result::unwrap_failed
[INFO] [stdout]   12:     0x5ca0d8cea768 - test_support[f83a2e702fdfd4bf]::load_okf_expected
[INFO] [stdout]   13:     0x5ca0d8ca7545 - cli[3b44195ad6a392]::offline_gate_matches_the_server_verdict_on_the_corpus_pair::{closure#0}
[INFO] [stdout]   14:     0x5ca0d8ccf17a - <tokio[9517952d3a549517]::runtime::park::CachedParkThread>::block_on::<core[a373ad73a504971]::pin::Pin<&mut dyn core[a373ad73a504971]::future::future::Future<Output = ()>>>
[INFO] [stdout]   15:     0x5ca0d8ce2b2a - tokio[9517952d3a549517]::runtime::context::runtime::enter_runtime::<<tokio[9517952d3a549517]::runtime::scheduler::multi_thread::MultiThread>::block_on<core[a373ad73a504971]::pin::Pin<&mut dyn core[a373ad73a504971]::future::future::Future<Output = ()>>>::{closure#0}, ()>
[INFO] [stdout]   16:     0x5ca0d8ccf00a - <tokio[9517952d3a549517]::runtime::runtime::Runtime>::block_on::<core[a373ad73a504971]::pin::Pin<&mut dyn core[a373ad73a504971]::future::future::Future<Output = ()>>>
[INFO] [stdout]   17:     0x5ca0d8cafc52 - <cli[3b44195ad6a392]::offline_gate_matches_the_server_verdict_on_the_corpus_pair::{closure#0} as core[a373ad73a504971]::ops::function::FnOnce<()>>::call_once
[INFO] [stdout]   18:     0x5ca0d8cebecb - test[aada8e7e76ba119b]::__rust_begin_short_backtrace::<core[a373ad73a504971]::result::Result<(), alloc[2e1b2a31b91974c5]::string::String>, fn() -> core[a373ad73a504971]::result::Result<(), alloc[2e1b2a31b91974c5]::string::String>>
[INFO] [stdout]   19:     0x5ca0d8cf90a5 - test[aada8e7e76ba119b]::run_test::{closure#0}
[INFO] [stdout]   20:     0x5ca0d8cf2994 - std[617be2ca0a6fd877]::sys::backtrace::__rust_begin_short_backtrace::<test[aada8e7e76ba119b]::run_test::{closure#1}, ()>
[INFO] [stdout]   21:     0x5ca0d8cfc132 - <std[617be2ca0a6fd877]::thread::lifecycle::spawn_unchecked<test[aada8e7e76ba119b]::run_test::{closure#1}, ()>::{closure#1} as core[a373ad73a504971]::ops::function::FnOnce<()>>::call_once::{shim:vtable#0}
[INFO] [stdout]   22:     0x5ca0d943391f - <std[617be2ca0a6fd877]::sys::thread::unix::Thread>::new::thread_start
[INFO] [stdout]   23:     0x74e7c6bafdfa - <unknown>
[INFO] [stdout]   24:     0x74e7c6c433d4 - clone
[INFO] [stdout]   25:                0x0 - <unknown>
[INFO] [stdout] 
[INFO] [stdout] 
[INFO] [stdout] failures:
[INFO] [stdout]     offline_gate_matches_the_server_verdict_on_the_corpus_pair
[INFO] [stdout] 
[INFO] [stdout] test result: FAILED. 13 passed; 1 failed; 0 ignored; 0 measured; 0 filtered out; finished in 0.76s
[INFO] [stdout] 
[INFO] [stderr] error: test failed, to rerun pass `--test cli`
[INFO] running `Command { std: "docker" "inspect" "f8182171b9e778b67f85eb095dd6b17b3eda20188b0972514a7d2a3dc64a3a2f", kill_on_drop: false }`
[INFO] running `Command { std: "docker" "rm" "-f" "f8182171b9e778b67f85eb095dd6b17b3eda20188b0972514a7d2a3dc64a3a2f", kill_on_drop: false }`
[INFO] [stdout] f8182171b9e778b67f85eb095dd6b17b3eda20188b0972514a7d2a3dc64a3a2f
