[INFO] fetching crate muntjac 0.2.0...
[INFO] testing muntjac-0.2.0 against 1.100.0-beta.1+cargoflags=--release for beta-release-1.100-2
[INFO] extracting crate muntjac 0.2.0 into /workspace/builds/worker-3-tc2/source
[INFO] started tweaking crates.io crate muntjac 0.2.0
[INFO] removed 0 missing tests
[INFO] finished tweaking crates.io crate muntjac 0.2.0
[INFO] tweaked toml for crates.io crate muntjac 0.2.0 written to /workspace/builds/worker-3-tc2/source/Cargo.toml
[INFO] validating manifest of crates.io crate muntjac 0.2.0 on toolchain 1.100.0-beta.1
[INFO] running `Command { std: CARGO_HOME="/workspace/cargo-home" RUSTUP_HOME="/workspace/rustup-home" "/workspace/cargo-home/bin/cargo" "+1.100.0-beta.1" "metadata" "--manifest-path" "Cargo.toml" "--no-deps", kill_on_drop: false }`
[INFO] crate crates.io crate muntjac 0.2.0 already has a lockfile, it will not be regenerated
[INFO] running `Command { std: CARGO_HOME="/workspace/cargo-home" RUSTUP_HOME="/workspace/rustup-home" "/workspace/cargo-home/bin/cargo" "+1.100.0-beta.1" "fetch" "--manifest-path" "Cargo.toml", kill_on_drop: false }`
[INFO] [stderr] warning: `package.homepage` is redundant with `package.repository`
[INFO] [stderr]    --> Cargo.toml:111:12
[INFO] [stderr]     |
[INFO] [stderr] 111 | homepage = "https://github.com/rsJames-ttrpg/muntjac"
[INFO] [stderr]     |            ^^^^^^^^^^^^^^^^^^^^^^^^^^^^^^^^^^^^^^^^^^
[INFO] [stderr] ...
[INFO] [stderr] 116 | repository = "https://github.com/rsJames-ttrpg/muntjac"
[INFO] [stderr]     |              ------------------------------------------
[INFO] [stderr]     |
[INFO] [stderr]     = note: `cargo::redundant_homepage` is set to `warn` by default
[INFO] [stderr] help: consider removing `package.homepage`
[INFO] [stderr] warning: `muntjac` (manifest) generated 1 warning
[INFO] running `Command { std: "docker" "create" "-v" "/var/lib/crater-agent-workspace/builds/worker-3-tc2/source:/opt/rustwide/workdir:ro,Z" "-v" "/var/lib/crater-agent-workspace/builds/worker-3-tc2/target:/opt/rustwide/target:rw,Z" "-v" "/var/lib/crater-agent-workspace/cargo-home:/opt/rustwide/cargo-home:ro,Z" "-v" "/var/lib/crater-agent-workspace/rustup-home:/opt/rustwide/rustup-home:ro,Z" "-m" "1610612736" "--network" "none" "ghcr.io/rust-lang/crates-build-env/linux@sha256:77db811e55d90add9212f6832c23229e3de5f1c1f9905e8cb07319ea15df73ac" "sleep" "infinity", kill_on_drop: false }`
[INFO] [stdout] af7d5a06b440e598d5cf29846b099110b14c76e2cea1c799b841ea6834040aa8
[INFO] running `Command { std: "docker" "start" "af7d5a06b440e598d5cf29846b099110b14c76e2cea1c799b841ea6834040aa8", kill_on_drop: false }`
[INFO] running `Command { std: "docker" "inspect" "af7d5a06b440e598d5cf29846b099110b14c76e2cea1c799b841ea6834040aa8", kill_on_drop: false }`
[INFO] running `Command { std: "docker" "exec" "-e" "SOURCE_DIR=/opt/rustwide/workdir" "-e" "CARGO_HOME=/opt/rustwide/cargo-home" "-e" "RUSTUP_HOME=/opt/rustwide/rustup-home" "-e" "CARGO_TARGET_DIR=/opt/rustwide/target" "-w" "/opt/rustwide/workdir" "--user" "0:0" "af7d5a06b440e598d5cf29846b099110b14c76e2cea1c799b841ea6834040aa8" "/opt/rustwide/cargo-home/bin/cargo" "+1.100.0-beta.1" "metadata" "--no-deps" "--format-version=1", kill_on_drop: false }`
[INFO] running `Command { std: "docker" "inspect" "af7d5a06b440e598d5cf29846b099110b14c76e2cea1c799b841ea6834040aa8", kill_on_drop: false }`
[INFO] running `Command { std: "docker" "exec" "-e" "SOURCE_DIR=/opt/rustwide/workdir" "-e" "CARGO_HOME=/opt/rustwide/cargo-home" "-e" "RUSTUP_HOME=/opt/rustwide/rustup-home" "-e" "CARGO_TARGET_DIR=/opt/rustwide/target" "-e" "CARGO_INCREMENTAL=0" "-e" "RUST_BACKTRACE=full" "-e" "RUSTFLAGS=--cap-lints=warn" "-e" "RUSTDOCFLAGS=--cap-lints=warn" "-w" "/opt/rustwide/workdir" "--user" "0:0" "af7d5a06b440e598d5cf29846b099110b14c76e2cea1c799b841ea6834040aa8" "/opt/rustwide/cargo-home/bin/cargo" "+1.100.0-beta.1" "build" "--frozen" "--message-format=json" "--release", kill_on_drop: false }`
[INFO] [stderr] warning: `package.homepage` is redundant with `package.repository`
[INFO] [stderr]    --> Cargo.toml:111:12
[INFO] [stderr]     |
[INFO] [stderr] 111 | homepage = "https://github.com/rsJames-ttrpg/muntjac"
[INFO] [stderr]     |            ^^^^^^^^^^^^^^^^^^^^^^^^^^^^^^^^^^^^^^^^^^
[INFO] [stderr] ...
[INFO] [stderr] 116 | repository = "https://github.com/rsJames-ttrpg/muntjac"
[INFO] [stderr]     |              ------------------------------------------
[INFO] [stderr]     |
[INFO] [stderr]     = note: `cargo::redundant_homepage` is set to `warn` by default
[INFO] [stderr] help: consider removing `package.homepage`
[INFO] [stderr] warning: `muntjac` (manifest) generated 1 warning
[INFO] [stderr]    Compiling syn v2.0.117
[INFO] [stderr]    Compiling smallvec v1.15.1
[INFO] [stderr]    Compiling regex-automata v0.4.14
[INFO] [stderr]    Compiling gix-trace v0.1.19
[INFO] [stderr]    Compiling tinyvec v1.11.0
[INFO] [stderr]    Compiling fastrand v2.4.1
[INFO] [stderr]    Compiling bitflags v2.11.1
[INFO] [stderr]    Compiling crc32fast v1.5.0
[INFO] [stderr]    Compiling bytesize v2.3.1
[INFO] [stderr]    Compiling parking_lot_core v0.9.12
[INFO] [stderr]    Compiling human_format v1.2.1
[INFO] [stderr]    Compiling crossbeam-channel v0.5.15
[INFO] [stderr]    Compiling zlib-rs v0.6.3
[INFO] [stderr]    Compiling typenum v1.20.0
[INFO] [stderr]    Compiling parking_lot v0.12.5
[INFO] [stderr]    Compiling unicode-normalization v0.1.25
[INFO] [stderr]    Compiling prodash v31.0.0
[INFO] [stderr]    Compiling heapless v0.8.0
[INFO] [stderr]    Compiling generic-array v0.14.7
[INFO] [stderr]    Compiling byteorder v1.5.0
[INFO] [stderr]    Compiling jiff v0.2.24
[INFO] [stderr]    Compiling rustix v1.1.4
[INFO] [stderr]    Compiling hash32 v0.3.1
[INFO] [stderr]    Compiling linux-raw-sys v0.12.1
[INFO] [stderr]    Compiling block-buffer v0.10.4
[INFO] [stderr]    Compiling crypto-common v0.1.7
[INFO] [stderr]    Compiling faster-hex v0.10.0
[INFO] [stderr]    Compiling digest v0.10.7
[INFO] [stderr]    Compiling sha1 v0.10.6
[INFO] [stderr]    Compiling sha1-checked v0.10.0
[INFO] [stderr]    Compiling memmap2 v0.9.10
[INFO] [stderr]    Compiling errno v0.3.14
[INFO] [stderr]    Compiling signal-hook v0.4.4
[INFO] [stderr]    Compiling signal-hook-registry v1.4.8
[INFO] [stderr]    Compiling nonempty v0.12.0
[INFO] [stderr]    Compiling dashmap v6.2.1
[INFO] [stderr]    Compiling unicode-bom v2.0.3
[INFO] [stderr]    Compiling serde_core v1.0.228
[INFO] [stderr]    Compiling kstring v2.0.2
[INFO] [stderr]    Compiling shell-words v1.1.1
[INFO] [stderr]    Compiling bstr v1.12.1
[INFO] [stderr]    Compiling serde v1.0.228
[INFO] [stderr]    Compiling cc v1.2.62
[INFO] [stderr]    Compiling gix-validate v0.11.1
[INFO] [stderr]    Compiling gix-utils v0.3.2
[INFO] [stderr]    Compiling gix-error v0.2.3
[INFO] [stderr]    Compiling thiserror-impl v2.0.18
[INFO] [stderr]    Compiling synstructure v0.13.2
[INFO] [stderr]    Compiling gix-date v0.15.3
[INFO] [stderr]    Compiling gix-chunk v0.7.1
[INFO] [stderr]    Compiling gix-actor v0.41.0
[INFO] [stderr]    Compiling gix-quote v0.7.1
[INFO] [stderr]    Compiling tempfile v3.27.0
[INFO] [stderr]    Compiling zerofrom-derive v0.1.7
[INFO] [stderr]    Compiling yoke-derive v0.8.2
[INFO] [stderr]    Compiling thiserror v2.0.18
[INFO] [stderr]    Compiling zerovec-derive v0.11.3
[INFO] [stderr]    Compiling gix-path v0.12.0
[INFO] [stderr]    Compiling gix-features v0.48.0
[INFO] [stderr]    Compiling displaydoc v0.2.5
[INFO] [stderr]    Compiling gix-hash v0.25.0
[INFO] [stderr]    Compiling gix-fs v0.21.1
[INFO] [stderr]    Compiling gix-glob v0.26.0
[INFO] [stderr]    Compiling gix-hashtable v0.15.0
[INFO] [stderr]    Compiling gix-object v0.60.0
[INFO] [stderr]    Compiling gix-tempfile v23.0.0
[INFO] [stderr]    Compiling gix-commitgraph v0.37.0
[INFO] [stderr]    Compiling zerofrom v0.1.8
[INFO] [stderr]    Compiling yoke v0.8.2
[INFO] [stderr]    Compiling gix-lock v23.0.0
[INFO] [stderr]    Compiling gix-attributes v0.33.0
[INFO] [stderr]    Compiling zerovec v0.11.6
[INFO] [stderr]    Compiling gix-command v0.9.0
[INFO] [stderr]    Compiling gix-config-value v0.18.0
[INFO] [stderr]    Compiling gix-revwalk v0.31.0
[INFO] [stderr]    Compiling serde_derive v1.0.228
[INFO] [stderr]    Compiling tinystr v0.8.3
[INFO] [stderr]    Compiling gix-traverse v0.57.0
[INFO] [stderr]    Compiling gix-packetline v0.21.3
[INFO] [stderr]    Compiling icu_locale_core v2.1.1
[INFO] [stderr]    Compiling potential_utf v0.1.5
[INFO] [stderr]    Compiling zerotrie v0.2.4
[INFO] [stderr]    Compiling gix-sec v0.14.0
[INFO] [stderr]    Compiling filetime v0.2.29
[INFO] [stderr]    Compiling icu_normalizer_data v2.1.1
[INFO] [stderr]    Compiling icu_properties_data v2.1.2
[INFO] [stderr]    Compiling icu_collections v2.1.1
[INFO] [stderr]    Compiling gix-bitmap v0.3.1
[INFO] [stderr]    Compiling icu_provider v2.1.1
[INFO] [stderr]    Compiling ring v0.17.14
[INFO] [stderr]    Compiling mio v1.2.0
[INFO] [stderr]    Compiling socket2 v0.6.3
[INFO] [stderr]    Compiling gix-index v0.51.0
[INFO] [stderr]    Compiling gix-filter v0.30.0
[INFO] [stderr]    Compiling tokio v1.52.3
[INFO] [stderr]    Compiling gix-ref v0.63.0
[INFO] [stderr]    Compiling gix-ignore v0.21.0
[INFO] [stderr]    Compiling http v1.4.0
[INFO] [stderr]    Compiling zeroize v1.8.2
[INFO] [stderr]    Compiling rustls-pki-types v1.14.1
[INFO] [stderr]    Compiling http-body v1.0.1
[INFO] [stderr]    Compiling gix-worktree v0.52.0
[INFO] [stderr]    Compiling icu_normalizer v2.1.1
[INFO] [stderr]    Compiling icu_properties v2.1.2
[INFO] [stderr]    Compiling gix-pathspec v0.18.0
[INFO] [stderr]    Compiling getrandom v0.2.17
[INFO] [stderr]    Compiling futures-util v0.3.32
[INFO] [stderr]    Compiling gix-url v0.36.0
[INFO] [stderr]    Compiling idna_adapter v1.2.1
[INFO] [stderr]    Compiling rustls v0.23.40
[INFO] [stderr]    Compiling simd-adler32 v0.3.9
[INFO] [stderr]    Compiling miniz_oxide v0.8.9
[INFO] [stderr]    Compiling want v0.3.1
[INFO] [stderr]    Compiling idna v1.1.0
[INFO] [stderr]    Compiling gix-revision v0.45.0
[INFO] [stderr]    Compiling gix-imara-diff v0.2.1
[INFO] [stderr]    Compiling arrayvec v0.7.6
[INFO] [stderr]    Compiling uluru v3.1.0
[INFO] [stderr]    Compiling url v2.5.8
[INFO] [stderr]    Compiling gix-refspec v0.41.0
[INFO] [stderr]    Compiling gix-diff v0.63.0
[INFO] [stderr]    Compiling hyper v1.9.0
[INFO] [stderr]    Compiling gix-discover v0.51.0
[INFO] [stderr]    Compiling gix-prompt v0.15.0
[INFO] [stderr]    Compiling sync_wrapper v1.0.2
[INFO] [stderr]    Compiling clru v0.6.3
[INFO] [stderr]    Compiling owo-colors v4.3.0
[INFO] [stderr]    Compiling hyper-util v0.1.20
[INFO] [stderr]    Compiling backtrace v0.3.76
[INFO] [stderr]    Compiling tower v0.5.3
[INFO] [stderr]    Compiling gix-pack v0.70.0
[INFO] [stderr]    Compiling gix-dir v0.25.0
[INFO] [stderr]    Compiling gix-credentials v0.38.0
[INFO] [stderr]    Compiling arc-swap v1.9.1
[INFO] [stderr]    Compiling gix-transport v0.57.0
[INFO] [stderr]    Compiling webpki-roots v1.0.7
[INFO] [stderr]    Compiling gix-config v0.56.0
[INFO] [stderr]    Compiling toml_datetime v0.6.11
[INFO] [stderr]    Compiling serde_spanned v0.6.9
[INFO] [stderr]    Compiling gix-worktree-stream v0.32.0
[INFO] [stderr]    Compiling gix-negotiate v0.31.0
[INFO] [stderr]    Compiling gix-shallow v0.12.0
[INFO] [stderr]    Compiling rustls-webpki v0.103.13
[INFO] [stderr]    Compiling maybe-async v0.2.11
[INFO] [stderr]    Compiling thiserror-impl v1.0.69
[INFO] [stderr]    Compiling regex v1.12.3
[INFO] [stderr]    Compiling version-ranges v0.1.3
[INFO] [stderr]    Compiling io-close v0.3.7
[INFO] [stderr]    Compiling option-ext v0.2.0
[INFO] [stderr]    Compiling toml_write v0.1.2
[INFO] [stderr]    Compiling winnow v0.7.15
[INFO] [stderr]    Compiling unicode-linebreak v0.1.5
[INFO] [stderr]    Compiling is_ci v1.2.0
[INFO] [stderr]    Compiling unscanny v0.1.0
[INFO] [stderr]    Compiling supports-color v3.0.2
[INFO] [stderr]    Compiling textwrap v0.16.2
[INFO] [stderr]    Compiling pep440_rs v0.7.3
[INFO] [stderr]    Compiling clap_derive v4.6.1
[INFO] [stderr]    Compiling serde_urlencoded v0.7.1
[INFO] [stderr]    Compiling dirs-sys v0.4.1
[INFO] [stderr]    Compiling itertools v0.13.0
[INFO] [stderr]    Compiling gix-worktree-state v0.30.0
[INFO] [stderr]    Compiling thiserror v1.0.69
[INFO] [stderr]    Compiling gix-protocol v0.61.0
[INFO] [stderr]    Compiling gix-submodule v0.30.0
[INFO] [stderr]    Compiling toml_edit v0.22.27
[INFO] [stderr]    Compiling gix-archive v0.32.0
[INFO] [stderr]    Compiling gix-odb v0.80.0
[INFO] [stderr]    Compiling gix-status v0.30.0
[INFO] [stderr]    Compiling backtrace-ext v0.2.1
[INFO] [stderr]    Compiling tower-http v0.6.11
[INFO] [stderr]    Compiling gix-blame v0.13.0
[INFO] [stderr]    Compiling tokio-rustls v0.26.4
[INFO] [stderr]    Compiling http-body-util v0.1.3
[INFO] [stderr]    Compiling hyper-rustls v0.27.9
[INFO] [stderr]    Compiling gix-mailmap v0.33.0
[INFO] [stderr]    Compiling miette-derive v7.6.0
[INFO] [stderr]    Compiling xattr v1.6.1
[INFO] [stderr]    Compiling terminal_size v0.4.4
[INFO] [stderr]    Compiling supports-hyperlinks v3.2.0
[INFO] [stderr]    Compiling boxcar v0.2.14
[INFO] [stderr]    Compiling log v0.4.29
[INFO] [stderr]    Compiling supports-unicode v3.0.0
[INFO] [stderr]    Compiling unicode-width v0.1.14
[INFO] [stderr]    Compiling urlencoding v2.1.3
[INFO] [stderr]    Compiling reqwest v0.12.28
[INFO] [stderr]    Compiling tar v0.4.46
[INFO] [stderr]    Compiling pep508_rs v0.9.2
[INFO] [stderr]    Compiling miette v7.6.0
[INFO] [stderr]    Compiling toml v0.8.23
[INFO] [stderr]    Compiling gix v0.83.0
[INFO] [stderr]    Compiling serde_json v1.0.149
[INFO] [stderr]    Compiling clap v4.6.1
[INFO] [stderr]    Compiling dirs v5.0.1
[INFO] [stderr]    Compiling flate2 v1.1.9
[INFO] [stderr]    Compiling sha2 v0.10.9
[INFO] [stderr]    Compiling glob v0.3.3
[INFO] [stderr]    Compiling muntjac v0.2.0 (/opt/rustwide/workdir)
[INFO] [stderr] warning: unused dependency `miette`
[INFO] [stderr]   --> Cargo.toml:31:15
[INFO] [stderr]    |
[INFO] [stderr] 31 | [dependencies.miette]
[INFO] [stderr]    |               ^^^^^^^
[INFO] [stderr]    |
[INFO] [stderr]    = note: `cargo::unused_dependencies` is set to `warn` by default
[INFO] [stderr] help: consider removing the dependency on `miette`
[INFO] [stderr] warning: `muntjac` (manifest) generated 1 warning
[INFO] [stderr]     Finished `release` profile [optimized] target(s) in 6m 59s
[INFO] running `Command { std: "docker" "inspect" "af7d5a06b440e598d5cf29846b099110b14c76e2cea1c799b841ea6834040aa8", kill_on_drop: false }`
[INFO] running `Command { std: "docker" "exec" "-e" "SOURCE_DIR=/opt/rustwide/workdir" "-e" "CARGO_HOME=/opt/rustwide/cargo-home" "-e" "RUSTUP_HOME=/opt/rustwide/rustup-home" "-e" "CARGO_TARGET_DIR=/opt/rustwide/target" "-e" "CARGO_INCREMENTAL=0" "-e" "RUST_BACKTRACE=full" "-e" "RUSTFLAGS=--cap-lints=warn" "-e" "RUSTDOCFLAGS=--cap-lints=warn" "-w" "/opt/rustwide/workdir" "--user" "0:0" "af7d5a06b440e598d5cf29846b099110b14c76e2cea1c799b841ea6834040aa8" "/opt/rustwide/cargo-home/bin/cargo" "+1.100.0-beta.1" "test" "--frozen" "--no-run" "--message-format=json" "--release", kill_on_drop: false }`
[INFO] [stderr] warning: `package.homepage` is redundant with `package.repository`
[INFO] [stderr]    --> Cargo.toml:111:12
[INFO] [stderr]     |
[INFO] [stderr] 111 | homepage = "https://github.com/rsJames-ttrpg/muntjac"
[INFO] [stderr]     |            ^^^^^^^^^^^^^^^^^^^^^^^^^^^^^^^^^^^^^^^^^^
[INFO] [stderr] ...
[INFO] [stderr] 116 | repository = "https://github.com/rsJames-ttrpg/muntjac"
[INFO] [stderr]     |              ------------------------------------------
[INFO] [stderr]     |
[INFO] [stderr]     = note: `cargo::redundant_homepage` is set to `warn` by default
[INFO] [stderr] help: consider removing `package.homepage`
[INFO] [stderr] warning: `muntjac` (manifest) generated 1 warning
[INFO] [stderr]    Compiling rustix v1.1.4
[INFO] [stderr]    Compiling linux-raw-sys v0.12.1
[INFO] [stderr]    Compiling concurrent-queue v2.5.0
[INFO] [stderr]    Compiling tokio-macros v2.7.0
[INFO] [stderr]    Compiling futures-macro v0.3.32
[INFO] [stderr]    Compiling futures-lite v2.6.1
[INFO] [stderr]    Compiling memchr v2.8.0
[INFO] [stderr]    Compiling dirs-sys-next v0.1.2
[INFO] [stderr]    Compiling event-listener v5.4.1
[INFO] [stderr]    Compiling async-io v2.6.0
[INFO] [stderr]    Compiling regex-syntax v0.8.10
[INFO] [stderr]    Compiling smallvec v1.15.1
[INFO] [stderr]    Compiling event-listener-strategy v0.5.4
[INFO] [stderr]    Compiling value-bag v1.12.0
[INFO] [stderr]    Compiling aho-corasick v1.1.4
[INFO] [stderr]    Compiling parking_lot_core v0.9.12
[INFO] [stderr]    Compiling tokio v1.52.3
[INFO] [stderr]    Compiling futures-util v0.3.32
[INFO] [stderr]    Compiling log v0.4.29
[INFO] [stderr]    Compiling dirs-next v2.0.0
[INFO] [stderr]    Compiling siphasher v1.0.3
[INFO] [stderr]    Compiling tiny-keccak v2.0.2
[INFO] [stderr]    Compiling async-task v4.7.1
[INFO] [stderr]    Compiling phf_shared v0.11.3
[INFO] [stderr]    Compiling term v0.7.0
[INFO] [stderr]    Compiling parking_lot v0.12.5
[INFO] [stderr]    Compiling async-channel v2.5.0
[INFO] [stderr]    Compiling syn v1.0.109
[INFO] [stderr]    Compiling same-file v1.0.6
[INFO] [stderr]    Compiling bit-vec v0.6.3
[INFO] [stderr]    Compiling either v1.15.0
[INFO] [stderr]    Compiling precomputed-hash v0.1.1
[INFO] [stderr]    Compiling fixedbitset v0.4.2
[INFO] [stderr]    Compiling new_debug_unreachable v1.0.6
[INFO] [stderr]    Compiling string_cache v0.8.9
[INFO] [stderr]    Compiling petgraph v0.6.5
[INFO] [stderr]    Compiling itertools v0.11.0
[INFO] [stderr]    Compiling bit-set v0.5.3
[INFO] [stderr]    Compiling ena v0.14.4
[INFO] [stderr]    Compiling walkdir v2.5.0
[INFO] [stderr]    Compiling regex-automata v0.4.14
[INFO] [stderr]    Compiling ascii-canvas v3.0.0
[INFO] [stderr]    Compiling async-lock v3.4.2
[INFO] [stderr]    Compiling piper v0.2.5
[INFO] [stderr]    Compiling num-traits v0.2.19
[INFO] [stderr]    Compiling pico-args v0.5.0
[INFO] [stderr]    Compiling unicode-xid v0.2.6
[INFO] [stderr]    Compiling blocking v1.6.2
[INFO] [stderr]    Compiling async-executor v1.14.0
[INFO] [stderr]    Compiling event-listener v2.5.3
[INFO] [stderr]    Compiling async-channel v1.9.0
[INFO] [stderr]    Compiling kv-log-macro v1.0.7
[INFO] [stderr]    Compiling http v0.2.12
[INFO] [stderr]    Compiling predicates-core v1.0.10
[INFO] [stderr]    Compiling socket2 v0.5.10
[INFO] [stderr]    Compiling assert_cmd v2.2.2
[INFO] [stderr]    Compiling lalrpop-util v0.20.2
[INFO] [stderr]    Compiling regex v1.12.3
[INFO] [stderr]    Compiling float-cmp v0.10.0
[INFO] [stderr]    Compiling http-body v0.4.6
[INFO] [stderr]    Compiling difflib v0.4.0
[INFO] [stderr]    Compiling lalrpop v0.20.2
[INFO] [stderr]    Compiling similar v2.7.0
[INFO] [stderr]    Compiling termtree v0.5.1
[INFO] [stderr]    Compiling normalize-line-endings v0.3.0
[INFO] [stderr]    Compiling hyper v1.9.0
[INFO] [stderr]    Compiling tokio-rustls v0.26.4
[INFO] [stderr]    Compiling tower v0.5.3
[INFO] [stderr]    Compiling tempfile v3.27.0
[INFO] [stderr]    Compiling polling v3.11.0
[INFO] [stderr]    Compiling gix-tempfile v23.0.0
[INFO] [stderr]    Compiling gix-lock v23.0.0
[INFO] [stderr]    Compiling gix-index v0.51.0
[INFO] [stderr]    Compiling gix-ref v0.63.0
[INFO] [stderr]    Compiling gix-prompt v0.15.0
[INFO] [stderr]    Compiling gix-credentials v0.38.0
[INFO] [stderr]    Compiling gix-shallow v0.12.0
[INFO] [stderr]    Compiling async-signal v0.2.14
[INFO] [stderr]    Compiling gix-pack v0.70.0
[INFO] [stderr]    Compiling gix-worktree v0.52.0
[INFO] [stderr]    Compiling gix-diff v0.63.0
[INFO] [stderr]    Compiling gix-discover v0.51.0
[INFO] [stderr]    Compiling gix-dir v0.25.0
[INFO] [stderr]    Compiling gix-config v0.56.0
[INFO] [stderr]    Compiling hyper-util v0.1.20
[INFO] [stderr]    Compiling gix-odb v0.80.0
[INFO] [stderr]    Compiling hyper-rustls v0.27.9
[INFO] [stderr]    Compiling gix-submodule v0.30.0
[INFO] [stderr]    Compiling gix-status v0.30.0
[INFO] [stderr]    Compiling gix-blame v0.13.0
[INFO] [stderr]    Compiling gix-worktree-state v0.30.0
[INFO] [stderr]    Compiling gix-protocol v0.61.0
[INFO] [stderr]    Compiling async-process v2.5.0
[INFO] [stderr]    Compiling async-global-executor v2.4.1
[INFO] [stderr]    Compiling tower-http v0.6.11
[INFO] [stderr]    Compiling basic-cookies v0.1.5
[INFO] [stderr]    Compiling async-attributes v1.1.2
[INFO] [stderr]    Compiling terminal_size v0.4.4
[INFO] [stderr]    Compiling xattr v1.6.1
[INFO] [stderr]    Compiling miette v7.6.0
[INFO] [stderr]    Compiling tar v0.4.46
[INFO] [stderr]    Compiling async-std v1.13.2
[INFO] [stderr]    Compiling reqwest v0.12.28
[INFO] [stderr]    Compiling gix v0.83.0
[INFO] [stderr]    Compiling predicates v3.1.4
[INFO] [stderr]    Compiling hyper v0.14.32
[INFO] [stderr]    Compiling predicates-tree v1.0.13
[INFO] [stderr]    Compiling assert-json-diff v2.0.2
[INFO] [stderr]    Compiling serde_regex v1.1.0
[INFO] [stderr]    Compiling async-trait v0.1.89
[INFO] [stderr]    Compiling async-object-pool v0.1.5
[INFO] [stderr]    Compiling wait-timeout v0.2.1
[INFO] [stderr]    Compiling console v0.16.3
[INFO] [stderr]    Compiling levenshtein v1.0.5
[INFO] [stderr]    Compiling base64 v0.21.7
[INFO] [stderr]    Compiling insta v1.47.2
[INFO] [stderr]    Compiling httpmock v0.7.0
[INFO] [stderr]    Compiling muntjac v0.2.0 (/opt/rustwide/workdir)
[INFO] [stderr] warning: unused dependency `miette`
[INFO] [stderr]   --> Cargo.toml:31:15
[INFO] [stderr]    |
[INFO] [stderr] 31 | [dependencies.miette]
[INFO] [stderr]    |               ^^^^^^^
[INFO] [stderr]    |
[INFO] [stderr]    = note: `cargo::unused_dependencies` is set to `warn` by default
[INFO] [stderr] help: consider removing the dependency on `miette`
[INFO] [stderr] warning: `muntjac` (manifest) generated 1 warning
[INFO] [stderr]     Finished `release` profile [optimized] target(s) in 4m 44s
[INFO] running `Command { std: "docker" "inspect" "af7d5a06b440e598d5cf29846b099110b14c76e2cea1c799b841ea6834040aa8", kill_on_drop: false }`
[INFO] running `Command { std: "docker" "exec" "-e" "SOURCE_DIR=/opt/rustwide/workdir" "-e" "CARGO_HOME=/opt/rustwide/cargo-home" "-e" "RUSTUP_HOME=/opt/rustwide/rustup-home" "-e" "CARGO_TARGET_DIR=/opt/rustwide/target" "-e" "CARGO_INCREMENTAL=0" "-e" "RUST_BACKTRACE=full" "-e" "RUSTFLAGS=--cap-lints=warn" "-e" "RUSTDOCFLAGS=--cap-lints=warn" "-w" "/opt/rustwide/workdir" "--user" "0:0" "af7d5a06b440e598d5cf29846b099110b14c76e2cea1c799b841ea6834040aa8" "/opt/rustwide/cargo-home/bin/cargo" "+1.100.0-beta.1" "test" "--frozen" "--release", kill_on_drop: false }`
[INFO] [stderr] warning: `package.homepage` is redundant with `package.repository`
[INFO] [stderr]    --> Cargo.toml:111:12
[INFO] [stderr]     |
[INFO] [stderr] 111 | homepage = "https://github.com/rsJames-ttrpg/muntjac"
[INFO] [stderr]     |            ^^^^^^^^^^^^^^^^^^^^^^^^^^^^^^^^^^^^^^^^^^
[INFO] [stderr] ...
[INFO] [stderr] 116 | repository = "https://github.com/rsJames-ttrpg/muntjac"
[INFO] [stderr]     |              ------------------------------------------
[INFO] [stderr]     |
[INFO] [stderr]     = note: `cargo::redundant_homepage` is set to `warn` by default
[INFO] [stderr] help: consider removing `package.homepage`
[INFO] [stderr] warning: `muntjac` (manifest) generated 1 warning
[INFO] [stderr] warning: unused dependency `miette`
[INFO] [stderr]   --> Cargo.toml:31:15
[INFO] [stderr]    |
[INFO] [stderr] 31 | [dependencies.miette]
[INFO] [stderr]    |               ^^^^^^^
[INFO] [stderr]    |
[INFO] [stderr]    = note: `cargo::unused_dependencies` is set to `warn` by default
[INFO] [stderr] help: consider removing the dependency on `miette`
[INFO] [stderr] warning: `muntjac` (manifest) generated 1 warning
[INFO] [stderr]     Finished `release` profile [optimized] target(s) in 0.77s
[INFO] [stderr]      Running unittests src/lib.rs (/opt/rustwide/target/release/build/muntjac/be461f6a61220bfa/out/muntjac-be461f6a61220bfa)
[INFO] [stdout] 
[INFO] [stdout] running 312 tests
[INFO] [stdout] test buck::emit::tests::build_emit_input_collapses_to_uniform_when_cells_agree ... ok
[INFO] [stdout] test buck::emit::tests::build_emit_input_errors_when_manifest_sdist_sha_mismatch ... ok
[INFO] [stdout] test buck::emit::tests::build_emit_input_accepts_none_fixups ... ok
[INFO] [stdout] test buck::emit::tests::build_shared_cfg_input_unions_versions_across_trees ... ok
[INFO] [stdout] test buck::emit::tests::config_name_orders_lexicographically ... ok
[INFO] [stdout] test buck::emit::tests::emit_deps_variants_construct ... ok
[INFO] [stdout] test buck::emit::tests::emit_input_constructs ... ok
[INFO] [stdout] test buck::emit::tests::emit_package_with_fixup_fields_constructs ... ok
[INFO] [stdout] test buck::emit::tests::emit_wheel_renders_prebake_source_as_prebake_url ... ok
[INFO] [stdout] test buck::emit::tests::fixup_entry_points_auto_errors ... ok
[INFO] [stdout] test buck::emit::tests::fixup_exclude_wheels_leaves_none_errors ... ok
[INFO] [stdout] test buck::emit::tests::build_emit_input_errors_on_no_wheel ... ok
[INFO] [stdout] test buck::emit::tests::build_emit_input_produces_per_cell_when_deps_differ ... ok
[INFO] [stdout] test buck::emit::tests::fixup_prefer_wheel_not_found_errors ... ok
[INFO] [stdout] test buck::emit::tests::build_emit_input_yields_per_cell_for_cross_cell_dep_diff ... ok
[INFO] [stdout] test buck::emit::tests::fixup_extra_dep_invalid_buck_target_errors ... ok
[INFO] [stdout] test buck::emit::tests::fixup_extra_deps_appends ... ok
[INFO] [stdout] test buck::emit::tests::build_emit_input_applies_community_and_local_extra_deps ... ok
[INFO] [stdout] test buck::emit::tests::build_emit_input_errors_when_sdist_missing_from_manifest ... ok
[INFO] [stdout] test buck::emit::tests::build_emit_input_from_synthetic_resolved ... ok
[INFO] [stdout] test buck::emit::tests::fixup_prefer_wheel_overrides_picker ... ok
[INFO] [stdout] test buck::emit::tests::fixup_prefer_wheel_still_applies_extra_deps ... ok
[INFO] [stdout] test buck::emit::tests::fixup_overlay_populates_emit_package_overlay ... ok
[INFO] [stdout] test buck::emit::tests::fixup_visibility_and_entry_points_thread_to_emit_package ... ok
[INFO] [stdout] test buck::string_writer::tests::buck_render_emits_prebake_url_verbatim ... ok
[INFO] [stdout] test buck::string_writer::tests::config_buck_declares_per_cell_settings ... ok
[INFO] [stdout] test buck::string_writer::tests::config_buck_settings_sorted_by_name ... ok
[INFO] [stdout] test buck::string_writer::tests::emitter_returns_two_strings ... ok
[INFO] [stdout] test buck::string_writer::tests::macro_definition_includes_overlay_and_entry_points_branches ... ok
[INFO] [stdout] test buck::string_writer::tests::muntjac_bzl_configs_list_sorted_lex ... ok
[INFO] [stdout] test buck::string_writer::tests::muntjac_bzl_has_header_and_configs_list ... ok
[INFO] [stdout] test buck::string_writer::tests::per_package_call_site_renders_non_default_kwargs_only ... ok
[INFO] [stdout] test buck::string_writer::tests::single_package_buck_contains_pypi_package_call ... ok
[INFO] [stdout] test buck::string_writer::tests::macro_overlay_rebinds_binary_src ... ok
[INFO] [stdout] test buck::string_writer::tests::per_package_call_site_omits_default_kwargs ... ok
[INFO] [stdout] test buck::string_writer::tests::empty_input_buck_has_header_and_load ... ok
[INFO] [stdout] test buck::string_writer::tests::muntjac_bzl_emits_full_macro_with_header ... ok
[INFO] [stdout] test buck::string_writer::tests::snapshot_empty_muntjac_bzl ... ok
[INFO] [stdout] test buck::string_writer::tests::renders_uniform_deps_as_plain_list ... ok
[INFO] [stdout] test buck::string_writer::tests::snapshot_multi_package_muntjac_bzl ... ok
[INFO] [stdout] test buck::string_writer::tests::snapshot_empty_config_buck ... ok
[INFO] [stdout] test buck::string_writer::tests::snapshot_multi_package_buck ... ok
[INFO] [stdout] test buck::string_writer::tests::config_buck_emits_multi_platform_constraints ... ok
[INFO] [stdout] test buck::string_writer::tests::snapshot_empty_buck ... ok
[INFO] [stdout] test buck::string_writer::tests::renders_per_cell_deps_as_select ... ok
[INFO] [stdout] test buck::string_writer::tests::two_packages_emitted_alphabetically ... ok
[INFO] [stdout] test buck::string_writer::tests::wiring_bzl_emits_empty_host_modifiers_for_musllinux_only ... ok
[INFO] [stdout] test buck::string_writer::tests::wiring_bzl_emits_host_modifiers_for_single_platform ... ok
[INFO] [stdout] test buck::string_writer::tests::snapshot_multi_package_config_buck ... ok
[INFO] [stdout] test buck::string_writer::tests::wiring_bzl_emits_host_modifiers_for_three_platforms ... ok
[INFO] [stdout] test buck::string_writer::tests::wiring_bzl_has_header_and_host_modifiers ... ok
[INFO] [stdout] test buck::string_writer::tests::snapshot_single_package_buck ... ok
[INFO] [stdout] test cache::tests::empty_env_override_errors ... ok
[INFO] [stdout] test cache::tests::env_override_takes_precedence ... ok
[INFO] [stdout] test cli::init::tests::detects_pyproject_in_parent ... ok
[INFO] [stdout] test buck::write::tests::write_outputs_creates_package_files ... ok
[INFO] [stdout] test cache::tests::fixup_cache_path_appends_sha_under_fixups_subdir ... ok
[INFO] [stdout] test cli::init::tests::detects_pyproject_in_cwd ... ok
[INFO] [stdout] test buck::write::tests::write_outputs_overwrites_existing_files ... ok
[INFO] [stdout] test cache::tests::xdg_fallback_used_without_override ... ok
[INFO] [stdout] test cli::init::tests::detects_pyproject_with_tool_uv ... ok
[INFO] [stdout] test cli::init::tests::expands_requires_python_ranges ... ok
[INFO] [stdout] test cli::tests::resolve_trees_filters_by_name ... ok
[INFO] [stdout] test cli::tests::resolve_trees_none_returns_all ... ok
[INFO] [stdout] test cli::init::tests::skips_pyproject_without_project_or_tool_uv ... ok
[INFO] [stdout] test cli::init::tests::no_detection_in_empty_tree ... ok
[INFO] [stdout] test config::tests::cfg_dir_explicit_override_wins ... ok
[INFO] [stdout] test config::tests::config_defaults_registry_to_none ... ok
[INFO] [stdout] test cli::tests::resolve_trees_unknown_errors ... ok
[INFO] [stdout] test config::tests::explicit_cfg_dir_rescues_no_common_ancestor ... ok
[INFO] [stdout] test config::tests::lockfile_config_defaults_to_empty ... ok
[INFO] [stdout] test config::tests::include_groups_dedups_with_warning ... ok
[INFO] [stdout] test config::tests::missing_platforms_table_produces_clear_error ... ok
[INFO] [stdout] test config::tests::parses_lockfile_config_section ... ok
[INFO] [stdout] test config::tests::parses_multi_tree ... ok
[INFO] [stdout] test config::tests::platform_baseline_accessors ... ok
[INFO] [stdout] test config::tests::python_versions_union_dedupes_and_sorts ... ok
[INFO] [stdout] test config::tests::accepts_known_target_triples ... ok
[INFO] [stdout] test config::tests::accepts_registry_forms ... ok
[INFO] [stdout] test config::tests::cfg_dir_multi_tree_is_common_ancestor ... ok
[INFO] [stdout] test config::tests::parses_minimal_single_tree ... ok
[INFO] [stdout] test config::tests::cfg_dir_single_tree_is_third_party_dir ... ok
[INFO] [stdout] test config::tests::config_parses_file_url_registry ... ok
[INFO] [stdout] test buck::write::tests::write_shared_cfg_creates_cfg_files ... ok
[INFO] [stdout] test config::tests::registry_rev_with_git_registry_no_warning ... ok
[INFO] [stdout] test config::tests::rejects_bad_baseline_shape ... ok
[INFO] [stdout] test config::tests::rejects_invalid_group_identifier ... ok
[INFO] [stdout] test config::tests::rejects_mixed_shape ... ok
[INFO] [stdout] test config::tests::rejects_linux_platform_without_any_baseline ... ok
[INFO] [stdout] test config::tests::rejects_tree_dir_equal_to_cfg_dir_when_multi_tree ... ok
[INFO] [stdout] test config::tests::rejects_macos_platform_without_macos_min ... ok
[INFO] [stdout] test config::tests::rejects_underivable_cfg_dir_no_common_ancestor ... ok
[INFO] [stdout] test config::tests::rejects_musllinux_on_gnu_target ... ok
[INFO] [stdout] test config::tests::single_tree_cfg_dir_equals_third_party_dir_is_ok ... ok
[INFO] [stdout] test config::tests::validates_platform_target_triple ... ok
[INFO] [stdout] test config::tests::validates_registry_form ... ok
[INFO] [stdout] test error::tests::cache_root_resolve_error_message ... ok
[INFO] [stdout] test error::tests::duplicate_tree_dir_message_is_exact ... ok
[INFO] [stdout] test error::tests::lockfile_error_messages_include_context ... ok
[INFO] [stdout] test error::tests::registry_path_not_absolute_message_is_exact ... ok
[INFO] [stdout] test config::tests::registry_rev_with_none_registry_parses_ok ... ok
[INFO] [stdout] test config::tests::rejects_bad_python_version ... ok
[INFO] [stdout] test config::tests::rejects_duplicate_tree_dir ... ok
[INFO] [stdout] test error::tests::tree_dir_is_cfg_dir_message_is_exact ... ok
[INFO] [stdout] test fixup::cfg::tests::evaluates_target_env_empty_for_macos ... ok
[INFO] [stdout] test config::tests::rejects_missing_manifest_path_when_no_trees ... ok
[INFO] [stdout] test fixup::cfg::tests::parses_all_combinator ... ok
[INFO] [stdout] test fixup::cfg::tests::parses_not_unary ... ok
[INFO] [stdout] test fixup::cfg::tests::evaluates_target_os_match ... ok
[INFO] [stdout] test fixup::cfg::tests::evaluates_version_specifier ... ok
[INFO] [stdout] test fixup::cfg::tests::parses_any_with_nested ... ok
[INFO] [stdout] test fixup::cfg::tests::parses_python_atom ... ok
[INFO] [stdout] test fixup::cfg::tests::evaluates_python_specifier ... ok
[INFO] [stdout] test fixup::cfg::tests::evaluates_combinators ... ok
[INFO] [stdout] test fixup::cfg::tests::parses_target_os_atom ... ok
[INFO] [stdout] test fixup::cfg::tests::parses_version_atom ... ok
[INFO] [stdout] test fixup::cfg::tests::parses_with_whitespace_insensitivity ... ok
[INFO] [stdout] test fixup::cfg::tests::rejects_trailing_input ... ok
[INFO] [stdout] test fixup::cfg::tests::rejects_unknown_atom ... ok
[INFO] [stdout] test fixup::cfg::tests::split_triple_aarch64_apple_darwin ... ok
[INFO] [stdout] test fixup::diff::tests::diff_identical_yields_nothing ... ok
[INFO] [stdout] test fixup::diff::tests::diff_modified_cfg_sections ... ok
[INFO] [stdout] test fixup::diff::tests::diff_modified_extra_deps ... ok
[INFO] [stdout] test error::tests::cfg_dir_not_derivable_message_is_exact ... ok
[INFO] [stdout] test fixup::diff::tests::render_diff_canonical_format ... ok
[INFO] [stdout] test fixup::error::tests::bad_cfg_atom_message_is_exact ... ok
[INFO] [stdout] test fixup::cfg::tests::split_triple_musl ... ok
[INFO] [stdout] test fixup::cfg::tests::split_triple_x86_64_linux_gnu ... ok
[INFO] [stdout] test fixup::diff::tests::diff_added_package ... ok
[INFO] [stdout] test fixup::diff::tests::diff_modified_multiple_fields ... ok
[INFO] [stdout] test fixup::cfg::tests::rejects_not_with_two_args ... ok
[INFO] [stdout] test fixup::error::tests::overlay_empty_message_is_exact ... ok
[INFO] [stdout] test fixup::error::tests::entry_points_auto_message_is_exact ... ok
[INFO] [stdout] test fixup::diff::tests::diff_removed_package ... ok
[INFO] [stdout] test fixup::error::tests::offline_default_branch_pin_message_is_exact ... ok
[INFO] [stdout] test fixup::diff::tests::render_diff_empty_input_empty_output ... ok
[INFO] [stdout] test fixup::error::tests::offline_message_is_exact ... ok
[INFO] [stdout] test fixup::error::tests::registry_path_not_found_message_is_exact ... ok
[INFO] [stdout] test fixup::error::tests::replace_community_in_community_message_is_exact ... ok
[INFO] [stdout] test fixup::error::tests::unknown_field_message_is_exact ... ok
[INFO] [stdout] test fixup::layer::tests::effective_fixups_resolve_both_layers_concat ... ok
[INFO] [stdout] test fixup::layer::tests::effective_fixups_load_allow_local_overrides_false_skips_local ... ok
[INFO] [stdout] test fixup::layer::tests::effective_fixups_resolve_replace_community_drops_community ... ok
[INFO] [stdout] test fixup::layer::tests::effective_fixups_resolve_community_only ... ok
[INFO] [stdout] test fixup::layer::tests::effective_fixups_resolve_local_only ... ok
[INFO] [stdout] test fixup::layer::tests::effective_fixups_resolve_replace_community_with_empty_local_yields_empty ... ok
[INFO] [stdout] test fixup::layer::tests::effective_fixups_load_file_url_missing_packages_errors ... ok
[INFO] [stdout] test fixup::layer::tests::effective_fixups_resolve_returns_default_when_neither_layer_has_pkg ... ok
[INFO] [stdout] test fixup::layer::tests::merge_lists_accumulate ... ok
[INFO] [stdout] test fixup::layer::tests::merge_maps_extend ... ok
[INFO] [stdout] test fixup::layer::tests::merge_resolved_entry_points_local_some_wins ... ok
[INFO] [stdout] test fixup::layer::tests::merge_resolved_exclude_wheels_concat_dedup ... ok
[INFO] [stdout] test fixup::layer::tests::effective_fixups_load_file_url_walks_packages ... ok
[INFO] [stdout] test fixup::layer::tests::merge_resolved_extra_deps_community_first_dedup ... ok
[INFO] [stdout] test fixup::layer::tests::merge_resolved_labels_concat_dedup ... ok
[INFO] [stdout] test fixup::layer::tests::merge_resolved_prefer_wheel_local_some_wins ... ok
[INFO] [stdout] test fixup::layer::tests::merge_resolved_replace_deps_local_wins_on_key_collision ... ok
[INFO] [stdout] test fixup::layer::tests::merge_resolved_omit_deps_community_first_dedup ... ok
[INFO] [stdout] test fixup::layer::tests::merge_resolved_overlay_local_some_wins ... ok
[INFO] [stdout] test fixup::layer::tests::resolve_picks_matching_cfg_sections ... ok
[INFO] [stdout] test fixup::error::tests::cache_corrupt_message_is_exact ... ok
[INFO] [stdout] test fixup::layer::tests::resolve_section_order_preserved ... ok
[INFO] [stdout] test fixup::layer::tests::merge_resolved_prefer_wheel_community_kept_when_local_none ... ok
[INFO] [stdout] test fixup::layer::tests::resolve_with_no_matches_yields_top_only ... ok
[INFO] [stdout] test fixup::layer::tests::merge_scalars_replace_when_some ... ok
[INFO] [stdout] test fixup::layer::tests::merge_resolved_runtime_env_local_overrides_key ... ok
[INFO] [stdout] test fixup::layer::tests::merge_resolved_visibility_local_some_wins ... ok
[INFO] [stdout] test fixup::layer::tests::effective_fixups_load_none_yields_empty_community ... ok
[INFO] [stdout] test fixup::loader::tests::load_one_fixup_unknown_field_is_typed ... ok
[INFO] [stdout] test fixup::loader::tests::load_community_rejects_replace_community_on_community_side ... ok
[INFO] [stdout] test fixup::loader::tests::load_community_errors_if_packages_dir_missing ... ok
[INFO] [stdout] test fixup::loader::tests::load_community_loads_zero_packages_ok ... ok
[INFO] [stdout] test fixup::loader::tests::missing_fixups_dir_returns_empty ... ok
[INFO] [stdout] test fixup::loader::tests::load_community_normalizes_pep503_names ... ok
[INFO] [stdout] test fixup::loader::tests::loads_single_fixup ... ok
[INFO] [stdout] test fixup::loader::tests::load_one_fixup_loads_single_file ... ok
[INFO] [stdout] test fixup::loader::tests::load_community_walks_packages_subdir ... ok
[INFO] [stdout] test fixup::loader::tests::multiple_fixups_load_deterministically ... ok
[INFO] [stdout] test fixup::loader::tests::normalizes_pep503_name ... ok
[INFO] [stdout] test fixup::loader::tests::skips_dirs_without_fixups_toml ... ok
[INFO] [stdout] test fixup::loader::tests::unknown_field_error_is_typed ... ok
[INFO] [stdout] test fixup::overlay::tests::discovers_overlay_files ... ok
[INFO] [stdout] test fixup::overlay::tests::empty_overlay_errors ... ok
[INFO] [stdout] test fixup::overlay::tests::missing_overlay_errors ... ok
[INFO] [stdout] test fixup::overlay::tests::rejects_symlink_escape ... ok
[INFO] [stdout] test fixup::registry::tests::fetch_cache_hit_but_corrupt_errors ... ok
[INFO] [stdout] test fixup::registry::tests::fetch_cache_hit_returns_without_network ... ok
[INFO] [stdout] test fixup::registry::tests::fetch_offline_with_cache_miss_errors ... ok
[INFO] [stdout] test fixup::registry::tests::fetch_offline_without_rev_uses_default_branch_in_pin_message ... ok
[INFO] [stdout] test fixup::registry::tests::parses_github_url_no_rev ... ok
[INFO] [stdout] test fixup::registry::tests::parses_file_url_without_dot_git_stays_file_url ... ok
[INFO] [stdout] test fixup::registry::tests::parses_none ... ok
[INFO] [stdout] test fixup::registry::tests::parses_github_url_with_rev ... ok
[INFO] [stdout] test fixup::registry::tests::parses_file_url_abs ... ok
[INFO] [stdout] test fixup::registry::tests::parses_file_url_with_dot_git_as_git_form ... ok
[INFO] [stdout] test fixup::registry::tests::rejects_file_url_dot_slash ... ok
[INFO] [stdout] test fixup::registry::tests::rejects_file_url_relative ... ok
[INFO] [stdout] test fixup::registry::tests::rejects_malformed_github_url ... ok
[INFO] [stdout] test fixup::schema::tests::parses_entry_points_list ... ok
[INFO] [stdout] test fixup::schema::tests::parses_minimal_fixup ... ok
[INFO] [stdout] test fixup::schema::tests::parses_replace_community_default_false ... ok
[INFO] [stdout] test fixup::schema::tests::parses_replace_community_true ... ok
[INFO] [stdout] test fixup::schema::tests::parses_replace_deps ... ok
[INFO] [stdout] test fixup::schema::tests::parses_sdist_block ... ok
[INFO] [stdout] test fixup::schema::tests::parses_with_cfg_section ... ok
[INFO] [stdout] test fixup::schema::tests::rejects_unknown_top_level_field ... ok
[INFO] [stdout] test fixup::schema::tests::replace_community_inside_cfg_section_errors_as_unknown_field ... ok
[INFO] [stdout] test fixup::schema::tests::replace_community_round_trips ... ok
[INFO] [stdout] test fixup::schema::tests::round_trip_preserves_user_set_values ... ok
[INFO] [stdout] test fixup::smoke_tests::module_compiles ... ok
[INFO] [stdout] test fixup::validate::tests::accepts_canonical_forms ... ok
[INFO] [stdout] test fixup::validate::tests::rejects_empty_name ... ok
[INFO] [stdout] test fixup::validate::tests::rejects_missing_leading_slashes ... ok
[INFO] [stdout] test fixup::validate::tests::rejects_no_colon ... ok
[INFO] [stdout] test fixup::validate::tests::rejects_traversal ... ok
[INFO] [stdout] test fixup::validate::tests::rejects_wildcards ... ok
[INFO] [stdout] test lock::graph::tests::builds_linear_chain ... ok
[INFO] [stdout] test lock::graph::tests::detect_cycles_finds_simple_cycle ... ok
[INFO] [stdout] test lock::graph::tests::detects_three_cycle ... ok
[INFO] [stdout] test lock::graph::tests::errors_on_duplicate_package_name ... ok
[INFO] [stdout] test lock::graph::tests::errors_on_unresolved_dep ... ok
[INFO] [stdout] test lock::graph::tests::reachable_drops_marker_false_edges ... ok
[INFO] [stdout] test lock::graph::tests::reachable_respects_group_gating ... ok
[INFO] [stdout] test fixup::schema::tests::parses_entry_points_true ... ok
[INFO] [stdout] test lock::parser::tests::parses_first_party_virtual_source ... ok
[INFO] [stdout] test lock::parser::tests::parses_git_source ... ok
[INFO] [stdout] test lock::parser::tests::parses_markers_and_metadata ... ok
[INFO] [stdout] test lock::parser::tests::rejects_ambiguous_source ... ok
[INFO] [stdout] test lock::parser::tests::rejects_bad_marker ... ok
[INFO] [stdout] test lock::parser::tests::rejects_unsupported_version ... ok
[INFO] [stdout] test lock::parser::tests::url_parse_failures_use_bad_url_variant ... ok
[INFO] [stdout] test lock::resolved::tests::project_is_deterministic ... ok
[INFO] [stdout] test lock::resolved::tests::project_produces_one_config_per_combination ... ok
[INFO] [stdout] test lock::types::tests::first_party_kind_round_trips ... ok
[INFO] [stdout] test lock::types::tests::package_constructs ... ok
[INFO] [stdout] test platform::tests::excludes_emscripten ... ok
[INFO] [stdout] test platform::tests::full_version_lowest_patch ... ok
[INFO] [stdout] test platform::tests::no_marker_always_matches ... ok
[INFO] [stdout] test platform::tests::platform_machine_marker ... ok
[INFO] [stdout] test platform::tests::python_version_marker ... ok
[INFO] [stdout] test platform::tests::sys_platform_marker ... ok
[INFO] [stdout] test lock::parser::tests::parses_dependencies_sdist_and_wheels ... ok
[INFO] [stdout] test lock::parser::tests::parses_minimal_lockfile ... ok
[INFO] [stdout] test sdist::classifier::tests::c_ext_is_native ... FAILED
[INFO] [stdout] test sdist::classifier::tests::cmakelists_is_native ... FAILED
[INFO] [stdout] test sdist::classifier::tests::cargo_toml_via_unknown_backend ... FAILED
[INFO] [stdout] test sdist::classifier::tests::cpp_ext_is_native ... FAILED
[INFO] [stdout] test lock::graph::tests::passes_acyclic_diamond ... ok
[INFO] [stdout] test lock::graph::tests::detects_self_loop ... ok
[INFO] [stdout] test sdist::classifier::tests::excluded_dir_does_not_trigger_native ... FAILED
[INFO] [stdout] test sdist::classifier::tests::meson_build_is_native ... FAILED
[INFO] [stdout] test sdist::classifier::tests::hatchling_pure ... FAILED
[INFO] [stdout] test sdist::classifier::tests::flit_core_pure ... FAILED
[INFO] [stdout] test sdist::classifier::tests::pyx_ext_is_native ... FAILED
[INFO] [stdout] test sdist::classifier::tests::root_does_not_exist ... ok
[INFO] [stdout] test sdist::classifier::tests::poetry_core_pure ... FAILED
[INFO] [stdout] test sdist::classifier::tests::missing_pyproject_is_native ... FAILED
[INFO] [stdout] test sdist::classifier::tests::setuptools_ext_modules_is_native ... FAILED
[INFO] [stdout] test sdist::classifier::tests::setuptools_pure ... FAILED
[INFO] [stdout] test fixup::registry::tests::rejects_bare_string ... ok
[INFO] [stdout] test sdist::manifest::tests::load_missing_file_returns_error ... ok
[INFO] [stdout] test sdist::manifest::tests::save_then_load_roundtrips_and_sorts ... ok
[INFO] [stdout] test sdist::manifest::tests::unknown_backend_string_round_trips ... ok
[INFO] [stdout] test sdist::manifest::tests::toml_string_escape_handles_control_chars ... ok
[INFO] [stdout] test sdist::prebake::tests::build_wheel_uv_not_found_when_uv_missing ... ok
[INFO] [stdout] test sdist::classifier::tests::unknown_backend_is_native ... FAILED
[INFO] [stdout] test sdist::manifest::tests::pure_python_missing_wheel_filename_errors ... ok
[INFO] [stdout] test sdist::manifest::tests::save_writes_generated_header ... ok
[INFO] [stdout] test sdist::classifier::tests::pdm_backend_pure ... FAILED
[INFO] [stdout] test uv::tests::uv_version_returns_uv_not_found_when_path_empty ... ok
[INFO] [stdout] test wheel::compat::tests::build_compatible_tags_linux_gnu_3_12 ... ok
[INFO] [stdout] test uv::tests::uv_version_returns_string_when_uv_present ... ok
[INFO] [stdout] test wheel::compat::tests::build_compatible_tags_linux_musl_3_11 ... ok
[INFO] [stdout] test wheel::compat::tests::build_compatible_tags_macos_arm64_3_12 ... ok
[INFO] [stdout] test wheel::compat::tests::compat_snapshot_linux_x86_64_gnu_3_12 ... ok
[INFO] [stdout] test wheel::compat::tests::compat_snapshot_linux_x86_64_musl_3_12 ... ok
[INFO] [stdout] test sdist::prebake::tests::build_wheel_against_synth_sdist_produces_wheel ... ok
[INFO] [stdout] test wheel::compat::tests::compat_snapshot_macos_arm64_3_12 ... ok
[INFO] [stdout] test wheel::compat::tests::compat_snapshot_macos_x86_64_3_12 ... ok
[INFO] [stdout] test wheel::compat::tests::macos_axis_10_15_arm64_only_10x_range ... ok
[INFO] [stdout] test wheel::compat::tests::compat_snapshot_linux_aarch64_gnu_3_11 ... ok
[INFO] [stdout] test wheel::compat::tests::musllinux_axis_1_2_aarch64 ... ok
[INFO] [stdout] test wheel::compat::tests::macos_axis_11_0_arm64 ... ok
[INFO] [stdout] test wheel::compat::tests::macos_axis_14_0_x86_64 ... ok
[INFO] [stdout] test wheel::compat::tests::manylinux_axis_2_28_x86_64 ... ok
[INFO] [stdout] test wheel::compat::tests::python_axis_for_3_8 ... ok
[INFO] [stdout] test wheel::compat::tests::rank_of_returns_index ... ok
[INFO] [stdout] test wheel::select::tests::picks_most_specific_wheel ... ok
[INFO] [stdout] test wheel::select::tests::unparseable_filenames_are_skipped ... ok
[INFO] [stdout] test wheel::tag::tests::arch_variants_are_distinct ... ok
[INFO] [stdout] test wheel::select::tests::input_order_does_not_affect_result ... ok
[INFO] [stdout] test wheel::tag::tests::armv7l_manylinux_falls_to_other ... ok
[INFO] [stdout] test wheel::select::tests::returns_no_wheel_when_nothing_matches ... ok
[INFO] [stdout] test wheel::tag::tests::canonicalizes_manylinux2014_alias ... ok
[INFO] [stdout] test wheel::tag::tests::cp313t_free_threaded_routes_to_other ... ok
[INFO] [stdout] test wheel::tag::tests::build_tag_is_ignored ... ok
[INFO] [stdout] test wheel::tag::tests::parses_abi3_wheel ... ok
[INFO] [stdout] test wheel::tag::tests::parses_macos_universal2 ... ok
[INFO] [stdout] test wheel::tag::tests::parses_musllinux ... ok
[INFO] [stdout] test wheel::tag::tests::dedupes_after_alias_canonicalization ... ok
[INFO] [stdout] test wheel::tag::tests::parses_pure_python_any ... ok
[INFO] [stdout] test wheel::tag::tests::parses_simple_cp312_manylinux ... ok
[INFO] [stdout] test wheel::tag::tests::rejects_too_few_segments ... ok
[INFO] [stdout] test wheel::compat::tests::python_axis_for_3_12 ... ok
[INFO] [stdout] test wheel::tag::tests::expands_compressed_python_tag ... ok
[INFO] [stdout] test wheel::tag::tests::rejects_missing_whl_suffix ... ok
[INFO] [stdout] test wheel::tag::tests::pypy_tag_classified_as_other ... ok
[INFO] [stdout] test wheel::tag::tests::tag_equality_and_hash ... ok
[INFO] [stdout] test wheel::tag::tests::s390x_manylinux_falls_to_other ... ok
[INFO] [stdout] test wheel::tag::tests::tag_display_canonical_cases ... ok
[INFO] [stdout] test lock::graph::tests::detect_cycles_handles_deep_linear_chain_without_stack_overflow ... ok
[INFO] [stdout] test fixup::layer::tests::effective_fixups_load_git_fetches_from_bare_repo ... ok
[INFO] [stdout] 
[INFO] [stdout] failures:
[INFO] [stdout] 
[INFO] [stdout] ---- sdist::classifier::tests::c_ext_is_native stdout ----
[INFO] [stdout] 
[INFO] [stdout] thread 'sdist::classifier::tests::c_ext_is_native' (6204) panicked at src/sdist/classifier.rs:361:50:
[INFO] [stdout] called `Result::unwrap()` on an `Err` value: NotADir("/opt/rustwide/workdir/tests/fixtures/sdist/classify/c_ext")
[INFO] [stdout] stack backtrace:
[INFO] [stdout]    0:     0x63abb9ecb461 - <<std[617be2ca0a6fd877]::sys::backtrace::BacktraceLock>::print::DisplayBacktrace as core[a373ad73a504971]::fmt::Display>::fmt
[INFO] [stdout]    1:     0x63abb9ee5d7a - core[a373ad73a504971]::fmt::write
[INFO] [stdout]    2:     0x63abb9ed1afc - <alloc[2e1b2a31b91974c5]::vec::Vec<u8> as core[a373ad73a504971]::io::write::Write>::write_fmt
[INFO] [stdout]    3:     0x63abb9ea0356 - std[617be2ca0a6fd877]::panicking::default_hook::{closure#0}
[INFO] [stdout]    4:     0x63abb9ec0849 - std[617be2ca0a6fd877]::panicking::default_hook
[INFO] [stdout]    5:     0x63abb9dfa3e0 - test[aada8e7e76ba119b]::test_main_inner::{closure#0}
[INFO] [stdout]    6:     0x63abb9ec0b72 - std[617be2ca0a6fd877]::panicking::panic_with_hook
[INFO] [stdout]    7:     0x63abb9ea0402 - std[617be2ca0a6fd877]::panicking::panic_handler::{closure#0}
[INFO] [stdout]    8:     0x63abb9e984c9 - std[617be2ca0a6fd877]::sys::backtrace::__rust_end_short_backtrace::<std[617be2ca0a6fd877]::panicking::panic_handler::{closure#0}, !>
[INFO] [stdout]    9:     0x63abb9ea17fd - __rustc[ea4f61d10b84890b]::rust_begin_unwind
[INFO] [stdout]   10:     0x63abb9ee655c - core[a373ad73a504971]::panicking::panic_fmt
[INFO] [stdout]   11:     0x63abb9ee6332 - core[a373ad73a504971]::result::unwrap_failed
[INFO] [stdout]   12:     0x63abb99b7132 - <muntjac[4393a5c400db5553]::sdist::classifier::tests::c_ext_is_native::{closure#0} as core[a373ad73a504971]::ops::function::FnOnce<()>>::call_once
[INFO] [stdout]   13:     0x63abb9ded82b - test[aada8e7e76ba119b]::__rust_begin_short_backtrace::<core[a373ad73a504971]::result::Result<(), alloc[2e1b2a31b91974c5]::string::String>, fn() -> core[a373ad73a504971]::result::Result<(), alloc[2e1b2a31b91974c5]::string::String>>
[INFO] [stdout]   14:     0x63abb9dfaa05 - test[aada8e7e76ba119b]::run_test::{closure#0}
[INFO] [stdout]   15:     0x63abb9df42f4 - std[617be2ca0a6fd877]::sys::backtrace::__rust_begin_short_backtrace::<test[aada8e7e76ba119b]::run_test::{closure#1}, ()>
[INFO] [stdout]   16:     0x63abb9dfda92 - <std[617be2ca0a6fd877]::thread::lifecycle::spawn_unchecked<test[aada8e7e76ba119b]::run_test::{closure#1}, ()>::{closure#1} as core[a373ad73a504971]::ops::function::FnOnce<()>>::call_once::{shim:vtable#0}
[INFO] [stdout]   17:     0x63abb9ec9f0f - <std[617be2ca0a6fd877]::sys::thread::unix::Thread>::new::thread_start
[INFO] [stdout]   18:     0x7b6cc7783dfa - <unknown>
[INFO] [stdout]   19:     0x7b6cc78173d4 - clone
[INFO] [stdout]   20:                0x0 - <unknown>
[INFO] [stdout] 
[INFO] [stdout] ---- sdist::classifier::tests::cmakelists_is_native stdout ----
[INFO] [stdout] 
[INFO] [stdout] thread 'sdist::classifier::tests::cmakelists_is_native' (6206) panicked at src/sdist/classifier.rs:347:55:
[INFO] [stdout] called `Result::unwrap()` on an `Err` value: NotADir("/opt/rustwide/workdir/tests/fixtures/sdist/classify/cmakelists")
[INFO] [stdout] stack backtrace:
[INFO] [stdout]    0:     0x63abb9ecb461 - <<std[617be2ca0a6fd877]::sys::backtrace::BacktraceLock>::print::DisplayBacktrace as core[a373ad73a504971]::fmt::Display>::fmt
[INFO] [stdout]    1:     0x63abb9ee5d7a - core[a373ad73a504971]::fmt::write
[INFO] [stdout]    2:     0x63abb9ed1afc - <alloc[2e1b2a31b91974c5]::vec::Vec<u8> as core[a373ad73a504971]::io::write::Write>::write_fmt
[INFO] [stdout]    3:     0x63abb9ea0356 - std[617be2ca0a6fd877]::panicking::default_hook::{closure#0}
[INFO] [stdout]    4:     0x63abb9ec0849 - std[617be2ca0a6fd877]::panicking::default_hook
[INFO] [stdout]    5:     0x63abb9dfa3e0 - test[aada8e7e76ba119b]::test_main_inner::{closure#0}
[INFO] [stdout]    6:     0x63abb9ec0b72 - std[617be2ca0a6fd877]::panicking::panic_with_hook
[INFO] [stdout]    7:     0x63abb9ea0402 - std[617be2ca0a6fd877]::panicking::panic_handler::{closure#0}
[INFO] [stdout]    8:     0x63abb9e984c9 - std[617be2ca0a6fd877]::sys::backtrace::__rust_end_short_backtrace::<std[617be2ca0a6fd877]::panicking::panic_handler::{closure#0}, !>
[INFO] [stdout]    9:     0x63abb9ea17fd - __rustc[ea4f61d10b84890b]::rust_begin_unwind
[INFO] [stdout]   10:     0x63abb9ee655c - core[a373ad73a504971]::panicking::panic_fmt
[INFO] [stdout]   11:     0x63abb9ee6332 - core[a373ad73a504971]::result::unwrap_failed
[INFO] [stdout]   12:     0x63abb99b8102 - <muntjac[4393a5c400db5553]::sdist::classifier::tests::cmakelists_is_native::{closure#0} as core[a373ad73a504971]::ops::function::FnOnce<()>>::call_once
[INFO] [stdout]   13:     0x63abb9ded82b - test[aada8e7e76ba119b]::__rust_begin_short_backtrace::<core[a373ad73a504971]::result::Result<(), alloc[2e1b2a31b91974c5]::string::String>, fn() -> core[a373ad73a504971]::result::Result<(), alloc[2e1b2a31b91974c5]::string::String>>
[INFO] [stdout]   14:     0x63abb9dfaa05 - test[aada8e7e76ba119b]::run_test::{closure#0}
[INFO] [stdout]   15:     0x63abb9df42f4 - std[617be2ca0a6fd877]::sys::backtrace::__rust_begin_short_backtrace::<test[aada8e7e76ba119b]::run_test::{closure#1}, ()>
[INFO] [stdout]   16:     0x63abb9dfda92 - <std[617be2ca0a6fd877]::thread::lifecycle::spawn_unchecked<test[aada8e7e76ba119b]::run_test::{closure#1}, ()>::{closure#1} as core[a373ad73a504971]::ops::function::FnOnce<()>>::call_once::{shim:vtable#0}
[INFO] [stdout]   17:     0x63abb9ec9f0f - <std[617be2ca0a6fd877]::sys::thread::unix::Thread>::new::thread_start
[INFO] [stdout]   18:     0x7b6cc7783dfa - <unknown>
[INFO] [stdout]   19:     0x7b6cc78173d4 - clone
[INFO] [stdout]   20:                0x0 - <unknown>
[INFO] [stdout] 
[INFO] [stdout] ---- sdist::classifier::tests::cargo_toml_via_unknown_backend stdout ----
[INFO] [stdout] 
[INFO] [stdout] thread 'sdist::classifier::tests::cargo_toml_via_unknown_backend' (6205) panicked at src/sdist/classifier.rs:322:55:
[INFO] [stdout] called `Result::unwrap()` on an `Err` value: NotADir("/opt/rustwide/workdir/tests/fixtures/sdist/classify/cargo_toml")
[INFO] [stdout] stack backtrace:
[INFO] [stdout]    0:     0x63abb9ecb461 - <<std[617be2ca0a6fd877]::sys::backtrace::BacktraceLock>::print::DisplayBacktrace as core[a373ad73a504971]::fmt::Display>::fmt
[INFO] [stdout]    1:     0x63abb9ee5d7a - core[a373ad73a504971]::fmt::write
[INFO] [stdout]    2:     0x63abb9ed1afc - <alloc[2e1b2a31b91974c5]::vec::Vec<u8> as core[a373ad73a504971]::io::write::Write>::write_fmt
[INFO] [stdout]    3:     0x63abb9ea0356 - std[617be2ca0a6fd877]::panicking::default_hook::{closure#0}
[INFO] [stdout]    4:     0x63abb9ec0849 - std[617be2ca0a6fd877]::panicking::default_hook
[INFO] [stdout]    5:     0x63abb9dfa3e0 - test[aada8e7e76ba119b]::test_main_inner::{closure#0}
[INFO] [stdout]    6:     0x63abb9ec0b72 - std[617be2ca0a6fd877]::panicking::panic_with_hook
[INFO] [stdout]    7:     0x63abb9ea0402 - std[617be2ca0a6fd877]::panicking::panic_handler::{closure#0}
[INFO] [stdout]    8:     0x63abb9e984c9 - std[617be2ca0a6fd877]::sys::backtrace::__rust_end_short_backtrace::<std[617be2ca0a6fd877]::panicking::panic_handler::{closure#0}, !>
[INFO] [stdout]    9:     0x63abb9ea17fd - __rustc[ea4f61d10b84890b]::rust_begin_unwind
[INFO] [stdout]   10:     0x63abb9ee655c - core[a373ad73a504971]::panicking::panic_fmt
[INFO] [stdout]   11:     0x63abb9ee6332 - core[a373ad73a504971]::result::unwrap_failed
[INFO] [stdout]   12:     0x63abb99b8b2a - <muntjac[4393a5c400db5553]::sdist::classifier::tests::cargo_toml_via_unknown_backend::{closure#0} as core[a373ad73a504971]::ops::function::FnOnce<()>>::call_once
[INFO] [stdout]   13:     0x63abb9ded82b - test[aada8e7e76ba119b]::__rust_begin_short_backtrace::<core[a373ad73a504971]::result::Result<(), alloc[2e1b2a31b91974c5]::string::String>, fn() -> core[a373ad73a504971]::result::Result<(), alloc[2e1b2a31b91974c5]::string::String>>
[INFO] [stdout]   14:     0x63abb9dfaa05 - test[aada8e7e76ba119b]::run_test::{closure#0}
[INFO] [stdout]   15:     0x63abb9df42f4 - std[617be2ca0a6fd877]::sys::backtrace::__rust_begin_short_backtrace::<test[aada8e7e76ba119b]::run_test::{closure#1}, ()>
[INFO] [stdout]   16:     0x63abb9dfda92 - <std[617be2ca0a6fd877]::thread::lifecycle::spawn_unchecked<test[aada8e7e76ba119b]::run_test::{closure#1}, ()>::{closure#1} as core[a373ad73a504971]::ops::function::FnOnce<()>>::call_once::{shim:vtable#0}
[INFO] [stdout]   17:     0x63abb9ec9f0f - <std[617be2ca0a6fd877]::sys::thread::unix::Thread>::new::thread_start
[INFO] [stdout]   18:     0x7b6cc7783dfa - <unknown>
[INFO] [stdout]   19:     0x7b6cc78173d4 - clone
[INFO] [stdout]   20:                0x0 - <unknown>
[INFO] [stdout] 
[INFO] [stdout] ---- sdist::classifier::tests::cpp_ext_is_native stdout ----
[INFO] [stdout] 
[INFO] [stdout] thread 'sdist::classifier::tests::cpp_ext_is_native' (6207) panicked at src/sdist/classifier.rs:375:52:
[INFO] [stdout] called `Result::unwrap()` on an `Err` value: NotADir("/opt/rustwide/workdir/tests/fixtures/sdist/classify/cpp_ext")
[INFO] [stdout] stack backtrace:
[INFO] [stdout]    0:     0x63abb9ecb461 - <<std[617be2ca0a6fd877]::sys::backtrace::BacktraceLock>::print::DisplayBacktrace as core[a373ad73a504971]::fmt::Display>::fmt
[INFO] [stdout]    1:     0x63abb9ee5d7a - core[a373ad73a504971]::fmt::write
[INFO] [stdout]    2:     0x63abb9ed1afc - <alloc[2e1b2a31b91974c5]::vec::Vec<u8> as core[a373ad73a504971]::io::write::Write>::write_fmt
[INFO] [stdout]    3:     0x63abb9ea0356 - std[617be2ca0a6fd877]::panicking::default_hook::{closure#0}
[INFO] [stdout]    4:     0x63abb9ec0849 - std[617be2ca0a6fd877]::panicking::default_hook
[INFO] [stdout]    5:     0x63abb9dfa3e0 - test[aada8e7e76ba119b]::test_main_inner::{closure#0}
[INFO] [stdout]    6:     0x63abb9ec0b72 - std[617be2ca0a6fd877]::panicking::panic_with_hook
[INFO] [stdout]    7:     0x63abb9ea0402 - std[617be2ca0a6fd877]::panicking::panic_handler::{closure#0}
[INFO] [stdout]    8:     0x63abb9e984c9 - std[617be2ca0a6fd877]::sys::backtrace::__rust_end_short_backtrace::<std[617be2ca0a6fd877]::panicking::panic_handler::{closure#0}, !>
[INFO] [stdout]    9:     0x63abb9ea17fd - __rustc[ea4f61d10b84890b]::rust_begin_unwind
[INFO] [stdout]   10:     0x63abb9ee655c - core[a373ad73a504971]::panicking::panic_fmt
[INFO] [stdout]   11:     0x63abb9ee6332 - core[a373ad73a504971]::result::unwrap_failed
[INFO] [stdout]   12:     0x63abb99b7a32 - <muntjac[4393a5c400db5553]::sdist::classifier::tests::cpp_ext_is_native::{closure#0} as core[a373ad73a504971]::ops::function::FnOnce<()>>::call_once
[INFO] [stdout]   13:     0x63abb9ded82b - test[aada8e7e76ba119b]::__rust_begin_short_backtrace::<core[a373ad73a504971]::result::Result<(), alloc[2e1b2a31b91974c5]::string::String>, fn() -> core[a373ad73a504971]::result::Result<(), alloc[2e1b2a31b91974c5]::string::String>>
[INFO] [stdout]   14:     0x63abb9dfaa05 - test[aada8e7e76ba119b]::run_test::{closure#0}
[INFO] [stdout]   15:     0x63abb9df42f4 - std[617be2ca0a6fd877]::sys::backtrace::__rust_begin_short_backtrace::<test[aada8e7e76ba119b]::run_test::{closure#1}, ()>
[INFO] [stdout]   16:     0x63abb9dfda92 - <std[617be2ca0a6fd877]::thread::lifecycle::spawn_unchecked<test[aada8e7e76ba119b]::run_test::{closure#1}, ()>::{closure#1} as core[a373ad73a504971]::ops::function::FnOnce<()>>::call_once::{shim:vtable#0}
[INFO] [stdout]   17:     0x63abb9ec9f0f - <std[617be2ca0a6fd877]::sys::thread::unix::Thread>::new::thread_start
[INFO] [stdout]   18:     0x7b6cc7783dfa - <unknown>
[INFO] [stdout]   19:     0x7b6cc78173d4 - clone
[INFO] [stdout]   20:                0x0 - <unknown>
[INFO] [stdout] 
[INFO] [stdout] ---- sdist::classifier::tests::excluded_dir_does_not_trigger_native stdout ----
[INFO] [stdout] 
[INFO] [stdout] thread 'sdist::classifier::tests::excluded_dir_does_not_trigger_native' (6208) panicked at src/sdist/classifier.rs:409:43:
[INFO] [stdout] called `Result::unwrap()` on an `Err` value: Os { code: 30, kind: ReadOnlyFilesystem, message: "Read-only file system" }
[INFO] [stdout] stack backtrace:
[INFO] [stdout]    0:     0x63abb9ecb461 - <<std[617be2ca0a6fd877]::sys::backtrace::BacktraceLock>::print::DisplayBacktrace as core[a373ad73a504971]::fmt::Display>::fmt
[INFO] [stdout]    1:     0x63abb9ee5d7a - core[a373ad73a504971]::fmt::write
[INFO] [stdout]    2:     0x63abb9ed1afc - <alloc[2e1b2a31b91974c5]::vec::Vec<u8> as core[a373ad73a504971]::io::write::Write>::write_fmt
[INFO] [stdout]    3:     0x63abb9ea0356 - std[617be2ca0a6fd877]::panicking::default_hook::{closure#0}
[INFO] [stdout]    4:     0x63abb9ec0849 - std[617be2ca0a6fd877]::panicking::default_hook
[INFO] [stdout]    5:     0x63abb9dfa3e0 - test[aada8e7e76ba119b]::test_main_inner::{closure#0}
[INFO] [stdout]    6:     0x63abb9ec0b72 - std[617be2ca0a6fd877]::panicking::panic_with_hook
[INFO] [stdout]    7:     0x63abb9ea0402 - std[617be2ca0a6fd877]::panicking::panic_handler::{closure#0}
[INFO] [stdout]    8:     0x63abb9e984c9 - std[617be2ca0a6fd877]::sys::backtrace::__rust_end_short_backtrace::<std[617be2ca0a6fd877]::panicking::panic_handler::{closure#0}, !>
[INFO] [stdout]    9:     0x63abb9ea17fd - __rustc[ea4f61d10b84890b]::rust_begin_unwind
[INFO] [stdout]   10:     0x63abb9ee655c - core[a373ad73a504971]::panicking::panic_fmt
[INFO] [stdout]   11:     0x63abb9ee6332 - core[a373ad73a504971]::result::unwrap_failed
[INFO] [stdout]   12:     0x63abb99b8fda - <muntjac[4393a5c400db5553]::sdist::classifier::tests::excluded_dir_does_not_trigger_native::{closure#0} as core[a373ad73a504971]::ops::function::FnOnce<()>>::call_once
[INFO] [stdout]   13:     0x63abb9ded82b - test[aada8e7e76ba119b]::__rust_begin_short_backtrace::<core[a373ad73a504971]::result::Result<(), alloc[2e1b2a31b91974c5]::string::String>, fn() -> core[a373ad73a504971]::result::Result<(), alloc[2e1b2a31b91974c5]::string::String>>
[INFO] [stdout]   14:     0x63abb9dfaa05 - test[aada8e7e76ba119b]::run_test::{closure#0}
[INFO] [stdout]   15:     0x63abb9df42f4 - std[617be2ca0a6fd877]::sys::backtrace::__rust_begin_short_backtrace::<test[aada8e7e76ba119b]::run_test::{closure#1}, ()>
[INFO] [stdout]   16:     0x63abb9dfda92 - <std[617be2ca0a6fd877]::thread::lifecycle::spawn_unchecked<test[aada8e7e76ba119b]::run_test::{closure#1}, ()>::{closure#1} as core[a373ad73a504971]::ops::function::FnOnce<()>>::call_once::{shim:vtable#0}
[INFO] [stdout]   17:     0x63abb9ec9f0f - <std[617be2ca0a6fd877]::sys::thread::unix::Thread>::new::thread_start
[INFO] [stdout]   18:     0x7b6cc7783dfa - <unknown>
[INFO] [stdout]   19:     0x7b6cc78173d4 - clone
[INFO] [stdout]   20:                0x0 - <unknown>
[INFO] [stdout] 
[INFO] [stdout] ---- sdist::classifier::tests::meson_build_is_native stdout ----
[INFO] [stdout] 
[INFO] [stdout] thread 'sdist::classifier::tests::meson_build_is_native' (6211) panicked at src/sdist/classifier.rs:333:56:
[INFO] [stdout] called `Result::unwrap()` on an `Err` value: NotADir("/opt/rustwide/workdir/tests/fixtures/sdist/classify/meson_build")
[INFO] [stdout] stack backtrace:
[INFO] [stdout]    0:     0x63abb9ecb461 - <<std[617be2ca0a6fd877]::sys::backtrace::BacktraceLock>::print::DisplayBacktrace as core[a373ad73a504971]::fmt::Display>::fmt
[INFO] [stdout]    1:     0x63abb9ee5d7a - core[a373ad73a504971]::fmt::write
[INFO] [stdout]    2:     0x63abb9ed1afc - <alloc[2e1b2a31b91974c5]::vec::Vec<u8> as core[a373ad73a504971]::io::write::Write>::write_fmt
[INFO] [stdout]    3:     0x63abb9ea0356 - std[617be2ca0a6fd877]::panicking::default_hook::{closure#0}
[INFO] [stdout]    4:     0x63abb9ec0849 - std[617be2ca0a6fd877]::panicking::default_hook
[INFO] [stdout]    5:     0x63abb9dfa3e0 - test[aada8e7e76ba119b]::test_main_inner::{closure#0}
[INFO] [stdout]    6:     0x63abb9ec0b72 - std[617be2ca0a6fd877]::panicking::panic_with_hook
[INFO] [stdout]    7:     0x63abb9ea0402 - std[617be2ca0a6fd877]::panicking::panic_handler::{closure#0}
[INFO] [stdout]    8:     0x63abb9e984c9 - std[617be2ca0a6fd877]::sys::backtrace::__rust_end_short_backtrace::<std[617be2ca0a6fd877]::panicking::panic_handler::{closure#0}, !>
[INFO] [stdout]    9:     0x63abb9ea17fd - __rustc[ea4f61d10b84890b]::rust_begin_unwind
[INFO] [stdout]   10:     0x63abb9ee655c - core[a373ad73a504971]::panicking::panic_fmt
[INFO] [stdout]   11:     0x63abb9ee6332 - core[a373ad73a504971]::result::unwrap_failed
[INFO] [stdout]   12:     0x63abb99b8372 - <muntjac[4393a5c400db5553]::sdist::classifier::tests::meson_build_is_native::{closure#0} as core[a373ad73a504971]::ops::function::FnOnce<()>>::call_once
[INFO] [stdout]   13:     0x63abb9ded82b - test[aada8e7e76ba119b]::__rust_begin_short_backtrace::<core[a373ad73a504971]::result::Result<(), alloc[2e1b2a31b91974c5]::string::String>, fn() -> core[a373ad73a504971]::result::Result<(), alloc[2e1b2a31b91974c5]::string::String>>
[INFO] [stdout]   14:     0x63abb9dfaa05 - test[aada8e7e76ba119b]::run_test::{closure#0}
[INFO] [stdout]   15:     0x63abb9df42f4 - std[617be2ca0a6fd877]::sys::backtrace::__rust_begin_short_backtrace::<test[aada8e7e76ba119b]::run_test::{closure#1}, ()>
[INFO] [stdout]   16:     0x63abb9dfda92 - <std[617be2ca0a6fd877]::thread::lifecycle::spawn_unchecked<test[aada8e7e76ba119b]::run_test::{closure#1}, ()>::{closure#1} as core[a373ad73a504971]::ops::function::FnOnce<()>>::call_once::{shim:vtable#0}
[INFO] [stdout]   17:     0x63abb9ec9f0f - <std[617be2ca0a6fd877]::sys::thread::unix::Thread>::new::thread_start
[INFO] [stdout]   18:     0x7b6cc7783dfa - <unknown>
[INFO] [stdout]   19:     0x7b6cc78173d4 - clone
[INFO] [stdout]   20:                0x0 - <unknown>
[INFO] [stdout] 
[INFO] [stdout] ---- sdist::classifier::tests::hatchling_pure stdout ----
[INFO] [stdout] 
[INFO] [stdout] thread 'sdist::classifier::tests::hatchling_pure' (6210) panicked at src/sdist/classifier.rs:243:59:
[INFO] [stdout] called `Result::unwrap()` on an `Err` value: NotADir("/opt/rustwide/workdir/tests/fixtures/sdist/classify/hatchling_pure")
[INFO] [stdout] stack backtrace:
[INFO] [stdout]    0:     0x63abb9ecb461 - <<std[617be2ca0a6fd877]::sys::backtrace::BacktraceLock>::print::DisplayBacktrace as core[a373ad73a504971]::fmt::Display>::fmt
[INFO] [stdout]    1:     0x63abb9ee5d7a - core[a373ad73a504971]::fmt::write
[INFO] [stdout]    2:     0x63abb9ed1afc - <alloc[2e1b2a31b91974c5]::vec::Vec<u8> as core[a373ad73a504971]::io::write::Write>::write_fmt
[INFO] [stdout]    3:     0x63abb9ea0356 - std[617be2ca0a6fd877]::panicking::default_hook::{closure#0}
[INFO] [stdout]    4:     0x63abb9ec0849 - std[617be2ca0a6fd877]::panicking::default_hook
[INFO] [stdout]    5:     0x63abb9dfa3e0 - test[aada8e7e76ba119b]::test_main_inner::{closure#0}
[INFO] [stdout]    6:     0x63abb9ec0b72 - std[617be2ca0a6fd877]::panicking::panic_with_hook
[INFO] [stdout]    7:     0x63abb9ea0402 - std[617be2ca0a6fd877]::panicking::panic_handler::{closure#0}
[INFO] [stdout]    8:     0x63abb9e984c9 - std[617be2ca0a6fd877]::sys::backtrace::__rust_end_short_backtrace::<std[617be2ca0a6fd877]::panicking::panic_handler::{closure#0}, !>
[INFO] [stdout]    9:     0x63abb9ea17fd - __rustc[ea4f61d10b84890b]::rust_begin_unwind
[INFO] [stdout]   10:     0x63abb9ee655c - core[a373ad73a504971]::panicking::panic_fmt
[INFO] [stdout]   11:     0x63abb9ee6332 - core[a373ad73a504971]::result::unwrap_failed
[INFO] [stdout]   12:     0x63abb99b6ea0 - <muntjac[4393a5c400db5553]::sdist::classifier::tests::hatchling_pure::{closure#0} as core[a373ad73a504971]::ops::function::FnOnce<()>>::call_once
[INFO] [stdout]   13:     0x63abb9ded82b - test[aada8e7e76ba119b]::__rust_begin_short_backtrace::<core[a373ad73a504971]::result::Result<(), alloc[2e1b2a31b91974c5]::string::String>, fn() -> core[a373ad73a504971]::result::Result<(), alloc[2e1b2a31b91974c5]::string::String>>
[INFO] [stdout]   14:     0x63abb9dfaa05 - test[aada8e7e76ba119b]::run_test::{closure#0}
[INFO] [stdout]   15:     0x63abb9df42f4 - std[617be2ca0a6fd877]::sys::backtrace::__rust_begin_short_backtrace::<test[aada8e7e76ba119b]::run_test::{closure#1}, ()>
[INFO] [stdout]   16:     0x63abb9dfda92 - <std[617be2ca0a6fd877]::thread::lifecycle::spawn_unchecked<test[aada8e7e76ba119b]::run_test::{closure#1}, ()>::{closure#1} as core[a373ad73a504971]::ops::function::FnOnce<()>>::call_once::{shim:vtable#0}
[INFO] [stdout]   17:     0x63abb9ec9f0f - <std[617be2ca0a6fd877]::sys::thread::unix::Thread>::new::thread_start
[INFO] [stdout]   18:     0x7b6cc7783dfa - <unknown>
[INFO] [stdout]   19:     0x7b6cc78173d4 - clone
[INFO] [stdout]   20:                0x0 - <unknown>
[INFO] [stdout] 
[INFO] [stdout] ---- sdist::classifier::tests::flit_core_pure stdout ----
[INFO] [stdout] 
[INFO] [stdout] thread 'sdist::classifier::tests::flit_core_pure' (6209) panicked at src/sdist/classifier.rs:232:59:
[INFO] [stdout] called `Result::unwrap()` on an `Err` value: NotADir("/opt/rustwide/workdir/tests/fixtures/sdist/classify/flit_core_pure")
[INFO] [stdout] stack backtrace:
[INFO] [stdout]    0:     0x63abb9ecb461 - <<std[617be2ca0a6fd877]::sys::backtrace::BacktraceLock>::print::DisplayBacktrace as core[a373ad73a504971]::fmt::Display>::fmt
[INFO] [stdout]    1:     0x63abb9ee5d7a - core[a373ad73a504971]::fmt::write
[INFO] [stdout]    2:     0x63abb9ed1afc - <alloc[2e1b2a31b91974c5]::vec::Vec<u8> as core[a373ad73a504971]::io::write::Write>::write_fmt
[INFO] [stdout]    3:     0x63abb9ea0356 - std[617be2ca0a6fd877]::panicking::default_hook::{closure#0}
[INFO] [stdout]    4:     0x63abb9ec0849 - std[617be2ca0a6fd877]::panicking::default_hook
[INFO] [stdout]    5:     0x63abb9dfa3e0 - test[aada8e7e76ba119b]::test_main_inner::{closure#0}
[INFO] [stdout]    6:     0x63abb9ec0b72 - std[617be2ca0a6fd877]::panicking::panic_with_hook
[INFO] [stdout]    7:     0x63abb9ea0402 - std[617be2ca0a6fd877]::panicking::panic_handler::{closure#0}
[INFO] [stdout]    8:     0x63abb9e984c9 - std[617be2ca0a6fd877]::sys::backtrace::__rust_end_short_backtrace::<std[617be2ca0a6fd877]::panicking::panic_handler::{closure#0}, !>
[INFO] [stdout]    9:     0x63abb9ea17fd - __rustc[ea4f61d10b84890b]::rust_begin_unwind
[INFO] [stdout]   10:     0x63abb9ee655c - core[a373ad73a504971]::panicking::panic_fmt
[INFO] [stdout]   11:     0x63abb9ee6332 - core[a373ad73a504971]::result::unwrap_failed
[INFO] [stdout]   12:     0x63abb99b6c70 - <muntjac[4393a5c400db5553]::sdist::classifier::tests::flit_core_pure::{closure#0} as core[a373ad73a504971]::ops::function::FnOnce<()>>::call_once
[INFO] [stdout]   13:     0x63abb9ded82b - test[aada8e7e76ba119b]::__rust_begin_short_backtrace::<core[a373ad73a504971]::result::Result<(), alloc[2e1b2a31b91974c5]::string::String>, fn() -> core[a373ad73a504971]::result::Result<(), alloc[2e1b2a31b91974c5]::string::String>>
[INFO] [stdout]   14:     0x63abb9dfaa05 - test[aada8e7e76ba119b]::run_test::{closure#0}
[INFO] [stdout]   15:     0x63abb9df42f4 - std[617be2ca0a6fd877]::sys::backtrace::__rust_begin_short_backtrace::<test[aada8e7e76ba119b]::run_test::{closure#1}, ()>
[INFO] [stdout]   16:     0x63abb9dfda92 - <std[617be2ca0a6fd877]::thread::lifecycle::spawn_unchecked<test[aada8e7e76ba119b]::run_test::{closure#1}, ()>::{closure#1} as core[a373ad73a504971]::ops::function::FnOnce<()>>::call_once::{shim:vtable#0}
[INFO] [stdout]   17:     0x63abb9ec9f0f - <std[617be2ca0a6fd877]::sys::thread::unix::Thread>::new::thread_start
[INFO] [stdout]   18:     0x7b6cc7783dfa - <unknown>
[INFO] [stdout]   19:     0x7b6cc78173d4 - clone
[INFO] [stdout]   20:                0x0 - <unknown>
[INFO] [stdout] 
[INFO] [stdout] ---- sdist::classifier::tests::pyx_ext_is_native stdout ----
[INFO] [stdout] 
[INFO] [stdout] thread 'sdist::classifier::tests::pyx_ext_is_native' (6215) panicked at src/sdist/classifier.rs:389:52:
[INFO] [stdout] called `Result::unwrap()` on an `Err` value: NotADir("/opt/rustwide/workdir/tests/fixtures/sdist/classify/pyx_ext")
[INFO] [stdout] stack backtrace:
[INFO] [stdout]    0:     0x63abb9ecb461 - <<std[617be2ca0a6fd877]::sys::backtrace::BacktraceLock>::print::DisplayBacktrace as core[a373ad73a504971]::fmt::Display>::fmt
[INFO] [stdout]    1:     0x63abb9ee5d7a - core[a373ad73a504971]::fmt::write
[INFO] [stdout]    2:     0x63abb9ed1afc - <alloc[2e1b2a31b91974c5]::vec::Vec<u8> as core[a373ad73a504971]::io::write::Write>::write_fmt
[INFO] [stdout]    3:     0x63abb9ea0356 - std[617be2ca0a6fd877]::panicking::default_hook::{closure#0}
[INFO] [stdout]    4:     0x63abb9ec0849 - std[617be2ca0a6fd877]::panicking::default_hook
[INFO] [stdout]    5:     0x63abb9dfa3e0 - test[aada8e7e76ba119b]::test_main_inner::{closure#0}
[INFO] [stdout]    6:     0x63abb9ec0b72 - std[617be2ca0a6fd877]::panicking::panic_with_hook
[INFO] [stdout]    7:     0x63abb9ea0402 - std[617be2ca0a6fd877]::panicking::panic_handler::{closure#0}
[INFO] [stdout]    8:     0x63abb9e984c9 - std[617be2ca0a6fd877]::sys::backtrace::__rust_end_short_backtrace::<std[617be2ca0a6fd877]::panicking::panic_handler::{closure#0}, !>
[INFO] [stdout]    9:     0x63abb9ea17fd - __rustc[ea4f61d10b84890b]::rust_begin_unwind
[INFO] [stdout]   10:     0x63abb9ee655c - core[a373ad73a504971]::panicking::panic_fmt
[INFO] [stdout]   11:     0x63abb9ee6332 - core[a373ad73a504971]::result::unwrap_failed
[INFO] [stdout]   12:     0x63abb99b7ca2 - <muntjac[4393a5c400db5553]::sdist::classifier::tests::pyx_ext_is_native::{closure#0} as core[a373ad73a504971]::ops::function::FnOnce<()>>::call_once
[INFO] [stdout]   13:     0x63abb9ded82b - test[aada8e7e76ba119b]::__rust_begin_short_backtrace::<core[a373ad73a504971]::result::Result<(), alloc[2e1b2a31b91974c5]::string::String>, fn() -> core[a373ad73a504971]::result::Result<(), alloc[2e1b2a31b91974c5]::string::String>>
[INFO] [stdout]   14:     0x63abb9dfaa05 - test[aada8e7e76ba119b]::run_test::{closure#0}
[INFO] [stdout]   15:     0x63abb9df42f4 - std[617be2ca0a6fd877]::sys::backtrace::__rust_begin_short_backtrace::<test[aada8e7e76ba119b]::run_test::{closure#1}, ()>
[INFO] [stdout]   16:     0x63abb9dfda92 - <std[617be2ca0a6fd877]::thread::lifecycle::spawn_unchecked<test[aada8e7e76ba119b]::run_test::{closure#1}, ()>::{closure#1} as core[a373ad73a504971]::ops::function::FnOnce<()>>::call_once::{shim:vtable#0}
[INFO] [stdout]   17:     0x63abb9ec9f0f - <std[617be2ca0a6fd877]::sys::thread::unix::Thread>::new::thread_start
[INFO] [stdout]   18:     0x7b6cc7783dfa - <unknown>
[INFO] [stdout]   19:     0x7b6cc78173d4 - clone
[INFO] [stdout]   20:                0x0 - <unknown>
[INFO] [stdout] 
[INFO] [stdout] ---- sdist::classifier::tests::poetry_core_pure stdout ----
[INFO] [stdout] 
[INFO] [stdout] thread 'sdist::classifier::tests::poetry_core_pure' (6214) panicked at src/sdist/classifier.rs:265:61:
[INFO] [stdout] called `Result::unwrap()` on an `Err` value: NotADir("/opt/rustwide/workdir/tests/fixtures/sdist/classify/poetry_core_pure")
[INFO] [stdout] stack backtrace:
[INFO] [stdout]    0:     0x63abb9ecb461 - <<std[617be2ca0a6fd877]::sys::backtrace::BacktraceLock>::print::DisplayBacktrace as core[a373ad73a504971]::fmt::Display>::fmt
[INFO] [stdout]    1:     0x63abb9ee5d7a - core[a373ad73a504971]::fmt::write
[INFO] [stdout]    2:     0x63abb9ed1afc - <alloc[2e1b2a31b91974c5]::vec::Vec<u8> as core[a373ad73a504971]::io::write::Write>::write_fmt
[INFO] [stdout]    3:     0x63abb9ea0356 - std[617be2ca0a6fd877]::panicking::default_hook::{closure#0}
[INFO] [stdout]    4:     0x63abb9ec0849 - std[617be2ca0a6fd877]::panicking::default_hook
[INFO] [stdout]    5:     0x63abb9dfa3e0 - test[aada8e7e76ba119b]::test_main_inner::{closure#0}
[INFO] [stdout]    6:     0x63abb9ec0b72 - std[617be2ca0a6fd877]::panicking::panic_with_hook
[INFO] [stdout]    7:     0x63abb9ea0402 - std[617be2ca0a6fd877]::panicking::panic_handler::{closure#0}
[INFO] [stdout]    8:     0x63abb9e984c9 - std[617be2ca0a6fd877]::sys::backtrace::__rust_end_short_backtrace::<std[617be2ca0a6fd877]::panicking::panic_handler::{closure#0}, !>
[INFO] [stdout]    9:     0x63abb9ea17fd - __rustc[ea4f61d10b84890b]::rust_begin_unwind
[INFO] [stdout]   10:     0x63abb9ee655c - core[a373ad73a504971]::panicking::panic_fmt
[INFO] [stdout]   11:     0x63abb9ee6332 - core[a373ad73a504971]::result::unwrap_failed
[INFO] [stdout]   12:     0x63abb99b77a0 - <muntjac[4393a5c400db5553]::sdist::classifier::tests::poetry_core_pure::{closure#0} as core[a373ad73a504971]::ops::function::FnOnce<()>>::call_once
[INFO] [stdout]   13:     0x63abb9ded82b - test[aada8e7e76ba119b]::__rust_begin_short_backtrace::<core[a373ad73a504971]::result::Result<(), alloc[2e1b2a31b91974c5]::string::String>, fn() -> core[a373ad73a504971]::result::Result<(), alloc[2e1b2a31b91974c5]::string::String>>
[INFO] [stdout]   14:     0x63abb9dfaa05 - test[aada8e7e76ba119b]::run_test::{closure#0}
[INFO] [stdout]   15:     0x63abb9df42f4 - std[617be2ca0a6fd877]::sys::backtrace::__rust_begin_short_backtrace::<test[aada8e7e76ba119b]::run_test::{closure#1}, ()>
[INFO] [stdout]   16:     0x63abb9dfda92 - <std[617be2ca0a6fd877]::thread::lifecycle::spawn_unchecked<test[aada8e7e76ba119b]::run_test::{closure#1}, ()>::{closure#1} as core[a373ad73a504971]::ops::function::FnOnce<()>>::call_once::{shim:vtable#0}
[INFO] [stdout]   17:     0x63abb9ec9f0f - <std[617be2ca0a6fd877]::sys::thread::unix::Thread>::new::thread_start
[INFO] [stdout]   18:     0x7b6cc7783dfa - <unknown>
[INFO] [stdout]   19:     0x7b6cc78173d4 - clone
[INFO] [stdout]   20:                0x0 - <unknown>
[INFO] [stdout] 
[INFO] [stdout] ---- sdist::classifier::tests::missing_pyproject_is_native stdout ----
[INFO] [stdout] 
[INFO] [stdout] thread 'sdist::classifier::tests::missing_pyproject_is_native' (6212) panicked at src/sdist/classifier.rs:287:62:
[INFO] [stdout] called `Result::unwrap()` on an `Err` value: NotADir("/opt/rustwide/workdir/tests/fixtures/sdist/classify/missing_pyproject")
[INFO] [stdout] stack backtrace:
[INFO] [stdout]    0:     0x63abb9ecb461 - <<std[617be2ca0a6fd877]::sys::backtrace::BacktraceLock>::print::DisplayBacktrace as core[a373ad73a504971]::fmt::Display>::fmt
[INFO] [stdout]    1:     0x63abb9ee5d7a - core[a373ad73a504971]::fmt::write
[INFO] [stdout]    2:     0x63abb9ed1afc - <alloc[2e1b2a31b91974c5]::vec::Vec<u8> as core[a373ad73a504971]::io::write::Write>::write_fmt
[INFO] [stdout]    3:     0x63abb9ea0356 - std[617be2ca0a6fd877]::panicking::default_hook::{closure#0}
[INFO] [stdout]    4:     0x63abb9ec0849 - std[617be2ca0a6fd877]::panicking::default_hook
[INFO] [stdout]    5:     0x63abb9dfa3e0 - test[aada8e7e76ba119b]::test_main_inner::{closure#0}
[INFO] [stdout]    6:     0x63abb9ec0b72 - std[617be2ca0a6fd877]::panicking::panic_with_hook
[INFO] [stdout]    7:     0x63abb9ea0402 - std[617be2ca0a6fd877]::panicking::panic_handler::{closure#0}
[INFO] [stdout]    8:     0x63abb9e984c9 - std[617be2ca0a6fd877]::sys::backtrace::__rust_end_short_backtrace::<std[617be2ca0a6fd877]::panicking::panic_handler::{closure#0}, !>
[INFO] [stdout]    9:     0x63abb9ea17fd - __rustc[ea4f61d10b84890b]::rust_begin_unwind
[INFO] [stdout]   10:     0x63abb9ee655c - core[a373ad73a504971]::panicking::panic_fmt
[INFO] [stdout]   11:     0x63abb9ee6332 - core[a373ad73a504971]::result::unwrap_failed
[INFO] [stdout]   12:     0x63abb99b886d - <muntjac[4393a5c400db5553]::sdist::classifier::tests::missing_pyproject_is_native::{closure#0} as core[a373ad73a504971]::ops::function::FnOnce<()>>::call_once
[INFO] [stdout]   13:     0x63abb9ded82b - test[aada8e7e76ba119b]::__rust_begin_short_backtrace::<core[a373ad73a504971]::result::Result<(), alloc[2e1b2a31b91974c5]::string::String>, fn() -> core[a373ad73a504971]::result::Result<(), alloc[2e1b2a31b91974c5]::string::String>>
[INFO] [stdout]   14:     0x63abb9dfaa05 - test[aada8e7e76ba119b]::run_test::{closure#0}
[INFO] [stdout]   15:     0x63abb9df42f4 - std[617be2ca0a6fd877]::sys::backtrace::__rust_begin_short_backtrace::<test[aada8e7e76ba119b]::run_test::{closure#1}, ()>
[INFO] [stdout]   16:     0x63abb9dfda92 - <std[617be2ca0a6fd877]::thread::lifecycle::spawn_unchecked<test[aada8e7e76ba119b]::run_test::{closure#1}, ()>::{closure#1} as core[a373ad73a504971]::ops::function::FnOnce<()>>::call_once::{shim:vtable#0}
[INFO] [stdout]   17:     0x63abb9ec9f0f - <std[617be2ca0a6fd877]::sys::thread::unix::Thread>::new::thread_start
[INFO] [stdout]   18:     0x7b6cc7783dfa - <unknown>
[INFO] [stdout]   19:     0x7b6cc78173d4 - clone
[INFO] [stdout]   20:                0x0 - <unknown>
[INFO] [stdout] 
[INFO] [stdout] ---- sdist::classifier::tests::setuptools_ext_modules_is_native stdout ----
[INFO] [stdout] 
[INFO] [stdout] thread 'sdist::classifier::tests::setuptools_ext_modules_is_native' (6217) panicked at src/sdist/classifier.rs:309:67:
[INFO] [stdout] called `Result::unwrap()` on an `Err` value: NotADir("/opt/rustwide/workdir/tests/fixtures/sdist/classify/setuptools_ext_modules")
[INFO] [stdout] stack backtrace:
[INFO] [stdout]    0:     0x63abb9ecb461 - <<std[617be2ca0a6fd877]::sys::backtrace::BacktraceLock>::print::DisplayBacktrace as core[a373ad73a504971]::fmt::Display>::fmt
[INFO] [stdout]    1:     0x63abb9ee5d7a - core[a373ad73a504971]::fmt::write
[INFO] [stdout]    2:     0x63abb9ed1afc - <alloc[2e1b2a31b91974c5]::vec::Vec<u8> as core[a373ad73a504971]::io::write::Write>::write_fmt
[INFO] [stdout]    3:     0x63abb9ea0356 - std[617be2ca0a6fd877]::panicking::default_hook::{closure#0}
[INFO] [stdout]    4:     0x63abb9ec0849 - std[617be2ca0a6fd877]::panicking::default_hook
[INFO] [stdout]    5:     0x63abb9dfa3e0 - test[aada8e7e76ba119b]::test_main_inner::{closure#0}
[INFO] [stdout]    6:     0x63abb9ec0b72 - std[617be2ca0a6fd877]::panicking::panic_with_hook
[INFO] [stdout]    7:     0x63abb9ea0402 - std[617be2ca0a6fd877]::panicking::panic_handler::{closure#0}
[INFO] [stdout]    8:     0x63abb9e984c9 - std[617be2ca0a6fd877]::sys::backtrace::__rust_end_short_backtrace::<std[617be2ca0a6fd877]::panicking::panic_handler::{closure#0}, !>
[INFO] [stdout]    9:     0x63abb9ea17fd - __rustc[ea4f61d10b84890b]::rust_begin_unwind
[INFO] [stdout]   10:     0x63abb9ee655c - core[a373ad73a504971]::panicking::panic_fmt
[INFO] [stdout]   11:     0x63abb9ee6332 - core[a373ad73a504971]::result::unwrap_failed
[INFO] [stdout]   12:     0x63abb99b8d4d - <muntjac[4393a5c400db5553]::sdist::classifier::tests::setuptools_ext_modules_is_native::{closure#0} as core[a373ad73a504971]::ops::function::FnOnce<()>>::call_once
[INFO] [stdout]   13:     0x63abb9ded82b - test[aada8e7e76ba119b]::__rust_begin_short_backtrace::<core[a373ad73a504971]::result::Result<(), alloc[2e1b2a31b91974c5]::string::String>, fn() -> core[a373ad73a504971]::result::Result<(), alloc[2e1b2a31b91974c5]::string::String>>
[INFO] [stdout]   14:     0x63abb9dfaa05 - test[aada8e7e76ba119b]::run_test::{closure#0}
[INFO] [stdout]   15:     0x63abb9df42f4 - std[617be2ca0a6fd877]::sys::backtrace::__rust_begin_short_backtrace::<test[aada8e7e76ba119b]::run_test::{closure#1}, ()>
[INFO] [stdout]   16:     0x63abb9dfda92 - <std[617be2ca0a6fd877]::thread::lifecycle::spawn_unchecked<test[aada8e7e76ba119b]::run_test::{closure#1}, ()>::{closure#1} as core[a373ad73a504971]::ops::function::FnOnce<()>>::call_once::{shim:vtable#0}
[INFO] [stdout]   17:     0x63abb9ec9f0f - <std[617be2ca0a6fd877]::sys::thread::unix::Thread>::new::thread_start
[INFO] [stdout]   18:     0x7b6cc7783dfa - <unknown>
[INFO] [stdout]   19:     0x7b6cc78173d4 - clone
[INFO] [stdout]   20:                0x0 - <unknown>
[INFO] [stdout] 
[INFO] [stdout] ---- sdist::classifier::tests::setuptools_pure stdout ----
[INFO] [stdout] 
[INFO] [stdout] thread 'sdist::classifier::tests::setuptools_pure' (6218) panicked at src/sdist/classifier.rs:254:60:
[INFO] [stdout] called `Result::unwrap()` on an `Err` value: NotADir("/opt/rustwide/workdir/tests/fixtures/sdist/classify/setuptools_pure")
[INFO] [stdout] stack backtrace:
[INFO] [stdout]    0:     0x63abb9ecb461 - <<std[617be2ca0a6fd877]::sys::backtrace::BacktraceLock>::print::DisplayBacktrace as core[a373ad73a504971]::fmt::Display>::fmt
[INFO] [stdout]    1:     0x63abb9ee5d7a - core[a373ad73a504971]::fmt::write
[INFO] [stdout]    2:     0x63abb9ed1afc - <alloc[2e1b2a31b91974c5]::vec::Vec<u8> as core[a373ad73a504971]::io::write::Write>::write_fmt
[INFO] [stdout]    3:     0x63abb9ea0356 - std[617be2ca0a6fd877]::panicking::default_hook::{closure#0}
[INFO] [stdout]    4:     0x63abb9ec0849 - std[617be2ca0a6fd877]::panicking::default_hook
[INFO] [stdout]    5:     0x63abb9dfa3e0 - test[aada8e7e76ba119b]::test_main_inner::{closure#0}
[INFO] [stdout]    6:     0x63abb9ec0b72 - std[617be2ca0a6fd877]::panicking::panic_with_hook
[INFO] [stdout]    7:     0x63abb9ea0402 - std[617be2ca0a6fd877]::panicking::panic_handler::{closure#0}
[INFO] [stdout]    8:     0x63abb9e984c9 - std[617be2ca0a6fd877]::sys::backtrace::__rust_end_short_backtrace::<std[617be2ca0a6fd877]::panicking::panic_handler::{closure#0}, !>
[INFO] [stdout]    9:     0x63abb9ea17fd - __rustc[ea4f61d10b84890b]::rust_begin_unwind
[INFO] [stdout]   10:     0x63abb9ee655c - core[a373ad73a504971]::panicking::panic_fmt
[INFO] [stdout]   11:     0x63abb9ee6332 - core[a373ad73a504971]::result::unwrap_failed
[INFO] [stdout]   12:     0x63abb99b7340 - <muntjac[4393a5c400db5553]::sdist::classifier::tests::setuptools_pure::{closure#0} as core[a373ad73a504971]::ops::function::FnOnce<()>>::call_once
[INFO] [stdout]   13:     0x63abb9ded82b - test[aada8e7e76ba119b]::__rust_begin_short_backtrace::<core[a373ad73a504971]::result::Result<(), alloc[2e1b2a31b91974c5]::string::String>, fn() -> core[a373ad73a504971]::result::Result<(), alloc[2e1b2a31b91974c5]::string::String>>
[INFO] [stdout]   14:     0x63abb9dfaa05 - test[aada8e7e76ba119b]::run_test::{closure#0}
[INFO] [stdout]   15:     0x63abb9df42f4 - std[617be2ca0a6fd877]::sys::backtrace::__rust_begin_short_backtrace::<test[aada8e7e76ba119b]::run_test::{closure#1}, ()>
[INFO] [stdout]   16:     0x63abb9dfda92 - <std[617be2ca0a6fd877]::thread::lifecycle::spawn_unchecked<test[aada8e7e76ba119b]::run_test::{closure#1}, ()>::{closure#1} as core[a373ad73a504971]::ops::function::FnOnce<()>>::call_once::{shim:vtable#0}
[INFO] [stdout]   17:     0x63abb9ec9f0f - <std[617be2ca0a6fd877]::sys::thread::unix::Thread>::new::thread_start
[INFO] [stdout]   18:     0x7b6cc7783dfa - <unknown>
[INFO] [stdout]   19:     0x7b6cc78173d4 - clone
[INFO] [stdout]   20:                0x0 - <unknown>
[INFO] [stdout] 
[INFO] [stdout] ---- sdist::classifier::tests::unknown_backend_is_native stdout ----
[INFO] [stdout] 
[INFO] [stdout] thread 'sdist::classifier::tests::unknown_backend_is_native' (6219) panicked at src/sdist/classifier.rs:298:60:
[INFO] [stdout] called `Result::unwrap()` on an `Err` value: NotADir("/opt/rustwide/workdir/tests/fixtures/sdist/classify/unknown_backend")
[INFO] [stdout] stack backtrace:
[INFO] [stdout]    0:     0x63abb9ecb461 - <<std[617be2ca0a6fd877]::sys::backtrace::BacktraceLock>::print::DisplayBacktrace as core[a373ad73a504971]::fmt::Display>::fmt
[INFO] [stdout]    1:     0x63abb9ee5d7a - core[a373ad73a504971]::fmt::write
[INFO] [stdout]    2:     0x63abb9ed1afc - <alloc[2e1b2a31b91974c5]::vec::Vec<u8> as core[a373ad73a504971]::io::write::Write>::write_fmt
[INFO] [stdout]    3:     0x63abb9ea0356 - std[617be2ca0a6fd877]::panicking::default_hook::{closure#0}
[INFO] [stdout]    4:     0x63abb9ec0849 - std[617be2ca0a6fd877]::panicking::default_hook
[INFO] [stdout]    5:     0x63abb9dfa3e0 - test[aada8e7e76ba119b]::test_main_inner::{closure#0}
[INFO] [stdout]    6:     0x63abb9ec0b72 - std[617be2ca0a6fd877]::panicking::panic_with_hook
[INFO] [stdout]    7:     0x63abb9ea0402 - std[617be2ca0a6fd877]::panicking::panic_handler::{closure#0}
[INFO] [stdout]    8:     0x63abb9e984c9 - std[617be2ca0a6fd877]::sys::backtrace::__rust_end_short_backtrace::<std[617be2ca0a6fd877]::panicking::panic_handler::{closure#0}, !>
[INFO] [stdout]    9:     0x63abb9ea17fd - __rustc[ea4f61d10b84890b]::rust_begin_unwind
[INFO] [stdout]   10:     0x63abb9ee655c - core[a373ad73a504971]::panicking::panic_fmt
[INFO] [stdout]   11:     0x63abb9ee6332 - core[a373ad73a504971]::result::unwrap_failed
[INFO] [stdout]   12:     0x63abb99b8643 - <muntjac[4393a5c400db5553]::sdist::classifier::tests::unknown_backend_is_native::{closure#0} as core[a373ad73a504971]::ops::function::FnOnce<()>>::call_once
[INFO] [stdout]   13:     0x63abb9ded82b - test[aada8e7e76ba119b]::__rust_begin_short_backtrace::<core[a373ad73a504971]::result::Result<(), alloc[2e1b2a31b91974c5]::string::String>, fn() -> core[a373ad73a504971]::result::Result<(), alloc[2e1b2a31b91974c5]::string::String>>
[INFO] [stdout]   14:     0x63abb9dfaa05 - test[aada8e7e76ba119b]::run_test::{closure#0}
[INFO] [stdout]   15:     0x63abb9df42f4 - std[617be2ca0a6fd877]::sys::backtrace::__rust_begin_short_backtrace::<test[aada8e7e76ba119b]::run_test::{closure#1}, ()>
[INFO] [stdout]   16:     0x63abb9dfda92 - <std[617be2ca0a6fd877]::thread::lifecycle::spawn_unchecked<test[aada8e7e76ba119b]::run_test::{closure#1}, ()>::{closure#1} as core[a373ad73a504971]::ops::function::FnOnce<()>>::call_once::{shim:vtable#0}
[INFO] [stdout]   17:     0x63abb9ec9f0f - <std[617be2ca0a6fd877]::sys::thread::unix::Thread>::new::thread_start
[INFO] [stdout]   18:     0x7b6cc7783dfa - <unknown>
[INFO] [stdout]   19:     0x7b6cc78173d4 - clone
[INFO] [stdout]   20:                0x0 - <unknown>
[INFO] [stdout] 
[INFO] [stdout] ---- sdist::classifier::tests::pdm_backend_pure stdout ----
[INFO] [stdout] 
[INFO] [stdout] thread 'sdist::classifier::tests::pdm_backend_pure' (6213) panicked at src/sdist/classifier.rs:276:61:
[INFO] [stdout] called `Result::unwrap()` on an `Err` value: NotADir("/opt/rustwide/workdir/tests/fixtures/sdist/classify/pdm_backend_pure")
[INFO] [stdout] stack backtrace:
[INFO] [stdout]    0:     0x63abb9ecb461 - <<std[617be2ca0a6fd877]::sys::backtrace::BacktraceLock>::print::DisplayBacktrace as core[a373ad73a504971]::fmt::Display>::fmt
[INFO] [stdout]    1:     0x63abb9ee5d7a - core[a373ad73a504971]::fmt::write
[INFO] [stdout]    2:     0x63abb9ed1afc - <alloc[2e1b2a31b91974c5]::vec::Vec<u8> as core[a373ad73a504971]::io::write::Write>::write_fmt
[INFO] [stdout]    3:     0x63abb9ea0356 - std[617be2ca0a6fd877]::panicking::default_hook::{closure#0}
[INFO] [stdout]    4:     0x63abb9ec0849 - std[617be2ca0a6fd877]::panicking::default_hook
[INFO] [stdout]    5:     0x63abb9dfa3e0 - test[aada8e7e76ba119b]::test_main_inner::{closure#0}
[INFO] [stdout]    6:     0x63abb9ec0b72 - std[617be2ca0a6fd877]::panicking::panic_with_hook
[INFO] [stdout]    7:     0x63abb9ea0402 - std[617be2ca0a6fd877]::panicking::panic_handler::{closure#0}
[INFO] [stdout]    8:     0x63abb9e984c9 - std[617be2ca0a6fd877]::sys::backtrace::__rust_end_short_backtrace::<std[617be2ca0a6fd877]::panicking::panic_handler::{closure#0}, !>
[INFO] [stdout]    9:     0x63abb9ea17fd - __rustc[ea4f61d10b84890b]::rust_begin_unwind
[INFO] [stdout]   10:     0x63abb9ee655c - core[a373ad73a504971]::panicking::panic_fmt
[INFO] [stdout]   11:     0x63abb9ee6332 - core[a373ad73a504971]::result::unwrap_failed
[INFO] [stdout]   12:     0x63abb99b7570 - <muntjac[4393a5c400db5553]::sdist::classifier::tests::pdm_backend_pure::{closure#0} as core[a373ad73a504971]::ops::function::FnOnce<()>>::call_once
[INFO] [stdout]   13:     0x63abb9ded82b - test[aada8e7e76ba119b]::__rust_begin_short_backtrace::<core[a373ad73a504971]::result::Result<(), alloc[2e1b2a31b91974c5]::string::String>, fn() -> core[a373ad73a504971]::result::Result<(), alloc[2e1b2a31b91974c5]::string::String>>
[INFO] [stdout]   14:     0x63abb9dfaa05 - test[aada8e7e76ba119b]::run_test::{closure#0}
[INFO] [stdout]   15:     0x63abb9df42f4 - std[617be2ca0a6fd877]::sys::backtrace::__rust_begin_short_backtrace::<test[aada8e7e76ba119b]::run_test::{closure#1}, ()>
[INFO] [stdout]   16:     0x63abb9dfda92 - <std[617be2ca0a6fd877]::thread::lifecycle::spawn_unchecked<test[aada8e7e76ba119b]::run_test::{closure#1}, ()>::{closure#1} as core[a373ad73a504971]::ops::function::FnOnce<()>>::call_once::{shim:vtable#0}
[INFO] [stdout]   17:     0x63abb9ec9f0f - <std[617be2ca0a6fd877]::sys::thread::unix::Thread>::new::thread_start
[INFO] [stdout]   18:     0x7b6cc7783dfa - <unknown>
[INFO] [stdout]   19:     0x7b6cc78173d4 - clone
[INFO] [stdout]   20:                0x0 - <unknown>
[INFO] [stdout] 
[INFO] [stdout] 
[INFO] [stdout] failures:
[INFO] [stdout]     sdist::classifier::tests::c_ext_is_native
[INFO] [stdout]     sdist::classifier::tests::cargo_toml_via_unknown_backend
[INFO] [stdout]     sdist::classifier::tests::cmakelists_is_native
[INFO] [stdout]     sdist::classifier::tests::cpp_ext_is_native
[INFO] [stdout]     sdist::classifier::tests::excluded_dir_does_not_trigger_native
[INFO] [stdout]     sdist::classifier::tests::flit_core_pure
[INFO] [stdout]     sdist::classifier::tests::hatchling_pure
[INFO] [stdout]     sdist::classifier::tests::meson_build_is_native
[INFO] [stdout]     sdist::classifier::tests::missing_pyproject_is_native
[INFO] [stdout]     sdist::classifier::tests::pdm_backend_pure
[INFO] [stdout]     sdist::classifier::tests::poetry_core_pure
[INFO] [stdout]     sdist::classifier::tests::pyx_ext_is_native
[INFO] [stdout]     sdist::classifier::tests::setuptools_ext_modules_is_native
[INFO] [stdout]     sdist::classifier::tests::setuptools_pure
[INFO] [stdout]     sdist::classifier::tests::unknown_backend_is_native
[INFO] [stdout] 
[INFO] [stdout] test result: FAILED. 297 passed; 15 failed; 0 ignored; 0 measured; 0 filtered out; finished in 0.32s
[INFO] [stdout] 
[INFO] [stderr] error: test failed, to rerun pass `--lib`
[INFO] running `Command { std: "docker" "inspect" "af7d5a06b440e598d5cf29846b099110b14c76e2cea1c799b841ea6834040aa8", kill_on_drop: false }`
[INFO] running `Command { std: "docker" "rm" "-f" "af7d5a06b440e598d5cf29846b099110b14c76e2cea1c799b841ea6834040aa8", kill_on_drop: false }`
[INFO] [stdout] af7d5a06b440e598d5cf29846b099110b14c76e2cea1c799b841ea6834040aa8
