[INFO] fetching crate monocle 1.6.0...
[INFO] testing monocle-1.6.0 against 1.100.0-beta.1+cargoflags=--release for beta-release-1.100-2
[INFO] extracting crate monocle 1.6.0 into /workspace/builds/worker-0-tc2/source
[INFO] started tweaking crates.io crate monocle 1.6.0
[INFO] removed 0 missing examples
[INFO] removed 0 missing tests
[INFO] finished tweaking crates.io crate monocle 1.6.0
[INFO] tweaked toml for crates.io crate monocle 1.6.0 written to /workspace/builds/worker-0-tc2/source/Cargo.toml
[INFO] validating manifest of crates.io crate monocle 1.6.0 on toolchain 1.100.0-beta.1
[INFO] running `Command { std: CARGO_HOME="/workspace/cargo-home" RUSTUP_HOME="/workspace/rustup-home" "/workspace/cargo-home/bin/cargo" "+1.100.0-beta.1" "metadata" "--manifest-path" "Cargo.toml" "--no-deps", kill_on_drop: false }`
[INFO] crate crates.io crate monocle 1.6.0 already has a lockfile, it will not be regenerated
[INFO] running `Command { std: CARGO_HOME="/workspace/cargo-home" RUSTUP_HOME="/workspace/rustup-home" "/workspace/cargo-home/bin/cargo" "+1.100.0-beta.1" "fetch" "--manifest-path" "Cargo.toml", kill_on_drop: false }`
[INFO] running `Command { std: "docker" "create" "-v" "/var/lib/crater-agent-workspace/builds/worker-0-tc2/source:/opt/rustwide/workdir:ro,Z" "-v" "/var/lib/crater-agent-workspace/builds/worker-0-tc2/target:/opt/rustwide/target:rw,Z" "-v" "/var/lib/crater-agent-workspace/cargo-home:/opt/rustwide/cargo-home:ro,Z" "-v" "/var/lib/crater-agent-workspace/rustup-home:/opt/rustwide/rustup-home:ro,Z" "-m" "1610612736" "--network" "none" "ghcr.io/rust-lang/crates-build-env/linux@sha256:77db811e55d90add9212f6832c23229e3de5f1c1f9905e8cb07319ea15df73ac" "sleep" "infinity", kill_on_drop: false }`
[INFO] [stdout] fc75db66d00fe6492fa90fb568cc59e54b8c800df7cdbeffc9f32bb5aebd25ef
[INFO] running `Command { std: "docker" "start" "fc75db66d00fe6492fa90fb568cc59e54b8c800df7cdbeffc9f32bb5aebd25ef", kill_on_drop: false }`
[INFO] running `Command { std: "docker" "inspect" "fc75db66d00fe6492fa90fb568cc59e54b8c800df7cdbeffc9f32bb5aebd25ef", kill_on_drop: false }`
[INFO] running `Command { std: "docker" "exec" "-e" "SOURCE_DIR=/opt/rustwide/workdir" "-e" "CARGO_HOME=/opt/rustwide/cargo-home" "-e" "RUSTUP_HOME=/opt/rustwide/rustup-home" "-e" "CARGO_TARGET_DIR=/opt/rustwide/target" "-w" "/opt/rustwide/workdir" "--user" "0:0" "fc75db66d00fe6492fa90fb568cc59e54b8c800df7cdbeffc9f32bb5aebd25ef" "/opt/rustwide/cargo-home/bin/cargo" "+1.100.0-beta.1" "metadata" "--no-deps" "--format-version=1", kill_on_drop: false }`
[INFO] running `Command { std: "docker" "inspect" "fc75db66d00fe6492fa90fb568cc59e54b8c800df7cdbeffc9f32bb5aebd25ef", kill_on_drop: false }`
[INFO] running `Command { std: "docker" "exec" "-e" "SOURCE_DIR=/opt/rustwide/workdir" "-e" "CARGO_HOME=/opt/rustwide/cargo-home" "-e" "RUSTUP_HOME=/opt/rustwide/rustup-home" "-e" "CARGO_TARGET_DIR=/opt/rustwide/target" "-e" "CARGO_INCREMENTAL=0" "-e" "RUST_BACKTRACE=full" "-e" "RUSTFLAGS=--cap-lints=warn" "-e" "RUSTDOCFLAGS=--cap-lints=warn" "-w" "/opt/rustwide/workdir" "--user" "0:0" "fc75db66d00fe6492fa90fb568cc59e54b8c800df7cdbeffc9f32bb5aebd25ef" "/opt/rustwide/cargo-home/bin/cargo" "+1.100.0-beta.1" "build" "--frozen" "--message-format=json" "--release", kill_on_drop: false }`
[INFO] [stderr]    Compiling serde_core v1.0.229
[INFO] [stderr]    Compiling futures-core v0.3.33
[INFO] [stderr]    Compiling log v0.4.33
[INFO] [stderr]    Compiling cc v1.4.0
[INFO] [stderr]    Compiling tokio-macros v2.7.1
[INFO] [stderr]    Compiling futures-sink v0.3.33
[INFO] [stderr]    Compiling zerovec-derive v0.11.3
[INFO] [stderr]    Compiling displaydoc v0.2.7
[INFO] [stderr]    Compiling futures-channel v0.3.33
[INFO] [stderr]    Compiling futures-macro v0.3.33
[INFO] [stderr]    Compiling futures-task v0.3.33
[INFO] [stderr]    Compiling aws-lc-rs v1.17.3
[INFO] [stderr]    Compiling futures-io v0.3.33
[INFO] [stderr]    Compiling tracing v0.1.44
[INFO] [stderr]    Compiling schemars v0.8.22
[INFO] [stderr]    Compiling getrandom v0.2.17
[INFO] [stderr]    Compiling rustls v0.23.42
[INFO] [stderr]    Compiling zerotrie v0.2.4
[INFO] [stderr]    Compiling simd-adler32 v0.3.10
[INFO] [stderr]    Compiling sync_wrapper v1.0.2
[INFO] [stderr]    Compiling zlib-rs v0.6.6
[INFO] [stderr]    Compiling webpki-roots v1.0.9
[INFO] [stderr]    Compiling miniz_oxide v0.8.9
[INFO] [stderr]    Compiling futures-util v0.3.33
[INFO] [stderr]    Compiling cmake v0.1.58
[INFO] [stderr]    Compiling zerovec v0.11.6
[INFO] [stderr]    Compiling compression-core v0.4.32
[INFO] [stderr]    Compiling thiserror-impl v2.0.19
[INFO] [stderr]    Compiling aws-lc-sys v0.43.0
[INFO] [stderr]    Compiling ring v0.17.14
[INFO] [stderr]    Compiling tinystr v0.8.3
[INFO] [stderr]    Compiling icu_locale_core v2.2.0
[INFO] [stderr]    Compiling potential_utf v0.1.5
[INFO] [stderr]    Compiling icu_collections v2.2.0
[INFO] [stderr]    Compiling zstd-sys v2.0.16+zstd.1.5.7
[INFO] [stderr]    Compiling serde v1.0.229
[INFO] [stderr]    Compiling bitflags v2.13.1
[INFO] [stderr]    Compiling smallvec v1.15.2
[INFO] [stderr]    Compiling bytes v1.12.1
[INFO] [stderr]    Compiling parking_lot_core v0.9.12
[INFO] [stderr]    Compiling parking_lot v0.12.5
[INFO] [stderr]    Compiling serde_json v1.0.151
[INFO] [stderr]    Compiling tokio v1.53.1
[INFO] [stderr]    Compiling http v1.4.2
[INFO] [stderr]    Compiling icu_provider v2.2.0
[INFO] [stderr]    Compiling http-body v1.1.0
[INFO] [stderr]    Compiling icu_properties v2.2.0
[INFO] [stderr]    Compiling ipnet v2.12.0
[INFO] [stderr]    Compiling icu_normalizer v2.2.0
[INFO] [stderr]    Compiling idna_adapter v1.2.2
[INFO] [stderr]    Compiling http-body-util v0.1.4
[INFO] [stderr]    Compiling flate2 v1.1.9
[INFO] [stderr]    Compiling idna v1.1.0
[INFO] [stderr]    Compiling tiny-keccak v2.0.2
[INFO] [stderr]    Compiling zerocopy v0.8.55
[INFO] [stderr]    Compiling serde_urlencoded v0.7.1
[INFO] [stderr]    Compiling compression-codecs v0.4.38
[INFO] [stderr]    Compiling url v2.5.8
[INFO] [stderr]    Compiling thiserror v2.0.19
[INFO] [stderr]    Compiling zerocopy-derive v0.8.55
[INFO] [stderr]    Compiling tokio-util v0.7.19
[INFO] [stderr]    Compiling tower v0.5.3
[INFO] [stderr]    Compiling async-compression v0.4.42
[INFO] [stderr]    Compiling h2 v0.4.15
[INFO] [stderr]    Compiling tower-http v0.6.11
[INFO] [stderr]    Compiling once_cell v1.21.4
[INFO] [stderr]    Compiling chrono v0.4.45
[INFO] [stderr]    Compiling pest v2.8.8
[INFO] [stderr]    Compiling const-random-macro v0.1.16
[INFO] [stderr]    Compiling lzma-sys v0.1.20
[INFO] [stderr]    Compiling aho-corasick v1.1.4
[INFO] [stderr]    Compiling regex-automata v0.4.16
[INFO] [stderr]    Compiling hyper v1.11.0
[INFO] [stderr]    Compiling ppv-lite86 v0.2.21
[INFO] [stderr]    Compiling toml_edit v0.25.13+spec-1.1.0
[INFO] [stderr]    Compiling hyper-util v0.1.20
[INFO] [stderr]    Compiling rustix v1.1.4
[INFO] [stderr]    Compiling const-random v0.1.18
[INFO] [stderr]    Compiling pest_meta v2.8.8
[INFO] [stderr]    Compiling erased-serde v0.4.10
[INFO] [stderr]    Compiling hashbrown v0.16.1
[INFO] [stderr]    Compiling libsqlite3-sys v0.35.0
[INFO] [stderr]    Compiling dlv-list v0.5.2
[INFO] [stderr]    Compiling pest_generator v2.8.8
[INFO] [stderr]    Compiling rand_chacha v0.9.0
[INFO] [stderr]    Compiling regex v1.13.1
[INFO] [stderr]    Compiling proc-macro-crate v3.5.0
[INFO] [stderr]    Compiling proc-macro-error-attr2 v2.0.0
[INFO] [stderr]    Compiling portable-atomic v1.14.0
[INFO] [stderr]    Compiling hashbrown v0.14.5
[INFO] [stderr]    Compiling toml_parser v1.1.3+spec-1.1.0
[INFO] [stderr]    Compiling num_enum_derive v0.7.6
[INFO] [stderr]    Compiling proc-macro-error2 v2.0.1
[INFO] [stderr]    Compiling sha1 v0.10.7
[INFO] [stderr]    Compiling ordered-multimap v0.7.3
[INFO] [stderr]    Compiling pest_derive v2.8.8
[INFO] [stderr]    Compiling rand v0.9.5
[INFO] [stderr]    Compiling xz2 v0.1.7
[INFO] [stderr]    Compiling hashlink v0.11.1
[INFO] [stderr]    Compiling xattr v1.6.1
[INFO] [stderr]    Compiling prefix-trie v0.6.0
[INFO] [stderr]    Compiling toml_datetime v1.1.1+spec-1.1.0
[INFO] [stderr]    Compiling serde_spanned v1.1.1
[INFO] [stderr]    Compiling filetime v0.2.29
[INFO] [stderr]    Compiling bytecount v0.6.9
[INFO] [stderr]    Compiling arraydeque v0.5.1
[INFO] [stderr]    Compiling papergrid v0.18.0
[INFO] [stderr]    Compiling json5 v0.4.1
[INFO] [stderr]    Compiling yaml-rust2 v0.11.0
[INFO] [stderr]    Compiling ron v0.12.2
[INFO] [stderr]    Compiling clap_builder v4.6.2
[INFO] [stderr]    Compiling convert_case v0.6.0
[INFO] [stderr]    Compiling ipnet-trie v0.3.1
[INFO] [stderr]    Compiling tar v0.4.46
[INFO] [stderr]    Compiling toml v1.1.4+spec-1.1.0
[INFO] [stderr]    Compiling serde-untagged v0.1.9
[INFO] [stderr]    Compiling num_enum v0.7.6
[INFO] [stderr]    Compiling rust-ini v0.21.3
[INFO] [stderr]    Compiling getrandom v0.4.3
[INFO] [stderr]    Compiling hashlink v0.10.0
[INFO] [stderr]    Compiling tabled_derive v0.11.0
[INFO] [stderr]    Compiling itertools v0.15.0
[INFO] [stderr]    Compiling clap_derive v4.6.4
[INFO] [stderr]    Compiling console v0.16.4
[INFO] [stderr]    Compiling testing_table v0.3.0
[INFO] [stderr]    Compiling axum-core v0.5.6
[INFO] [stderr]    Compiling bcder v0.7.7
[INFO] [stderr]    Compiling futures-executor v0.3.33
[INFO] [stderr]    Compiling serde_path_to_error v0.1.20
[INFO] [stderr]    Compiling webpki-roots v0.26.11
[INFO] [stderr]    Compiling tracing-log v0.2.0
[INFO] [stderr]    Compiling async-trait v0.1.91
[INFO] [stderr]    Compiling fallible-streaming-iterator v0.1.9
[INFO] [stderr]    Compiling unit-prefix v0.5.2
[INFO] [stderr]    Compiling matchit v0.8.4
[INFO] [stderr]    Compiling pathdiff v0.2.3
[INFO] [stderr]    Compiling fallible-iterator v0.3.0
[INFO] [stderr]    Compiling config v0.15.25
[INFO] [stderr]    Compiling tempfile v3.27.0
[INFO] [stderr]    Compiling axum v0.8.9
[INFO] [stderr]    Compiling tracing-subscriber v0.3.23
[INFO] [stderr]    Compiling indicatif v0.18.6
[INFO] [stderr]    Compiling futures v0.3.33
[INFO] [stderr]    Compiling clap v4.6.4
[INFO] [stderr]    Compiling tabled v0.21.0
[INFO] [stderr]    Compiling dateparser v0.2.1
[INFO] [stderr]    Compiling itertools v0.14.0
[INFO] [stderr]    Compiling chrono-humanize v0.2.3
[INFO] [stderr]    Compiling tokio-stream v0.1.19
[INFO] [stderr]    Compiling etcetera v0.11.0
[INFO] [stderr]    Compiling zstd-safe v7.2.4
[INFO] [stderr]    Compiling zstd v0.13.3
[INFO] [stderr]    Compiling rustls-webpki v0.103.13
[INFO] [stderr]    Compiling tokio-rustls v0.26.4
[INFO] [stderr]    Compiling tungstenite v0.29.0
[INFO] [stderr]    Compiling hyper-rustls v0.27.9
[INFO] [stderr]    Compiling reqwest v0.12.28
[INFO] [stderr]    Compiling tokio-tungstenite v0.29.0
[INFO] [stderr]    Compiling oneio v0.24.2
[INFO] [stderr]    Compiling oneio v0.25.0
[INFO] [stderr]    Compiling bgpkit-commons v0.12.0
[INFO] [stderr]    Compiling bgpkit-broker v0.10.1
[INFO] [stderr]    Compiling bgpkit-parser v0.20.0
[INFO] [stderr]    Compiling rusqlite v0.37.0
[INFO] [stderr]    Compiling monocle v1.6.0 (/opt/rustwide/workdir)
[INFO] [stderr] warning: unused dependency `tempfile`
[INFO] [stderr]    --> Cargo.toml:124:15
[INFO] [stderr]     |
[INFO] [stderr] 124 | [dependencies.tempfile]
[INFO] [stderr]     |               ^^^^^^^^^
[INFO] [stderr]     |
[INFO] [stderr]     = note: `cargo::unused_dependencies` is set to `warn` by default
[INFO] [stderr] help: consider removing the dependency on `tempfile`
[INFO] [stderr] warning: `monocle` (manifest) generated 1 warning
[INFO] [stderr]     Finished `release` profile [optimized] target(s) in 10m 47s
[INFO] [stderr] warning: the following packages contain code that will be rejected by a future version of Rust: proc-macro-error2 v2.0.1
[INFO] [stderr] note: to see what the problems were, use the option `--future-incompat-report`, or run `cargo report future-incompatibilities --id 3`
[INFO] running `Command { std: "docker" "inspect" "fc75db66d00fe6492fa90fb568cc59e54b8c800df7cdbeffc9f32bb5aebd25ef", kill_on_drop: false }`
[INFO] running `Command { std: "docker" "exec" "-e" "SOURCE_DIR=/opt/rustwide/workdir" "-e" "CARGO_HOME=/opt/rustwide/cargo-home" "-e" "RUSTUP_HOME=/opt/rustwide/rustup-home" "-e" "CARGO_TARGET_DIR=/opt/rustwide/target" "-e" "CARGO_INCREMENTAL=0" "-e" "RUST_BACKTRACE=full" "-e" "RUSTFLAGS=--cap-lints=warn" "-e" "RUSTDOCFLAGS=--cap-lints=warn" "-w" "/opt/rustwide/workdir" "--user" "0:0" "fc75db66d00fe6492fa90fb568cc59e54b8c800df7cdbeffc9f32bb5aebd25ef" "/opt/rustwide/cargo-home/bin/cargo" "+1.100.0-beta.1" "test" "--frozen" "--no-run" "--message-format=json" "--release", kill_on_drop: false }`
[INFO] [stderr]    Compiling monocle v1.6.0 (/opt/rustwide/workdir)
[INFO] [stderr]     Finished `release` profile [optimized] target(s) in 44.33s
[INFO] [stderr] warning: the following packages contain code that will be rejected by a future version of Rust: proc-macro-error2 v2.0.1
[INFO] [stderr] note: to see what the problems were, use the option `--future-incompat-report`, or run `cargo report future-incompatibilities --id 3`
[INFO] running `Command { std: "docker" "inspect" "fc75db66d00fe6492fa90fb568cc59e54b8c800df7cdbeffc9f32bb5aebd25ef", kill_on_drop: false }`
[INFO] running `Command { std: "docker" "exec" "-e" "SOURCE_DIR=/opt/rustwide/workdir" "-e" "CARGO_HOME=/opt/rustwide/cargo-home" "-e" "RUSTUP_HOME=/opt/rustwide/rustup-home" "-e" "CARGO_TARGET_DIR=/opt/rustwide/target" "-e" "CARGO_INCREMENTAL=0" "-e" "RUST_BACKTRACE=full" "-e" "RUSTFLAGS=--cap-lints=warn" "-e" "RUSTDOCFLAGS=--cap-lints=warn" "-w" "/opt/rustwide/workdir" "--user" "0:0" "fc75db66d00fe6492fa90fb568cc59e54b8c800df7cdbeffc9f32bb5aebd25ef" "/opt/rustwide/cargo-home/bin/cargo" "+1.100.0-beta.1" "test" "--frozen" "--release", kill_on_drop: false }`
[INFO] [stderr]     Finished `release` profile [optimized] target(s) in 0.32s
[INFO] [stderr] warning: the following packages contain code that will be rejected by a future version of Rust: proc-macro-error2 v2.0.1
[INFO] [stderr] note: to see what the problems were, use the option `--future-incompat-report`, or run `cargo report future-incompatibilities --id 3`
[INFO] [stderr]      Running unittests src/lib.rs (/opt/rustwide/target/release/build/monocle/ea84df099d0c5ce8/out/monocle-ea84df099d0c5ce8)
[INFO] [stdout] 
[INFO] [stdout] running 300 tests
[INFO] [stdout] test config::tests::test_paths ... ok
[INFO] [stdout] test config::tests::test_format_size ... ok
[INFO] [stdout] test config::tests::test_rtr_endpoint ... ok
[INFO] [stdout] test config::tests::test_ttl_durations ... ok
[INFO] [stdout] test config::tests::test_data_source_status_display ... ok
[INFO] [stdout] test database::core::connection::tests::test_execute ... ok
[INFO] [stdout] test config::tests::test_data_source_from_str ... ok
[INFO] [stdout] test config::tests::test_default_config ... ok
[INFO] [stdout] test database::core::connection::tests::test_open_in_memory ... ok
[INFO] [stdout] test database::core::connection::tests::test_table_exists ... ok
[INFO] [stdout] test database::core::schema::tests::test_schema_not_initialized ... ok
[INFO] [stdout] test database::core::connection::tests::test_table_count ... ok
[INFO] [stdout] test database::monocle::as2rel::tests::test_clear ... ok
[INFO] [stdout] test database::monocle::as2rel::tests::test_insert_and_search ... ok
[INFO] [stdout] test database::monocle::as2rel::tests::test_meta ... ok
[INFO] [stdout] test database::core::schema::tests::test_schema_initialize ... ok
[INFO] [stdout] test database::core::schema::tests::test_meta_operations ... ok
[INFO] [stdout] test database::core::schema::tests::test_schema_reset ... ok
[INFO] [stdout] test database::monocle::as2rel::tests::test_is_empty ... ok
[INFO] [stdout] test database::core::schema::tests::test_schema_version ... ok
[INFO] [stdout] test database::monocle::as2rel::tests::test_needs_refresh ... ok
[INFO] [stdout] test database::monocle::asinfo::tests::test_clear ... ok
[INFO] [stdout] test database::monocle::asinfo::tests::test_search_by_text ... ok
[INFO] [stdout] test database::monocle::asinfo::tests::test_is_empty ... ok
[INFO] [stdout] test database::monocle::asinfo::tests::test_lookup_preferred_names_batch ... ok
[INFO] [stdout] test database::monocle::asinfo::tests::test_lookup_names_batch ... ok
[INFO] [stdout] test database::monocle::pfx2as::tests::test_get_by_asn ... ok
[INFO] [stdout] test database::monocle::pfx2as::tests::test_ipv6_prefix ... ok
[INFO] [stdout] test database::monocle::pfx2as::tests::test_clear ... ok
[INFO] [stdout] test database::monocle::pfx2as::tests::test_lookup_covered ... ok
[INFO] [stdout] test database::monocle::pfx2as::tests::test_lookup_covering ... ok
[INFO] [stdout] test database::monocle::asinfo::tests::test_store_idempotent_index_rebuild ... ok
[INFO] [stdout] test database::monocle::pfx2as::tests::test_lookup_exact_empty_database ... ok
[INFO] [stdout] test database::monocle::pfx2as::tests::test_lookup_exact_distinguishes_prefix_lengths ... ok
[INFO] [stdout] test database::monocle::asinfo::tests::test_store_and_get ... ok
[INFO] [stdout] test database::monocle::asinfo::tests::test_store_rebuilds_indexes_correctly ... ok
[INFO] [stdout] test database::monocle::pfx2as::tests::test_lookup_exact_invalid_prefix ... ok
[INFO] [stdout] test database::monocle::pfx2as::tests::test_lookup_exact_ipv4_multiple_asns ... ok
[INFO] [stdout] test database::monocle::pfx2as::tests::test_lookup_longest ... ok
[INFO] [stdout] test database::monocle::pfx2as::tests::test_lookup_exact_no_match ... ok
[INFO] [stdout] test database::monocle::pfx2as::tests::test_schema_initialization ... ok
[INFO] [stdout] test database::monocle::pfx2as::tests::test_metadata ... ok
[INFO] [stdout] test database::monocle::pfx2as::tests::test_store_and_retrieve ... ok
[INFO] [stdout] test database::monocle::pfx2as::tests::test_store_idempotent_index_rebuild ... ok
[INFO] [stdout] test database::monocle::pfx2as::tests::test_lookup_exact_consistency_with_other_lookups ... ok
[INFO] [stdout] test database::monocle::pfx2as::tests::test_store_rebuilds_indexes_correctly ... ok
[INFO] [stdout] test database::monocle::pfx2as::tests::test_lookup_exact_ipv4_single_asn ... ok
[INFO] [stdout] test database::monocle::rpki::tests::test_clear ... ok
[INFO] [stdout] test database::monocle::rpki::tests::test_ipv6_prefix ... ok
[INFO] [stdout] test database::monocle::rpki::tests::test_metadata ... ok
[INFO] [stdout] test database::monocle::pfx2as::tests::test_lookup_exact_ipv6 ... ok
[INFO] [stdout] test database::monocle::rpki::tests::test_schema_initialization ... ok
[INFO] [stdout] test database::monocle::rpki::tests::test_store_idempotent_index_rebuild ... ok
[INFO] [stdout] test database::monocle::rpki::tests::test_needs_refresh ... ok
[INFO] [stdout] test database::monocle::rpki::tests::test_store_and_retrieve_aspas ... ok
[INFO] [stdout] test database::monocle::rpki::tests::test_validate_detailed ... ok
[INFO] [stdout] test database::monocle::rpki::tests::test_store_and_retrieve_roas ... ok
[INFO] [stdout] test database::monocle::rpki::tests::test_validation_invalid_asn ... ok
[INFO] [stdout] test database::monocle::pfx2as::tests::test_needs_refresh ... ok
[INFO] [stdout] test database::monocle::rpki::tests::test_store_rebuilds_indexes_correctly ... ok
[INFO] [stdout] test database::monocle::rpki::tests::test_validation_valid ... ok
[INFO] [stdout] test database::monocle::rpki::tests::test_validation_invalid_length ... ok
[INFO] [stdout] test database::monocle::rpki::tests::test_validation_with_max_length ... ok
[INFO] [stdout] test database::monocle::rpki::tests::test_validation_not_found ... ok
[INFO] [stdout] test database::monocle::tests::test_open_in_memory ... ok
[INFO] [stdout] test database::monocle::tests::test_repositories ... ok
[INFO] [stdout] test database::monocle::tests::test_all_repositories_accessible ... ok
[INFO] [stdout] test database::monocle::tests::test_pfx2as_store_and_retrieve_mock_data ... ok
[INFO] [stdout] test database::monocle::tests::test_meta_operations ... ok
[INFO] [stdout] test database::session::msg_store::tests::test_create_msg_store ... ok
[INFO] [stdout] test database::session::rib_store::tests::test_rib_state_store_round_trip ... ok
[INFO] [stdout] test database::monocle::tests::test_connection_accessible ... ok
[INFO] [stdout] test lens::as2rel::args::tests::test_output_format ... ok
[INFO] [stdout] test lens::as2rel::args::tests::test_relationship_filters ... ok
[INFO] [stdout] test lens::as2rel::args::tests::test_search_args_builder ... ok
[INFO] [stdout] test database::monocle::as2rel::tests::test_store_rebuilds_indexes_correctly ... ok
[INFO] [stdout] test database::monocle::tests::test_rpki_store_and_retrieve_mock_data ... ok
[INFO] [stdout] test lens::as2rel::args::tests::test_search_args_multiple ... ok
[INFO] [stdout] test database::session::msg_store::tests::test_reset ... ok
[INFO] [stdout] test lens::as2rel::args::tests::test_single_homed_filter ... ok
[INFO] [stdout] test lens::as2rel::args::tests::test_search_args_pair ... ok
[INFO] [stdout] test lens::as2rel::args::tests::test_validate_empty ... ok
[INFO] [stdout] test lens::as2rel::args::tests::test_update_args ... ok
[INFO] [stdout] test lens::as2rel::args::tests::test_validate_relationship_filter_with_multiple_asns ... ok
[INFO] [stdout] test lens::as2rel::args::tests::test_search_args_single ... ok
[INFO] [stdout] test lens::as2rel::args::tests::test_validate_min_visibility_range ... ok
[INFO] [stdout] test database::monocle::tests::test_schema_initialized_on_open ... ok
[INFO] [stdout] test lens::as2rel::args::tests::test_validate_single_homed_with_multiple_asns ... ok
[INFO] [stdout] test lens::as2rel::tests::test_multi_asn_args ... ok
[INFO] [stdout] test database::session::msg_store::tests::test_insert_and_count ... ok
[INFO] [stdout] test lens::as2rel::tests::test_search_args_with_filters ... ok
[INFO] [stdout] test lens::as2rel::types::tests::test_search_result_from_aggregated ... ok
[INFO] [stdout] test lens::as2rel::types::tests::test_update_progress ... ok
[INFO] [stdout] test lens::as2rel::tests::test_get_explanation ... ok
[INFO] [stdout] test lens::as2rel::types::tests::test_search_result_with_name ... ok
[INFO] [stdout] test lens::country::tests::test_args_validation ... ok
[INFO] [stdout] test lens::country::tests::test_args_builder ... ok
[INFO] [stdout] test lens::as2rel::tests::test_service_creation ... ok
[INFO] [stdout] test lens::as2rel::tests::test_get_single_homed_explanation ... ok
[INFO] [stdout] test lens::as2rel::tests::test_sort_results ... ok
[INFO] [stdout] test lens::country::tests::test_format_json ... ok
[INFO] [stdout] test lens::country::tests::test_all ... FAILED
[INFO] [stdout] test lens::country::tests::test_format_results ... ok
[INFO] [stdout] test lens::country::tests::test_lookup_by_name ... FAILED
[INFO] [stdout] test lens::country::tests::test_lookup_by_code ... FAILED
[INFO] [stdout] test lens::country::tests::test_lookup_code ... FAILED
[INFO] [stdout] test lens::country::tests::test_search_with_args ... FAILED
[INFO] [stdout] test lens::inspect::tests::test_query_options_should_include ... ok
[INFO] [stdout] test lens::ip::tests::test_fetch_ip_info ... FAILED
[INFO] [stdout] test lens::ip::tests::test_format_text ... ok
[INFO] [stdout] test lens::inspect::tests::test_parse_asn ... ok
[INFO] [stdout] test lens::inspect::tests::test_detect_query_type_name ... ok
[INFO] [stdout] test lens::parse::filter_file::tests::test_filter_file_deny_unknown_fields ... ok
[INFO] [stdout] test lens::parse::filter_file::tests::test_filter_file_deserialize_empty ... ok
[INFO] [stdout] test lens::inspect::tests::test_normalize_prefix ... ok
[INFO] [stdout] test lens::parse::filter_file::tests::test_filter_file_deserialize_full ... ok
[INFO] [stdout] test lens::parse::filter_file::tests::test_filter_file_deserialize_invalid_json ... ok
[INFO] [stdout] test lens::parse::filter_file::tests::test_filter_file_deserialize_partial ... ok
[INFO] [stdout] test lens::inspect::tests::test_detect_query_type_asn ... ok
[INFO] [stdout] test lens::parse::filter_file::tests::test_filter_file_deserialize_with_negation ... ok
[INFO] [stdout] test lens::inspect::tests::test_detect_query_type_prefix ... ok
[INFO] [stdout] test lens::parse::filter_file::tests::test_cli_plus_filter_file_union_then_validate ... ok
[INFO] [stdout] test database::session::rib_store::tests::test_sqlite_store_two_tables ... ok
[INFO] [stdout] test lens::parse::filter_file::tests::test_combined_filter_file_and_prefix_file ... ok
[INFO] [stdout] test lens::parse::filter_file::tests::test_filter_file_load_empty_json ... ok
[INFO] [stdout] test lens::parse::filter_file::tests::test_filter_file_load_nonexistent ... ok
[INFO] [stdout] test lens::parse::filter_file::tests::test_filter_file_negation_validation ... ok
[INFO] [stdout] test lens::parse::filter_file::tests::test_load_prefix_file_empty_file ... ok
[INFO] [stdout] test lens::parse::filter_file::tests::test_filter_file_load_from_disk ... ok
[INFO] [stdout] test lens::parse::filter_file::tests::test_filter_file_serialize_roundtrip ... ok
[INFO] [stdout] test lens::parse::filter_file::tests::test_filter_file_load_invalid_json ... ok
[INFO] [stdout] test lens::parse::filter_file::tests::test_filter_file_with_invalid_prefix_fails_validation ... ok
[INFO] [stdout] test lens::parse::filter_file::tests::test_filter_file_load_merge_validate ... ok
[INFO] [stdout] test lens::parse::filter_file::tests::test_merge_into_cli_scalar_takes_precedence ... ok
[INFO] [stdout] test lens::parse::filter_file::tests::test_load_prefix_file_nonexistent ... ok
[INFO] [stdout] test lens::parse::filter_file::tests::test_merge_into_boolean_file_cannot_disable_cli ... ok
[INFO] [stdout] test lens::parse::filter_file::tests::test_merge_into_boolean_flags_or ... ok
[INFO] [stdout] test lens::parse::filter_file::tests::test_load_prefix_file_only_comments ... ok
[INFO] [stdout] test lens::parse::filter_file::tests::test_load_prefix_file_from_disk ... ok
[INFO] [stdout] test lens::parse::filter_file::tests::test_merge_into_empty_filters ... ok
[INFO] [stdout] test lens::parse::filter_file::tests::test_merge_into_communities_union ... ok
[INFO] [stdout] test lens::parse::filter_file::tests::test_merge_into_elem_type_cli_takes_precedence ... ok
[INFO] [stdout] test lens::parse::filter_file::tests::test_merge_into_elem_type_invalid_errors ... ok
[INFO] [stdout] test lens::parse::filter_file::tests::test_merge_into_elem_type_trimmed ... ok
[INFO] [stdout] test lens::parse::filter_file::tests::test_merge_into_elem_type_variants ... ok
[INFO] [stdout] test lens::parse::filter_file::tests::test_merge_into_file_scalar_when_cli_empty ... ok
[INFO] [stdout] test lens::parse::filter_file::tests::test_merge_into_peer_ip_empty_skipped ... ok
[INFO] [stdout] test lens::parse::filter_file::tests::test_merge_into_vec_fields_empty_strings_dropped ... ok
[INFO] [stdout] test lens::parse::filter_file::tests::test_merge_into_vec_fields_trimmed ... ok
[INFO] [stdout] test lens::parse::filter_file::tests::test_merge_into_peer_ip_trimmed ... ok
[INFO] [stdout] test lens::parse::filter_file::tests::test_merge_into_peer_ips_invalid_errors ... ok
[INFO] [stdout] test lens::parse::filter_file::tests::test_prefix_file_content_parsing ... ok
[INFO] [stdout] test lens::parse::filter_file::tests::test_merge_into_peer_ips_parsed ... ok
[INFO] [stdout] test lens::parse::filter_file::tests::test_merge_into_time_fields_cli_precedence ... ok
[INFO] [stdout] test lens::parse::filter_file::tests::test_prefix_file_load_merge_validate ... ok
[INFO] [stdout] test lens::parse::tests::test_build_community_filter_value ... ok
[INFO] [stdout] test lens::parse::tests::test_generic_filters_reject_time_filter_keys ... ok
[INFO] [stdout] test lens::parse::tests::test_community_pattern_to_regex_body ... ok
[INFO] [stdout] test lens::parse::tests::test_extended_filters_wired_to_parser ... ok
[INFO] [stdout] test lens::parse::tests::test_generic_filters_use_parser_semantics ... ok
[INFO] [stdout] test lens::parse::tests::test_generic_filters_serialize_when_present ... ok
[INFO] [stdout] test lens::parse::filter_file::tests::test_merge_into_union_with_cli ... ok
[INFO] [stdout] test lens::parse::tests::test_parse_filters_validate ... ok
[INFO] [stdout] test lens::parse::filter_file::tests::test_merge_prefix_file ... ok
[INFO] [stdout] test lens::parse::tests::test_mrt_type_inference ... ok
[INFO] [stdout] test lens::parse::tests::test_negation_consistency_invalid ... ok
[INFO] [stdout] test lens::parse::tests::test_negation_consistency_valid ... ok
[INFO] [stdout] test lens::parse::filter_file::tests::test_prefix_file_content_empty_after_comments ... ok
[INFO] [stdout] test lens::parse::tests::test_parse_progress_interval ... ok
[INFO] [stdout] test lens::parse::tests::test_validate_asn_valid ... ok
[INFO] [stdout] test lens::parse::tests::test_validate_community_invalid ... ok
[INFO] [stdout] test lens::parse::tests::test_validate_prefix_invalid ... ok
[INFO] [stdout] test lens::parse::tests::test_validate_prefix_valid ... ok
[INFO] [stdout] test lens::pfx2as::tests::test_detailed_result_serialization ... ok
[INFO] [stdout] test lens::pfx2as::tests::test_lookup_args ... ok
[INFO] [stdout] test lens::parse::tests::test_to_filters_uses_canonical_filter_specs ... ok
[INFO] [stdout] test lens::parse::tests::test_validate_asn_invalid ... ok
[INFO] [stdout] test lens::parse::tests::test_validate_community_valid ... ok
[INFO] [stdout] test lens::parse::tests::test_validate_extended_filters_invalid ... ok
[INFO] [stdout] test lens::pfx2as::tests::test_lookup_mode_display ... ok
[INFO] [stdout] test lens::pfx2as::tests::test_lookup_modes ... ok
[INFO] [stdout] test lens::pfx2as::tests::test_search_args_validation ... ok
[INFO] [stdout] test lens::pfx2as::tests::test_search_result_without_optional_fields ... ok
[INFO] [stdout] test lens::rib::tests::test_cache_path_matches_search_cache_layout ... ok
[INFO] [stdout] test lens::pfx2as::tests::test_search_args ... ok
[INFO] [stdout] test lens::parse::tests::test_validate_extended_filters_valid ... ok
[INFO] [stdout] test lens::parse::tests::test_parse_progress_serialization ... ok
[INFO] [stdout] test lens::rib::tests::test_validate_multi_ts_file_output_ok ... ok
[INFO] [stdout] test lens::rib::tests::test_hash8_is_stable ... ok
[INFO] [stdout] test lens::rib::tests::test_filter_slug_order ... ok
[INFO] [stdout] test lens::pfx2as::tests::test_search_result_serialization ... ok
[INFO] [stdout] test lens::rpki::commons::tests::test_parse_historical_source ... ok
[INFO] [stdout] test lens::rpki::commons::tests::test_parse_rpkispools_historical_source ... ok
[INFO] [stdout] test lens::rib::tests::test_file_name_prefix_includes_filters ... ok
[INFO] [stdout] test lens::rpki::rtr::tests::test_rtr_fetch_cloudflare ... ignored
[INFO] [stdout] test lens::rpki::rtr::tests::test_rtr_client_creation ... ok
[INFO] [stdout] test lens::rib::tests::test_validate_multi_ts_stdout_error ... ok
[INFO] [stdout] test lens::rpki::tests::test_aspa_lookup_args_builder ... ok
[INFO] [stdout] test lens::rpki::commons::tests::test_parse_rpkiviews_collector ... ok
[INFO] [stdout] test lens::rpki::tests::test_parse_endpoint ... ok
[INFO] [stdout] test lens::rpki::tests::test_parse_prefix_length ... ok
[INFO] [stdout] test lens::rpki::tests::test_roa_lookup_args_builder ... ok
[INFO] [stdout] test lens::rpki::tests::test_roa_lookup_args_historical ... ok
[INFO] [stdout] test lens::rpki::tests::test_validate_args ... ok
[INFO] [stdout] test lens::rpki::tests::test_validation_state_display ... ok
[INFO] [stdout] test lens::search::query_builder::tests::test_basic_query ... ok
[INFO] [stdout] test lens::search::query_builder::tests::test_build_prefix_filter ... ok
[INFO] [stdout] test lens::search::query_builder::tests::test_combined_filters ... ok
[INFO] [stdout] test lens::search::query_builder::tests::test_count_query ... ok
[INFO] [stdout] test lens::search::query_builder::tests::test_elem_type_filter ... ok
[INFO] [stdout] test lens::search::query_builder::tests::test_limit_offset ... ok
[INFO] [stdout] test lens::search::query_builder::tests::test_multiple_peer_ips ... ok
[INFO] [stdout] test lens::search::query_builder::tests::test_order_by ... ok
[INFO] [stdout] test lens::search::query_builder::tests::test_origin_asn_filter ... ok
[INFO] [stdout] test lens::search::query_builder::tests::test_peer_asn_filter ... ok
[INFO] [stdout] test lens::search::query_builder::tests::test_prefix_sub_match ... ok
[INFO] [stdout] test lens::search::query_builder::tests::test_peer_ip_filter ... ok
[INFO] [stdout] test lens::search::query_builder::tests::test_prefix_exact_match ... ok
[INFO] [stdout] test lens::search::query_builder::tests::test_collector_filter ... ok
[INFO] [stdout] test lens::search::query_builder::tests::test_custom_condition ... ok
[INFO] [stdout] test lens::search::query_builder::tests::test_select_columns ... ok
[INFO] [stdout] test lens::search::query_builder::tests::test_filter_spec_conversion ... ok
[INFO] [stdout] test lens::search::tests::test_search_filters_validate_with_communities ... ok
[INFO] [stdout] test lens::search::tests::test_search_progress_serialization ... ok
[INFO] [stdout] test lens::search::tests::test_search_should_stop_cancel_and_timeout ... ok
[INFO] [stdout] test lens::time::tests::test_format_json ... ok
[INFO] [stdout] test lens::time::tests::test_format_results ... ok
[INFO] [stdout] test lens::search::query_builder::tests::test_time_range ... ok
[INFO] [stdout] test lens::time::tests::test_parse_args ... ok
[INFO] [stdout] test lens::search::tests::test_emit_search_batch_reuses_batch_capacity ... ok
[INFO] [stdout] test lens::search::tests::test_reserve_result_slots_truncates_at_max_results ... ok
[INFO] [stdout] test lens::search::tests::test_rib_parser_filters_do_not_apply_snapshot_time_window ... ok
[INFO] [stdout] test lens::watch::tests::test_data_frame_parses_elements_and_host ... ok
[INFO] [stdout] test lens::watch::tests::test_elem_type_pushdown_and_client_filter ... ok
[INFO] [stdout] test lens::watch::tests::test_empty_filters_report_full_feed ... ok
[INFO] [stdout] test lens::watch::tests::test_extract_host ... ok
[INFO] [stdout] test lens::watch::tests::test_invalid_origin_rejected_at_compile ... ok
[INFO] [stdout] test lens::watch::tests::test_invalid_prefix_rejected_at_compile ... ok
[INFO] [stdout] test lens::watch::tests::test_mixed_community_negation_rejected ... ok
[INFO] [stdout] test lens::watch::tests::test_mixed_positive_negative_origin_rejected ... ok
[INFO] [stdout] test lens::watch::tests::test_multi_prefix_multi_peer_expands_subscriptions ... ok
[INFO] [stdout] test lens::watch::tests::test_negative_prefix_client_side_only ... ok
[INFO] [stdout] test lens::watch::tests::test_origin_not_pushed_down ... ok
[INFO] [stdout] test lens::watch::tests::test_prefix_specificity_set_explicitly ... ok
[INFO] [stdout] test lens::watch::tests::test_pushdown_prefix_and_host ... ok
[INFO] [stdout] test server::auth::tests::test_auth_state_clone ... ok
[INFO] [stdout] test server::auth::tests::test_constant_time_eq_diff_content ... ok
[INFO] [stdout] test server::auth::tests::test_constant_time_eq_diff_len ... ok
[INFO] [stdout] test server::auth::tests::test_constant_time_eq_empty ... ok
[INFO] [stdout] test server::auth::tests::test_constant_time_eq_same ... ok
[INFO] [stdout] test server::http::tests::test_api_error_code_serialization ... ok
[INFO] [stdout] test server::http::tests::test_api_error_response_serialization ... ok
[INFO] [stdout] test server::http::tests::test_system_info_default ... ok
[INFO] [stdout] test server::search::tests::test_cancelled_event_has_result_payload ... ok
[INFO] [stdout] test server::search::tests::test_invalid_dump_type ... ok
[INFO] [stdout] test lens::watch::tests::test_community_spec_or_semantics ... ok
[INFO] [stdout] test lens::watch::tests::test_control_frames_classified ... ok
[INFO] [stdout] test server::search::tests::test_search_stream_event_to_sse ... ok
[INFO] [stdout] test server::search::tests::test_search_stream_filters_conversion ... ok
[INFO] [stdout] test server::search::tests::test_search_stream_rejects_generic_time_filter ... ok
[INFO] [stdout] test server::search::tests::test_terminal_stats_include_sorted_matching_sources ... ok
[INFO] [stdout] test lens::time::tests::test_string_to_time ... ok
[INFO] [stdout] test utils::tests::test_option_u32_from_str_number ... ok
[INFO] [stdout] test utils::tests::test_option_u32_from_str_string ... ok
[INFO] [stdout] test utils::tests::test_order_by_field_display ... ok
[INFO] [stdout] test server::tests::test_server_state_clone ... ok
[INFO] [stdout] test utils::tests::test_order_by_field_from_str ... ok
[INFO] [stdout] test utils::tests::test_order_direction_display ... ok
[INFO] [stdout] test utils::tests::test_output_format_display ... ok
[INFO] [stdout] test utils::tests::test_output_format_from_str ... ok
[INFO] [stdout] test utils::tests::test_order_direction_from_str ... ok
[INFO] [stdout] test utils::tests::test_output_format_is_json ... ok
[INFO] [stdout] test utils::tests::test_output_format_is_table ... ok
[INFO] [stdout] test utils::tests::test_string_or_vec_array ... ok
[INFO] [stdout] test utils::tests::test_string_or_vec_single ... ok
[INFO] [stdout] test utils::tests::test_timestamp_format_default ... ok
[INFO] [stdout] test utils::tests::test_timestamp_format_display ... ok
[INFO] [stdout] test utils::tests::test_timestamp_format_from_str ... ok
[INFO] [stdout] test utils::tests::test_timestamp_format_rfc3339 ... ok
[INFO] [stdout] test utils::tests::test_timestamp_format_unix ... ok
[INFO] [stdout] test utils::tests::test_truncate_name_arabic ... ok
[INFO] [stdout] test utils::tests::test_truncate_name_emoji ... ok
[INFO] [stdout] test utils::tests::test_bool_from_str_false ... ok
[INFO] [stdout] test utils::tests::test_truncate_name_empty ... ok
[INFO] [stdout] test utils::tests::test_bool_from_str_true ... ok
[INFO] [stdout] test utils::tests::test_option_u32_from_str_null ... ok
[INFO] [stdout] test utils::tests::test_truncate_name_mixed_scripts ... ok
[INFO] [stdout] test utils::tests::test_truncate_name_over_limit ... ok
[INFO] [stdout] test utils::tests::test_truncate_name_small_max ... ok
[INFO] [stdout] test utils::tests::test_truncate_name_unicode ... ok
[INFO] [stdout] test utils::tests::test_u32_from_str_string ... ok
[INFO] [stdout] test utils::tests::test_truncate_name_exact_limit ... ok
[INFO] [stdout] test utils::tests::test_truncate_name_short ... ok
[INFO] [stdout] test utils::tests::test_u32_from_str_number ... ok
[INFO] [stdout] test utils::tests::test_u32_or_vec_array ... ok
[INFO] [stdout] test utils::tests::test_u32_or_vec_single_number ... ok
[INFO] [stdout] test utils::tests::test_u32_or_vec_single_string ... ok
[INFO] [stdout] test lens::search::tests::test_build_broker_with_filters ... FAILED
[INFO] [stdout] test database::session::rib_store::tests::test_sqlite_store_migrates_old_schema ... ok
[INFO] [stdout] test lens::search::tests::test_pagination_logic ... FAILED
[INFO] [stdout] 
[INFO] [stdout] failures:
[INFO] [stdout] 
[INFO] [stdout] ---- lens::country::tests::test_all stdout ----
[INFO] [stdout] 
[INFO] [stdout] thread 'lens::country::tests::test_all' (4974) panicked at src/lens/country/mod.rs:362:9:
[INFO] [stdout] assertion failed: !all.is_empty()
[INFO] [stdout] stack backtrace:
[INFO] [stdout]    0:     0x5b1963d82cf1 - <<std[617be2ca0a6fd877]::sys::backtrace::BacktraceLock>::print::DisplayBacktrace as core[a373ad73a504971]::fmt::Display>::fmt
[INFO] [stdout]    1:     0x5b1963d9cc7a - core[a373ad73a504971]::fmt::write
[INFO] [stdout]    2:     0x5b1963d87f7c - <alloc[2e1b2a31b91974c5]::vec::Vec<u8> as core[a373ad73a504971]::io::write::Write>::write_fmt
[INFO] [stdout]    3:     0x5b1963d5ab76 - std[617be2ca0a6fd877]::panicking::default_hook::{closure#0}
[INFO] [stdout]    4:     0x5b1963d79489 - std[617be2ca0a6fd877]::panicking::default_hook
[INFO] [stdout]    5:     0x5b19634deec0 - test[aada8e7e76ba119b]::test_main_inner::{closure#0}
[INFO] [stdout]    6:     0x5b1963d797b2 - std[617be2ca0a6fd877]::panicking::panic_with_hook
[INFO] [stdout]    7:     0x5b1963d5ac54 - std[617be2ca0a6fd877]::panicking::panic_handler::{closure#0}
[INFO] [stdout]    8:     0x5b1963d52de9 - std[617be2ca0a6fd877]::sys::backtrace::__rust_end_short_backtrace::<std[617be2ca0a6fd877]::panicking::panic_handler::{closure#0}, !>
[INFO] [stdout]    9:     0x5b1963d5bbcd - __rustc[ea4f61d10b84890b]::rust_begin_unwind
[INFO] [stdout]   10:     0x5b1963d9d45c - core[a373ad73a504971]::panicking::panic_fmt
[INFO] [stdout]   11:     0x5b1963d9d422 - core[a373ad73a504971]::panicking::panic
[INFO] [stdout]   12:     0x5b19633e9949 - <monocle[1f580cdeef105af]::lens::country::tests::test_all::{closure#0} as core[a373ad73a504971]::ops::function::FnOnce<()>>::call_once
[INFO] [stdout]   13:     0x5b19634d230b - test[aada8e7e76ba119b]::__rust_begin_short_backtrace::<core[a373ad73a504971]::result::Result<(), alloc[2e1b2a31b91974c5]::string::String>, fn() -> core[a373ad73a504971]::result::Result<(), alloc[2e1b2a31b91974c5]::string::String>>
[INFO] [stdout]   14:     0x5b19634df4e5 - test[aada8e7e76ba119b]::run_test::{closure#0}
[INFO] [stdout]   15:     0x5b19634d8dd4 - std[617be2ca0a6fd877]::sys::backtrace::__rust_begin_short_backtrace::<test[aada8e7e76ba119b]::run_test::{closure#1}, ()>
[INFO] [stdout]   16:     0x5b19634e2572 - <std[617be2ca0a6fd877]::thread::lifecycle::spawn_unchecked<test[aada8e7e76ba119b]::run_test::{closure#1}, ()>::{closure#1} as core[a373ad73a504971]::ops::function::FnOnce<()>>::call_once::{shim:vtable#0}
[INFO] [stdout]   17:     0x5b1963d8194f - <std[617be2ca0a6fd877]::sys::thread::unix::Thread>::new::thread_start
[INFO] [stdout]   18:     0x7e899a296dfa - <unknown>
[INFO] [stdout]   19:     0x7e899a32a3d4 - clone
[INFO] [stdout]   20:                0x0 - <unknown>
[INFO] [stdout] 
[INFO] [stdout] ---- lens::country::tests::test_lookup_by_name stdout ----
[INFO] [stdout] 
[INFO] [stdout] thread 'lens::country::tests::test_lookup_by_name' (4981) panicked at src/lens/country/mod.rs:353:9:
[INFO] [stdout] assertion failed: !results.is_empty()
[INFO] [stdout] stack backtrace:
[INFO] [stdout]    0:     0x5b1963d82cf1 - <<std[617be2ca0a6fd877]::sys::backtrace::BacktraceLock>::print::DisplayBacktrace as core[a373ad73a504971]::fmt::Display>::fmt
[INFO] [stdout]    1:     0x5b1963d9cc7a - core[a373ad73a504971]::fmt::write
[INFO] [stdout]    2:     0x5b1963d87f7c - <alloc[2e1b2a31b91974c5]::vec::Vec<u8> as core[a373ad73a504971]::io::write::Write>::write_fmt
[INFO] [stdout]    3:     0x5b1963d5ab76 - std[617be2ca0a6fd877]::panicking::default_hook::{closure#0}
[INFO] [stdout]    4:     0x5b1963d79489 - std[617be2ca0a6fd877]::panicking::default_hook
[INFO] [stdout]    5:     0x5b19634deec0 - test[aada8e7e76ba119b]::test_main_inner::{closure#0}
[INFO] [stdout]    6:     0x5b1963d797b2 - std[617be2ca0a6fd877]::panicking::panic_with_hook
[INFO] [stdout]    7:     0x5b1963d5ac54 - std[617be2ca0a6fd877]::panicking::panic_handler::{closure#0}
[INFO] [stdout]    8:     0x5b1963d52de9 - std[617be2ca0a6fd877]::sys::backtrace::__rust_end_short_backtrace::<std[617be2ca0a6fd877]::panicking::panic_handler::{closure#0}, !>
[INFO] [stdout]    9:     0x5b1963d5bbcd - __rustc[ea4f61d10b84890b]::rust_begin_unwind
[INFO] [stdout]   10:     0x5b1963d9d45c - core[a373ad73a504971]::panicking::panic_fmt
[INFO] [stdout]   11:     0x5b1963d9d422 - core[a373ad73a504971]::panicking::panic
[INFO] [stdout]   12:     0x5b19633e94aa - <monocle[1f580cdeef105af]::lens::country::tests::test_lookup_by_name::{closure#0} as core[a373ad73a504971]::ops::function::FnOnce<()>>::call_once
[INFO] [stdout]   13:     0x5b19634d230b - test[aada8e7e76ba119b]::__rust_begin_short_backtrace::<core[a373ad73a504971]::result::Result<(), alloc[2e1b2a31b91974c5]::string::String>, fn() -> core[a373ad73a504971]::result::Result<(), alloc[2e1b2a31b91974c5]::string::String>>
[INFO] [stdout]   14:     0x5b19634df4e5 - test[aada8e7e76ba119b]::run_test::{closure#0}
[INFO] [stdout]   15:     0x5b19634d8dd4 - std[617be2ca0a6fd877]::sys::backtrace::__rust_begin_short_backtrace::<test[aada8e7e76ba119b]::run_test::{closure#1}, ()>
[INFO] [stdout]   16:     0x5b19634e2572 - <std[617be2ca0a6fd877]::thread::lifecycle::spawn_unchecked<test[aada8e7e76ba119b]::run_test::{closure#1}, ()>::{closure#1} as core[a373ad73a504971]::ops::function::FnOnce<()>>::call_once::{shim:vtable#0}
[INFO] [stdout]   17:     0x5b1963d8194f - <std[617be2ca0a6fd877]::sys::thread::unix::Thread>::new::thread_start
[INFO] [stdout]   18:     0x7e899a296dfa - <unknown>
[INFO] [stdout]   19:     0x7e899a32a3d4 - clone
[INFO] [stdout]   20:                0x0 - <unknown>
[INFO] [stdout] 
[INFO] [stdout] ---- lens::country::tests::test_lookup_by_code stdout ----
[INFO] [stdout] 
[INFO] [stdout] thread 'lens::country::tests::test_lookup_by_code' (4980) panicked at src/lens/country/mod.rs:343:9:
[INFO] [stdout] assertion `left == right` failed
[INFO] [stdout]   left: 0
[INFO] [stdout]  right: 1
[INFO] [stdout] stack backtrace:
[INFO] [stdout]    0:     0x5b1963d82cf1 - <<std[617be2ca0a6fd877]::sys::backtrace::BacktraceLock>::print::DisplayBacktrace as core[a373ad73a504971]::fmt::Display>::fmt
[INFO] [stdout]    1:     0x5b1963d9cc7a - core[a373ad73a504971]::fmt::write
[INFO] [stdout]    2:     0x5b1963d87f7c - <alloc[2e1b2a31b91974c5]::vec::Vec<u8> as core[a373ad73a504971]::io::write::Write>::write_fmt
[INFO] [stdout]    3:     0x5b1963d5ab76 - std[617be2ca0a6fd877]::panicking::default_hook::{closure#0}
[INFO] [stdout]    4:     0x5b1963d79489 - std[617be2ca0a6fd877]::panicking::default_hook
[INFO] [stdout]    5:     0x5b19634deec0 - test[aada8e7e76ba119b]::test_main_inner::{closure#0}
[INFO] [stdout]    6:     0x5b1963d797b2 - std[617be2ca0a6fd877]::panicking::panic_with_hook
[INFO] [stdout]    7:     0x5b1963d5ac22 - std[617be2ca0a6fd877]::panicking::panic_handler::{closure#0}
[INFO] [stdout]    8:     0x5b1963d52de9 - std[617be2ca0a6fd877]::sys::backtrace::__rust_end_short_backtrace::<std[617be2ca0a6fd877]::panicking::panic_handler::{closure#0}, !>
[INFO] [stdout]    9:     0x5b1963d5bbcd - __rustc[ea4f61d10b84890b]::rust_begin_unwind
[INFO] [stdout]   10:     0x5b1963d9d45c - core[a373ad73a504971]::panicking::panic_fmt
[INFO] [stdout]   11:     0x5b1963d9d373 - core[a373ad73a504971]::panicking::assert_failed_inner
[INFO] [stdout]   12:     0x5b1963d96bdd - core[a373ad73a504971]::panicking::assert_failed::<usize, usize>
[INFO] [stdout]   13:     0x5b19633e9395 - <monocle[1f580cdeef105af]::lens::country::tests::test_lookup_by_code::{closure#0} as core[a373ad73a504971]::ops::function::FnOnce<()>>::call_once
[INFO] [stdout]   14:     0x5b19634d230b - test[aada8e7e76ba119b]::__rust_begin_short_backtrace::<core[a373ad73a504971]::result::Result<(), alloc[2e1b2a31b91974c5]::string::String>, fn() -> core[a373ad73a504971]::result::Result<(), alloc[2e1b2a31b91974c5]::string::String>>
[INFO] [stdout]   15:     0x5b19634df4e5 - test[aada8e7e76ba119b]::run_test::{closure#0}
[INFO] [stdout]   16:     0x5b19634d8dd4 - std[617be2ca0a6fd877]::sys::backtrace::__rust_begin_short_backtrace::<test[aada8e7e76ba119b]::run_test::{closure#1}, ()>
[INFO] [stdout]   17:     0x5b19634e2572 - <std[617be2ca0a6fd877]::thread::lifecycle::spawn_unchecked<test[aada8e7e76ba119b]::run_test::{closure#1}, ()>::{closure#1} as core[a373ad73a504971]::ops::function::FnOnce<()>>::call_once::{shim:vtable#0}
[INFO] [stdout]   18:     0x5b1963d8194f - <std[617be2ca0a6fd877]::sys::thread::unix::Thread>::new::thread_start
[INFO] [stdout]   19:     0x7e899a296dfa - <unknown>
[INFO] [stdout]   20:     0x7e899a32a3d4 - clone
[INFO] [stdout]   21:                0x0 - <unknown>
[INFO] [stdout] 
[INFO] [stdout] ---- lens::country::tests::test_lookup_code stdout ----
[INFO] [stdout] 
[INFO] [stdout] thread 'lens::country::tests::test_lookup_code' (4982) panicked at src/lens/country/mod.rs:325:9:
[INFO] [stdout] assertion failed: result.is_some()
[INFO] [stdout] stack backtrace:
[INFO] [stdout]    0:     0x5b1963d82cf1 - <<std[617be2ca0a6fd877]::sys::backtrace::BacktraceLock>::print::DisplayBacktrace as core[a373ad73a504971]::fmt::Display>::fmt
[INFO] [stdout]    1:     0x5b1963d9cc7a - core[a373ad73a504971]::fmt::write
[INFO] [stdout]    2:     0x5b1963d87f7c - <alloc[2e1b2a31b91974c5]::vec::Vec<u8> as core[a373ad73a504971]::io::write::Write>::write_fmt
[INFO] [stdout]    3:     0x5b1963d5ab76 - std[617be2ca0a6fd877]::panicking::default_hook::{closure#0}
[INFO] [stdout]    4:     0x5b1963d79489 - std[617be2ca0a6fd877]::panicking::default_hook
[INFO] [stdout]    5:     0x5b19634deec0 - test[aada8e7e76ba119b]::test_main_inner::{closure#0}
[INFO] [stdout]    6:     0x5b1963d797b2 - std[617be2ca0a6fd877]::panicking::panic_with_hook
[INFO] [stdout]    7:     0x5b1963d5ac54 - std[617be2ca0a6fd877]::panicking::panic_handler::{closure#0}
[INFO] [stdout]    8:     0x5b1963d52de9 - std[617be2ca0a6fd877]::sys::backtrace::__rust_end_short_backtrace::<std[617be2ca0a6fd877]::panicking::panic_handler::{closure#0}, !>
[INFO] [stdout]    9:     0x5b1963d5bbcd - __rustc[ea4f61d10b84890b]::rust_begin_unwind
[INFO] [stdout]   10:     0x5b1963d9d45c - core[a373ad73a504971]::panicking::panic_fmt
[INFO] [stdout]   11:     0x5b1963d9d422 - core[a373ad73a504971]::panicking::panic
[INFO] [stdout]   12:     0x5b19633e8afd - <monocle[1f580cdeef105af]::lens::country::tests::test_lookup_code::{closure#0} as core[a373ad73a504971]::ops::function::FnOnce<()>>::call_once
[INFO] [stdout]   13:     0x5b19634d230b - test[aada8e7e76ba119b]::__rust_begin_short_backtrace::<core[a373ad73a504971]::result::Result<(), alloc[2e1b2a31b91974c5]::string::String>, fn() -> core[a373ad73a504971]::result::Result<(), alloc[2e1b2a31b91974c5]::string::String>>
[INFO] [stdout]   14:     0x5b19634df4e5 - test[aada8e7e76ba119b]::run_test::{closure#0}
[INFO] [stdout]   15:     0x5b19634d8dd4 - std[617be2ca0a6fd877]::sys::backtrace::__rust_begin_short_backtrace::<test[aada8e7e76ba119b]::run_test::{closure#1}, ()>
[INFO] [stdout]   16:     0x5b19634e2572 - <std[617be2ca0a6fd877]::thread::lifecycle::spawn_unchecked<test[aada8e7e76ba119b]::run_test::{closure#1}, ()>::{closure#1} as core[a373ad73a504971]::ops::function::FnOnce<()>>::call_once::{shim:vtable#0}
[INFO] [stdout]   17:     0x5b1963d8194f - <std[617be2ca0a6fd877]::sys::thread::unix::Thread>::new::thread_start
[INFO] [stdout]   18:     0x7e899a296dfa - <unknown>
[INFO] [stdout]   19:     0x7e899a32a3d4 - clone
[INFO] [stdout]   20:                0x0 - <unknown>
[INFO] [stdout] 
[INFO] [stdout] ---- lens::country::tests::test_search_with_args stdout ----
[INFO] [stdout] 
[INFO] [stdout] thread 'lens::country::tests::test_search_with_args' (4983) panicked at src/lens/country/mod.rs:377:9:
[INFO] [stdout] assertion `left == right` failed
[INFO] [stdout]   left: 0
[INFO] [stdout]  right: 1
[INFO] [stdout] stack backtrace:
[INFO] [stdout]    0:     0x5b1963d82cf1 - <<std[617be2ca0a6fd877]::sys::backtrace::BacktraceLock>::print::DisplayBacktrace as core[a373ad73a504971]::fmt::Display>::fmt
[INFO] [stdout]    1:     0x5b1963d9cc7a - core[a373ad73a504971]::fmt::write
[INFO] [stdout]    2:     0x5b1963d87f7c - <alloc[2e1b2a31b91974c5]::vec::Vec<u8> as core[a373ad73a504971]::io::write::Write>::write_fmt
[INFO] [stdout]    3:     0x5b1963d5ab76 - std[617be2ca0a6fd877]::panicking::default_hook::{closure#0}
[INFO] [stdout]    4:     0x5b1963d79489 - std[617be2ca0a6fd877]::panicking::default_hook
[INFO] [stdout]    5:     0x5b19634deec0 - test[aada8e7e76ba119b]::test_main_inner::{closure#0}
[INFO] [stdout]    6:     0x5b1963d797b2 - std[617be2ca0a6fd877]::panicking::panic_with_hook
[INFO] [stdout]    7:     0x5b1963d5ac22 - std[617be2ca0a6fd877]::panicking::panic_handler::{closure#0}
[INFO] [stdout]    8:     0x5b1963d52de9 - std[617be2ca0a6fd877]::sys::backtrace::__rust_end_short_backtrace::<std[617be2ca0a6fd877]::panicking::panic_handler::{closure#0}, !>
[INFO] [stdout]    9:     0x5b1963d5bbcd - __rustc[ea4f61d10b84890b]::rust_begin_unwind
[INFO] [stdout]   10:     0x5b1963d9d45c - core[a373ad73a504971]::panicking::panic_fmt
[INFO] [stdout]   11:     0x5b1963d9d373 - core[a373ad73a504971]::panicking::assert_failed_inner
[INFO] [stdout]   12:     0x5b1963d96bdd - core[a373ad73a504971]::panicking::assert_failed::<usize, usize>
[INFO] [stdout]   13:     0x5b19633e9756 - <monocle[1f580cdeef105af]::lens::country::tests::test_search_with_args::{closure#0} as core[a373ad73a504971]::ops::function::FnOnce<()>>::call_once
[INFO] [stdout]   14:     0x5b19634d230b - test[aada8e7e76ba119b]::__rust_begin_short_backtrace::<core[a373ad73a504971]::result::Result<(), alloc[2e1b2a31b91974c5]::string::String>, fn() -> core[a373ad73a504971]::result::Result<(), alloc[2e1b2a31b91974c5]::string::String>>
[INFO] [stdout]   15:     0x5b19634df4e5 - test[aada8e7e76ba119b]::run_test::{closure#0}
[INFO] [stdout]   16:     0x5b19634d8dd4 - std[617be2ca0a6fd877]::sys::backtrace::__rust_begin_short_backtrace::<test[aada8e7e76ba119b]::run_test::{closure#1}, ()>
[INFO] [stdout]   17:     0x5b19634e2572 - <std[617be2ca0a6fd877]::thread::lifecycle::spawn_unchecked<test[aada8e7e76ba119b]::run_test::{closure#1}, ()>::{closure#1} as core[a373ad73a504971]::ops::function::FnOnce<()>>::call_once::{shim:vtable#0}
[INFO] [stdout]   18:     0x5b1963d8194f - <std[617be2ca0a6fd877]::sys::thread::unix::Thread>::new::thread_start
[INFO] [stdout]   19:     0x7e899a296dfa - <unknown>
[INFO] [stdout]   20:     0x7e899a32a3d4 - clone
[INFO] [stdout]   21:                0x0 - <unknown>
[INFO] [stdout] 
[INFO] [stdout] ---- lens::ip::tests::test_fetch_ip_info stdout ----
[INFO] [stdout] 
[INFO] [stdout] thread 'lens::ip::tests::test_fetch_ip_info' (4990) panicked at src/lens/ip/mod.rs:228:52:
[INFO] [stdout] called `Result::unwrap()` on an `Err` value: error sending request for url (https://api.bgpkit.com/v3/utils/ip)
[INFO] [stdout] 
[INFO] [stdout] Stack backtrace:
[INFO] [stdout]    0: <anyhow::Error as core::convert::From<oneio::error::OneIoError>>::from
[INFO] [stdout]    1: <monocle::lens::ip::IpLens>::lookup
[INFO] [stdout]    2: <monocle::lens::ip::tests::test_fetch_ip_info::{closure#0} as core::ops::function::FnOnce<()>>::call_once
[INFO] [stdout]    3: test::__rust_begin_short_backtrace::<core::result::Result<(), alloc::string::String>, fn() -> core::result::Result<(), alloc::string::String>>
[INFO] [stdout]    4: test::run_test::{closure#0}
[INFO] [stdout]    5: std::sys::backtrace::__rust_begin_short_backtrace::<test::run_test::{closure#1}, ()>
[INFO] [stdout]    6: <std::thread::lifecycle::spawn_unchecked<test::run_test::{closure#1}, ()>::{closure#1} as core::ops::function::FnOnce<()>>::call_once::{shim:vtable#0}
[INFO] [stdout]    7: <std::sys::thread::unix::Thread>::new::thread_start
[INFO] [stdout]    8: <unknown>
[INFO] [stdout]    9: clone
[INFO] [stdout] stack backtrace:
[INFO] [stdout]    0:     0x5b1963d82cf1 - <<std[617be2ca0a6fd877]::sys::backtrace::BacktraceLock>::print::DisplayBacktrace as core[a373ad73a504971]::fmt::Display>::fmt
[INFO] [stdout]    1:     0x5b1963d9cc7a - core[a373ad73a504971]::fmt::write
[INFO] [stdout]    2:     0x5b1963d87f7c - <alloc[2e1b2a31b91974c5]::vec::Vec<u8> as core[a373ad73a504971]::io::write::Write>::write_fmt
[INFO] [stdout]    3:     0x5b1963d5ab76 - std[617be2ca0a6fd877]::panicking::default_hook::{closure#0}
[INFO] [stdout]    4:     0x5b1963d79489 - std[617be2ca0a6fd877]::panicking::default_hook
[INFO] [stdout]    5:     0x5b19634deec0 - test[aada8e7e76ba119b]::test_main_inner::{closure#0}
[INFO] [stdout]    6:     0x5b1963d797b2 - std[617be2ca0a6fd877]::panicking::panic_with_hook
[INFO] [stdout]    7:     0x5b1963d5ac22 - std[617be2ca0a6fd877]::panicking::panic_handler::{closure#0}
[INFO] [stdout]    8:     0x5b1963d52de9 - std[617be2ca0a6fd877]::sys::backtrace::__rust_end_short_backtrace::<std[617be2ca0a6fd877]::panicking::panic_handler::{closure#0}, !>
[INFO] [stdout]    9:     0x5b1963d5bbcd - __rustc[ea4f61d10b84890b]::rust_begin_unwind
[INFO] [stdout]   10:     0x5b1963d9d45c - core[a373ad73a504971]::panicking::panic_fmt
[INFO] [stdout]   11:     0x5b1963d9d232 - core[a373ad73a504971]::result::unwrap_failed
[INFO] [stdout]   12:     0x5b196345fb89 - <monocle[1f580cdeef105af]::lens::ip::tests::test_fetch_ip_info::{closure#0} as core[a373ad73a504971]::ops::function::FnOnce<()>>::call_once
[INFO] [stdout]   13:     0x5b19634d230b - test[aada8e7e76ba119b]::__rust_begin_short_backtrace::<core[a373ad73a504971]::result::Result<(), alloc[2e1b2a31b91974c5]::string::String>, fn() -> core[a373ad73a504971]::result::Result<(), alloc[2e1b2a31b91974c5]::string::String>>
[INFO] [stdout]   14:     0x5b19634df4e5 - test[aada8e7e76ba119b]::run_test::{closure#0}
[INFO] [stdout]   15:     0x5b19634d8dd4 - std[617be2ca0a6fd877]::sys::backtrace::__rust_begin_short_backtrace::<test[aada8e7e76ba119b]::run_test::{closure#1}, ()>
[INFO] [stdout]   16:     0x5b19634e2572 - <std[617be2ca0a6fd877]::thread::lifecycle::spawn_unchecked<test[aada8e7e76ba119b]::run_test::{closure#1}, ()>::{closure#1} as core[a373ad73a504971]::ops::function::FnOnce<()>>::call_once::{shim:vtable#0}
[INFO] [stdout]   17:     0x5b1963d8194f - <std[617be2ca0a6fd877]::sys::thread::unix::Thread>::new::thread_start
[INFO] [stdout]   18:     0x7e899a296dfa - <unknown>
[INFO] [stdout]   19:     0x7e899a32a3d4 - clone
[INFO] [stdout]   20:                0x0 - <unknown>
[INFO] [stdout] 
[INFO] [stdout] ---- lens::search::tests::test_build_broker_with_filters stdout ----
[INFO] [stdout] 
[INFO] [stdout] thread 'lens::search::tests::test_build_broker_with_filters' (5098) panicked at src/lens/search/mod.rs:1092:14:
[INFO] [stdout] Failed to query first page: NetworkError(reqwest::Error { kind: Request, url: "https://api.bgpkit.com/v3/broker/search?ts_start=2022-01-01T00:00:00Z&ts_end=2022-01-01T01:00:00Z&collector_id=rrc00&project=riperis&data_type=updates&page=1&page_size=1000", source: hyper_util::client::legacy::Error(Connect, ConnectError("dns error", Custom { kind: Uncategorized, error: "failed to lookup address information: Temporary failure in name resolution" })) })
[INFO] [stdout] stack backtrace:
[INFO] [stdout]    0:     0x5b1963d82cf1 - <<std[617be2ca0a6fd877]::sys::backtrace::BacktraceLock>::print::DisplayBacktrace as core[a373ad73a504971]::fmt::Display>::fmt
[INFO] [stdout]    1:     0x5b1963d9cc7a - core[a373ad73a504971]::fmt::write
[INFO] [stdout]    2:     0x5b1963d87f7c - <alloc[2e1b2a31b91974c5]::vec::Vec<u8> as core[a373ad73a504971]::io::write::Write>::write_fmt
[INFO] [stdout]    3:     0x5b1963d5ab76 - std[617be2ca0a6fd877]::panicking::default_hook::{closure#0}
[INFO] [stdout]    4:     0x5b1963d79489 - std[617be2ca0a6fd877]::panicking::default_hook
[INFO] [stdout]    5:     0x5b19634deec0 - test[aada8e7e76ba119b]::test_main_inner::{closure#0}
[INFO] [stdout]    6:     0x5b1963d797b2 - std[617be2ca0a6fd877]::panicking::panic_with_hook
[INFO] [stdout]    7:     0x5b1963d5ac22 - std[617be2ca0a6fd877]::panicking::panic_handler::{closure#0}
[INFO] [stdout]    8:     0x5b1963d52de9 - std[617be2ca0a6fd877]::sys::backtrace::__rust_end_short_backtrace::<std[617be2ca0a6fd877]::panicking::panic_handler::{closure#0}, !>
[INFO] [stdout]    9:     0x5b1963d5bbcd - __rustc[ea4f61d10b84890b]::rust_begin_unwind
[INFO] [stdout]   10:     0x5b1963d9d45c - core[a373ad73a504971]::panicking::panic_fmt
[INFO] [stdout]   11:     0x5b1963d9d232 - core[a373ad73a504971]::result::unwrap_failed
[INFO] [stdout]   12:     0x5b1963402d2d - <monocle[1f580cdeef105af]::lens::search::tests::test_build_broker_with_filters::{closure#0} as core[a373ad73a504971]::ops::function::FnOnce<()>>::call_once
[INFO] [stdout]   13:     0x5b19634d230b - test[aada8e7e76ba119b]::__rust_begin_short_backtrace::<core[a373ad73a504971]::result::Result<(), alloc[2e1b2a31b91974c5]::string::String>, fn() -> core[a373ad73a504971]::result::Result<(), alloc[2e1b2a31b91974c5]::string::String>>
[INFO] [stdout]   14:     0x5b19634df4e5 - test[aada8e7e76ba119b]::run_test::{closure#0}
[INFO] [stdout]   15:     0x5b19634d8dd4 - std[617be2ca0a6fd877]::sys::backtrace::__rust_begin_short_backtrace::<test[aada8e7e76ba119b]::run_test::{closure#1}, ()>
[INFO] [stdout]   16:     0x5b19634e2572 - <std[617be2ca0a6fd877]::thread::lifecycle::spawn_unchecked<test[aada8e7e76ba119b]::run_test::{closure#1}, ()>::{closure#1} as core[a373ad73a504971]::ops::function::FnOnce<()>>::call_once::{shim:vtable#0}
[INFO] [stdout]   17:     0x5b1963d8194f - <std[617be2ca0a6fd877]::sys::thread::unix::Thread>::new::thread_start
[INFO] [stdout]   18:     0x7e899a296dfa - <unknown>
[INFO] [stdout]   19:     0x7e899a32a3d4 - clone
[INFO] [stdout]   20:                0x0 - <unknown>
[INFO] [stdout] 
[INFO] [stdout] ---- lens::search::tests::test_pagination_logic stdout ----
[INFO] [stdout] Failed to fetch page 1: NetworkError: error sending request for url (https://api.bgpkit.com/v3/broker/search?ts_start=2022-01-01T00:00:00Z&ts_end=2022-01-01T01:00:00Z&data_type=updates&page=1&page_size=10)
[INFO] [stdout] 
[INFO] [stdout] thread 'lens::search::tests::test_pagination_logic' (5100) panicked at src/lens/search/mod.rs:1062:9:
[INFO] [stdout] Should have found some items
[INFO] [stdout] stack backtrace:
[INFO] [stdout]    0:     0x5b1963d82cf1 - <<std[617be2ca0a6fd877]::sys::backtrace::BacktraceLock>::print::DisplayBacktrace as core[a373ad73a504971]::fmt::Display>::fmt
[INFO] [stdout]    1:     0x5b1963d9cc7a - core[a373ad73a504971]::fmt::write
[INFO] [stdout]    2:     0x5b1963d87f7c - <alloc[2e1b2a31b91974c5]::vec::Vec<u8> as core[a373ad73a504971]::io::write::Write>::write_fmt
[INFO] [stdout]    3:     0x5b1963d5ab76 - std[617be2ca0a6fd877]::panicking::default_hook::{closure#0}
[INFO] [stdout]    4:     0x5b1963d79489 - std[617be2ca0a6fd877]::panicking::default_hook
[INFO] [stdout]    5:     0x5b19634deec0 - test[aada8e7e76ba119b]::test_main_inner::{closure#0}
[INFO] [stdout]    6:     0x5b1963d797b2 - std[617be2ca0a6fd877]::panicking::panic_with_hook
[INFO] [stdout]    7:     0x5b1963d5ac54 - std[617be2ca0a6fd877]::panicking::panic_handler::{closure#0}
[INFO] [stdout]    8:     0x5b1963d52de9 - std[617be2ca0a6fd877]::sys::backtrace::__rust_end_short_backtrace::<std[617be2ca0a6fd877]::panicking::panic_handler::{closure#0}, !>
[INFO] [stdout]    9:     0x5b1963d5bbcd - __rustc[ea4f61d10b84890b]::rust_begin_unwind
[INFO] [stdout]   10:     0x5b1963d9d45c - core[a373ad73a504971]::panicking::panic_fmt
[INFO] [stdout]   11:     0x5b19634025b2 - <monocle[1f580cdeef105af]::lens::search::tests::test_pagination_logic::{closure#0} as core[a373ad73a504971]::ops::function::FnOnce<()>>::call_once
[INFO] [stdout]   12:     0x5b19634d230b - test[aada8e7e76ba119b]::__rust_begin_short_backtrace::<core[a373ad73a504971]::result::Result<(), alloc[2e1b2a31b91974c5]::string::String>, fn() -> core[a373ad73a504971]::result::Result<(), alloc[2e1b2a31b91974c5]::string::String>>
[INFO] [stdout]   13:     0x5b19634df4e5 - test[aada8e7e76ba119b]::run_test::{closure#0}
[INFO] [stdout]   14:     0x5b19634d8dd4 - std[617be2ca0a6fd877]::sys::backtrace::__rust_begin_short_backtrace::<test[aada8e7e76ba119b]::run_test::{closure#1}, ()>
[INFO] [stdout]   15:     0x5b19634e2572 - <std[617be2ca0a6fd877]::thread::lifecycle::spawn_unchecked<test[aada8e7e76ba119b]::run_test::{closure#1}, ()>::{closure#1} as core[a373ad73a504971]::ops::function::FnOnce<()>>::call_once::{shim:vtable#0}
[INFO] [stdout]   16:     0x5b1963d8194f - <std[617be2ca0a6fd877]::sys::thread::unix::Thread>::new::thread_start
[INFO] [stdout]   17:     0x7e899a296dfa - <unknown>
[INFO] [stdout]   18:     0x7e899a32a3d4 - clone
[INFO] [stdout]   19:                0x0 - <unknown>
[INFO] [stdout] 
[INFO] [stdout] 
[INFO] [stdout] failures:
[INFO] [stdout]     lens::country::tests::test_all
[INFO] [stdout]     lens::country::tests::test_lookup_by_code
[INFO] [stdout]     lens::country::tests::test_lookup_by_name
[INFO] [stdout]     lens::country::tests::test_lookup_code
[INFO] [stdout]     lens::country::tests::test_search_with_args
[INFO] [stdout]     lens::ip::tests::test_fetch_ip_info
[INFO] [stdout]     lens::search::tests::test_build_broker_with_filters
[INFO] [stdout]     lens::search::tests::test_pagination_logic
[INFO] [stdout] 
[INFO] [stdout] test result: FAILED. 291 passed; 8 failed; 1 ignored; 0 measured; 0 filtered out; finished in 0.19s
[INFO] [stdout] 
[INFO] [stderr] error: test failed, to rerun pass `--lib`
[INFO] running `Command { std: "docker" "inspect" "fc75db66d00fe6492fa90fb568cc59e54b8c800df7cdbeffc9f32bb5aebd25ef", kill_on_drop: false }`
[INFO] running `Command { std: "docker" "rm" "-f" "fc75db66d00fe6492fa90fb568cc59e54b8c800df7cdbeffc9f32bb5aebd25ef", kill_on_drop: false }`
[INFO] [stdout] fc75db66d00fe6492fa90fb568cc59e54b8c800df7cdbeffc9f32bb5aebd25ef
