[INFO] fetching crate mitoo 0.3.0...
[INFO] testing mitoo-0.3.0 against 1.100.0-beta.1+cargoflags=--release for beta-release-1.100-2
[INFO] extracting crate mitoo 0.3.0 into /workspace/builds/worker-2-tc2/source
[INFO] started tweaking crates.io crate mitoo 0.3.0
[INFO] removed 0 missing tests
[INFO] finished tweaking crates.io crate mitoo 0.3.0
[INFO] tweaked toml for crates.io crate mitoo 0.3.0 written to /workspace/builds/worker-2-tc2/source/Cargo.toml
[INFO] validating manifest of crates.io crate mitoo 0.3.0 on toolchain 1.100.0-beta.1
[INFO] running `Command { std: CARGO_HOME="/workspace/cargo-home" RUSTUP_HOME="/workspace/rustup-home" "/workspace/cargo-home/bin/cargo" "+1.100.0-beta.1" "metadata" "--manifest-path" "Cargo.toml" "--no-deps", kill_on_drop: false }`
[INFO] crate crates.io crate mitoo 0.3.0 already has a lockfile, it will not be regenerated
[INFO] running `Command { std: CARGO_HOME="/workspace/cargo-home" RUSTUP_HOME="/workspace/rustup-home" "/workspace/cargo-home/bin/cargo" "+1.100.0-beta.1" "fetch" "--manifest-path" "Cargo.toml", kill_on_drop: false }`
[INFO] [stderr] warning: Cargo.toml: only one of `license` or `license-file` is necessary
[INFO] [stderr] `license` should be used if the package license can be expressed with a standard SPDX expression.
[INFO] [stderr] `license-file` should be used if the package uses a non-standard license.
[INFO] [stderr] See https://doc.rust-lang.org/cargo/reference/manifest.html#the-license-and-license-file-fields for more information.
[INFO] [stderr] warning: `mitoo` (manifest) generated 1 warning
[INFO] running `Command { std: "docker" "create" "-v" "/var/lib/crater-agent-workspace/builds/worker-2-tc2/source:/opt/rustwide/workdir:ro,Z" "-v" "/var/lib/crater-agent-workspace/builds/worker-2-tc2/target:/opt/rustwide/target:rw,Z" "-v" "/var/lib/crater-agent-workspace/cargo-home:/opt/rustwide/cargo-home:ro,Z" "-v" "/var/lib/crater-agent-workspace/rustup-home:/opt/rustwide/rustup-home:ro,Z" "-m" "1610612736" "--network" "none" "ghcr.io/rust-lang/crates-build-env/linux@sha256:77db811e55d90add9212f6832c23229e3de5f1c1f9905e8cb07319ea15df73ac" "sleep" "infinity", kill_on_drop: false }`
[INFO] [stdout] 7f1639127a4ffb1dc9f1fb3c1315e065a59800621af5b6030ecab37521f7718d
[INFO] running `Command { std: "docker" "start" "7f1639127a4ffb1dc9f1fb3c1315e065a59800621af5b6030ecab37521f7718d", kill_on_drop: false }`
[INFO] running `Command { std: "docker" "inspect" "7f1639127a4ffb1dc9f1fb3c1315e065a59800621af5b6030ecab37521f7718d", kill_on_drop: false }`
[INFO] running `Command { std: "docker" "exec" "-e" "SOURCE_DIR=/opt/rustwide/workdir" "-e" "CARGO_HOME=/opt/rustwide/cargo-home" "-e" "RUSTUP_HOME=/opt/rustwide/rustup-home" "-e" "CARGO_TARGET_DIR=/opt/rustwide/target" "-w" "/opt/rustwide/workdir" "--user" "0:0" "7f1639127a4ffb1dc9f1fb3c1315e065a59800621af5b6030ecab37521f7718d" "/opt/rustwide/cargo-home/bin/cargo" "+1.100.0-beta.1" "metadata" "--no-deps" "--format-version=1", kill_on_drop: false }`
[INFO] running `Command { std: "docker" "inspect" "7f1639127a4ffb1dc9f1fb3c1315e065a59800621af5b6030ecab37521f7718d", kill_on_drop: false }`
[INFO] running `Command { std: "docker" "exec" "-e" "SOURCE_DIR=/opt/rustwide/workdir" "-e" "CARGO_HOME=/opt/rustwide/cargo-home" "-e" "RUSTUP_HOME=/opt/rustwide/rustup-home" "-e" "CARGO_TARGET_DIR=/opt/rustwide/target" "-e" "CARGO_INCREMENTAL=0" "-e" "RUST_BACKTRACE=full" "-e" "RUSTFLAGS=--cap-lints=warn" "-e" "RUSTDOCFLAGS=--cap-lints=warn" "-w" "/opt/rustwide/workdir" "--user" "0:0" "7f1639127a4ffb1dc9f1fb3c1315e065a59800621af5b6030ecab37521f7718d" "/opt/rustwide/cargo-home/bin/cargo" "+1.100.0-beta.1" "build" "--frozen" "--message-format=json" "--release", kill_on_drop: false }`
[INFO] [stderr] warning: Cargo.toml: only one of `license` or `license-file` is necessary
[INFO] [stderr] `license` should be used if the package license can be expressed with a standard SPDX expression.
[INFO] [stderr] `license-file` should be used if the package uses a non-standard license.
[INFO] [stderr] See https://doc.rust-lang.org/cargo/reference/manifest.html#the-license-and-license-file-fields for more information.
[INFO] [stderr] warning: `mitoo` (manifest) generated 1 warning
[INFO] [stderr]    Compiling libc v0.2.175
[INFO] [stderr]    Compiling log v0.4.27
[INFO] [stderr]    Compiling parking_lot_core v0.9.11
[INFO] [stderr]    Compiling memchr v2.7.5
[INFO] [stderr]    Compiling proc-macro2 v1.0.101
[INFO] [stderr]    Compiling lock_api v0.4.13
[INFO] [stderr]    Compiling serde_core v1.0.225
[INFO] [stderr]    Compiling tracing-core v0.1.34
[INFO] [stderr]    Compiling cc v1.2.34
[INFO] [stderr]    Compiling typenum v1.18.0
[INFO] [stderr]    Compiling num-traits v0.2.19
[INFO] [stderr]    Compiling serde v1.0.225
[INFO] [stderr]    Compiling bitflags v2.9.4
[INFO] [stderr]    Compiling zeroize v1.8.1
[INFO] [stderr]    Compiling zerocopy v0.8.26
[INFO] [stderr]    Compiling hashbrown v0.15.5
[INFO] [stderr]    Compiling openssl v0.10.73
[INFO] [stderr]    Compiling base64ct v1.8.0
[INFO] [stderr]    Compiling lazy_static v1.5.0
[INFO] [stderr]    Compiling regex-syntax v0.8.6
[INFO] [stderr]    Compiling native-tls v0.2.14
[INFO] [stderr]    Compiling unicase v2.8.1
[INFO] [stderr]    Compiling sync_wrapper v1.0.2
[INFO] [stderr]    Compiling num-bigint-dig v0.8.4
[INFO] [stderr]    Compiling iana-time-zone v0.1.63
[INFO] [stderr]    Compiling pem-rfc7468 v0.7.0
[INFO] [stderr]    Compiling mime_guess v2.0.5
[INFO] [stderr]    Compiling getrandom v0.3.3
[INFO] [stderr]    Compiling serde_json v1.0.143
[INFO] [stderr]    Compiling quote v1.0.40
[INFO] [stderr]    Compiling der v0.7.10
[INFO] [stderr]    Compiling indexmap v2.11.4
[INFO] [stderr]    Compiling syn v2.0.106
[INFO] [stderr]    Compiling deranged v0.5.4
[INFO] [stderr]    Compiling generic-array v0.14.7
[INFO] [stderr]    Compiling tracing-log v0.2.0
[INFO] [stderr]    Compiling mio v1.0.4
[INFO] [stderr]    Compiling signal-hook-registry v1.4.6
[INFO] [stderr]    Compiling parking_lot v0.12.4
[INFO] [stderr]    Compiling socket2 v0.6.0
[INFO] [stderr]    Compiling getrandom v0.2.16
[INFO] [stderr]    Compiling rand_core v0.6.4
[INFO] [stderr]    Compiling aho-corasick v1.1.3
[INFO] [stderr]    Compiling block-buffer v0.10.4
[INFO] [stderr]    Compiling crypto-common v0.1.6
[INFO] [stderr]    Compiling futures-util v0.3.31
[INFO] [stderr]    Compiling digest v0.10.7
[INFO] [stderr]    Compiling num-integer v0.1.46
[INFO] [stderr]    Compiling chrono v0.4.41
[INFO] [stderr]    Compiling inotify-sys v0.1.5
[INFO] [stderr]    Compiling sharded-slab v0.1.7
[INFO] [stderr]    Compiling thread_local v1.1.9
[INFO] [stderr]    Compiling openssl-sys v0.9.109
[INFO] [stderr]    Compiling num-iter v0.1.45
[INFO] [stderr]    Compiling iri-string v0.7.8
[INFO] [stderr]    Compiling time-core v0.1.6
[INFO] [stderr]    Compiling inotify v0.11.0
[INFO] [stderr]    Compiling spki v0.7.3
[INFO] [stderr]    Compiling pkcs8 v0.10.2
[INFO] [stderr]    Compiling crossbeam-channel v0.5.15
[INFO] [stderr]    Compiling time v0.3.44
[INFO] [stderr]    Compiling signature v2.2.0
[INFO] [stderr]    Compiling num_cpus v1.17.0
[INFO] [stderr]    Compiling pkcs1 v0.7.5
[INFO] [stderr]    Compiling rustls-pki-types v1.12.0
[INFO] [stderr]    Compiling ppv-lite86 v0.2.21
[INFO] [stderr]    Compiling encoding_rs v0.8.35
[INFO] [stderr]    Compiling regex-automata v0.4.10
[INFO] [stderr]    Compiling rand_chacha v0.3.1
[INFO] [stderr]    Compiling uuid v1.18.0
[INFO] [stderr]    Compiling threadpool v1.8.1
[INFO] [stderr]    Compiling rand v0.8.5
[INFO] [stderr]    Compiling sha2 v0.10.9
[INFO] [stderr]    Compiling sha1 v0.10.6
[INFO] [stderr]    Compiling hmac v0.12.1
[INFO] [stderr]    Compiling soft-aes v0.2.2
[INFO] [stderr]    Compiling md5 v0.8.0
[INFO] [stderr]    Compiling urlencoding v2.1.3
[INFO] [stderr]    Compiling synstructure v0.13.2
[INFO] [stderr]    Compiling zerofrom-derive v0.1.6
[INFO] [stderr]    Compiling yoke-derive v0.8.0
[INFO] [stderr]    Compiling zerovec-derive v0.11.1
[INFO] [stderr]    Compiling displaydoc v0.2.5
[INFO] [stderr]    Compiling tokio-macros v2.5.0
[INFO] [stderr]    Compiling serde_derive v1.0.225
[INFO] [stderr]    Compiling tracing-attributes v0.1.30
[INFO] [stderr]    Compiling openssl-macros v0.1.1
[INFO] [stderr]    Compiling thiserror-impl v1.0.69
[INFO] [stderr]    Compiling async-trait v0.1.89
[INFO] [stderr]    Compiling rsa v0.9.8
[INFO] [stderr]    Compiling tokio v1.47.1
[INFO] [stderr]    Compiling zerofrom v0.1.6
[INFO] [stderr]    Compiling yoke v0.8.0
[INFO] [stderr]    Compiling zerovec v0.11.4
[INFO] [stderr]    Compiling zerotrie v0.2.2
[INFO] [stderr]    Compiling thiserror v1.0.69
[INFO] [stderr]    Compiling tracing v0.1.41
[INFO] [stderr]    Compiling matchers v0.2.0
[INFO] [stderr]    Compiling regex v1.11.2
[INFO] [stderr]    Compiling tracing-subscriber v0.3.20
[INFO] [stderr]    Compiling tinystr v0.8.1
[INFO] [stderr]    Compiling potential_utf v0.1.3
[INFO] [stderr]    Compiling icu_collections v2.0.0
[INFO] [stderr]    Compiling icu_locale_core v2.0.0
[INFO] [stderr]    Compiling icu_provider v2.0.0
[INFO] [stderr]    Compiling icu_properties v2.0.1
[INFO] [stderr]    Compiling icu_normalizer v2.0.0
[INFO] [stderr]    Compiling serde_urlencoded v0.7.1
[INFO] [stderr]    Compiling notify-types v2.0.0
[INFO] [stderr]    Compiling tracing-appender v0.2.3
[INFO] [stderr]    Compiling serde_yaml v0.9.34+deprecated
[INFO] [stderr]    Compiling notify v8.2.0
[INFO] [stderr]    Compiling idna_adapter v1.2.1
[INFO] [stderr]    Compiling idna v1.1.0
[INFO] [stderr]    Compiling url v2.5.7
[INFO] [stderr]    Compiling tokio-util v0.7.16
[INFO] [stderr]    Compiling tower v0.5.2
[INFO] [stderr]    Compiling tokio-native-tls v0.3.1
[INFO] [stderr]    Compiling tower-http v0.6.6
[INFO] [stderr]    Compiling h2 v0.4.12
[INFO] [stderr]    Compiling hyper v1.7.0
[INFO] [stderr]    Compiling hyper-util v0.1.16
[INFO] [stderr]    Compiling hyper-tls v0.6.0
[INFO] [stderr]    Compiling reqwest v0.12.23
[INFO] [stderr]    Compiling mitoo v0.3.0 (/opt/rustwide/workdir)
[INFO] [stdout] warning: unused imports: `Datelike`, `Local`, and `Timelike`
[INFO] [stdout]  --> src/db.rs:2:14
[INFO] [stdout]   |
[INFO] [stdout] 2 | use chrono::{Datelike, Local, NaiveDate, NaiveDateTime, Timelike};
[INFO] [stdout]   |              ^^^^^^^^  ^^^^^                            ^^^^^^^^
[INFO] [stdout]   |
[INFO] [stdout]   = note: `#[warn(unused_imports)]` (part of `#[warn(unused)]`) on by default
[INFO] [stdout] 
[INFO] [stdout] 
[INFO] [stdout] warning: unused imports: `Exception`, `Object`, and `SqlCrud`
[INFO] [stdout]  --> src/db_sqlite.rs:1:13
[INFO] [stdout]   |
[INFO] [stdout] 1 | use crate::{Exception, Object, SqlCrud};
[INFO] [stdout]   |             ^^^^^^^^^  ^^^^^^  ^^^^^^^
[INFO] [stdout] 
[INFO] [stdout] 
[INFO] [stdout] warning: unused import: `std::collections::HashMap`
[INFO] [stdout]  --> src/db_sqlite.rs:4:5
[INFO] [stdout]   |
[INFO] [stdout] 4 | use std::collections::HashMap;
[INFO] [stdout]   |     ^^^^^^^^^^^^^^^^^^^^^^^^^
[INFO] [stdout] 
[INFO] [stdout] 
[INFO] [stdout] warning: unused import: `std::time::Duration`
[INFO] [stdout]  --> src/third/rabbitmq_util.rs:7:5
[INFO] [stdout]   |
[INFO] [stdout] 7 | use std::time::Duration;
[INFO] [stdout]   |     ^^^^^^^^^^^^^^^^^^^
[INFO] [stdout] 
[INFO] [stdout] 
[INFO] [stdout] warning: unused import: `async_trait::async_trait`
[INFO] [stdout]  --> src/third/rabbitmq_util.rs:8:5
[INFO] [stdout]   |
[INFO] [stdout] 8 | use async_trait::async_trait;
[INFO] [stdout]   |     ^^^^^^^^^^^^^^^^^^^^^^^^
[INFO] [stdout] 
[INFO] [stdout] 
[INFO] [stdout] warning: struct `Menu` is never constructed
[INFO] [stdout]    --> src/tree_util.rs:154:8
[INFO] [stdout]     |
[INFO] [stdout] 154 | struct Menu {
[INFO] [stdout]     |        ^^^^
[INFO] [stdout]     |
[INFO] [stdout]     = note: `#[warn(dead_code)]` (part of `#[warn(unused)]`) on by default
[INFO] [stdout] 
[INFO] [stdout] 
[INFO] [stderr]     Finished `release` profile [optimized] target(s) in 2m 06s
[INFO] [stderr] warning: the following packages contain code that will be rejected by a future version of Rust: num-bigint-dig v0.8.4
[INFO] [stderr] note: to see what the problems were, use the option `--future-incompat-report`, or run `cargo report future-incompatibilities --id 4`
[INFO] running `Command { std: "docker" "inspect" "7f1639127a4ffb1dc9f1fb3c1315e065a59800621af5b6030ecab37521f7718d", kill_on_drop: false }`
[INFO] running `Command { std: "docker" "exec" "-e" "SOURCE_DIR=/opt/rustwide/workdir" "-e" "CARGO_HOME=/opt/rustwide/cargo-home" "-e" "RUSTUP_HOME=/opt/rustwide/rustup-home" "-e" "CARGO_TARGET_DIR=/opt/rustwide/target" "-e" "CARGO_INCREMENTAL=0" "-e" "RUST_BACKTRACE=full" "-e" "RUSTFLAGS=--cap-lints=warn" "-e" "RUSTDOCFLAGS=--cap-lints=warn" "-w" "/opt/rustwide/workdir" "--user" "0:0" "7f1639127a4ffb1dc9f1fb3c1315e065a59800621af5b6030ecab37521f7718d" "/opt/rustwide/cargo-home/bin/cargo" "+1.100.0-beta.1" "test" "--frozen" "--no-run" "--message-format=json" "--release", kill_on_drop: false }`
[INFO] [stderr] warning: Cargo.toml: only one of `license` or `license-file` is necessary
[INFO] [stderr] `license` should be used if the package license can be expressed with a standard SPDX expression.
[INFO] [stderr] `license-file` should be used if the package uses a non-standard license.
[INFO] [stderr] See https://doc.rust-lang.org/cargo/reference/manifest.html#the-license-and-license-file-fields for more information.
[INFO] [stderr] warning: `mitoo` (manifest) generated 1 warning
[INFO] [stdout] warning: unused imports: `Datelike`, `Local`, and `Timelike`
[INFO] [stdout]  --> src/db.rs:2:14
[INFO] [stdout]   |
[INFO] [stdout] 2 | use chrono::{Datelike, Local, NaiveDate, NaiveDateTime, Timelike};
[INFO] [stdout]   |              ^^^^^^^^  ^^^^^                            ^^^^^^^^
[INFO] [stdout]   |
[INFO] [stdout]   = note: `#[warn(unused_imports)]` (part of `#[warn(unused)]`) on by default
[INFO] [stdout] 
[INFO] [stdout] 
[INFO] [stdout] warning: unused imports: `Exception`, `Object`, and `SqlCrud`
[INFO] [stdout]  --> src/db_sqlite.rs:1:13
[INFO] [stdout]   |
[INFO] [stdout] 1 | use crate::{Exception, Object, SqlCrud};
[INFO] [stdout]   |             ^^^^^^^^^  ^^^^^^  ^^^^^^^
[INFO] [stdout] 
[INFO] [stdout] 
[INFO] [stdout] warning: unused import: `std::collections::HashMap`
[INFO] [stdout]  --> src/db_sqlite.rs:4:5
[INFO] [stdout]   |
[INFO] [stdout] 4 | use std::collections::HashMap;
[INFO] [stdout]   |     ^^^^^^^^^^^^^^^^^^^^^^^^^
[INFO] [stdout] 
[INFO] [stdout] 
[INFO] [stdout] warning: unused import: `std::time::Duration`
[INFO] [stdout]  --> src/third/rabbitmq_util.rs:7:5
[INFO] [stdout]   |
[INFO] [stdout] 7 | use std::time::Duration;
[INFO] [stdout]   |     ^^^^^^^^^^^^^^^^^^^
[INFO] [stdout] 
[INFO] [stdout] 
[INFO] [stdout] warning: unused import: `async_trait::async_trait`
[INFO] [stdout]  --> src/third/rabbitmq_util.rs:8:5
[INFO] [stdout]   |
[INFO] [stdout] 8 | use async_trait::async_trait;
[INFO] [stdout]   |     ^^^^^^^^^^^^^^^^^^^^^^^^
[INFO] [stdout] 
[INFO] [stdout] 
[INFO] [stdout] warning: struct `Menu` is never constructed
[INFO] [stdout]    --> src/tree_util.rs:154:8
[INFO] [stdout]     |
[INFO] [stdout] 154 | struct Menu {
[INFO] [stdout]     |        ^^^^
[INFO] [stdout]     |
[INFO] [stdout]     = note: `#[warn(dead_code)]` (part of `#[warn(unused)]`) on by default
[INFO] [stdout] 
[INFO] [stdout] 
[INFO] [stderr]    Compiling mitoo v0.3.0 (/opt/rustwide/workdir)
[INFO] [stdout] warning: unused imports: `Datelike`, `Local`, and `Timelike`
[INFO] [stdout]  --> src/db.rs:2:14
[INFO] [stdout]   |
[INFO] [stdout] 2 | use chrono::{Datelike, Local, NaiveDate, NaiveDateTime, Timelike};
[INFO] [stdout]   |              ^^^^^^^^  ^^^^^                            ^^^^^^^^
[INFO] [stdout]   |
[INFO] [stdout]   = note: `#[warn(unused_imports)]` (part of `#[warn(unused)]`) on by default
[INFO] [stdout] 
[INFO] [stdout] 
[INFO] [stdout] warning: unused imports: `Exception`, `Object`, and `SqlCrud`
[INFO] [stdout]  --> src/db_sqlite.rs:1:13
[INFO] [stdout]   |
[INFO] [stdout] 1 | use crate::{Exception, Object, SqlCrud};
[INFO] [stdout]   |             ^^^^^^^^^  ^^^^^^  ^^^^^^^
[INFO] [stdout] 
[INFO] [stdout] 
[INFO] [stdout] warning: unused import: `std::collections::HashMap`
[INFO] [stdout]  --> src/db_sqlite.rs:4:5
[INFO] [stdout]   |
[INFO] [stdout] 4 | use std::collections::HashMap;
[INFO] [stdout]   |     ^^^^^^^^^^^^^^^^^^^^^^^^^
[INFO] [stdout] 
[INFO] [stdout] 
[INFO] [stdout] warning: unused import: `std::time::Duration`
[INFO] [stdout]  --> src/third/rabbitmq_util.rs:7:5
[INFO] [stdout]   |
[INFO] [stdout] 7 | use std::time::Duration;
[INFO] [stdout]   |     ^^^^^^^^^^^^^^^^^^^
[INFO] [stdout] 
[INFO] [stdout] 
[INFO] [stdout] warning: unused import: `async_trait::async_trait`
[INFO] [stdout]  --> src/third/rabbitmq_util.rs:8:5
[INFO] [stdout]   |
[INFO] [stdout] 8 | use async_trait::async_trait;
[INFO] [stdout]   |     ^^^^^^^^^^^^^^^^^^^^^^^^
[INFO] [stdout] 
[INFO] [stdout] 
[INFO] [stderr]     Finished `release` profile [optimized] target(s) in 8.66s
[INFO] [stderr] warning: the following packages contain code that will be rejected by a future version of Rust: num-bigint-dig v0.8.4
[INFO] [stderr] note: to see what the problems were, use the option `--future-incompat-report`, or run `cargo report future-incompatibilities --id 4`
[INFO] running `Command { std: "docker" "inspect" "7f1639127a4ffb1dc9f1fb3c1315e065a59800621af5b6030ecab37521f7718d", kill_on_drop: false }`
[INFO] running `Command { std: "docker" "exec" "-e" "SOURCE_DIR=/opt/rustwide/workdir" "-e" "CARGO_HOME=/opt/rustwide/cargo-home" "-e" "RUSTUP_HOME=/opt/rustwide/rustup-home" "-e" "CARGO_TARGET_DIR=/opt/rustwide/target" "-e" "CARGO_INCREMENTAL=0" "-e" "RUST_BACKTRACE=full" "-e" "RUSTFLAGS=--cap-lints=warn" "-e" "RUSTDOCFLAGS=--cap-lints=warn" "-w" "/opt/rustwide/workdir" "--user" "0:0" "7f1639127a4ffb1dc9f1fb3c1315e065a59800621af5b6030ecab37521f7718d" "/opt/rustwide/cargo-home/bin/cargo" "+1.100.0-beta.1" "test" "--frozen" "--release", kill_on_drop: false }`
[INFO] [stderr] warning: Cargo.toml: only one of `license` or `license-file` is necessary
[INFO] [stderr] `license` should be used if the package license can be expressed with a standard SPDX expression.
[INFO] [stderr] `license-file` should be used if the package uses a non-standard license.
[INFO] [stderr] See https://doc.rust-lang.org/cargo/reference/manifest.html#the-license-and-license-file-fields for more information.
[INFO] [stderr] warning: `mitoo` (manifest) generated 1 warning
[INFO] [stderr] warning: unused imports: `Datelike`, `Local`, and `Timelike`
[INFO] [stderr]  --> src/db.rs:2:14
[INFO] [stderr]   |
[INFO] [stderr] 2 | use chrono::{Datelike, Local, NaiveDate, NaiveDateTime, Timelike};
[INFO] [stderr]   |              ^^^^^^^^  ^^^^^                            ^^^^^^^^
[INFO] [stderr]   |
[INFO] [stderr]   = note: `#[warn(unused_imports)]` (part of `#[warn(unused)]`) on by default
[INFO] [stderr] 
[INFO] [stderr] warning: unused imports: `Exception`, `Object`, and `SqlCrud`
[INFO] [stderr]  --> src/db_sqlite.rs:1:13
[INFO] [stderr]   |
[INFO] [stderr] 1 | use crate::{Exception, Object, SqlCrud};
[INFO] [stderr]   |             ^^^^^^^^^  ^^^^^^  ^^^^^^^
[INFO] [stderr] 
[INFO] [stderr] warning: unused import: `std::collections::HashMap`
[INFO] [stderr]  --> src/db_sqlite.rs:4:5
[INFO] [stderr]   |
[INFO] [stderr] 4 | use std::collections::HashMap;
[INFO] [stderr]   |     ^^^^^^^^^^^^^^^^^^^^^^^^^
[INFO] [stderr] 
[INFO] [stderr] warning: unused import: `std::time::Duration`
[INFO] [stderr]  --> src/third/rabbitmq_util.rs:7:5
[INFO] [stderr]   |
[INFO] [stderr] 7 | use std::time::Duration;
[INFO] [stderr]   |     ^^^^^^^^^^^^^^^^^^^
[INFO] [stderr] 
[INFO] [stderr] warning: unused import: `async_trait::async_trait`
[INFO] [stderr]  --> src/third/rabbitmq_util.rs:8:5
[INFO] [stderr]   |
[INFO] [stderr] 8 | use async_trait::async_trait;
[INFO] [stderr]   |     ^^^^^^^^^^^^^^^^^^^^^^^^
[INFO] [stderr] 
[INFO] [stderr] warning: struct `Menu` is never constructed
[INFO] [stderr]    --> src/tree_util.rs:154:8
[INFO] [stderr]     |
[INFO] [stderr] 154 | struct Menu {
[INFO] [stderr]     |        ^^^^
[INFO] [stderr]     |
[INFO] [stderr]     = note: `#[warn(dead_code)]` (part of `#[warn(unused)]`) on by default
[INFO] [stderr] 
[INFO] [stderr] warning: `mitoo` (lib) generated 6 warnings (run `cargo fix --lib -p mitoo` to apply 5 suggestions)
[INFO] [stderr] warning: `mitoo` (lib test) generated 5 warnings (5 duplicates)
[INFO] [stderr]     Finished `release` profile [optimized] target(s) in 0.27s
[INFO] [stderr] warning: the following packages contain code that will be rejected by a future version of Rust: num-bigint-dig v0.8.4
[INFO] [stderr] note: to see what the problems were, use the option `--future-incompat-report`, or run `cargo report future-incompatibilities --id 4`
[INFO] [stderr]      Running unittests src/lib.rs (/opt/rustwide/target/release/build/mitoo/6fa80f4cb101cc81/out/mitoo-6fa80f4cb101cc81)
[INFO] [stdout] 
[INFO] [stdout] running 35 tests
[INFO] [stdout] test collection_util::tests::test_remove_first ... ok
[INFO] [stdout] test conf_util_yaml::tests::test_json_conf_util ... ok
[INFO] [stdout] test conf_util::tests::test_json_conf_util ... ok
[INFO] [stdout] test date_util::tests::test_cmp_string ... ok
[INFO] [stdout] test date_util::tests::test_parse_datetime ... ok
[INFO] [stdout] test date_util::tests::test_current_timestamp ... ok
[INFO] [stdout] test file_util::tests::test_glob ... ok
[INFO] [stdout] test hex_util::tests::test_to_hex ... ok
[INFO] [stdout] test date_util::tests::test_current_time_string ... ok
[INFO] [stdout] test id_util::tests::test_snowflake_id ... ok
[INFO] [stdout] test hex_util::tests::test_encode_decode_hex_str ... ok
[INFO] [stdout] test file_util::tests::test_read_string ... FAILED
[INFO] [stdout] test macro_util::it_works ... ok
[INFO] [stdout] test secure_util::tests::test_aes ... ok
[INFO] [stdout] test secure_util::tests::test_base64 ... ok
[INFO] [stdout] test file_util::tests::test_append_string ... FAILED
[INFO] [stdout] test file_util::tests::test_write_string ... FAILED
[INFO] [stdout] test file_util::tests::test_list ... FAILED
[INFO] [stdout] test file_util::tests::test_write_bytes ... FAILED
[INFO] [stdout] test log_util::tests::it_works ... FAILED
[INFO] [stdout] test file_util::tests::test_read_bytes ... FAILED
[INFO] [stdout] test cmd_util::tests::test_run_cmd ... FAILED
[INFO] [stdout] test id_util::tests::test_random_string_id ... ok
[INFO] [stdout] test ffmpeg_util::tests::it_works ... FAILED
[INFO] [stdout] test file_util::tests::test_write_bytes_and_read_bytes_with_invalid_path ... FAILED
[INFO] [stdout] test secure_util::tests::test_sha256 ... ok
[INFO] [stdout] test id_util::tests::test_uuid ... ok
[INFO] [stdout] test url_util::tests::test_encode ... ok
[INFO] [stdout] test tree_util::tests::test01 ... ok
[INFO] [stdout] test url_util::tests::test_url_encode ... ok
[INFO] [stdout] test re_util::tests::test_re_util ... ok
[INFO] [stdout] test secure_util::tests::test_rsa2 ... ok
[INFO] [stdout] test thread_util::tests::it_works ... ok
[INFO] [stdout] test http_util::tests::it_works ... FAILED
[INFO] [stdout] test secure_util::tests::test_rsa ... ok
[INFO] [stdout] 
[INFO] [stdout] failures:
[INFO] [stdout] 
[INFO] [stdout] ---- file_util::tests::test_read_string stdout ----
[INFO] [stdout] "d:/tmp/temp_file.txt"
[INFO] [stdout] Error: Os { code: 2, kind: NotFound, message: "No such file or directory" }
[INFO] [stdout] 
[INFO] [stdout] ---- file_util::tests::test_append_string stdout ----
[INFO] [stdout] 
[INFO] [stdout] thread 'file_util::tests::test_append_string' (2814) panicked at src/file_util.rs:480:49:
[INFO] [stdout] called `Result::unwrap()` on an `Err` value: Os { code: 2, kind: NotFound, message: "No such file or directory" }
[INFO] [stdout] stack backtrace:
[INFO] [stdout]    0:     0x61b08ca97151 - <<std[617be2ca0a6fd877]::sys::backtrace::BacktraceLock>::print::DisplayBacktrace as core[a373ad73a504971]::fmt::Display>::fmt
[INFO] [stdout]    1:     0x61b08caaed5a - core[a373ad73a504971]::fmt::write
[INFO] [stdout]    2:     0x61b08ca9be6c - <alloc[2e1b2a31b91974c5]::vec::Vec<u8> as core[a373ad73a504971]::io::write::Write>::write_fmt
[INFO] [stdout]    3:     0x61b08ca70346 - std[617be2ca0a6fd877]::panicking::default_hook::{closure#0}
[INFO] [stdout]    4:     0x61b08ca8e209 - std[617be2ca0a6fd877]::panicking::default_hook
[INFO] [stdout]    5:     0x61b08c842690 - test[aada8e7e76ba119b]::test_main_inner::{closure#0}
[INFO] [stdout]    6:     0x61b08ca8e532 - std[617be2ca0a6fd877]::panicking::panic_with_hook
[INFO] [stdout]    7:     0x61b08ca703f2 - std[617be2ca0a6fd877]::panicking::panic_handler::{closure#0}
[INFO] [stdout]    8:     0x61b08ca68cd9 - std[617be2ca0a6fd877]::sys::backtrace::__rust_end_short_backtrace::<std[617be2ca0a6fd877]::panicking::panic_handler::{closure#0}, !>
[INFO] [stdout]    9:     0x61b08ca711ed - __rustc[ea4f61d10b84890b]::rust_begin_unwind
[INFO] [stdout]   10:     0x61b08caaf53c - core[a373ad73a504971]::panicking::panic_fmt
[INFO] [stdout]   11:     0x61b08caaf312 - core[a373ad73a504971]::result::unwrap_failed
[INFO] [stdout]   12:     0x61b08c70bbd4 - <mitoo[3cc0675e73c62b79]::file_util::tests::test_append_string::{closure#0} as core[a373ad73a504971]::ops::function::FnOnce<()>>::call_once
[INFO] [stdout]   13:     0x61b08c835adb - test[aada8e7e76ba119b]::__rust_begin_short_backtrace::<core[a373ad73a504971]::result::Result<(), alloc[2e1b2a31b91974c5]::string::String>, fn() -> core[a373ad73a504971]::result::Result<(), alloc[2e1b2a31b91974c5]::string::String>>
[INFO] [stdout]   14:     0x61b08c842cb5 - test[aada8e7e76ba119b]::run_test::{closure#0}
[INFO] [stdout]   15:     0x61b08c83c5a4 - std[617be2ca0a6fd877]::sys::backtrace::__rust_begin_short_backtrace::<test[aada8e7e76ba119b]::run_test::{closure#1}, ()>
[INFO] [stdout]   16:     0x61b08c845d42 - <std[617be2ca0a6fd877]::thread::lifecycle::spawn_unchecked<test[aada8e7e76ba119b]::run_test::{closure#1}, ()>::{closure#1} as core[a373ad73a504971]::ops::function::FnOnce<()>>::call_once::{shim:vtable#0}
[INFO] [stdout]   17:     0x61b08ca95f8f - <std[617be2ca0a6fd877]::sys::thread::unix::Thread>::new::thread_start
[INFO] [stdout]   18:     0x79f0fefbcdfa - <unknown>
[INFO] [stdout]   19:     0x79f0ff0503d4 - clone
[INFO] [stdout]   20:                0x0 - <unknown>
[INFO] [stdout] 
[INFO] [stdout] ---- file_util::tests::test_write_string stdout ----
[INFO] [stdout] 
[INFO] [stdout] thread 'file_util::tests::test_write_string' (2822) panicked at src/file_util.rs:466:71:
[INFO] [stdout] called `Result::unwrap()` on an `Err` value: Os { code: 2, kind: NotFound, message: "No such file or directory" }
[INFO] [stdout] stack backtrace:
[INFO] [stdout]    0:     0x61b08ca97151 - <<std[617be2ca0a6fd877]::sys::backtrace::BacktraceLock>::print::DisplayBacktrace as core[a373ad73a504971]::fmt::Display>::fmt
[INFO] [stdout]    1:     0x61b08caaed5a - core[a373ad73a504971]::fmt::write
[INFO] [stdout]    2:     0x61b08ca9be6c - <alloc[2e1b2a31b91974c5]::vec::Vec<u8> as core[a373ad73a504971]::io::write::Write>::write_fmt
[INFO] [stdout]    3:     0x61b08ca70346 - std[617be2ca0a6fd877]::panicking::default_hook::{closure#0}
[INFO] [stdout]    4:     0x61b08ca8e209 - std[617be2ca0a6fd877]::panicking::default_hook
[INFO] [stdout]    5:     0x61b08c842690 - test[aada8e7e76ba119b]::test_main_inner::{closure#0}
[INFO] [stdout]    6:     0x61b08ca8e532 - std[617be2ca0a6fd877]::panicking::panic_with_hook
[INFO] [stdout]    7:     0x61b08ca703f2 - std[617be2ca0a6fd877]::panicking::panic_handler::{closure#0}
[INFO] [stdout]    8:     0x61b08ca68cd9 - std[617be2ca0a6fd877]::sys::backtrace::__rust_end_short_backtrace::<std[617be2ca0a6fd877]::panicking::panic_handler::{closure#0}, !>
[INFO] [stdout]    9:     0x61b08ca711ed - __rustc[ea4f61d10b84890b]::rust_begin_unwind
[INFO] [stdout]   10:     0x61b08caaf53c - core[a373ad73a504971]::panicking::panic_fmt
[INFO] [stdout]   11:     0x61b08caaf312 - core[a373ad73a504971]::result::unwrap_failed
[INFO] [stdout]   12:     0x61b08c70b7aa - <mitoo[3cc0675e73c62b79]::file_util::tests::test_write_string::{closure#0} as core[a373ad73a504971]::ops::function::FnOnce<()>>::call_once
[INFO] [stdout]   13:     0x61b08c835adb - test[aada8e7e76ba119b]::__rust_begin_short_backtrace::<core[a373ad73a504971]::result::Result<(), alloc[2e1b2a31b91974c5]::string::String>, fn() -> core[a373ad73a504971]::result::Result<(), alloc[2e1b2a31b91974c5]::string::String>>
[INFO] [stdout]   14:     0x61b08c842cb5 - test[aada8e7e76ba119b]::run_test::{closure#0}
[INFO] [stdout]   15:     0x61b08c83c5a4 - std[617be2ca0a6fd877]::sys::backtrace::__rust_begin_short_backtrace::<test[aada8e7e76ba119b]::run_test::{closure#1}, ()>
[INFO] [stdout]   16:     0x61b08c845d42 - <std[617be2ca0a6fd877]::thread::lifecycle::spawn_unchecked<test[aada8e7e76ba119b]::run_test::{closure#1}, ()>::{closure#1} as core[a373ad73a504971]::ops::function::FnOnce<()>>::call_once::{shim:vtable#0}
[INFO] [stdout]   17:     0x61b08ca95f8f - <std[617be2ca0a6fd877]::sys::thread::unix::Thread>::new::thread_start
[INFO] [stdout]   18:     0x79f0fefbcdfa - <unknown>
[INFO] [stdout]   19:     0x79f0ff0503d4 - clone
[INFO] [stdout]   20:                0x0 - <unknown>
[INFO] [stdout] 
[INFO] [stdout] ---- file_util::tests::test_list stdout ----
[INFO] [stdout] 
[INFO] [stdout] thread 'file_util::tests::test_list' (2816) panicked at src/file_util.rs:420:39:
[INFO] [stdout] Failed to create sub dir: Os { code: 2, kind: NotFound, message: "No such file or directory" }
[INFO] [stdout] stack backtrace:
[INFO] [stdout]    0:     0x61b08ca97151 - <<std[617be2ca0a6fd877]::sys::backtrace::BacktraceLock>::print::DisplayBacktrace as core[a373ad73a504971]::fmt::Display>::fmt
[INFO] [stdout]    1:     0x61b08caaed5a - core[a373ad73a504971]::fmt::write
[INFO] [stdout]    2:     0x61b08ca9be6c - <alloc[2e1b2a31b91974c5]::vec::Vec<u8> as core[a373ad73a504971]::io::write::Write>::write_fmt
[INFO] [stdout]    3:     0x61b08ca70346 - std[617be2ca0a6fd877]::panicking::default_hook::{closure#0}
[INFO] [stdout]    4:     0x61b08ca8e209 - std[617be2ca0a6fd877]::panicking::default_hook
[INFO] [stdout]    5:     0x61b08c842690 - test[aada8e7e76ba119b]::test_main_inner::{closure#0}
[INFO] [stdout]    6:     0x61b08ca8e532 - std[617be2ca0a6fd877]::panicking::panic_with_hook
[INFO] [stdout]    7:     0x61b08ca703f2 - std[617be2ca0a6fd877]::panicking::panic_handler::{closure#0}
[INFO] [stdout]    8:     0x61b08ca68cd9 - std[617be2ca0a6fd877]::sys::backtrace::__rust_end_short_backtrace::<std[617be2ca0a6fd877]::panicking::panic_handler::{closure#0}, !>
[INFO] [stdout]    9:     0x61b08ca711ed - __rustc[ea4f61d10b84890b]::rust_begin_unwind
[INFO] [stdout]   10:     0x61b08caaf53c - core[a373ad73a504971]::panicking::panic_fmt
[INFO] [stdout]   11:     0x61b08caaf312 - core[a373ad73a504971]::result::unwrap_failed
[INFO] [stdout]   12:     0x61b08c70c409 - <mitoo[3cc0675e73c62b79]::file_util::tests::test_list::{closure#0} as core[a373ad73a504971]::ops::function::FnOnce<()>>::call_once
[INFO] [stdout]   13:     0x61b08c835adb - test[aada8e7e76ba119b]::__rust_begin_short_backtrace::<core[a373ad73a504971]::result::Result<(), alloc[2e1b2a31b91974c5]::string::String>, fn() -> core[a373ad73a504971]::result::Result<(), alloc[2e1b2a31b91974c5]::string::String>>
[INFO] [stdout]   14:     0x61b08c842cb5 - test[aada8e7e76ba119b]::run_test::{closure#0}
[INFO] [stdout]   15:     0x61b08c83c5a4 - std[617be2ca0a6fd877]::sys::backtrace::__rust_begin_short_backtrace::<test[aada8e7e76ba119b]::run_test::{closure#1}, ()>
[INFO] [stdout]   16:     0x61b08c845d42 - <std[617be2ca0a6fd877]::thread::lifecycle::spawn_unchecked<test[aada8e7e76ba119b]::run_test::{closure#1}, ()>::{closure#1} as core[a373ad73a504971]::ops::function::FnOnce<()>>::call_once::{shim:vtable#0}
[INFO] [stdout]   17:     0x61b08ca95f8f - <std[617be2ca0a6fd877]::sys::thread::unix::Thread>::new::thread_start
[INFO] [stdout]   18:     0x79f0fefbcdfa - <unknown>
[INFO] [stdout]   19:     0x79f0ff0503d4 - clone
[INFO] [stdout]   20:                0x0 - <unknown>
[INFO] [stdout] 
[INFO] [stdout] ---- file_util::tests::test_write_bytes stdout ----
[INFO] [stdout] 
[INFO] [stdout] thread 'file_util::tests::test_write_bytes' (2820) panicked at src/file_util.rs:497:49:
[INFO] [stdout] called `Result::unwrap()` on an `Err` value: Os { code: 2, kind: NotFound, message: "No such file or directory" }
[INFO] [stdout] stack backtrace:
[INFO] [stdout]    0:     0x61b08ca97151 - <<std[617be2ca0a6fd877]::sys::backtrace::BacktraceLock>::print::DisplayBacktrace as core[a373ad73a504971]::fmt::Display>::fmt
[INFO] [stdout]    1:     0x61b08caaed5a - core[a373ad73a504971]::fmt::write
[INFO] [stdout]    2:     0x61b08ca9be6c - <alloc[2e1b2a31b91974c5]::vec::Vec<u8> as core[a373ad73a504971]::io::write::Write>::write_fmt
[INFO] [stdout]    3:     0x61b08ca70346 - std[617be2ca0a6fd877]::panicking::default_hook::{closure#0}
[INFO] [stdout]    4:     0x61b08ca8e209 - std[617be2ca0a6fd877]::panicking::default_hook
[INFO] [stdout]    5:     0x61b08c842690 - test[aada8e7e76ba119b]::test_main_inner::{closure#0}
[INFO] [stdout]    6:     0x61b08ca8e532 - std[617be2ca0a6fd877]::panicking::panic_with_hook
[INFO] [stdout]    7:     0x61b08ca703f2 - std[617be2ca0a6fd877]::panicking::panic_handler::{closure#0}
[INFO] [stdout]    8:     0x61b08ca68cd9 - std[617be2ca0a6fd877]::sys::backtrace::__rust_end_short_backtrace::<std[617be2ca0a6fd877]::panicking::panic_handler::{closure#0}, !>
[INFO] [stdout]    9:     0x61b08ca711ed - __rustc[ea4f61d10b84890b]::rust_begin_unwind
[INFO] [stdout]   10:     0x61b08caaf53c - core[a373ad73a504971]::panicking::panic_fmt
[INFO] [stdout]   11:     0x61b08caaf312 - core[a373ad73a504971]::result::unwrap_failed
[INFO] [stdout]   12:     0x61b08c70b4b3 - <mitoo[3cc0675e73c62b79]::file_util::tests::test_write_bytes::{closure#0} as core[a373ad73a504971]::ops::function::FnOnce<()>>::call_once
[INFO] [stdout]   13:     0x61b08c835adb - test[aada8e7e76ba119b]::__rust_begin_short_backtrace::<core[a373ad73a504971]::result::Result<(), alloc[2e1b2a31b91974c5]::string::String>, fn() -> core[a373ad73a504971]::result::Result<(), alloc[2e1b2a31b91974c5]::string::String>>
[INFO] [stdout]   14:     0x61b08c842cb5 - test[aada8e7e76ba119b]::run_test::{closure#0}
[INFO] [stdout]   15:     0x61b08c83c5a4 - std[617be2ca0a6fd877]::sys::backtrace::__rust_begin_short_backtrace::<test[aada8e7e76ba119b]::run_test::{closure#1}, ()>
[INFO] [stdout]   16:     0x61b08c845d42 - <std[617be2ca0a6fd877]::thread::lifecycle::spawn_unchecked<test[aada8e7e76ba119b]::run_test::{closure#1}, ()>::{closure#1} as core[a373ad73a504971]::ops::function::FnOnce<()>>::call_once::{shim:vtable#0}
[INFO] [stdout]   17:     0x61b08ca95f8f - <std[617be2ca0a6fd877]::sys::thread::unix::Thread>::new::thread_start
[INFO] [stdout]   18:     0x79f0fefbcdfa - <unknown>
[INFO] [stdout]   19:     0x79f0ff0503d4 - clone
[INFO] [stdout]   20:                0x0 - <unknown>
[INFO] [stdout] 
[INFO] [stdout] ---- log_util::tests::it_works stdout ----
[INFO] [stdout] 
[INFO] [stdout] thread 'log_util::tests::it_works' (2829) panicked at /opt/rustwide/cargo-home/registry/src/index.crates.io-1949cf8c6b5b557f/tracing-appender-0.2.3/src/rolling.rs:154:14:
[INFO] [stdout] initializing rolling file appender failed: InitError { context: "failed to create log directory", source: Os { code: 30, kind: ReadOnlyFilesystem, message: "Read-only file system" } }
[INFO] [stdout] stack backtrace:
[INFO] [stdout]    0:     0x61b08ca97151 - <<std[617be2ca0a6fd877]::sys::backtrace::BacktraceLock>::print::DisplayBacktrace as core[a373ad73a504971]::fmt::Display>::fmt
[INFO] [stdout]    1:     0x61b08caaed5a - core[a373ad73a504971]::fmt::write
[INFO] [stdout]    2:     0x61b08ca9be6c - <alloc[2e1b2a31b91974c5]::vec::Vec<u8> as core[a373ad73a504971]::io::write::Write>::write_fmt
[INFO] [stdout]    3:     0x61b08ca70346 - std[617be2ca0a6fd877]::panicking::default_hook::{closure#0}
[INFO] [stdout]    4:     0x61b08ca8e209 - std[617be2ca0a6fd877]::panicking::default_hook
[INFO] [stdout]    5:     0x61b08c842690 - test[aada8e7e76ba119b]::test_main_inner::{closure#0}
[INFO] [stdout]    6:     0x61b08ca8e532 - std[617be2ca0a6fd877]::panicking::panic_with_hook
[INFO] [stdout]    7:     0x61b08ca703f2 - std[617be2ca0a6fd877]::panicking::panic_handler::{closure#0}
[INFO] [stdout]    8:     0x61b08ca68cd9 - std[617be2ca0a6fd877]::sys::backtrace::__rust_end_short_backtrace::<std[617be2ca0a6fd877]::panicking::panic_handler::{closure#0}, !>
[INFO] [stdout]    9:     0x61b08ca711ed - __rustc[ea4f61d10b84890b]::rust_begin_unwind
[INFO] [stdout]   10:     0x61b08caaf53c - core[a373ad73a504971]::panicking::panic_fmt
[INFO] [stdout]   11:     0x61b08caaf312 - core[a373ad73a504971]::result::unwrap_failed
[INFO] [stdout]   12:     0x61b08c6ea280 - <tracing_appender[eaa16c08c2fb855d]::rolling::RollingFileAppender>::new::<&str, &str>
[INFO] [stdout]   13:     0x61b08c6fcb67 - <mitoo[3cc0675e73c62b79]::log_util::LogUtil>::init
[INFO] [stdout]   14:     0x61b08c721bdf - <mitoo[3cc0675e73c62b79]::log_util::tests::it_works::{closure#0} as core[a373ad73a504971]::ops::function::FnOnce<()>>::call_once
[INFO] [stdout]   15:     0x61b08c835adb - test[aada8e7e76ba119b]::__rust_begin_short_backtrace::<core[a373ad73a504971]::result::Result<(), alloc[2e1b2a31b91974c5]::string::String>, fn() -> core[a373ad73a504971]::result::Result<(), alloc[2e1b2a31b91974c5]::string::String>>
[INFO] [stdout]   16:     0x61b08c842cb5 - test[aada8e7e76ba119b]::run_test::{closure#0}
[INFO] [stdout]   17:     0x61b08c83c5a4 - std[617be2ca0a6fd877]::sys::backtrace::__rust_begin_short_backtrace::<test[aada8e7e76ba119b]::run_test::{closure#1}, ()>
[INFO] [stdout]   18:     0x61b08c845d42 - <std[617be2ca0a6fd877]::thread::lifecycle::spawn_unchecked<test[aada8e7e76ba119b]::run_test::{closure#1}, ()>::{closure#1} as core[a373ad73a504971]::ops::function::FnOnce<()>>::call_once::{shim:vtable#0}
[INFO] [stdout]   19:     0x61b08ca95f8f - <std[617be2ca0a6fd877]::sys::thread::unix::Thread>::new::thread_start
[INFO] [stdout]   20:     0x79f0fefbcdfa - <unknown>
[INFO] [stdout]   21:     0x79f0ff0503d4 - clone
[INFO] [stdout]   22:                0x0 - <unknown>
[INFO] [stdout] 
[INFO] [stdout] ---- file_util::tests::test_read_bytes stdout ----
[INFO] [stdout] 
[INFO] [stdout] thread 'file_util::tests::test_read_bytes' (2818) panicked at src/file_util.rs:453:14:
[INFO] [stdout] called `Result::unwrap()` on an `Err` value: Os { code: 2, kind: NotFound, message: "No such file or directory" }
[INFO] [stdout] stack backtrace:
[INFO] [stdout]    0:     0x61b08ca97151 - <<std[617be2ca0a6fd877]::sys::backtrace::BacktraceLock>::print::DisplayBacktrace as core[a373ad73a504971]::fmt::Display>::fmt
[INFO] [stdout]    1:     0x61b08caaed5a - core[a373ad73a504971]::fmt::write
[INFO] [stdout]    2:     0x61b08ca9be6c - <alloc[2e1b2a31b91974c5]::vec::Vec<u8> as core[a373ad73a504971]::io::write::Write>::write_fmt
[INFO] [stdout]    3:     0x61b08ca70346 - std[617be2ca0a6fd877]::panicking::default_hook::{closure#0}
[INFO] [stdout]    4:     0x61b08ca8e209 - std[617be2ca0a6fd877]::panicking::default_hook
[INFO] [stdout]    5:     0x61b08c842690 - test[aada8e7e76ba119b]::test_main_inner::{closure#0}
[INFO] [stdout]    6:     0x61b08ca8e532 - std[617be2ca0a6fd877]::panicking::panic_with_hook
[INFO] [stdout]    7:     0x61b08ca703f2 - std[617be2ca0a6fd877]::panicking::panic_handler::{closure#0}
[INFO] [stdout]    8:     0x61b08ca68cd9 - std[617be2ca0a6fd877]::sys::backtrace::__rust_end_short_backtrace::<std[617be2ca0a6fd877]::panicking::panic_handler::{closure#0}, !>
[INFO] [stdout]    9:     0x61b08ca711ed - __rustc[ea4f61d10b84890b]::rust_begin_unwind
[INFO] [stdout]   10:     0x61b08caaf53c - core[a373ad73a504971]::panicking::panic_fmt
[INFO] [stdout]   11:     0x61b08caaf312 - core[a373ad73a504971]::result::unwrap_failed
[INFO] [stdout]   12:     0x61b08c70af1d - <mitoo[3cc0675e73c62b79]::file_util::tests::test_read_bytes::{closure#0} as core[a373ad73a504971]::ops::function::FnOnce<()>>::call_once
[INFO] [stdout]   13:     0x61b08c835adb - test[aada8e7e76ba119b]::__rust_begin_short_backtrace::<core[a373ad73a504971]::result::Result<(), alloc[2e1b2a31b91974c5]::string::String>, fn() -> core[a373ad73a504971]::result::Result<(), alloc[2e1b2a31b91974c5]::string::String>>
[INFO] [stdout]   14:     0x61b08c842cb5 - test[aada8e7e76ba119b]::run_test::{closure#0}
[INFO] [stdout]   15:     0x61b08c83c5a4 - std[617be2ca0a6fd877]::sys::backtrace::__rust_begin_short_backtrace::<test[aada8e7e76ba119b]::run_test::{closure#1}, ()>
[INFO] [stdout]   16:     0x61b08c845d42 - <std[617be2ca0a6fd877]::thread::lifecycle::spawn_unchecked<test[aada8e7e76ba119b]::run_test::{closure#1}, ()>::{closure#1} as core[a373ad73a504971]::ops::function::FnOnce<()>>::call_once::{shim:vtable#0}
[INFO] [stdout]   17:     0x61b08ca95f8f - <std[617be2ca0a6fd877]::sys::thread::unix::Thread>::new::thread_start
[INFO] [stdout]   18:     0x79f0fefbcdfa - <unknown>
[INFO] [stdout]   19:     0x79f0ff0503d4 - clone
[INFO] [stdout]   20:                0x0 - <unknown>
[INFO] [stdout] 
[INFO] [stdout] ---- cmd_util::tests::test_run_cmd stdout ----
[INFO] [stdout] 
[INFO] [stdout] thread 'cmd_util::tests::test_run_cmd' (2804) panicked at src/cmd_util.rs:36:37:
[INFO] [stdout] 请检查命令是否正确，或是否具备执行权限或环境变量等！: Os { code: 2, kind: NotFound, message: "No such file or directory" }
[INFO] [stdout] stack backtrace:
[INFO] [stdout]    0:     0x61b08ca97151 - <<std[617be2ca0a6fd877]::sys::backtrace::BacktraceLock>::print::DisplayBacktrace as core[a373ad73a504971]::fmt::Display>::fmt
[INFO] [stdout]    1:     0x61b08caaed5a - core[a373ad73a504971]::fmt::write
[INFO] [stdout]    2:     0x61b08ca9be6c - <alloc[2e1b2a31b91974c5]::vec::Vec<u8> as core[a373ad73a504971]::io::write::Write>::write_fmt
[INFO] [stdout]    3:     0x61b08ca70346 - std[617be2ca0a6fd877]::panicking::default_hook::{closure#0}
[INFO] [stdout]    4:     0x61b08ca8e209 - std[617be2ca0a6fd877]::panicking::default_hook
[INFO] [stdout]    5:     0x61b08c842690 - test[aada8e7e76ba119b]::test_main_inner::{closure#0}
[INFO] [stdout]    6:     0x61b08ca8e532 - std[617be2ca0a6fd877]::panicking::panic_with_hook
[INFO] [stdout]    7:     0x61b08ca703f2 - std[617be2ca0a6fd877]::panicking::panic_handler::{closure#0}
[INFO] [stdout]    8:     0x61b08ca68cd9 - std[617be2ca0a6fd877]::sys::backtrace::__rust_end_short_backtrace::<std[617be2ca0a6fd877]::panicking::panic_handler::{closure#0}, !>
[INFO] [stdout]    9:     0x61b08ca711ed - __rustc[ea4f61d10b84890b]::rust_begin_unwind
[INFO] [stdout]   10:     0x61b08caaf53c - core[a373ad73a504971]::panicking::panic_fmt
[INFO] [stdout]   11:     0x61b08caaf312 - core[a373ad73a504971]::result::unwrap_failed
[INFO] [stdout]   12:     0x61b08c70a047 - <mitoo[3cc0675e73c62b79]::cmd_util::CmdUtil>::run_cmd
[INFO] [stdout]   13:     0x61b08c7058d5 - <mitoo[3cc0675e73c62b79]::cmd_util::tests::test_run_cmd::{closure#0} as core[a373ad73a504971]::ops::function::FnOnce<()>>::call_once
[INFO] [stdout]   14:     0x61b08c835adb - test[aada8e7e76ba119b]::__rust_begin_short_backtrace::<core[a373ad73a504971]::result::Result<(), alloc[2e1b2a31b91974c5]::string::String>, fn() -> core[a373ad73a504971]::result::Result<(), alloc[2e1b2a31b91974c5]::string::String>>
[INFO] [stdout]   15:     0x61b08c842cb5 - test[aada8e7e76ba119b]::run_test::{closure#0}
[INFO] [stdout]   16:     0x61b08c83c5a4 - std[617be2ca0a6fd877]::sys::backtrace::__rust_begin_short_backtrace::<test[aada8e7e76ba119b]::run_test::{closure#1}, ()>
[INFO] [stdout]   17:     0x61b08c845d42 - <std[617be2ca0a6fd877]::thread::lifecycle::spawn_unchecked<test[aada8e7e76ba119b]::run_test::{closure#1}, ()>::{closure#1} as core[a373ad73a504971]::ops::function::FnOnce<()>>::call_once::{shim:vtable#0}
[INFO] [stdout]   18:     0x61b08ca95f8f - <std[617be2ca0a6fd877]::sys::thread::unix::Thread>::new::thread_start
[INFO] [stdout]   19:     0x79f0fefbcdfa - <unknown>
[INFO] [stdout]   20:     0x79f0ff0503d4 - clone
[INFO] [stdout]   21:                0x0 - <unknown>
[INFO] [stdout] 
[INFO] [stdout] ---- ffmpeg_util::tests::it_works stdout ----
[INFO] [stdout] 
[INFO] [stdout] thread 'ffmpeg_util::tests::it_works' (2813) panicked at src/cmd_util.rs:36:37:
[INFO] [stdout] 请检查命令是否正确，或是否具备执行权限或环境变量等！: Os { code: 2, kind: NotFound, message: "No such file or directory" }
[INFO] [stdout] stack backtrace:
[INFO] [stdout]    0:     0x61b08ca97151 - <<std[617be2ca0a6fd877]::sys::backtrace::BacktraceLock>::print::DisplayBacktrace as core[a373ad73a504971]::fmt::Display>::fmt
[INFO] [stdout]    1:     0x61b08caaed5a - core[a373ad73a504971]::fmt::write
[INFO] [stdout]    2:     0x61b08ca9be6c - <alloc[2e1b2a31b91974c5]::vec::Vec<u8> as core[a373ad73a504971]::io::write::Write>::write_fmt
[INFO] [stdout]    3:     0x61b08ca70346 - std[617be2ca0a6fd877]::panicking::default_hook::{closure#0}
[INFO] [stdout]    4:     0x61b08ca8e209 - std[617be2ca0a6fd877]::panicking::default_hook
[INFO] [stdout]    5:     0x61b08c842690 - test[aada8e7e76ba119b]::test_main_inner::{closure#0}
[INFO] [stdout]    6:     0x61b08ca8e532 - std[617be2ca0a6fd877]::panicking::panic_with_hook
[INFO] [stdout]    7:     0x61b08ca703f2 - std[617be2ca0a6fd877]::panicking::panic_handler::{closure#0}
[INFO] [stdout]    8:     0x61b08ca68cd9 - std[617be2ca0a6fd877]::sys::backtrace::__rust_end_short_backtrace::<std[617be2ca0a6fd877]::panicking::panic_handler::{closure#0}, !>
[INFO] [stdout]    9:     0x61b08ca711ed - __rustc[ea4f61d10b84890b]::rust_begin_unwind
[INFO] [stdout]   10:     0x61b08caaf53c - core[a373ad73a504971]::panicking::panic_fmt
[INFO] [stdout]   11:     0x61b08caaf312 - core[a373ad73a504971]::result::unwrap_failed
[INFO] [stdout]   12:     0x61b08c70a047 - <mitoo[3cc0675e73c62b79]::cmd_util::CmdUtil>::run_cmd
[INFO] [stdout]   13:     0x61b08c6ebd33 - <mitoo[3cc0675e73c62b79]::ffmpeg_util::FfmpegUtil>::video_seconds
[INFO] [stdout]   14:     0x61b08c70aa02 - <mitoo[3cc0675e73c62b79]::ffmpeg_util::tests::it_works::{closure#0} as core[a373ad73a504971]::ops::function::FnOnce<()>>::call_once
[INFO] [stdout]   15:     0x61b08c835adb - test[aada8e7e76ba119b]::__rust_begin_short_backtrace::<core[a373ad73a504971]::result::Result<(), alloc[2e1b2a31b91974c5]::string::String>, fn() -> core[a373ad73a504971]::result::Result<(), alloc[2e1b2a31b91974c5]::string::String>>
[INFO] [stdout]   16:     0x61b08c842cb5 - test[aada8e7e76ba119b]::run_test::{closure#0}
[INFO] [stdout]   17:     0x61b08c83c5a4 - std[617be2ca0a6fd877]::sys::backtrace::__rust_begin_short_backtrace::<test[aada8e7e76ba119b]::run_test::{closure#1}, ()>
[INFO] [stdout]   18:     0x61b08c845d42 - <std[617be2ca0a6fd877]::thread::lifecycle::spawn_unchecked<test[aada8e7e76ba119b]::run_test::{closure#1}, ()>::{closure#1} as core[a373ad73a504971]::ops::function::FnOnce<()>>::call_once::{shim:vtable#0}
[INFO] [stdout]   19:     0x61b08ca95f8f - <std[617be2ca0a6fd877]::sys::thread::unix::Thread>::new::thread_start
[INFO] [stdout]   20:     0x79f0fefbcdfa - <unknown>
[INFO] [stdout]   21:     0x79f0ff0503d4 - clone
[INFO] [stdout]   22:                0x0 - <unknown>
[INFO] [stdout] 
[INFO] [stdout] ---- file_util::tests::test_write_bytes_and_read_bytes_with_invalid_path stdout ----
[INFO] [stdout] 
[INFO] [stdout] thread 'file_util::tests::test_write_bytes_and_read_bytes_with_invalid_path' (2821) panicked at src/file_util.rs:511:87:
[INFO] [stdout] called `Result::unwrap()` on an `Err` value: Io(Custom { kind: NotFound, error: "目录不存在或不是目录" })
[INFO] [stdout] stack backtrace:
[INFO] [stdout]    0:     0x61b08ca97151 - <<std[617be2ca0a6fd877]::sys::backtrace::BacktraceLock>::print::DisplayBacktrace as core[a373ad73a504971]::fmt::Display>::fmt
[INFO] [stdout]    1:     0x61b08caaed5a - core[a373ad73a504971]::fmt::write
[INFO] [stdout]    2:     0x61b08ca9be6c - <alloc[2e1b2a31b91974c5]::vec::Vec<u8> as core[a373ad73a504971]::io::write::Write>::write_fmt
[INFO] [stdout]    3:     0x61b08ca70346 - std[617be2ca0a6fd877]::panicking::default_hook::{closure#0}
[INFO] [stdout]    4:     0x61b08ca8e209 - std[617be2ca0a6fd877]::panicking::default_hook
[INFO] [stdout]    5:     0x61b08c842690 - test[aada8e7e76ba119b]::test_main_inner::{closure#0}
[INFO] [stdout]    6:     0x61b08ca8e532 - std[617be2ca0a6fd877]::panicking::panic_with_hook
[INFO] [stdout]    7:     0x61b08ca703f2 - std[617be2ca0a6fd877]::panicking::panic_handler::{closure#0}
[INFO] [stdout]    8:     0x61b08ca68cd9 - std[617be2ca0a6fd877]::sys::backtrace::__rust_end_short_backtrace::<std[617be2ca0a6fd877]::panicking::panic_handler::{closure#0}, !>
[INFO] [stdout]    9:     0x61b08ca711ed - __rustc[ea4f61d10b84890b]::rust_begin_unwind
[INFO] [stdout]   10:     0x61b08caaf53c - core[a373ad73a504971]::panicking::panic_fmt
[INFO] [stdout]   11:     0x61b08caaf312 - core[a373ad73a504971]::result::unwrap_failed
[INFO] [stdout]   12:     0x61b08c70bfa4 - <mitoo[3cc0675e73c62b79]::file_util::tests::test_write_bytes_and_read_bytes_with_invalid_path::{closure#0} as core[a373ad73a504971]::ops::function::FnOnce<()>>::call_once
[INFO] [stdout]   13:     0x61b08c835adb - test[aada8e7e76ba119b]::__rust_begin_short_backtrace::<core[a373ad73a504971]::result::Result<(), alloc[2e1b2a31b91974c5]::string::String>, fn() -> core[a373ad73a504971]::result::Result<(), alloc[2e1b2a31b91974c5]::string::String>>
[INFO] [stdout]   14:     0x61b08c842cb5 - test[aada8e7e76ba119b]::run_test::{closure#0}
[INFO] [stdout]   15:     0x61b08c83c5a4 - std[617be2ca0a6fd877]::sys::backtrace::__rust_begin_short_backtrace::<test[aada8e7e76ba119b]::run_test::{closure#1}, ()>
[INFO] [stdout]   16:     0x61b08c845d42 - <std[617be2ca0a6fd877]::thread::lifecycle::spawn_unchecked<test[aada8e7e76ba119b]::run_test::{closure#1}, ()>::{closure#1} as core[a373ad73a504971]::ops::function::FnOnce<()>>::call_once::{shim:vtable#0}
[INFO] [stdout]   17:     0x61b08ca95f8f - <std[617be2ca0a6fd877]::sys::thread::unix::Thread>::new::thread_start
[INFO] [stdout]   18:     0x79f0fefbcdfa - <unknown>
[INFO] [stdout]   19:     0x79f0ff0503d4 - clone
[INFO] [stdout]   20:                0x0 - <unknown>
[INFO] [stdout] 
[INFO] [stdout] ---- http_util::tests::it_works stdout ----
[INFO] [stdout] Error: ReqwestErr(reqwest::Error { kind: Request, url: "https://www.baidu.com/", source: hyper_util::client::legacy::Error(Connect, ConnectError("dns error", Custom { kind: Uncategorized, error: "failed to lookup address information: Temporary failure in name resolution" })) })
[INFO] [stdout] 
[INFO] [stdout] 
[INFO] [stdout] failures:
[INFO] [stdout]     cmd_util::tests::test_run_cmd
[INFO] [stdout]     ffmpeg_util::tests::it_works
[INFO] [stdout]     file_util::tests::test_append_string
[INFO] [stdout]     file_util::tests::test_list
[INFO] [stdout]     file_util::tests::test_read_bytes
[INFO] [stdout]     file_util::tests::test_read_string
[INFO] [stdout]     file_util::tests::test_write_bytes
[INFO] [stdout]     file_util::tests::test_write_bytes_and_read_bytes_with_invalid_path
[INFO] [stdout]     file_util::tests::test_write_string
[INFO] [stdout]     http_util::tests::it_works
[INFO] [stdout]     log_util::tests::it_works
[INFO] [stdout] 
[INFO] [stdout] test result: FAILED. 24 passed; 11 failed; 0 ignored; 0 measured; 0 filtered out; finished in 0.22s
[INFO] [stdout] 
[INFO] [stderr] error: test failed, to rerun pass `--lib`
[INFO] running `Command { std: "docker" "inspect" "7f1639127a4ffb1dc9f1fb3c1315e065a59800621af5b6030ecab37521f7718d", kill_on_drop: false }`
[INFO] running `Command { std: "docker" "rm" "-f" "7f1639127a4ffb1dc9f1fb3c1315e065a59800621af5b6030ecab37521f7718d", kill_on_drop: false }`
[INFO] [stdout] 7f1639127a4ffb1dc9f1fb3c1315e065a59800621af5b6030ecab37521f7718d
