[INFO] fetching crate mel_spec 0.5.0...
[INFO] testing mel_spec-0.5.0 against 1.100.0-beta.1+cargoflags=--release for beta-release-1.100-2
[INFO] extracting crate mel_spec 0.5.0 into /workspace/builds/worker-2-tc2/source
[INFO] started tweaking crates.io crate mel_spec 0.5.0
[INFO] removed 0 missing tests
[INFO] finished tweaking crates.io crate mel_spec 0.5.0
[INFO] tweaked toml for crates.io crate mel_spec 0.5.0 written to /workspace/builds/worker-2-tc2/source/Cargo.toml
[INFO] validating manifest of crates.io crate mel_spec 0.5.0 on toolchain 1.100.0-beta.1
[INFO] running `Command { std: CARGO_HOME="/workspace/cargo-home" RUSTUP_HOME="/workspace/rustup-home" "/workspace/cargo-home/bin/cargo" "+1.100.0-beta.1" "metadata" "--manifest-path" "Cargo.toml" "--no-deps", kill_on_drop: false }`
[INFO] crate crates.io crate mel_spec 0.5.0 already has a lockfile, it will not be regenerated
[INFO] running `Command { std: CARGO_HOME="/workspace/cargo-home" RUSTUP_HOME="/workspace/rustup-home" "/workspace/cargo-home/bin/cargo" "+1.100.0-beta.1" "fetch" "--manifest-path" "Cargo.toml", kill_on_drop: false }`
[INFO] running `Command { std: "docker" "create" "-v" "/var/lib/crater-agent-workspace/builds/worker-2-tc2/source:/opt/rustwide/workdir:ro,Z" "-v" "/var/lib/crater-agent-workspace/builds/worker-2-tc2/target:/opt/rustwide/target:rw,Z" "-v" "/var/lib/crater-agent-workspace/cargo-home:/opt/rustwide/cargo-home:ro,Z" "-v" "/var/lib/crater-agent-workspace/rustup-home:/opt/rustwide/rustup-home:ro,Z" "-m" "1610612736" "--network" "none" "ghcr.io/rust-lang/crates-build-env/linux@sha256:77db811e55d90add9212f6832c23229e3de5f1c1f9905e8cb07319ea15df73ac" "sleep" "infinity", kill_on_drop: false }`
[INFO] [stdout] f67fe3921fac2405a36c630e61622bd12e520a6baf463e8d123249631e513930
[INFO] running `Command { std: "docker" "start" "f67fe3921fac2405a36c630e61622bd12e520a6baf463e8d123249631e513930", kill_on_drop: false }`
[INFO] running `Command { std: "docker" "inspect" "f67fe3921fac2405a36c630e61622bd12e520a6baf463e8d123249631e513930", kill_on_drop: false }`
[INFO] running `Command { std: "docker" "exec" "-e" "SOURCE_DIR=/opt/rustwide/workdir" "-e" "CARGO_HOME=/opt/rustwide/cargo-home" "-e" "RUSTUP_HOME=/opt/rustwide/rustup-home" "-e" "CARGO_TARGET_DIR=/opt/rustwide/target" "-w" "/opt/rustwide/workdir" "--user" "0:0" "f67fe3921fac2405a36c630e61622bd12e520a6baf463e8d123249631e513930" "/opt/rustwide/cargo-home/bin/cargo" "+1.100.0-beta.1" "metadata" "--no-deps" "--format-version=1", kill_on_drop: false }`
[INFO] running `Command { std: "docker" "inspect" "f67fe3921fac2405a36c630e61622bd12e520a6baf463e8d123249631e513930", kill_on_drop: false }`
[INFO] running `Command { std: "docker" "exec" "-e" "SOURCE_DIR=/opt/rustwide/workdir" "-e" "CARGO_HOME=/opt/rustwide/cargo-home" "-e" "RUSTUP_HOME=/opt/rustwide/rustup-home" "-e" "CARGO_TARGET_DIR=/opt/rustwide/target" "-e" "CARGO_INCREMENTAL=0" "-e" "RUST_BACKTRACE=full" "-e" "RUSTFLAGS=--cap-lints=warn" "-e" "RUSTDOCFLAGS=--cap-lints=warn" "-w" "/opt/rustwide/workdir" "--user" "0:0" "f67fe3921fac2405a36c630e61622bd12e520a6baf463e8d123249631e513930" "/opt/rustwide/cargo-home/bin/cargo" "+1.100.0-beta.1" "build" "--frozen" "--message-format=json" "--release", kill_on_drop: false }`
[INFO] [stderr]    Compiling autocfg v1.5.0
[INFO] [stderr]    Compiling crossbeam-utils v0.8.21
[INFO] [stderr]    Compiling simd-adler32 v0.3.9
[INFO] [stderr]    Compiling quote v1.0.45
[INFO] [stderr]    Compiling rayon-core v1.13.0
[INFO] [stderr]    Compiling cfg-if v1.0.4
[INFO] [stderr]    Compiling adler2 v2.0.1
[INFO] [stderr]    Compiling zerocopy v0.8.48
[INFO] [stderr]    Compiling either v1.15.0
[INFO] [stderr]    Compiling shlex v1.3.0
[INFO] [stderr]    Compiling strength_reduce v0.2.4
[INFO] [stderr]    Compiling weezl v0.1.12
[INFO] [stderr]    Compiling crc32fast v1.5.0
[INFO] [stderr]    Compiling bitflags v1.3.2
[INFO] [stderr]    Compiling bytemuck v1.25.0
[INFO] [stderr]    Compiling bit_field v0.10.3
[INFO] [stderr]    Compiling cc v1.2.62
[INFO] [stderr]    Compiling color_quant v1.1.0
[INFO] [stderr]    Compiling rawpointer v0.2.1
[INFO] [stderr]    Compiling lebe v0.5.3
[INFO] [stderr]    Compiling miniz_oxide v0.8.9
[INFO] [stderr]    Compiling zune-inflate v0.2.54
[INFO] [stderr]    Compiling fdeflate v0.3.7
[INFO] [stderr]    Compiling smallvec v1.15.1
[INFO] [stderr]    Compiling qoi v0.4.1
[INFO] [stderr]    Compiling byteorder v1.5.0
[INFO] [stderr]    Compiling num-traits v0.2.19
[INFO] [stderr]    Compiling matrixmultiply v0.3.10
[INFO] [stderr]    Compiling gif v0.13.3
[INFO] [stderr]    Compiling syn v2.0.117
[INFO] [stderr]    Compiling crossbeam-epoch v0.9.18
[INFO] [stderr]    Compiling crossbeam-deque v0.8.6
[INFO] [stderr]    Compiling flate2 v1.1.9
[INFO] [stderr]    Compiling png v0.17.16
[INFO] [stderr]    Compiling num-integer v0.1.46
[INFO] [stderr]    Compiling num-complex v0.4.6
[INFO] [stderr]    Compiling rayon v1.12.0
[INFO] [stderr]    Compiling mel_spec v0.5.0 (/opt/rustwide/workdir)
[INFO] [stderr]    Compiling primal-check v0.3.4
[INFO] [stderr]    Compiling transpose v0.2.3
[INFO] [stderr]    Compiling rustfft v6.4.1
[INFO] [stderr]    Compiling ndarray v0.16.1
[INFO] [stderr]    Compiling zerocopy-derive v0.8.48
[INFO] [stderr]    Compiling jpeg-decoder v0.3.2
[INFO] [stderr]    Compiling tiff v0.9.1
[INFO] [stderr]    Compiling realfft v3.5.0
[INFO] [stderr]    Compiling half v2.7.1
[INFO] [stderr]    Compiling exr v1.74.0
[INFO] [stderr]    Compiling image v0.24.9
[INFO] [stderr]     Finished `release` profile [optimized] target(s) in 1m 21s
[INFO] running `Command { std: "docker" "inspect" "f67fe3921fac2405a36c630e61622bd12e520a6baf463e8d123249631e513930", kill_on_drop: false }`
[INFO] running `Command { std: "docker" "exec" "-e" "SOURCE_DIR=/opt/rustwide/workdir" "-e" "CARGO_HOME=/opt/rustwide/cargo-home" "-e" "RUSTUP_HOME=/opt/rustwide/rustup-home" "-e" "CARGO_TARGET_DIR=/opt/rustwide/target" "-e" "CARGO_INCREMENTAL=0" "-e" "RUST_BACKTRACE=full" "-e" "RUSTFLAGS=--cap-lints=warn" "-e" "RUSTDOCFLAGS=--cap-lints=warn" "-w" "/opt/rustwide/workdir" "--user" "0:0" "f67fe3921fac2405a36c630e61622bd12e520a6baf463e8d123249631e513930" "/opt/rustwide/cargo-home/bin/cargo" "+1.100.0-beta.1" "test" "--frozen" "--no-run" "--message-format=json" "--release", kill_on_drop: false }`
[INFO] [stderr]    Compiling memchr v2.8.0
[INFO] [stderr]    Compiling ucd-trie v0.1.7
[INFO] [stderr]    Compiling thiserror v2.0.18
[INFO] [stderr]    Compiling equivalent v1.0.2
[INFO] [stderr]    Compiling num-integer v0.1.46
[INFO] [stderr]    Compiling zip v2.4.2
[INFO] [stderr]    Compiling bumpalo v3.20.2
[INFO] [stderr]    Compiling hashbrown v0.17.1
[INFO] [stderr]    Compiling thiserror-impl v2.0.18
[INFO] [stderr]    Compiling log v0.4.29
[INFO] [stderr]    Compiling displaydoc v0.2.5
[INFO] [stderr]    Compiling bytes v1.11.1
[INFO] [stderr]    Compiling zopfli v0.8.3
[INFO] [stderr]    Compiling primal-check v0.3.4
[INFO] [stderr]    Compiling transpose v0.2.3
[INFO] [stderr]    Compiling num-bigint v0.4.6
[INFO] [stderr]    Compiling ndarray v0.16.1
[INFO] [stderr]    Compiling rustfft v6.4.1
[INFO] [stderr]    Compiling pest v2.8.6
[INFO] [stderr]    Compiling indexmap v2.14.0
[INFO] [stderr]    Compiling pest_meta v2.8.6
[INFO] [stderr]    Compiling pest_generator v2.8.6
[INFO] [stderr]    Compiling pest_derive v2.8.6
[INFO] [stderr]    Compiling py_literal v0.4.0
[INFO] [stderr]    Compiling ndarray-npy v0.9.1
[INFO] [stderr]    Compiling realfft v3.5.0
[INFO] [stderr]    Compiling rubato v0.14.1
[INFO] [stderr]    Compiling mel_spec v0.5.0 (/opt/rustwide/workdir)
[INFO] [stderr]    Compiling soundkit v0.11.8
[INFO] [stderr]     Finished `release` profile [optimized] target(s) in 1m 28s
[INFO] running `Command { std: "docker" "inspect" "f67fe3921fac2405a36c630e61622bd12e520a6baf463e8d123249631e513930", kill_on_drop: false }`
[INFO] running `Command { std: "docker" "exec" "-e" "SOURCE_DIR=/opt/rustwide/workdir" "-e" "CARGO_HOME=/opt/rustwide/cargo-home" "-e" "RUSTUP_HOME=/opt/rustwide/rustup-home" "-e" "CARGO_TARGET_DIR=/opt/rustwide/target" "-e" "CARGO_INCREMENTAL=0" "-e" "RUST_BACKTRACE=full" "-e" "RUSTFLAGS=--cap-lints=warn" "-e" "RUSTDOCFLAGS=--cap-lints=warn" "-w" "/opt/rustwide/workdir" "--user" "0:0" "f67fe3921fac2405a36c630e61622bd12e520a6baf463e8d123249631e513930" "/opt/rustwide/cargo-home/bin/cargo" "+1.100.0-beta.1" "test" "--frozen" "--release", kill_on_drop: false }`
[INFO] [stderr]     Finished `release` profile [optimized] target(s) in 0.19s
[INFO] [stderr]      Running unittests src/lib.rs (/opt/rustwide/target/release/build/mel_spec/e9ad691aaf69eee9/out/mel_spec-e9ad691aaf69eee9)
[INFO] [stdout] 
[INFO] [stdout] running 47 tests
[INFO] [stdout] test fbank::tests::debug_compute_steps ... FAILED
[INFO] [stdout] test fbank::tests::debug_filterbank ... ok
[INFO] [stdout] test mel::tests::downmix_interleaved_rejects_incomplete_sample_frames ... ok
[INFO] [stdout] test fbank::tests::test_fbank_basic ... ok
[INFO] [stdout] test fbank::tests::test_fbank_vs_kaldi_golden ... ok
[INFO] [stdout] test fbank::tests::test_mel_to_hz ... ok
[INFO] [stdout] test fbank::tests::test_hz_to_mel ... ok
[INFO] [stdout] test mel::tests::interleaved_batch_matches_mono_batch ... ok
[INFO] [stdout] test mel::tests::interleave_frames_pads_odd_counts_and_min_width ... ok
[INFO] [stdout] test fbank::tests::test_sparse_projection_matches_dense_filterbank ... ok
[INFO] [stdout] test mel::tests::test_hz_to_mel ... ok
[INFO] [stdout] test mel::tests::test_fft_frequencies ... ok
[INFO] [stdout] test mel::tests::test_batch_log_mel_config_produces_feature_major_shape ... ok
[INFO] [stdout] test mel::tests::test_mel ... FAILED
[INFO] [stdout] test mel::tests::test_mel_to_hz ... ok
[INFO] [stdout] test fbank::tests::test_fbank_config_defaults ... ok
[INFO] [stdout] test mel::tests::test_sparse_mel_spectrogram_matches_dense_api ... ok
[INFO] [stdout] test mel::tests::test_spectrogram ... ok
[INFO] [stdout] test mel::tests::test_mels_to_hz ... ok
[INFO] [stdout] test mel::tests::test_nemo_mel_filters ... FAILED
[INFO] [stdout] test mel::tests::test_mel_frequencies ... ok
[INFO] [stdout] test rb::tests::oversized_write_retains_newest_samples ... ok
[INFO] [stdout] test mel::tests::test_sparse_filterbank_matches_dense_projection ... ok
[INFO] [stdout] test mel::tests::fuzz_interleave_frames_matches_reference ... ok
[INFO] [stdout] test mel::tests::batch_scratch_from_other_settings_is_resized ... ok
[INFO] [stdout] test mel::tests::downmix_interleaved_averages_each_sample_frame ... ok
[INFO] [stdout] test mel::tests::batch_mel_helper_matches_streaming_mel_frames ... ok
[INFO] [stdout] test vad::tests::test_detection_settings_default ... ok
[INFO] [stdout] test rb::tests::test_ringbuffer ... FAILED
[INFO] [stdout] test vad::tests::test_stage ... ignored
[INFO] [stdout] test vad::tests::test_speech_detection ... FAILED
[INFO] [stdout] test vad::tests::test_vad_debug ... ignored
[INFO] [stdout] test vad::tests::test_vad_boundaries ... FAILED
[INFO] [stdout] test vad::tests::fuzz_vad_boundaries_frame_split_does_not_change_result ... ok
[INFO] [stdout] test rb::tests::single_sample_write_discards_oldest_sample ... ok
[INFO] [stdout] test stft::tests::full_spectrum_matches_complex_fft ... ok
[INFO] [stdout] test stft::tests::test_spectrogram_add ... ok
[INFO] [stdout] test vad::tests::fuzz_streaming_vad_matches_window_boundaries ... ok
[INFO] [stdout] test fbank::tests::fbank_matches_frame_by_frame_dense_reference ... ok
[INFO] [stdout] test mel::tests::fuzz_sparse_projection_matches_dense_reference ... ok
[INFO] [stdout] test mel::tests::batch_log_mel_matches_frame_by_frame_reference ... ok
[INFO] [stdout] test stft::tests::fuzz_compute_all_cpu_matches_complex_fft ... ok
[INFO] [stdout] test mel::tests::fuzz_whisper_mel_paths_match_reference ... ok
[INFO] [stdout] test mel::tests::fuzz_batch_log_mel_matches_frame_by_frame_reference ... ok
[INFO] [stdout] test rb::tests::fuzz_ringbuffer_matches_streaming_model ... ok
[INFO] [stdout] test stft::tests::fuzz_streaming_spectrogram_matches_model ... ok
[INFO] [stdout] test fbank::tests::fuzz_fbank_matches_frame_by_frame_dense_reference ... ok
[INFO] [stdout] 
[INFO] [stdout] failures:
[INFO] [stdout] 
[INFO] [stdout] ---- fbank::tests::debug_compute_steps stdout ----
[INFO] [stdout] 
[INFO] [stdout] thread 'fbank::tests::debug_compute_steps' (1256) panicked at src/fbank.rs:745:67:
[INFO] [stdout] called `Result::unwrap()` on an `Err` value: Os { code: 2, kind: NotFound, message: "No such file or directory" }
[INFO] [stdout] stack backtrace:
[INFO] [stdout]    0:     0x59c0b36ad657 - <<std[617be2ca0a6fd877]::sys::backtrace::BacktraceLock>::print::DisplayBacktrace as core[a373ad73a504971]::fmt::Display>::fmt
[INFO] [stdout]    1:     0x59c0b3650af4 - core[a373ad73a504971]::fmt::write
[INFO] [stdout]    2:     0x59c0b36acc1b - <alloc[2e1b2a31b91974c5]::vec::Vec<u8> as core[a373ad73a504971]::io::write::Write>::write_fmt
[INFO] [stdout]    3:     0x59c0b36ac819 - std[617be2ca0a6fd877]::panicking::default_hook::{closure#0}
[INFO] [stdout]    4:     0x59c0b36ac49a - std[617be2ca0a6fd877]::panicking::default_hook
[INFO] [stdout]    5:     0x59c0b36abfcb - std[617be2ca0a6fd877]::panicking::panic_with_hook
[INFO] [stdout]    6:     0x59c0b36d1e51 - std[617be2ca0a6fd877]::panicking::panic_handler::{closure#0}
[INFO] [stdout]    7:     0x59c0b36d1e09 - std[617be2ca0a6fd877]::sys::backtrace::__rust_end_short_backtrace::<std[617be2ca0a6fd877]::panicking::panic_handler::{closure#0}, !>
[INFO] [stdout]    8:     0x59c0b36d22fc - __rustc[ea4f61d10b84890b]::rust_begin_unwind
[INFO] [stdout]    9:     0x59c0b365098b - core[a373ad73a504971]::panicking::panic_fmt
[INFO] [stdout]   10:     0x59c0b3654391 - core[a373ad73a504971]::result::unwrap_failed
[INFO] [stdout]   11:     0x59c0b364b1e4 - <mel_spec[5a6c3382871acfb3]::fbank::tests::debug_compute_steps::{closure#0} as core[a373ad73a504971]::ops::function::FnOnce<()>>::call_once
[INFO] [stdout]   12:     0x59c0b36e958b - test[aada8e7e76ba119b]::__rust_begin_short_backtrace::<core[a373ad73a504971]::result::Result<(), alloc[2e1b2a31b91974c5]::string::String>, fn() -> core[a373ad73a504971]::result::Result<(), alloc[2e1b2a31b91974c5]::string::String>>
[INFO] [stdout]   13:     0x59c0b36e4c42 - test[aada8e7e76ba119b]::run_test::{closure#0}
[INFO] [stdout]   14:     0x59c0b36e46ec - std[617be2ca0a6fd877]::sys::backtrace::__rust_begin_short_backtrace::<test[aada8e7e76ba119b]::run_test::{closure#1}, ()>
[INFO] [stdout]   15:     0x59c0b37031cc - <std[617be2ca0a6fd877]::thread::lifecycle::spawn_unchecked<test[aada8e7e76ba119b]::run_test::{closure#1}, ()>::{closure#1} as core[a373ad73a504971]::ops::function::FnOnce<()>>::call_once::{shim:vtable#0}
[INFO] [stdout]   16:     0x59c0b36d3838 - <std[617be2ca0a6fd877]::sys::thread::unix::Thread>::new::thread_start
[INFO] [stdout]   17:     0x7f27ff1bbdfa - <unknown>
[INFO] [stdout]   18:     0x7f27ff24f3d4 - clone
[INFO] [stdout]   19:                0x0 - <unknown>
[INFO] [stdout] 
[INFO] [stdout] ---- mel::tests::test_mel stdout ----
[INFO] [stdout] 
[INFO] [stdout] thread 'mel::tests::test_mel' (1280) panicked at src/mel.rs:1105:39:
[INFO] [stdout] called `Result::unwrap()` on an `Err` value: Os { code: 2, kind: NotFound, message: "No such file or directory" }
[INFO] [stdout] stack backtrace:
[INFO] [stdout]    0:     0x59c0b36ad657 - <<std[617be2ca0a6fd877]::sys::backtrace::BacktraceLock>::print::DisplayBacktrace as core[a373ad73a504971]::fmt::Display>::fmt
[INFO] [stdout]    1:     0x59c0b3650af4 - core[a373ad73a504971]::fmt::write
[INFO] [stdout]    2:     0x59c0b36acc1b - <alloc[2e1b2a31b91974c5]::vec::Vec<u8> as core[a373ad73a504971]::io::write::Write>::write_fmt
[INFO] [stdout]    3:     0x59c0b36ac819 - std[617be2ca0a6fd877]::panicking::default_hook::{closure#0}
[INFO] [stdout]    4:     0x59c0b36ac49a - std[617be2ca0a6fd877]::panicking::default_hook
[INFO] [stdout]    5:     0x59c0b36abfcb - std[617be2ca0a6fd877]::panicking::panic_with_hook
[INFO] [stdout]    6:     0x59c0b36d1e51 - std[617be2ca0a6fd877]::panicking::panic_handler::{closure#0}
[INFO] [stdout]    7:     0x59c0b36d1e09 - std[617be2ca0a6fd877]::sys::backtrace::__rust_end_short_backtrace::<std[617be2ca0a6fd877]::panicking::panic_handler::{closure#0}, !>
[INFO] [stdout]    8:     0x59c0b36d22fc - __rustc[ea4f61d10b84890b]::rust_begin_unwind
[INFO] [stdout]    9:     0x59c0b365098b - core[a373ad73a504971]::panicking::panic_fmt
[INFO] [stdout]   10:     0x59c0b3654391 - core[a373ad73a504971]::result::unwrap_failed
[INFO] [stdout]   11:     0x59c0b364631c - <mel_spec[5a6c3382871acfb3]::mel::tests::test_mel::{closure#0} as core[a373ad73a504971]::ops::function::FnOnce<()>>::call_once
[INFO] [stdout]   12:     0x59c0b36e958b - test[aada8e7e76ba119b]::__rust_begin_short_backtrace::<core[a373ad73a504971]::result::Result<(), alloc[2e1b2a31b91974c5]::string::String>, fn() -> core[a373ad73a504971]::result::Result<(), alloc[2e1b2a31b91974c5]::string::String>>
[INFO] [stdout]   13:     0x59c0b36e4c42 - test[aada8e7e76ba119b]::run_test::{closure#0}
[INFO] [stdout]   14:     0x59c0b36e46ec - std[617be2ca0a6fd877]::sys::backtrace::__rust_begin_short_backtrace::<test[aada8e7e76ba119b]::run_test::{closure#1}, ()>
[INFO] [stdout]   15:     0x59c0b37031cc - <std[617be2ca0a6fd877]::thread::lifecycle::spawn_unchecked<test[aada8e7e76ba119b]::run_test::{closure#1}, ()>::{closure#1} as core[a373ad73a504971]::ops::function::FnOnce<()>>::call_once::{shim:vtable#0}
[INFO] [stdout]   16:     0x59c0b36d3838 - <std[617be2ca0a6fd877]::sys::thread::unix::Thread>::new::thread_start
[INFO] [stdout]   17:     0x7f27ff1bbdfa - <unknown>
[INFO] [stdout]   18:     0x7f27ff24f3d4 - clone
[INFO] [stdout]   19:                0x0 - <unknown>
[INFO] [stdout] 
[INFO] [stdout] ---- mel::tests::test_nemo_mel_filters stdout ----
[INFO] [stdout] 
[INFO] [stdout] thread 'mel::tests::test_nemo_mel_filters' (1284) panicked at src/mel.rs:1120:82:
[INFO] [stdout] called `Result::unwrap()` on an `Err` value: Os { code: 2, kind: NotFound, message: "No such file or directory" }
[INFO] [stdout] stack backtrace:
[INFO] [stdout]    0:     0x59c0b36ad657 - <<std[617be2ca0a6fd877]::sys::backtrace::BacktraceLock>::print::DisplayBacktrace as core[a373ad73a504971]::fmt::Display>::fmt
[INFO] [stdout]    1:     0x59c0b3650af4 - core[a373ad73a504971]::fmt::write
[INFO] [stdout]    2:     0x59c0b36acc1b - <alloc[2e1b2a31b91974c5]::vec::Vec<u8> as core[a373ad73a504971]::io::write::Write>::write_fmt
[INFO] [stdout]    3:     0x59c0b36ac819 - std[617be2ca0a6fd877]::panicking::default_hook::{closure#0}
[INFO] [stdout]    4:     0x59c0b36ac49a - std[617be2ca0a6fd877]::panicking::default_hook
[INFO] [stdout]    5:     0x59c0b36abfcb - std[617be2ca0a6fd877]::panicking::panic_with_hook
[INFO] [stdout]    6:     0x59c0b36d1e51 - std[617be2ca0a6fd877]::panicking::panic_handler::{closure#0}
[INFO] [stdout]    7:     0x59c0b36d1e09 - std[617be2ca0a6fd877]::sys::backtrace::__rust_end_short_backtrace::<std[617be2ca0a6fd877]::panicking::panic_handler::{closure#0}, !>
[INFO] [stdout]    8:     0x59c0b36d22fc - __rustc[ea4f61d10b84890b]::rust_begin_unwind
[INFO] [stdout]    9:     0x59c0b365098b - core[a373ad73a504971]::panicking::panic_fmt
[INFO] [stdout]   10:     0x59c0b3654391 - core[a373ad73a504971]::result::unwrap_failed
[INFO] [stdout]   11:     0x59c0b363fe55 - <mel_spec[5a6c3382871acfb3]::mel::tests::test_nemo_mel_filters::{closure#0} as core[a373ad73a504971]::ops::function::FnOnce<()>>::call_once
[INFO] [stdout]   12:     0x59c0b36e958b - test[aada8e7e76ba119b]::__rust_begin_short_backtrace::<core[a373ad73a504971]::result::Result<(), alloc[2e1b2a31b91974c5]::string::String>, fn() -> core[a373ad73a504971]::result::Result<(), alloc[2e1b2a31b91974c5]::string::String>>
[INFO] [stdout]   13:     0x59c0b36e4c42 - test[aada8e7e76ba119b]::run_test::{closure#0}
[INFO] [stdout]   14:     0x59c0b36e46ec - std[617be2ca0a6fd877]::sys::backtrace::__rust_begin_short_backtrace::<test[aada8e7e76ba119b]::run_test::{closure#1}, ()>
[INFO] [stdout]   15:     0x59c0b37031cc - <std[617be2ca0a6fd877]::thread::lifecycle::spawn_unchecked<test[aada8e7e76ba119b]::run_test::{closure#1}, ()>::{closure#1} as core[a373ad73a504971]::ops::function::FnOnce<()>>::call_once::{shim:vtable#0}
[INFO] [stdout]   16:     0x59c0b36d3838 - <std[617be2ca0a6fd877]::sys::thread::unix::Thread>::new::thread_start
[INFO] [stdout]   17:     0x7f27ff1bbdfa - <unknown>
[INFO] [stdout]   18:     0x7f27ff24f3d4 - clone
[INFO] [stdout]   19:                0x0 - <unknown>
[INFO] [stdout] 
[INFO] [stdout] ---- rb::tests::test_ringbuffer stdout ----
[INFO] [stdout] 
[INFO] [stdout] thread 'rb::tests::test_ringbuffer' (1291) panicked at src/rb.rs:158:63:
[INFO] [stdout] called `Result::unwrap()` on an `Err` value: Os { code: 2, kind: NotFound, message: "No such file or directory" }
[INFO] [stdout] stack backtrace:
[INFO] [stdout]    0:     0x59c0b36ad657 - <<std[617be2ca0a6fd877]::sys::backtrace::BacktraceLock>::print::DisplayBacktrace as core[a373ad73a504971]::fmt::Display>::fmt
[INFO] [stdout]    1:     0x59c0b3650af4 - core[a373ad73a504971]::fmt::write
[INFO] [stdout]    2:     0x59c0b36acc1b - <alloc[2e1b2a31b91974c5]::vec::Vec<u8> as core[a373ad73a504971]::io::write::Write>::write_fmt
[INFO] [stdout]    3:     0x59c0b36ac819 - std[617be2ca0a6fd877]::panicking::default_hook::{closure#0}
[INFO] [stdout]    4:     0x59c0b36ac49a - std[617be2ca0a6fd877]::panicking::default_hook
[INFO] [stdout]    5:     0x59c0b36abfcb - std[617be2ca0a6fd877]::panicking::panic_with_hook
[INFO] [stdout]    6:     0x59c0b36d1e51 - std[617be2ca0a6fd877]::panicking::panic_handler::{closure#0}
[INFO] [stdout]    7:     0x59c0b36d1e09 - std[617be2ca0a6fd877]::sys::backtrace::__rust_end_short_backtrace::<std[617be2ca0a6fd877]::panicking::panic_handler::{closure#0}, !>
[INFO] [stdout]    8:     0x59c0b36d22fc - __rustc[ea4f61d10b84890b]::rust_begin_unwind
[INFO] [stdout]    9:     0x59c0b365098b - core[a373ad73a504971]::panicking::panic_fmt
[INFO] [stdout]   10:     0x59c0b3654391 - core[a373ad73a504971]::result::unwrap_failed
[INFO] [stdout]   11:     0x59c0b363d5dd - <mel_spec[5a6c3382871acfb3]::rb::tests::test_ringbuffer::{closure#0} as core[a373ad73a504971]::ops::function::FnOnce<()>>::call_once
[INFO] [stdout]   12:     0x59c0b36e958b - test[aada8e7e76ba119b]::__rust_begin_short_backtrace::<core[a373ad73a504971]::result::Result<(), alloc[2e1b2a31b91974c5]::string::String>, fn() -> core[a373ad73a504971]::result::Result<(), alloc[2e1b2a31b91974c5]::string::String>>
[INFO] [stdout]   13:     0x59c0b36e4c42 - test[aada8e7e76ba119b]::run_test::{closure#0}
[INFO] [stdout]   14:     0x59c0b36e46ec - std[617be2ca0a6fd877]::sys::backtrace::__rust_begin_short_backtrace::<test[aada8e7e76ba119b]::run_test::{closure#1}, ()>
[INFO] [stdout]   15:     0x59c0b37031cc - <std[617be2ca0a6fd877]::thread::lifecycle::spawn_unchecked<test[aada8e7e76ba119b]::run_test::{closure#1}, ()>::{closure#1} as core[a373ad73a504971]::ops::function::FnOnce<()>>::call_once::{shim:vtable#0}
[INFO] [stdout]   16:     0x59c0b36d3838 - <std[617be2ca0a6fd877]::sys::thread::unix::Thread>::new::thread_start
[INFO] [stdout]   17:     0x7f27ff1bbdfa - <unknown>
[INFO] [stdout]   18:     0x7f27ff24f3d4 - clone
[INFO] [stdout]   19:                0x0 - <unknown>
[INFO] [stdout] 
[INFO] [stdout] ---- vad::tests::test_speech_detection stdout ----
[INFO] [stdout] 
[INFO] [stdout] thread 'vad::tests::test_speech_detection' (1299) panicked at src/vad.rs:748:61:
[INFO] [stdout] called `Result::unwrap()` on an `Err` value: Os { code: 2, kind: NotFound, message: "No such file or directory" }
[INFO] [stdout] stack backtrace:
[INFO] [stdout]    0:     0x59c0b36ad657 - <<std[617be2ca0a6fd877]::sys::backtrace::BacktraceLock>::print::DisplayBacktrace as core[a373ad73a504971]::fmt::Display>::fmt
[INFO] [stdout]    1:     0x59c0b3650af4 - core[a373ad73a504971]::fmt::write
[INFO] [stdout]    2:     0x59c0b36acc1b - <alloc[2e1b2a31b91974c5]::vec::Vec<u8> as core[a373ad73a504971]::io::write::Write>::write_fmt
[INFO] [stdout]    3:     0x59c0b36ac819 - std[617be2ca0a6fd877]::panicking::default_hook::{closure#0}
[INFO] [stdout]    4:     0x59c0b36ac49a - std[617be2ca0a6fd877]::panicking::default_hook
[INFO] [stdout]    5:     0x59c0b36abfcb - std[617be2ca0a6fd877]::panicking::panic_with_hook
[INFO] [stdout]    6:     0x59c0b36d1e51 - std[617be2ca0a6fd877]::panicking::panic_handler::{closure#0}
[INFO] [stdout]    7:     0x59c0b36d1e09 - std[617be2ca0a6fd877]::sys::backtrace::__rust_end_short_backtrace::<std[617be2ca0a6fd877]::panicking::panic_handler::{closure#0}, !>
[INFO] [stdout]    8:     0x59c0b36d22fc - __rustc[ea4f61d10b84890b]::rust_begin_unwind
[INFO] [stdout]    9:     0x59c0b365098b - core[a373ad73a504971]::panicking::panic_fmt
[INFO] [stdout]   10:     0x59c0b3654391 - core[a373ad73a504971]::result::unwrap_failed
[INFO] [stdout]   11:     0x59c0b3648651 - <mel_spec[5a6c3382871acfb3]::vad::tests::test_speech_detection::{closure#0} as core[a373ad73a504971]::ops::function::FnOnce<()>>::call_once
[INFO] [stdout]   12:     0x59c0b36e958b - test[aada8e7e76ba119b]::__rust_begin_short_backtrace::<core[a373ad73a504971]::result::Result<(), alloc[2e1b2a31b91974c5]::string::String>, fn() -> core[a373ad73a504971]::result::Result<(), alloc[2e1b2a31b91974c5]::string::String>>
[INFO] [stdout]   13:     0x59c0b36e4c42 - test[aada8e7e76ba119b]::run_test::{closure#0}
[INFO] [stdout]   14:     0x59c0b36e46ec - std[617be2ca0a6fd877]::sys::backtrace::__rust_begin_short_backtrace::<test[aada8e7e76ba119b]::run_test::{closure#1}, ()>
[INFO] [stdout]   15:     0x59c0b37031cc - <std[617be2ca0a6fd877]::thread::lifecycle::spawn_unchecked<test[aada8e7e76ba119b]::run_test::{closure#1}, ()>::{closure#1} as core[a373ad73a504971]::ops::function::FnOnce<()>>::call_once::{shim:vtable#0}
[INFO] [stdout]   16:     0x59c0b36d3838 - <std[617be2ca0a6fd877]::sys::thread::unix::Thread>::new::thread_start
[INFO] [stdout]   17:     0x7f27ff1bbdfa - <unknown>
[INFO] [stdout]   18:     0x7f27ff24f3d4 - clone
[INFO] [stdout]   19:                0x0 - <unknown>
[INFO] [stdout] 
[INFO] [stdout] ---- vad::tests::test_vad_boundaries stdout ----
[INFO] [stdout] 
[INFO] [stdout] thread 'vad::tests::test_vad_boundaries' (1300) panicked at src/vad.rs:810:56:
[INFO] [stdout] called `Result::unwrap()` on an `Err` value: Os { code: 2, kind: NotFound, message: "No such file or directory" }
[INFO] [stdout] stack backtrace:
[INFO] [stdout]    0:     0x59c0b36ad657 - <<std[617be2ca0a6fd877]::sys::backtrace::BacktraceLock>::print::DisplayBacktrace as core[a373ad73a504971]::fmt::Display>::fmt
[INFO] [stdout]    1:     0x59c0b3650af4 - core[a373ad73a504971]::fmt::write
[INFO] [stdout]    2:     0x59c0b36acc1b - <alloc[2e1b2a31b91974c5]::vec::Vec<u8> as core[a373ad73a504971]::io::write::Write>::write_fmt
[INFO] [stdout]    3:     0x59c0b36ac819 - std[617be2ca0a6fd877]::panicking::default_hook::{closure#0}
[INFO] [stdout]    4:     0x59c0b36ac49a - std[617be2ca0a6fd877]::panicking::default_hook
[INFO] [stdout]    5:     0x59c0b36abfcb - std[617be2ca0a6fd877]::panicking::panic_with_hook
[INFO] [stdout]    6:     0x59c0b36d1e51 - std[617be2ca0a6fd877]::panicking::panic_handler::{closure#0}
[INFO] [stdout]    7:     0x59c0b36d1e09 - std[617be2ca0a6fd877]::sys::backtrace::__rust_end_short_backtrace::<std[617be2ca0a6fd877]::panicking::panic_handler::{closure#0}, !>
[INFO] [stdout]    8:     0x59c0b36d22fc - __rustc[ea4f61d10b84890b]::rust_begin_unwind
[INFO] [stdout]    9:     0x59c0b365098b - core[a373ad73a504971]::panicking::panic_fmt
[INFO] [stdout]   10:     0x59c0b3654391 - core[a373ad73a504971]::result::unwrap_failed
[INFO] [stdout]   11:     0x59c0b3648287 - <mel_spec[5a6c3382871acfb3]::vad::tests::test_vad_boundaries::{closure#0} as core[a373ad73a504971]::ops::function::FnOnce<()>>::call_once
[INFO] [stdout]   12:     0x59c0b36e958b - test[aada8e7e76ba119b]::__rust_begin_short_backtrace::<core[a373ad73a504971]::result::Result<(), alloc[2e1b2a31b91974c5]::string::String>, fn() -> core[a373ad73a504971]::result::Result<(), alloc[2e1b2a31b91974c5]::string::String>>
[INFO] [stdout]   13:     0x59c0b36e4c42 - test[aada8e7e76ba119b]::run_test::{closure#0}
[INFO] [stdout]   14:     0x59c0b36e46ec - std[617be2ca0a6fd877]::sys::backtrace::__rust_begin_short_backtrace::<test[aada8e7e76ba119b]::run_test::{closure#1}, ()>
[INFO] [stdout]   15:     0x59c0b37031cc - <std[617be2ca0a6fd877]::thread::lifecycle::spawn_unchecked<test[aada8e7e76ba119b]::run_test::{closure#1}, ()>::{closure#1} as core[a373ad73a504971]::ops::function::FnOnce<()>>::call_once::{shim:vtable#0}
[INFO] [stdout]   16:     0x59c0b36d3838 - <std[617be2ca0a6fd877]::sys::thread::unix::Thread>::new::thread_start
[INFO] [stdout]   17:     0x7f27ff1bbdfa - <unknown>
[INFO] [stdout]   18:     0x7f27ff24f3d4 - clone
[INFO] [stdout]   19:                0x0 - <unknown>
[INFO] [stdout] 
[INFO] [stdout] 
[INFO] [stdout] failures:
[INFO] [stdout]     fbank::tests::debug_compute_steps
[INFO] [stdout]     mel::tests::test_mel
[INFO] [stdout]     mel::tests::test_nemo_mel_filters
[INFO] [stdout]     rb::tests::test_ringbuffer
[INFO] [stdout]     vad::tests::test_speech_detection
[INFO] [stdout]     vad::tests::test_vad_boundaries
[INFO] [stdout] 
[INFO] [stdout] test result: FAILED. 39 passed; 6 failed; 2 ignored; 0 measured; 0 filtered out; finished in 0.56s
[INFO] [stdout] 
[INFO] [stderr] error: test failed, to rerun pass `--lib`
[INFO] running `Command { std: "docker" "inspect" "f67fe3921fac2405a36c630e61622bd12e520a6baf463e8d123249631e513930", kill_on_drop: false }`
[INFO] running `Command { std: "docker" "rm" "-f" "f67fe3921fac2405a36c630e61622bd12e520a6baf463e8d123249631e513930", kill_on_drop: false }`
[INFO] [stdout] f67fe3921fac2405a36c630e61622bd12e520a6baf463e8d123249631e513930
