[INFO] fetching crate macros-rs 1.4.1...
[INFO] testing macros-rs-1.4.1 against 1.100.0-beta.1+cargoflags=--release for beta-release-1.100-2
[INFO] extracting crate macros-rs 1.4.1 into /workspace/builds/worker-5-tc2/source
[INFO] started tweaking crates.io crate macros-rs 1.4.1
[INFO] finished tweaking crates.io crate macros-rs 1.4.1
[INFO] tweaked toml for crates.io crate macros-rs 1.4.1 written to /workspace/builds/worker-5-tc2/source/Cargo.toml
[INFO] validating manifest of crates.io crate macros-rs 1.4.1 on toolchain 1.100.0-beta.1
[INFO] running `Command { std: CARGO_HOME="/workspace/cargo-home" RUSTUP_HOME="/workspace/rustup-home" "/workspace/cargo-home/bin/cargo" "+1.100.0-beta.1" "metadata" "--manifest-path" "Cargo.toml" "--no-deps", kill_on_drop: false }`
[INFO] running `Command { std: CARGO_HOME="/workspace/cargo-home" RUSTUP_HOME="/workspace/rustup-home" "/workspace/cargo-home/bin/cargo" "+1.100.0-beta.1" "generate-lockfile" "--manifest-path" "Cargo.toml", kill_on_drop: false }`
[INFO] [stderr]     Updating crates.io index
[INFO] [stderr]      Locking 172 packages to highest compatible versions
[INFO] [stderr]       Adding brotli-decompressor v6.0.1 (available: v6.1.0)
[INFO] [stderr]       Adding colored v2.2.0 (available: v3.1.1)
[INFO] running `Command { std: CARGO_HOME="/workspace/cargo-home" RUSTUP_HOME="/workspace/rustup-home" "/workspace/cargo-home/bin/cargo" "+1.100.0-beta.1" "fetch" "--manifest-path" "Cargo.toml", kill_on_drop: false }`
[INFO] running `Command { std: "docker" "create" "-v" "/var/lib/crater-agent-workspace/builds/worker-5-tc2/source:/opt/rustwide/workdir:ro,Z" "-v" "/var/lib/crater-agent-workspace/builds/worker-5-tc2/target:/opt/rustwide/target:rw,Z" "-v" "/var/lib/crater-agent-workspace/cargo-home:/opt/rustwide/cargo-home:ro,Z" "-v" "/var/lib/crater-agent-workspace/rustup-home:/opt/rustwide/rustup-home:ro,Z" "-m" "1610612736" "--network" "none" "ghcr.io/rust-lang/crates-build-env/linux@sha256:77db811e55d90add9212f6832c23229e3de5f1c1f9905e8cb07319ea15df73ac" "sleep" "infinity", kill_on_drop: false }`
[INFO] [stdout] 2198b24e67144c833fb1a5f0ea6e1800028eb3d1ad6927c0aeda22aeb3e22c48
[INFO] running `Command { std: "docker" "start" "2198b24e67144c833fb1a5f0ea6e1800028eb3d1ad6927c0aeda22aeb3e22c48", kill_on_drop: false }`
[INFO] running `Command { std: "docker" "inspect" "2198b24e67144c833fb1a5f0ea6e1800028eb3d1ad6927c0aeda22aeb3e22c48", kill_on_drop: false }`
[INFO] running `Command { std: "docker" "exec" "-e" "SOURCE_DIR=/opt/rustwide/workdir" "-e" "CARGO_HOME=/opt/rustwide/cargo-home" "-e" "RUSTUP_HOME=/opt/rustwide/rustup-home" "-e" "CARGO_TARGET_DIR=/opt/rustwide/target" "-w" "/opt/rustwide/workdir" "--user" "0:0" "2198b24e67144c833fb1a5f0ea6e1800028eb3d1ad6927c0aeda22aeb3e22c48" "/opt/rustwide/cargo-home/bin/cargo" "+1.100.0-beta.1" "metadata" "--no-deps" "--format-version=1", kill_on_drop: false }`
[INFO] running `Command { std: "docker" "inspect" "2198b24e67144c833fb1a5f0ea6e1800028eb3d1ad6927c0aeda22aeb3e22c48", kill_on_drop: false }`
[INFO] running `Command { std: "docker" "exec" "-e" "SOURCE_DIR=/opt/rustwide/workdir" "-e" "CARGO_HOME=/opt/rustwide/cargo-home" "-e" "RUSTUP_HOME=/opt/rustwide/rustup-home" "-e" "CARGO_TARGET_DIR=/opt/rustwide/target" "-e" "CARGO_INCREMENTAL=0" "-e" "RUST_BACKTRACE=full" "-e" "RUSTFLAGS=--cap-lints=warn" "-e" "RUSTDOCFLAGS=--cap-lints=warn" "-w" "/opt/rustwide/workdir" "--user" "0:0" "2198b24e67144c833fb1a5f0ea6e1800028eb3d1ad6927c0aeda22aeb3e22c48" "/opt/rustwide/cargo-home/bin/cargo" "+1.100.0-beta.1" "build" "--frozen" "--message-format=json" "--release", kill_on_drop: false }`
[INFO] [stderr]    Compiling macros-rs v1.4.1 (/opt/rustwide/workdir)
[INFO] [stderr]     Finished `release` profile [optimized] target(s) in 0.23s
[INFO] running `Command { std: "docker" "inspect" "2198b24e67144c833fb1a5f0ea6e1800028eb3d1ad6927c0aeda22aeb3e22c48", kill_on_drop: false }`
[INFO] running `Command { std: "docker" "exec" "-e" "SOURCE_DIR=/opt/rustwide/workdir" "-e" "CARGO_HOME=/opt/rustwide/cargo-home" "-e" "RUSTUP_HOME=/opt/rustwide/rustup-home" "-e" "CARGO_TARGET_DIR=/opt/rustwide/target" "-e" "CARGO_INCREMENTAL=0" "-e" "RUST_BACKTRACE=full" "-e" "RUSTFLAGS=--cap-lints=warn" "-e" "RUSTDOCFLAGS=--cap-lints=warn" "-w" "/opt/rustwide/workdir" "--user" "0:0" "2198b24e67144c833fb1a5f0ea6e1800028eb3d1ad6927c0aeda22aeb3e22c48" "/opt/rustwide/cargo-home/bin/cargo" "+1.100.0-beta.1" "test" "--frozen" "--no-run" "--message-format=json" "--release", kill_on_drop: false }`
[INFO] [stderr]    Compiling alloc-no-stdlib v3.0.0
[INFO] [stderr]    Compiling syn v2.0.119
[INFO] [stderr]    Compiling parking_lot_core v0.9.12
[INFO] [stderr]    Compiling mio v1.2.4
[INFO] [stderr]    Compiling zstd-safe v8.2.0
[INFO] [stderr]    Compiling crc32fast v1.5.2
[INFO] [stderr]    Compiling local-waker v0.1.4
[INFO] [stderr]    Compiling synstructure v0.14.0
[INFO] [stderr]    Compiling zerovec-derive v0.11.6
[INFO] [stderr]    Compiling displaydoc v0.2.7
[INFO] [stderr]    Compiling tokio-macros v2.7.2
[INFO] [stderr]    Compiling actix-macros v0.2.5
[INFO] [stderr]    Compiling futures-util v0.3.34
[INFO] [stderr]    Compiling zstd-sys v2.1.2+zstd.1.5.7
[INFO] [stderr]    Compiling actix-service v2.0.3
[INFO] [stderr]    Compiling indexmap v2.14.2
[INFO] [stderr]    Compiling parking_lot v0.12.5
[INFO] [stderr]    Compiling actix-utils v3.0.2
[INFO] [stderr]    Compiling alloc-stdlib v0.3.0
[INFO] [stderr]    Compiling brotli-decompressor v6.0.1
[INFO] [stderr]    Compiling serde_core v1.0.229
[INFO] [stderr]    Compiling bytestring v1.5.1
[INFO] [stderr]    Compiling rand v0.10.3
[INFO] [stderr]    Compiling flate2 v1.1.10
[INFO] [stderr]    Compiling zerofrom-derive v0.1.8
[INFO] [stderr]    Compiling yoke-derive v0.8.4
[INFO] [stderr]    Compiling tokio v1.53.3
[INFO] [stderr]    Compiling local-channel v0.1.5
[INFO] [stderr]    Compiling sha1 v0.11.0
[INFO] [stderr]    Compiling serde v1.0.229
[INFO] [stderr]    Compiling pin-project-lite v0.2.17
[INFO] [stderr]    Compiling impl-more v0.3.10
[INFO] [stderr]    Compiling language-tags v0.3.2
[INFO] [stderr]    Compiling bytes v1.12.1
[INFO] [stderr]    Compiling tracing-core v0.1.36
[INFO] [stderr]    Compiling serde_urlencoded v0.7.1
[INFO] [stderr]    Compiling cookie v0.16.2
[INFO] [stderr]    Compiling regex-lite v0.1.9
[INFO] [stderr]    Compiling time v0.3.55
[INFO] [stderr]    Compiling colored v2.2.0
[INFO] [stderr]    Compiling tracing v0.1.44
[INFO] [stderr]    Compiling brotli v9.0.0
[INFO] [stderr]    Compiling zerofrom v0.1.8
[INFO] [stderr]    Compiling yoke v0.8.3
[INFO] [stderr]    Compiling zerovec v0.11.8
[INFO] [stderr]    Compiling zerotrie v0.2.5
[INFO] [stderr]    Compiling tinystr v0.8.4
[INFO] [stderr]    Compiling potential_utf v0.1.6
[INFO] [stderr]    Compiling icu_collections v2.3.0
[INFO] [stderr]    Compiling icu_locale_core v2.3.0
[INFO] [stderr]    Compiling actix-router v0.5.4
[INFO] [stderr]    Compiling icu_provider v2.3.1
[INFO] [stderr]    Compiling icu_properties v2.3.0
[INFO] [stderr]    Compiling tokio-util v0.7.20
[INFO] [stderr]    Compiling actix-rt v2.15.0
[INFO] [stderr]    Compiling tracing-attributes v0.1.31
[INFO] [stderr]    Compiling derive_more-impl v2.1.1
[INFO] [stderr]    Compiling icu_normalizer v2.3.0
[INFO] [stderr]    Compiling idna_adapter v1.2.2
[INFO] [stderr]    Compiling actix-codec v0.5.4
[INFO] [stderr]    Compiling h2 v0.3.27
[INFO] [stderr]    Compiling idna v1.1.0
[INFO] [stderr]    Compiling actix-server v2.10.0
[INFO] [stderr]    Compiling actix-tls v3.6.1
[INFO] [stderr]    Compiling actix-web-codegen v4.4.0
[INFO] [stderr]    Compiling url v2.5.8
[INFO] [stderr]    Compiling derive_more v2.1.1
[INFO] [stderr]    Compiling zstd v0.14.3
[INFO] [stderr]    Compiling actix-http v3.19.0
[INFO] [stderr]    Compiling awc v3.10.0
[INFO] [stderr]    Compiling actix-web v4.17.0
[INFO] [stderr]    Compiling actix-http-test v3.3.0
[INFO] [stderr]    Compiling macros-rs v1.4.1 (/opt/rustwide/workdir)
[INFO] [stderr]     Finished `release` profile [optimized] target(s) in 1m 44s
[INFO] running `Command { std: "docker" "inspect" "2198b24e67144c833fb1a5f0ea6e1800028eb3d1ad6927c0aeda22aeb3e22c48", kill_on_drop: false }`
[INFO] running `Command { std: "docker" "exec" "-e" "SOURCE_DIR=/opt/rustwide/workdir" "-e" "CARGO_HOME=/opt/rustwide/cargo-home" "-e" "RUSTUP_HOME=/opt/rustwide/rustup-home" "-e" "CARGO_TARGET_DIR=/opt/rustwide/target" "-e" "CARGO_INCREMENTAL=0" "-e" "RUST_BACKTRACE=full" "-e" "RUSTFLAGS=--cap-lints=warn" "-e" "RUSTDOCFLAGS=--cap-lints=warn" "-w" "/opt/rustwide/workdir" "--user" "0:0" "2198b24e67144c833fb1a5f0ea6e1800028eb3d1ad6927c0aeda22aeb3e22c48" "/opt/rustwide/cargo-home/bin/cargo" "+1.100.0-beta.1" "test" "--frozen" "--release", kill_on_drop: false }`
[INFO] [stderr]     Finished `release` profile [optimized] target(s) in 0.33s
[INFO] [stderr]      Running unittests src/lib.rs (/opt/rustwide/target/release/build/macros-rs/516b35bd453fd5d0/out/macros_rs-516b35bd453fd5d0)
[INFO] [stdout] 
[INFO] [stderr] [0m[31merror! print-test ok
[INFO] [stdout] running 17 tests
[INFO] [stderr] [0m[31merrorln! print-test ok
[INFO] [stdout] -------------------------
[INFO] [stdout] -------------------------
[INFO] [stdout] 
[INFO] [stdout] test tests::crash_test_facade ... ok
[INFO] [stdout] test tests::fn_name ... ok
[INFO] [stdout] test tests::lazy_lock ... ok
[INFO] [stdout] test tests::path_content ... ok
[INFO] [stdout] test tests::fn_path ... ok
[INFO] [stdout] test tests::ternary ... ok
[INFO] [stdout] test tests::path_empty ... ok
[INFO] [stdout] test tests::then ... ok
[INFO] [stdout] test tests::file_exists ... ok
[INFO] [stdout] test tests::fmtstr ... ok
[INFO] [stdout] test tests::clone ... ok
[INFO] [stdout] test tests::folder_exists ... FAILED
[INFO] [stdout] test tests::inc ... ok
[INFO] [stdout] test tests::set_env ... ok
[INFO] [stdout] test tests::string ... ok
[INFO] [stdout] test tests::str ... ok
[INFO] [stdout] test tests::dec ... ok
[INFO] [stdout] 
[INFO] [stdout] failures:
[INFO] [stdout] 
[INFO] [stdout] ---- tests::folder_exists stdout ----
[INFO] [stdout] 
[INFO] [stdout] thread 'tests::folder_exists' (1616) panicked at src/lib.rs:146:26:
[INFO] [stdout] assertion `left == right` failed
[INFO] [stdout]   left: false
[INFO] [stdout]  right: true
[INFO] [stdout] stack backtrace:
[INFO] [stdout]    0:     0x633710c75a51 - <<std[617be2ca0a6fd877]::sys::backtrace::BacktraceLock>::print::DisplayBacktrace as core[a373ad73a504971]::fmt::Display>::fmt
[INFO] [stdout]    1:     0x633710c89c4a - core[a373ad73a504971]::fmt::write
[INFO] [stdout]    2:     0x633710c79e8c - <alloc[2e1b2a31b91974c5]::vec::Vec<u8> as core[a373ad73a504971]::io::write::Write>::write_fmt
[INFO] [stdout]    3:     0x633710c51c56 - std[617be2ca0a6fd877]::panicking::default_hook::{closure#0}
[INFO] [stdout]    4:     0x633710c6dfb9 - std[617be2ca0a6fd877]::panicking::default_hook
[INFO] [stdout]    5:     0x633710c0a180 - test[aada8e7e76ba119b]::test_main_inner::{closure#0}
[INFO] [stdout]    6:     0x633710c6e172 - std[617be2ca0a6fd877]::panicking::panic_with_hook
[INFO] [stdout]    7:     0x633710c51d02 - std[617be2ca0a6fd877]::panicking::panic_handler::{closure#0}
[INFO] [stdout]    8:     0x633710c4a7d9 - std[617be2ca0a6fd877]::sys::backtrace::__rust_end_short_backtrace::<std[617be2ca0a6fd877]::panicking::panic_handler::{closure#0}, !>
[INFO] [stdout]    9:     0x633710c529ad - __rustc[ea4f61d10b84890b]::rust_begin_unwind
[INFO] [stdout]   10:     0x633710c8a37c - core[a373ad73a504971]::panicking::panic_fmt
[INFO] [stdout]   11:     0x633710c8a293 - core[a373ad73a504971]::panicking::assert_failed_inner
[INFO] [stdout]   12:     0x633710bf9d50 - core[a373ad73a504971]::panicking::assert_failed::<bool, bool>
[INFO] [stdout]   13:     0x633710bf871e - <macros_rs[e4fe31bf14c68c]::tests::folder_exists::{closure#0} as core[a373ad73a504971]::ops::function::FnOnce<()>>::call_once
[INFO] [stdout]   14:     0x633710bfd5cb - test[aada8e7e76ba119b]::__rust_begin_short_backtrace::<core[a373ad73a504971]::result::Result<(), alloc[2e1b2a31b91974c5]::string::String>, fn() -> core[a373ad73a504971]::result::Result<(), alloc[2e1b2a31b91974c5]::string::String>>
[INFO] [stdout]   15:     0x633710c0a7a5 - test[aada8e7e76ba119b]::run_test::{closure#0}
[INFO] [stdout]   16:     0x633710c04094 - std[617be2ca0a6fd877]::sys::backtrace::__rust_begin_short_backtrace::<test[aada8e7e76ba119b]::run_test::{closure#1}, ()>
[INFO] [stdout]   17:     0x633710c0d832 - <std[617be2ca0a6fd877]::thread::lifecycle::spawn_unchecked<test[aada8e7e76ba119b]::run_test::{closure#1}, ()>::{closure#1} as core[a373ad73a504971]::ops::function::FnOnce<()>>::call_once::{shim:vtable#0}
[INFO] [stdout]   18:     0x633710c752af - <std[617be2ca0a6fd877]::sys::thread::unix::Thread>::new::thread_start
[INFO] [stdout]   19:     0x731766582dfa - <unknown>
[INFO] [stdout]   20:     0x7317666163d4 - clone
[INFO] [stdout]   21:                0x0 - <unknown>
[INFO] [stdout] 
[INFO] [stdout] 
[INFO] [stdout] failures:
[INFO] [stdout]     tests::folder_exists
[INFO] [stdout] 
[INFO] [stdout] test result: FAILED. 16 passed; 1 failed; 0 ignored; 0 measured; 0 filtered out; finished in 0.02s
[INFO] [stdout] 
[INFO] [stderr] error: test failed, to rerun pass `--lib`
[INFO] running `Command { std: "docker" "inspect" "2198b24e67144c833fb1a5f0ea6e1800028eb3d1ad6927c0aeda22aeb3e22c48", kill_on_drop: false }`
[INFO] running `Command { std: "docker" "rm" "-f" "2198b24e67144c833fb1a5f0ea6e1800028eb3d1ad6927c0aeda22aeb3e22c48", kill_on_drop: false }`
[INFO] [stdout] 2198b24e67144c833fb1a5f0ea6e1800028eb3d1ad6927c0aeda22aeb3e22c48
