[INFO] fetching crate lumesh 0.18.2...
[INFO] testing lumesh-0.18.2 against 1.100.0-beta.1+cargoflags=--release for beta-release-1.100-2
[INFO] extracting crate lumesh 0.18.2 into /workspace/builds/worker-0-tc2/source
[INFO] started tweaking crates.io crate lumesh 0.18.2
[INFO] removed 0 missing examples
[INFO] finished tweaking crates.io crate lumesh 0.18.2
[INFO] tweaked toml for crates.io crate lumesh 0.18.2 written to /workspace/builds/worker-0-tc2/source/Cargo.toml
[INFO] validating manifest of crates.io crate lumesh 0.18.2 on toolchain 1.100.0-beta.1
[INFO] running `Command { std: CARGO_HOME="/workspace/cargo-home" RUSTUP_HOME="/workspace/rustup-home" "/workspace/cargo-home/bin/cargo" "+1.100.0-beta.1" "metadata" "--manifest-path" "Cargo.toml" "--no-deps", kill_on_drop: false }`
[INFO] crate crates.io crate lumesh 0.18.2 already has a lockfile, it will not be regenerated
[INFO] running `Command { std: CARGO_HOME="/workspace/cargo-home" RUSTUP_HOME="/workspace/rustup-home" "/workspace/cargo-home/bin/cargo" "+1.100.0-beta.1" "fetch" "--manifest-path" "Cargo.toml", kill_on_drop: false }`
[INFO] running `Command { std: "docker" "create" "-v" "/var/lib/crater-agent-workspace/builds/worker-0-tc2/source:/opt/rustwide/workdir:ro,Z" "-v" "/var/lib/crater-agent-workspace/builds/worker-0-tc2/target:/opt/rustwide/target:rw,Z" "-v" "/var/lib/crater-agent-workspace/cargo-home:/opt/rustwide/cargo-home:ro,Z" "-v" "/var/lib/crater-agent-workspace/rustup-home:/opt/rustwide/rustup-home:ro,Z" "-m" "1610612736" "--network" "none" "ghcr.io/rust-lang/crates-build-env/linux@sha256:77db811e55d90add9212f6832c23229e3de5f1c1f9905e8cb07319ea15df73ac" "sleep" "infinity", kill_on_drop: false }`
[INFO] [stdout] 741411b88701e16409c223cd3ca128320c6f8633702649340a4d55f2653973c0
[INFO] running `Command { std: "docker" "start" "741411b88701e16409c223cd3ca128320c6f8633702649340a4d55f2653973c0", kill_on_drop: false }`
[INFO] running `Command { std: "docker" "inspect" "741411b88701e16409c223cd3ca128320c6f8633702649340a4d55f2653973c0", kill_on_drop: false }`
[INFO] running `Command { std: "docker" "exec" "-e" "SOURCE_DIR=/opt/rustwide/workdir" "-e" "CARGO_HOME=/opt/rustwide/cargo-home" "-e" "RUSTUP_HOME=/opt/rustwide/rustup-home" "-e" "CARGO_TARGET_DIR=/opt/rustwide/target" "-w" "/opt/rustwide/workdir" "--user" "0:0" "741411b88701e16409c223cd3ca128320c6f8633702649340a4d55f2653973c0" "/opt/rustwide/cargo-home/bin/cargo" "+1.100.0-beta.1" "metadata" "--no-deps" "--format-version=1", kill_on_drop: false }`
[INFO] running `Command { std: "docker" "inspect" "741411b88701e16409c223cd3ca128320c6f8633702649340a4d55f2653973c0", kill_on_drop: false }`
[INFO] running `Command { std: "docker" "exec" "-e" "SOURCE_DIR=/opt/rustwide/workdir" "-e" "CARGO_HOME=/opt/rustwide/cargo-home" "-e" "RUSTUP_HOME=/opt/rustwide/rustup-home" "-e" "CARGO_TARGET_DIR=/opt/rustwide/target" "-e" "CARGO_INCREMENTAL=0" "-e" "RUST_BACKTRACE=full" "-e" "RUSTFLAGS=--cap-lints=warn" "-e" "RUSTDOCFLAGS=--cap-lints=warn" "-w" "/opt/rustwide/workdir" "--user" "0:0" "741411b88701e16409c223cd3ca128320c6f8633702649340a4d55f2653973c0" "/opt/rustwide/cargo-home/bin/cargo" "+1.100.0-beta.1" "build" "--frozen" "--message-format=json" "--release", kill_on_drop: false }`
[INFO] [stderr]    Compiling libc v0.2.186
[INFO] [stderr]    Compiling proc-macro2 v1.0.106
[INFO] [stderr]    Compiling unicode-ident v1.0.18
[INFO] [stderr]    Compiling quote v1.0.45
[INFO] [stderr]    Compiling cfg-if v1.0.0
[INFO] [stderr]    Compiling autocfg v1.4.0
[INFO] [stderr]    Compiling bitflags v2.13.0
[INFO] [stderr]    Compiling serde_core v1.0.228
[INFO] [stderr]    Compiling log v0.4.27
[INFO] [stderr]    Compiling rustix v1.0.7
[INFO] [stderr]    Compiling unicode-segmentation v1.12.0
[INFO] [stderr]    Compiling parking_lot_core v0.9.11
[INFO] [stderr]    Compiling signal-hook v0.3.18
[INFO] [stderr]    Compiling unicode-width v0.2.0
[INFO] [stderr]    Compiling utf8parse v0.2.2
[INFO] [stderr]    Compiling heck v0.5.0
[INFO] [stderr]    Compiling scopeguard v1.2.0
[INFO] [stderr]    Compiling smallvec v1.15.0
[INFO] [stderr]    Compiling getrandom v0.3.4
[INFO] [stderr]    Compiling memchr v2.7.4
[INFO] [stderr]    Compiling cfg_aliases v0.1.1
[INFO] [stderr]    Compiling thiserror v1.0.69
[INFO] [stderr]    Compiling cfg_aliases v0.2.1
[INFO] [stderr]    Compiling linux-raw-sys v0.9.4
[INFO] [stderr]    Compiling nix v0.31.3
[INFO] [stderr]    Compiling nix v0.28.0
[INFO] [stderr]    Compiling anstyle-parse v1.0.0
[INFO] [stderr]    Compiling zmij v1.0.21
[INFO] [stderr]    Compiling anyhow v1.0.98
[INFO] [stderr]    Compiling is_terminal_polyfill v1.70.1
[INFO] [stderr]    Compiling rand_core v0.10.1
[INFO] [stderr]    Compiling anstyle v1.0.14
[INFO] [stderr]    Compiling colorchoice v1.0.3
[INFO] [stderr]    Compiling getrandom v0.4.3
[INFO] [stderr]    Compiling anstyle-query v1.1.2
[INFO] [stderr]    Compiling litrs v0.4.1
[INFO] [stderr]    Compiling thread_local v1.1.9
[INFO] [stderr]    Compiling iana-time-zone v0.1.63
[INFO] [stderr]    Compiling cpufeatures v0.3.0
[INFO] [stderr]    Compiling fastrand v2.4.1
[INFO] [stderr]    Compiling bytecount v0.6.9
[INFO] [stderr]    Compiling lock_api v0.4.13
[INFO] [stderr]    Compiling num-traits v0.2.19
[INFO] [stderr]    Compiling convert_case v0.7.1
[INFO] [stderr]    Compiling strsim v0.11.1
[INFO] [stderr]    Compiling serde_json v1.0.150
[INFO] [stderr]    Compiling once_cell v1.21.3
[INFO] [stderr]    Compiling clap_lex v1.1.0
[INFO] [stderr]    Compiling anstream v1.0.0
[INFO] [stderr]    Compiling itoa v1.0.15
[INFO] [stderr]    Compiling winnow v1.0.3
[INFO] [stderr]    Compiling fnv v1.0.7
[INFO] [stderr]    Compiling thiserror v2.0.18
[INFO] [stderr]    Compiling option-ext v0.2.0
[INFO] [stderr]    Compiling papergrid v0.18.0
[INFO] [stderr]    Compiling chacha20 v0.10.0
[INFO] [stderr]    Compiling fuzzy-matcher v0.3.7
[INFO] [stderr]    Compiling document-features v0.2.11
[INFO] [stderr]    Compiling clap_builder v4.6.0
[INFO] [stderr]    Compiling toml_parser v1.1.2+spec-1.1.0
[INFO] [stderr]    Compiling csv-core v0.1.12
[INFO] [stderr]    Compiling testing_table v0.3.0
[INFO] [stderr]    Compiling dyn-clone v1.0.19
[INFO] [stderr]    Compiling downcast-rs v1.2.1
[INFO] [stderr]    Compiling ryu v1.0.20
[INFO] [stderr]    Compiling syn v2.0.118
[INFO] [stderr]    Compiling shell-words v1.1.0
[INFO] [stderr]    Compiling toml_writer v1.1.1+spec-1.1.0
[INFO] [stderr]    Compiling minimal-lexical v0.2.1
[INFO] [stderr]    Compiling proc-macro-error-attr2 v2.0.0
[INFO] [stderr]    Compiling smawk v0.3.2
[INFO] [stderr]    Compiling unicode-linebreak v0.1.5
[INFO] [stderr]    Compiling dunce v1.0.5
[INFO] [stderr]    Compiling regex-lite v0.1.9
[INFO] [stderr]    Compiling common_macros v0.1.1
[INFO] [stderr]    Compiling rustc-hash v2.1.2
[INFO] [stderr]    Compiling glob v0.3.3
[INFO] [stderr]    Compiling detached-str v0.1.0
[INFO] [stderr]    Compiling nom v7.1.3
[INFO] [stderr]    Compiling textwrap v0.16.2
[INFO] [stderr]    Compiling tinyjson v2.5.1
[INFO] [stderr]    Compiling chrono v0.4.45
[INFO] [stderr]    Compiling signal-hook-registry v1.4.5
[INFO] [stderr]    Compiling mio v1.0.4
[INFO] [stderr]    Compiling rtoolbox v0.0.3
[INFO] [stderr]    Compiling dirs-sys v0.5.0
[INFO] [stderr]    Compiling serial2 v0.2.29
[INFO] [stderr]    Compiling parking_lot v0.12.4
[INFO] [stderr]    Compiling rand v0.10.1
[INFO] [stderr]    Compiling dirs v6.0.0
[INFO] [stderr]    Compiling rpassword v7.5.4
[INFO] [stderr]    Compiling signal-hook-mio v0.2.4
[INFO] [stderr]    Compiling serde_spanned v1.1.1
[INFO] [stderr]    Compiling toml_datetime v1.1.1+spec-1.1.0
[INFO] [stderr]    Compiling csv v1.4.0
[INFO] [stderr]    Compiling tempfile v3.23.0
[INFO] [stderr]    Compiling toml v1.1.2+spec-1.1.0
[INFO] [stderr]    Compiling os_info v3.15.0
[INFO] [stderr]    Compiling proc-macro-error2 v2.0.1
[INFO] [stderr]    Compiling derive_more-impl v2.0.1
[INFO] [stderr]    Compiling thiserror-impl v1.0.69
[INFO] [stderr]    Compiling clap_derive v4.6.1
[INFO] [stderr]    Compiling thiserror-impl v2.0.18
[INFO] [stderr]    Compiling tabled_derive v0.11.0
[INFO] [stderr]    Compiling derive_more v2.0.1
[INFO] [stderr]    Compiling crossterm v0.29.0
[INFO] [stderr]    Compiling tabled v0.21.0
[INFO] [stderr]    Compiling filedescriptor v0.8.3
[INFO] [stderr]    Compiling portable-pty v0.9.0
[INFO] [stderr]    Compiling inquire v0.9.4
[INFO] [stderr]    Compiling clap v4.6.1
[INFO] [stderr]    Compiling lumesh v0.18.2 (/opt/rustwide/workdir)
[INFO] [stderr]     Finished `release` profile [optimized] target(s) in 2m 15s
[INFO] [stderr] warning: the following packages contain code that will be rejected by a future version of Rust: nix v0.28.0, nix v0.31.3, proc-macro-error2 v2.0.1
[INFO] [stderr] note: to see what the problems were, use the option `--future-incompat-report`, or run `cargo report future-incompatibilities --id 3`
[INFO] running `Command { std: "docker" "inspect" "741411b88701e16409c223cd3ca128320c6f8633702649340a4d55f2653973c0", kill_on_drop: false }`
[INFO] running `Command { std: "docker" "exec" "-e" "SOURCE_DIR=/opt/rustwide/workdir" "-e" "CARGO_HOME=/opt/rustwide/cargo-home" "-e" "RUSTUP_HOME=/opt/rustwide/rustup-home" "-e" "CARGO_TARGET_DIR=/opt/rustwide/target" "-e" "CARGO_INCREMENTAL=0" "-e" "RUST_BACKTRACE=full" "-e" "RUSTFLAGS=--cap-lints=warn" "-e" "RUSTDOCFLAGS=--cap-lints=warn" "-w" "/opt/rustwide/workdir" "--user" "0:0" "741411b88701e16409c223cd3ca128320c6f8633702649340a4d55f2653973c0" "/opt/rustwide/cargo-home/bin/cargo" "+1.100.0-beta.1" "test" "--frozen" "--no-run" "--message-format=json" "--release", kill_on_drop: false }`
[INFO] [stderr]    Compiling cfg-if v1.0.0
[INFO] [stderr]    Compiling bitflags v2.13.0
[INFO] [stderr]    Compiling memchr v2.7.4
[INFO] [stderr]    Compiling log v0.4.27
[INFO] [stderr]    Compiling crossbeam-utils v0.8.21
[INFO] [stderr]    Compiling utf8parse v0.2.2
[INFO] [stderr]    Compiling zerocopy v0.8.52
[INFO] [stderr]    Compiling num-traits v0.2.19
[INFO] [stderr]    Compiling unicode-width v0.2.0
[INFO] [stderr]    Compiling libc v0.2.186
[INFO] [stderr]    Compiling serde_core v1.0.228
[INFO] [stderr]    Compiling zerocopy-derive v0.8.52
[INFO] [stderr]    Compiling anstyle-parse v1.0.0
[INFO] [stderr]    Compiling is_terminal_polyfill v1.70.1
[INFO] [stderr]    Compiling scopeguard v1.2.0
[INFO] [stderr]    Compiling anstyle v1.0.14
[INFO] [stderr]    Compiling colorchoice v1.0.3
[INFO] [stderr]    Compiling linux-raw-sys v0.9.4
[INFO] [stderr]    Compiling anstyle-query v1.1.2
[INFO] [stderr]    Compiling shlex v1.3.0
[INFO] [stderr]    Compiling serde v1.0.228
[INFO] [stderr]    Compiling itoa v1.0.15
[INFO] [stderr]    Compiling smallvec v1.15.0
[INFO] [stderr]    Compiling anstream v1.0.0
[INFO] [stderr]    Compiling cc v1.2.24
[INFO] [stderr]    Compiling lock_api v0.4.13
[INFO] [stderr]    Compiling zmij v1.0.21
[INFO] [stderr]    Compiling serde_derive v1.0.228
[INFO] [stderr]    Compiling either v1.15.0
[INFO] [stderr]    Compiling strsim v0.11.1
[INFO] [stderr]    Compiling clap_lex v1.1.0
[INFO] [stderr]    Compiling rustix v1.0.7
[INFO] [stderr]    Compiling rayon-core v1.12.1
[INFO] [stderr]    Compiling rand_core v0.10.1
[INFO] [stderr]    Compiling thiserror v1.0.69
[INFO] [stderr]    Compiling derive_more v2.0.1
[INFO] [stderr]    Compiling clap_builder v4.6.0
[INFO] [stderr]    Compiling thread_local v1.1.9
[INFO] [stderr]    Compiling fastrand v2.4.1
[INFO] [stderr]    Compiling ciborium-io v0.2.2
[INFO] [stderr]    Compiling iana-time-zone v0.1.63
[INFO] [stderr]    Compiling once_cell v1.21.3
[INFO] [stderr]    Compiling winnow v1.0.3
[INFO] [stderr]    Compiling crossbeam-epoch v0.9.18
[INFO] [stderr]    Compiling fnv v1.0.7
[INFO] [stderr]    Compiling cpufeatures v0.3.0
[INFO] [stderr]    Compiling option-ext v0.2.0
[INFO] [stderr]    Compiling plotters-backend v0.3.7
[INFO] [stderr]    Compiling bytecount v0.6.9
[INFO] [stderr]    Compiling regex-syntax v0.8.5
[INFO] [stderr]    Compiling papergrid v0.18.0
[INFO] [stderr]    Compiling chacha20 v0.10.0
[INFO] [stderr]    Compiling fuzzy-matcher v0.3.7
[INFO] [stderr]    Compiling csv-core v0.1.12
[INFO] [stderr]    Compiling crossbeam-deque v0.8.6
[INFO] [stderr]    Compiling plotters-svg v0.3.7
[INFO] [stderr]    Compiling toml_parser v1.1.2+spec-1.1.0
[INFO] [stderr]    Compiling chrono v0.4.45
[INFO] [stderr]    Compiling anyhow v1.0.98
[INFO] [stderr]    Compiling itertools v0.13.0
[INFO] [stderr]    Compiling testing_table v0.3.0
[INFO] [stderr]    Compiling same-file v1.0.6
[INFO] [stderr]    Compiling toml_writer v1.1.1+spec-1.1.0
[INFO] [stderr]    Compiling smawk v0.3.2
[INFO] [stderr]    Compiling alloca v0.4.0
[INFO] [stderr]    Compiling shell-words v1.1.0
[INFO] [stderr]    Compiling dyn-clone v1.0.19
[INFO] [stderr]    Compiling downcast-rs v1.2.1
[INFO] [stderr]    Compiling unicode-segmentation v1.12.0
[INFO] [stderr]    Compiling unicode-linebreak v0.1.5
[INFO] [stderr]    Compiling signal-hook-registry v1.4.5
[INFO] [stderr]    Compiling mio v1.0.4
[INFO] [stderr]    Compiling parking_lot_core v0.9.11
[INFO] [stderr]    Compiling signal-hook v0.3.18
[INFO] [stderr]    Compiling parking_lot v0.12.4
[INFO] [stderr]    Compiling getrandom v0.3.4
[INFO] [stderr]    Compiling filedescriptor v0.8.3
[INFO] [stderr]    Compiling regex-automata v0.4.9
[INFO] [stderr]    Compiling signal-hook-mio v0.2.4
[INFO] [stderr]    Compiling getrandom v0.4.3
[INFO] [stderr]    Compiling nix v0.28.0
[INFO] [stderr]    Compiling rtoolbox v0.0.3
[INFO] [stderr]    Compiling nix v0.31.3
[INFO] [stderr]    Compiling serial2 v0.2.29
[INFO] [stderr]    Compiling dirs-sys v0.5.0
[INFO] [stderr]    Compiling minimal-lexical v0.2.1
[INFO] [stderr]    Compiling tempfile v3.23.0
[INFO] [stderr]    Compiling crossterm v0.29.0
[INFO] [stderr]    Compiling cast v0.3.0
[INFO] [stderr]    Compiling ryu v1.0.20
[INFO] [stderr]    Compiling serde_json v1.0.150
[INFO] [stderr]    Compiling toml_datetime v1.1.1+spec-1.1.0
[INFO] [stderr]    Compiling serde_spanned v1.1.1
[INFO] [stderr]    Compiling csv v1.4.0
[INFO] [stderr]    Compiling nom v7.1.3
[INFO] [stderr]    Compiling criterion-plot v0.8.2
[INFO] [stderr]    Compiling toml v1.1.2+spec-1.1.0
[INFO] [stderr]    Compiling tabled v0.21.0
[INFO] [stderr]    Compiling clap v4.6.1
[INFO] [stderr]    Compiling portable-pty v0.9.0
[INFO] [stderr]    Compiling inquire v0.9.4
[INFO] [stderr]    Compiling os_info v3.15.0
[INFO] [stderr]    Compiling dirs v6.0.0
[INFO] [stderr]    Compiling rpassword v7.5.4
[INFO] [stderr]    Compiling tinytemplate v1.2.1
[INFO] [stderr]    Compiling regex v1.11.1
[INFO] [stderr]    Compiling rand v0.10.1
[INFO] [stderr]    Compiling textwrap v0.16.2
[INFO] [stderr]    Compiling rayon v1.10.0
[INFO] [stderr]    Compiling page_size v0.6.0
[INFO] [stderr]    Compiling walkdir v2.5.0
[INFO] [stderr]    Compiling thiserror v2.0.18
[INFO] [stderr]    Compiling plotters v0.3.7
[INFO] [stderr]    Compiling regex-lite v0.1.9
[INFO] [stderr]    Compiling anes v0.1.6
[INFO] [stderr]    Compiling rustc-hash v2.1.2
[INFO] [stderr]    Compiling tinyjson v2.5.1
[INFO] [stderr]    Compiling dunce v1.0.5
[INFO] [stderr]    Compiling common_macros v0.1.1
[INFO] [stderr]    Compiling glob v0.3.3
[INFO] [stderr]    Compiling detached-str v0.1.0
[INFO] [stderr]    Compiling oorandom v11.1.5
[INFO] [stderr]    Compiling lumesh v0.18.2 (/opt/rustwide/workdir)
[INFO] [stderr]    Compiling half v2.7.1
[INFO] [stderr]    Compiling ciborium-ll v0.2.2
[INFO] [stderr]    Compiling ciborium v0.2.2
[INFO] [stderr]    Compiling criterion v0.8.2
[INFO] [stderr]     Finished `release` profile [optimized] target(s) in 3m 01s
[INFO] [stderr] warning: the following packages contain code that will be rejected by a future version of Rust: nix v0.28.0, nix v0.31.3, proc-macro-error2 v2.0.1
[INFO] [stderr] note: to see what the problems were, use the option `--future-incompat-report`, or run `cargo report future-incompatibilities --id 3`
[INFO] running `Command { std: "docker" "inspect" "741411b88701e16409c223cd3ca128320c6f8633702649340a4d55f2653973c0", kill_on_drop: false }`
[INFO] running `Command { std: "docker" "exec" "-e" "SOURCE_DIR=/opt/rustwide/workdir" "-e" "CARGO_HOME=/opt/rustwide/cargo-home" "-e" "RUSTUP_HOME=/opt/rustwide/rustup-home" "-e" "CARGO_TARGET_DIR=/opt/rustwide/target" "-e" "CARGO_INCREMENTAL=0" "-e" "RUST_BACKTRACE=full" "-e" "RUSTFLAGS=--cap-lints=warn" "-e" "RUSTDOCFLAGS=--cap-lints=warn" "-w" "/opt/rustwide/workdir" "--user" "0:0" "741411b88701e16409c223cd3ca128320c6f8633702649340a4d55f2653973c0" "/opt/rustwide/cargo-home/bin/cargo" "+1.100.0-beta.1" "test" "--frozen" "--release", kill_on_drop: false }`
[INFO] [stderr]     Finished `release` profile [optimized] target(s) in 0.31s
[INFO] [stderr] warning: the following packages contain code that will be rejected by a future version of Rust: nix v0.28.0, nix v0.31.3, proc-macro-error2 v2.0.1
[INFO] [stderr] note: to see what the problems were, use the option `--future-incompat-report`, or run `cargo report future-incompatibilities --id 3`
[INFO] [stderr]      Running unittests src/lib.rs (/opt/rustwide/target/release/build/lumesh/2c0c236db3f98022/out/lumesh-2c0c236db3f98022)
[INFO] [stdout] 
[INFO] [stdout] running 245 tests
[INFO] [stdout] test tests::bug_reproduction_tests::bug_hmap_equality_by_content ... ok
[INFO] [stdout] test tests::environment_tests::test_define_twice_overwrites ... ok
[INFO] [stdout] test tests::environment_tests::test_define_in_root ... ok
[INFO] [stdout] test editor::tests::test_history ... ok
[INFO] [stdout] test tests::bug_reproduction_tests::bug_div_by_string_zero_dot_zero ... ok
[INFO] [stdout] test tests::environment_tests::test_fork_isolation ... ok
[INFO] [stdout] test tests::environment_tests::test_get_root ... ok
[INFO] [stdout] test tests::environment_tests::test_get_bindings_string ... ok
[INFO] [stdout] test tests::bug_reproduction_tests::bug_mul_string_by_negative_errors ... ok
[INFO] [stdout] test editor::tests::test_buffer_basics ... ok
[INFO] [stdout] test tests::environment_tests::test_fork_inheritance ... ok
[INFO] [stdout] test editor::tests::test_kill_ring ... ok
[INFO] [stdout] test tests::bug_reproduction_tests::test_precedence_comparison_vs_logical ... ok
[INFO] [stdout] test tests::bug_reproduction_tests::bug_mul_string_by_zero_returns_empty ... ok
[INFO] [stdout] test tests::bug_reproduction_tests::bug_mulassign_overflow_wraps ... ok
[INFO] [stdout] test tests::bug_reproduction_tests::bug_regex_truthiness_is_fixed ... ok
[INFO] [stdout] test tests::bug_reproduction_tests::test_contains_not_contains_operator ... ok
[INFO] [stdout] test tests::bug_reproduction_tests::test_deeply_nested_arithmetic ... ok
[INFO] [stdout] test tests::environment_tests::test_define_and_get ... ok
[INFO] [stdout] test editor::tests::test_buffer_insert_str ... ok
[INFO] [stdout] test tests::bug_reproduction_tests::bug_addassign_overflow_wraps ... ok
[INFO] [stdout] test tests::environment_tests::test_undefine ... ok
[INFO] [stdout] test tests::evaluator_tests::test_eval_addition ... ok
[INFO] [stdout] test tests::evaluator_tests::test_eval_compound_assign_div ... ok
[INFO] [stdout] test tests::evaluator_tests::test_eval_add_assign_undefined_var ... ok
[INFO] [stdout] test tests::evaluator_tests::test_eval_compound_assign_mul ... ok
[INFO] [stdout] test tests::evaluator_tests::test_eval_comparison ... ok
[INFO] [stdout] test tests::environment_tests::test_has ... ok
[INFO] [stdout] test tests::evaluator_tests::test_eval_contains_operator ... ok
[INFO] [stdout] test tests::evaluator_tests::test_eval_compound_assign_sub ... ok
[INFO] [stdout] test tests::environment_tests::test_is_defined_chain ... ok
[INFO] [stdout] test tests::environment_tests::test_new_environment ... ok
[INFO] [stdout] test tests::evaluator_tests::test_eval_assign ... ok
[INFO] [stdout] test tests::evaluator_tests::test_eval_division ... ok
[INFO] [stdout] test tests::evaluator_tests::test_eval_division_by_zero ... ok
[INFO] [stdout] test tests::evaluator_tests::test_eval_blank ... ok
[INFO] [stdout] test tests::evaluator_tests::test_eval_compound_assign_add ... ok
[INFO] [stdout] test tests::evaluator_tests::test_eval_float ... ok
[INFO] [stdout] test tests::evaluator_tests::test_eval_if_conditional ... ok
[INFO] [stdout] test tests::evaluator_tests::test_eval_let_declare ... ok
[INFO] [stdout] test tests::evaluator_tests::test_eval_if_false ... ok
[INFO] [stdout] test tests::evaluator_tests::test_eval_integer ... ok
[INFO] [stdout] test tests::evaluator_tests::test_eval_range_expression_expand ... ok
[INFO] [stdout] test tests::evaluator_tests::test_eval_power ... ok
[INFO] [stdout] test tests::evaluator_tests::test_eval_string_concatenation ... ok
[INFO] [stdout] test tests::evaluator_tests::test_eval_string_times_int ... ok
[INFO] [stdout] test tests::evaluator_tests::test_eval_range ... ok
[INFO] [stdout] test tests::evaluator_tests::test_eval_modulo ... ok
[INFO] [stdout] test tests::evaluator_tests::test_eval_logical_and ... ok
[INFO] [stdout] test tests::evaluator_tests::test_eval_list ... ok
[INFO] [stdout] test tests::evaluator_tests::test_eval_precedence ... ok
[INFO] [stdout] test tests::evaluator_tests::test_eval_strict_equality ... ok
[INFO] [stdout] test tests::evaluator_tests::test_eval_multiplication ... ok
[INFO] [stdout] test tests::evaluator_tests::test_eval_if_true ... ok
[INFO] [stdout] test tests::evaluator_tests::test_eval_neg_overflow ... ok
[INFO] [stdout] test tests::evaluator_tests::test_eval_parens ... ok
[INFO] [stdout] test tests::evaluator_tests::test_eval_logical_or ... ok
[INFO] [stdout] test tests::evaluator_tests::test_eval_string ... ok
[INFO] [stdout] test tests::evaluator_tests::test_eval_unary_not ... ok
[INFO] [stdout] test tests::evaluator_tests::test_eval_string_times_zero ... ok
[INFO] [stdout] test tests::filesize_tests::test_filesize_from_bytes ... ok
[INFO] [stdout] test tests::evaluator_tests::test_eval_subtraction ... ok
[INFO] [stdout] test tests::evaluator_tests::test_eval_template_string ... ok
[INFO] [stdout] test tests::evaluator_tests::test_eval_unary_neg ... ok
[INFO] [stdout] test tests::filesize_tests::test_filesize_comparison ... ok
[INFO] [stdout] test tests::filesize_tests::test_filesize_human_readable_bytes ... ok
[INFO] [stdout] test tests::filesize_tests::test_filesize_human_readable_large ... ok
[INFO] [stdout] test tests::filesize_tests::test_filesize_from_bytes_constructor ... ok
[INFO] [stdout] test tests::filesize_tests::test_filesize_from_gb ... ok
[INFO] [stdout] test tests::filesize_tests::test_filesize_from_kb ... ok
[INFO] [stdout] test tests::filesize_tests::test_filesize_human_readable ... ok
[INFO] [stdout] test tests::from_tests::test_from_bool ... ok
[INFO] [stdout] test tests::from_tests::test_from_btreemap ... ok
[INFO] [stdout] test tests::filesize_tests::test_filesize_from_mb ... ok
[INFO] [stdout] test tests::from_tests::test_from_btreeset ... ok
[INFO] [stdout] test tests::from_tests::test_from_vec ... ok
[INFO] [stdout] test tests::operator_tests::test_add_float_int ... ok
[INFO] [stdout] test tests::from_tests::test_from_bytes ... FAILED
[INFO] [stdout] test tests::from_tests::test_from_string ... ok
[INFO] [stdout] test tests::operator_tests::test_add_int_float ... ok
[INFO] [stdout] test tests::from_tests::test_from_empty_vec ... ok
[INFO] [stdout] test tests::operator_tests::test_add_int_int ... ok
[INFO] [stdout] test tests::from_tests::test_from_float ... ok
[INFO] [stdout] test tests::from_tests::test_from_hashmap ... ok
[INFO] [stdout] test tests::from_tests::test_from_int ... ok
[INFO] [stdout] test tests::from_tests::test_from_str ... ok
[INFO] [stdout] test tests::operator_tests::test_add_int_string_coercion_fail ... ok
[INFO] [stdout] test tests::operator_tests::test_add_int_overflow ... ok
[INFO] [stdout] test tests::operator_tests::test_add_int_string_coercion ... ok
[INFO] [stdout] test tests::operator_tests::test_div_by_string_zero_dot_zero ... ok
[INFO] [stdout] test tests::operator_tests::test_div_float_by_zero ... ok
[INFO] [stdout] test tests::operator_tests::test_add_list_list ... ok
[INFO] [stdout] test tests::operator_tests::test_add_string_int ... ok
[INFO] [stdout] test tests::operator_tests::test_mul_int_overflow ... ok
[INFO] [stdout] test tests::operator_tests::test_mul_int_int ... ok
[INFO] [stdout] test tests::operator_tests::test_div_by_string_zero ... ok
[INFO] [stdout] test tests::operator_tests::test_neg_int ... ok
[INFO] [stdout] test tests::operator_tests::test_neg_string ... ok
[INFO] [stdout] test tests::operator_tests::test_mul_list_scalar ... ok
[INFO] [stdout] test tests::operator_tests::test_add_string_string ... ok
[INFO] [stdout] test tests::operator_tests::test_sub_int_int ... ok
[INFO] [stdout] test tests::operator_tests::test_add_map_map ... ok
[INFO] [stdout] test tests::operator_tests::test_sub_int_overflow ... ok
[INFO] [stdout] test tests::operator_tests::test_sub_string_int_min ... ok
[INFO] [stdout] test tests::operator_tests::test_sub_string_int_negative ... ok
[INFO] [stdout] test tests::operator_tests::test_div_int_by_zero ... ok
[INFO] [stdout] test tests::operator_tests::test_div_int_int ... ok
[INFO] [stdout] test tests::parser_tests::test_parse_addition ... ok
[INFO] [stdout] test tests::parser_tests::test_parse_assignment ... ok
[INFO] [stdout] test tests::operator_tests::test_neg_float ... ok
[INFO] [stdout] test tests::operator_tests::test_sub_string_int_positive ... ok
[INFO] [stdout] test tests::operator_tests::test_mul_set_intersection ... ok
[INFO] [stdout] test tests::parser_tests::test_parse_declaration ... ok
[INFO] [stdout] test tests::operator_tests::test_mul_string_int_negative ... ok
[INFO] [stdout] test tests::parser_tests::test_parse_boolean ... ok
[INFO] [stdout] test tests::operator_tests::test_sub_string_float ... ok
[INFO] [stdout] test tests::operator_tests::test_mul_string_int_zero ... ok
[INFO] [stdout] test tests::parser_tests::test_parse_dot_method_call ... ok
[INFO] [stdout] test tests::operator_tests::test_mul_string_int_positive ... ok
[INFO] [stdout] test tests::parser_tests::test_parse_float ... ok
[INFO] [stdout] test tests::parser_tests::test_parse_for_loop ... ok
[INFO] [stdout] test tests::parser_tests::test_parse_empty_list ... ok
[INFO] [stdout] test tests::parser_tests::test_parse_function_def ... ok
[INFO] [stdout] test tests::parser_tests::test_parse_index ... ok
[INFO] [stdout] test tests::parser_tests::test_parse_empty ... ok
[INFO] [stdout] test tests::parser_tests::test_parse_integer ... ok
[INFO] [stdout] test tests::parser_tests::test_parse_invalid_function_decl ... ok
[INFO] [stdout] test tests::parser_tests::test_parse_comparison ... ok
[INFO] [stdout] test tests::parser_tests::test_parse_equality ... ok
[INFO] [stdout] test tests::operator_tests::test_neg_bool ... ok
[INFO] [stdout] test tests::parser_tests::test_parse_conditional ... ok
[INFO] [stdout] test tests::parser_tests::test_parse_extend_range ... ok
[INFO] [stdout] test tests::parser_tests::test_parse_double_operator ... ok
[INFO] [stdout] test tests::parser_tests::test_parse_map_literal ... ok
[INFO] [stdout] test tests::parser_tests::test_parse_if_else ... ok
[INFO] [stdout] test tests::parser_tests::test_parse_dispatch_pipe ... ok
[INFO] [stdout] test tests::parser_tests::test_parse_logical_or ... ok
[INFO] [stdout] test tests::parser_tests::test_parse_power_op ... ok
[INFO] [stdout] test tests::parser_tests::test_parse_pipe ... ok
[INFO] [stdout] test tests::parser_tests::test_parse_precedence_mul_before_add ... ok
[INFO] [stdout] test tests::parser_tests::test_parse_precedence_parens ... ok
[INFO] [stdout] test tests::parser_tests::test_parse_range_op_inclusive ... ok
[INFO] [stdout] test tests::parser_tests::test_parse_range_op_step ... ok
[INFO] [stdout] test tests::parser_tests::test_parse_let_without_value ... ok
[INFO] [stdout] test tests::parser_tests::test_parse_strict_equality ... ok
[INFO] [stdout] test tests::parser_tests::test_parse_list_literal ... ok
[INFO] [stdout] test tests::parser_tests::test_parse_string ... ok
[INFO] [stdout] test tests::operator_tests::test_sub_string_string ... ok
[INFO] [stdout] test tests::operator_tests::test_rem_float_int ... ok
[INFO] [stdout] test tests::parser_tests::test_parse_match_without_body ... ok
[INFO] [stdout] test tests::parser_tests::parse_lambda ... ok
[INFO] [stdout] test tests::operator_tests::test_rem_int_int ... ok
[INFO] [stdout] test tests::parser_tests::test_parse_symbol ... ok
[INFO] [stdout] test tests::parser_tests::test_parse_while_loop ... ok
[INFO] [stdout] test tests::partial_ord_tests::test_compare_bset_by_content ... ok
[INFO] [stdout] test tests::parser_tests::test_parse_trailing_operator ... ok
[INFO] [stdout] test tests::partial_ord_tests::test_compare_file_size ... ok
[INFO] [stdout] test tests::parser_tests::test_parse_negative_integer ... ok
[INFO] [stdout] test tests::parser_tests::test_parse_logical_and ... ok
[INFO] [stdout] test tests::parser_tests::test_parse_nonsense ... ok
[INFO] [stdout] test tests::parser_tests::test_parse_range_op ... ok
[INFO] [stdout] test tests::partial_ord_tests::test_compare_symbols ... ok
[INFO] [stdout] test tests::parser_tests::test_parse_unclosed_brace ... ok
[INFO] [stdout] test tests::parser_tests::test_parse_unclosed_bracket ... ok
[INFO] [stdout] test tests::parser_tests::test_parse_unclosed_paren ... ok
[INFO] [stdout] test tests::parser_tests::test_parse_variable ... ok
[INFO] [stdout] test tests::partial_ord_tests::test_compare_bset_by_length_different ... ok
[INFO] [stdout] test tests::partial_ord_tests::test_compare_string_int_coercion ... ok
[INFO] [stdout] test tests::test_quote_backtick_backslash ... ok
[INFO] [stdout] test tests::partial_ord_tests::test_compare_int ... ok
[INFO] [stdout] test tests::partial_ord_tests::test_compare_float ... ok
[INFO] [stdout] test tests::partial_ord_tests::test_compare_hmap_by_content ... ok
[INFO] [stdout] test tests::partial_ord_tests::test_compare_different_types ... ok
[INFO] [stdout] test tests::partial_ord_tests::test_compare_date_time ... ok
[INFO] [stdout] test tests::partial_ord_tests::test_compare_map_by_content ... ok
[INFO] [stdout] test tests::partial_ord_tests::test_compare_string_int_coercion_fail ... ok
[INFO] [stdout] test tests::partial_ord_tests::test_compare_int_float ... ok
[INFO] [stdout] test tests::test_quote_backtick_newline ... ok
[INFO] [stdout] test tests::test_quote_backtick_unicode ... ok
[INFO] [stdout] test tests::test_quote_double_escaped_quote ... ok
[INFO] [stdout] test tests::test_quote_double_invalid_escape ... ok
[INFO] [stdout] test tests::test_quote_double_tab ... ok
[INFO] [stdout] test tests::test_quote_backtick_escape_and_interpolation ... ok
[INFO] [stdout] test tests::test_quote_double_newline ... ok
[INFO] [stdout] test tests::test_quote_backtick_escaped_backtick ... ok
[INFO] [stdout] test tests::test_quote_backtick_interpolation_only ... ok
[INFO] [stdout] test tests::tokenizer_tests::test_basic_symbols ... ok
[INFO] [stdout] test tests::test_quote_backtick_tab ... ok
[INFO] [stdout] test tests::tokenizer_tests::test_cfm_mode_commands ... ok
[INFO] [stdout] test tests::tokenizer_tests::test_escape_sequences ... ok
[INFO] [stdout] test tests::test_quote_double_backslash ... ok
[INFO] [stdout] test tests::test_quote_double_unicode ... ok
[INFO] [stdout] test tests::test_quote_single_pure_literal ... ok
[INFO] [stdout] test tests::tokenizer_tests::test_backtick_string ... ok
[INFO] [stdout] test tests::tokenizer_tests::test_line_continuation ... ok
[INFO] [stdout] test tests::tokenizer_tests::test_empty_string ... ok
[INFO] [stdout] test tests::test_quote_backtick_invalid_escape ... ok
[INFO] [stdout] test tests::tokenizer_tests::test_empty_input ... ok
[INFO] [stdout] test tests::tokenizer_tests::test_percentage_suffix ... ok
[INFO] [stdout] test tests::tokenizer_tests::test_file_size_suffix ... ok
[INFO] [stdout] test tests::tokenizer_tests::test_float_literals ... ok
[INFO] [stdout] test tests::tokenizer_tests::test_keywords ... ok
[INFO] [stdout] test tests::tokenizer_tests::test_leading_dot_float ... ok
[INFO] [stdout] test tests::tokenizer_tests::test_operators ... ok
[INFO] [stdout] test tests::tokenizer_tests::test_time_literal ... ok
[INFO] [stdout] test tests::tokenizer_tests::test_unicode_in_string ... ok
[INFO] [stdout] test tests::tokenizer_tests::test_unterminated_single_quote ... ok
[INFO] [stdout] test tests::tokenizer_tests::test_string_double_quoted ... ok
[INFO] [stdout] test tests::tokenizer_tests::test_unterminated_string ... ok
[INFO] [stdout] test tests::tokenizer_tests::test_invalid_float_trailing_dot ... ok
[INFO] [stdout] test tests::tokenizer_tests::test_comment ... ok
[INFO] [stdout] test tests::tokenizer_tests::test_range_operator_infix ... ok
[INFO] [stdout] test tests::tokenizer_tests::test_comment_with_hash_not_space ... ok
[INFO] [stdout] test tests::tokenizer_tests::test_integer_literals ... ok
[INFO] [stdout] test tests::tokenizer_tests::test_string_single_quoted ... ok
[INFO] [stdout] test tests::tokenizer_tests::test_expression_mode_still_works ... ok
[INFO] [stdout] test tests::tokenizer_tests::test_symbol_with_special_chars ... ok
[INFO] [stdout] test tests::tokenizer_tests::test_invalid_escape ... ok
[INFO] [stdout] test tests::tokenizer_tests::test_value_symbols ... ok
[INFO] [stdout] test tests::tokenizer_tests::test_whitespace_only ... ok
[INFO] [stdout] test tests::truthiness_tests::test_blank_is_falsey ... ok
[INFO] [stdout] test tests::tokenizer_tests::test_radix_tokenize ... ok
[INFO] [stdout] test tests::truthiness_tests::test_float_nonzero_is_truthy ... ok
[INFO] [stdout] test tests::truthiness_tests::test_integer_nonzero_is_truthy ... ok
[INFO] [stdout] test tests::truthiness_tests::test_lambda_is_truthy ... ok
[INFO] [stdout] test tests::truthiness_tests::test_integer_zero_is_falsey ... ok
[INFO] [stdout] test tests::truthiness_tests::test_none_is_falsey ... ok
[INFO] [stdout] test tests::truthiness_tests::test_regex_empty_pattern_is_falsey ... ok
[INFO] [stdout] test tests::truthiness_tests::test_regex_nonempty_pattern_is_truthy ... ok
[INFO] [stdout] test tests::truthiness_tests::test_empty_map_is_falsey ... ok
[INFO] [stdout] test tests::truthiness_tests::test_nonempty_list_is_truthy ... ok
[INFO] [stdout] test tests::truthiness_tests::test_float_zero_is_falsey ... ok
[INFO] [stdout] test tests::truthiness_tests::test_range_is_truthy_when_nonempty ... ok
[INFO] [stdout] test tests::truthiness_tests::test_empty_list_is_falsey ... ok
[INFO] [stdout] test tests::truthiness_tests::test_bool_false_is_falsey ... ok
[INFO] [stdout] test tests::truthiness_tests::test_file_size_nonzero_is_truthy ... ok
[INFO] [stdout] test tests::truthiness_tests::test_function_is_truthy ... ok
[INFO] [stdout] test tests::truthiness_tests::test_string_empty_is_falsey ... ok
[INFO] [stdout] test tests::truthiness_tests::test_bool_true_is_truthy ... ok
[INFO] [stdout] test tests::truthiness_tests::test_string_nonempty_is_truthy ... ok
[INFO] [stdout] test tests::truthiness_tests::test_empty_bset_is_falsey ... ok
[INFO] [stdout] test tests::truthiness_tests::test_file_size_zero_is_falsey ... ok
[INFO] [stdout] test tests::truthiness_tests::test_empty_hmap_is_falsey ... ok
[INFO] [stdout] test tests::tokenizer_tests::test_hased_quote ... ok
[INFO] [stdout] test tests::tokenizer_tests::test_regex_literal ... ok
[INFO] [stdout] 
[INFO] [stdout] failures:
[INFO] [stdout] 
[INFO] [stdout] ---- tests::from_tests::test_from_bytes stdout ----
[INFO] [stdout] 
[INFO] [stdout] thread 'tests::from_tests::test_from_bytes' (3032) panicked at src/tests/mod.rs:2200:18:
[INFO] [stdout] Expected Bytes
[INFO] [stdout] stack backtrace:
[INFO] [stdout]    0:     0x5bbfd3a7aa45 - <unknown>
[INFO] [stdout]    1:     0x5bbfd3a0172a - <unknown>
[INFO] [stdout]    2:     0x5bbfd3a7a0db - <unknown>
[INFO] [stdout]    3:     0x5bbfd3a79bbf - <unknown>
[INFO] [stdout]    4:     0x5bbfd3a797ea - <unknown>
[INFO] [stdout]    5:     0x5bbfd3a79325 - <unknown>
[INFO] [stdout]    6:     0x5bbfd3aa01a2 - <unknown>
[INFO] [stdout]    7:     0x5bbfd3aa0129 - <unknown>
[INFO] [stdout]    8:     0x5bbfd3aa062c - <unknown>
[INFO] [stdout]    9:     0x5bbfd3a015bb - <unknown>
[INFO] [stdout]   10:     0x5bbfd388fe33 - <unknown>
[INFO] [stdout]   11:     0x5bbfd39d335e - <unknown>
[INFO] [stdout]   12:     0x5bbfd3ae210b - <unknown>
[INFO] [stdout]   13:     0x5bbfd3ade0d1 - <unknown>
[INFO] [stdout]   14:     0x5bbfd3add8bc - <unknown>
[INFO] [stdout]   15:     0x5bbfd3afcd3c - <unknown>
[INFO] [stdout]   16:     0x5bbfd3aa2114 - <unknown>
[INFO] [stdout]   17:     0x7552fcdd5dfa - <unknown>
[INFO] [stdout]   18:     0x7552fce693d4 - clone
[INFO] [stdout]   19:                0x0 - <unknown>
[INFO] [stdout] 
[INFO] [stdout] 
[INFO] [stdout] failures:
[INFO] [stdout]     tests::from_tests::test_from_bytes
[INFO] [stdout] 
[INFO] [stdout] test result: FAILED. 244 passed; 1 failed; 0 ignored; 0 measured; 0 filtered out; finished in 0.06s
[INFO] [stdout] 
[INFO] [stderr] error: test failed, to rerun pass `--lib`
[INFO] running `Command { std: "docker" "inspect" "741411b88701e16409c223cd3ca128320c6f8633702649340a4d55f2653973c0", kill_on_drop: false }`
[INFO] running `Command { std: "docker" "rm" "-f" "741411b88701e16409c223cd3ca128320c6f8633702649340a4d55f2653973c0", kill_on_drop: false }`
[INFO] [stdout] 741411b88701e16409c223cd3ca128320c6f8633702649340a4d55f2653973c0
