[INFO] fetching crate kfn-rs 0.4.0-alpha...
[INFO] testing kfn-rs-0.4.0-alpha against 1.100.0-beta.1+cargoflags=--release for beta-release-1.100-2
[INFO] extracting crate kfn-rs 0.4.0-alpha into /workspace/builds/worker-0-tc2/source
[INFO] started tweaking crates.io crate kfn-rs 0.4.0-alpha
[INFO] finished tweaking crates.io crate kfn-rs 0.4.0-alpha
[INFO] tweaked toml for crates.io crate kfn-rs 0.4.0-alpha written to /workspace/builds/worker-0-tc2/source/Cargo.toml
[INFO] validating manifest of crates.io crate kfn-rs 0.4.0-alpha on toolchain 1.100.0-beta.1
[INFO] running `Command { std: CARGO_HOME="/workspace/cargo-home" RUSTUP_HOME="/workspace/rustup-home" "/workspace/cargo-home/bin/cargo" "+1.100.0-beta.1" "metadata" "--manifest-path" "Cargo.toml" "--no-deps", kill_on_drop: false }`
[INFO] crate crates.io crate kfn-rs 0.4.0-alpha already has a lockfile, it will not be regenerated
[INFO] running `Command { std: CARGO_HOME="/workspace/cargo-home" RUSTUP_HOME="/workspace/rustup-home" "/workspace/cargo-home/bin/cargo" "+1.100.0-beta.1" "fetch" "--manifest-path" "Cargo.toml", kill_on_drop: false }`
[INFO] running `Command { std: "docker" "create" "-v" "/var/lib/crater-agent-workspace/builds/worker-0-tc2/source:/opt/rustwide/workdir:ro,Z" "-v" "/var/lib/crater-agent-workspace/builds/worker-0-tc2/target:/opt/rustwide/target:rw,Z" "-v" "/var/lib/crater-agent-workspace/cargo-home:/opt/rustwide/cargo-home:ro,Z" "-v" "/var/lib/crater-agent-workspace/rustup-home:/opt/rustwide/rustup-home:ro,Z" "-m" "1610612736" "--network" "none" "ghcr.io/rust-lang/crates-build-env/linux@sha256:77db811e55d90add9212f6832c23229e3de5f1c1f9905e8cb07319ea15df73ac" "sleep" "infinity", kill_on_drop: false }`
[INFO] [stdout] d11ac55dc98dd6c028bdf76fc8faeb1aa1b182e2ebd2cd184164459eb4c764a6
[INFO] running `Command { std: "docker" "start" "d11ac55dc98dd6c028bdf76fc8faeb1aa1b182e2ebd2cd184164459eb4c764a6", kill_on_drop: false }`
[INFO] running `Command { std: "docker" "inspect" "d11ac55dc98dd6c028bdf76fc8faeb1aa1b182e2ebd2cd184164459eb4c764a6", kill_on_drop: false }`
[INFO] running `Command { std: "docker" "exec" "-e" "SOURCE_DIR=/opt/rustwide/workdir" "-e" "CARGO_HOME=/opt/rustwide/cargo-home" "-e" "RUSTUP_HOME=/opt/rustwide/rustup-home" "-e" "CARGO_TARGET_DIR=/opt/rustwide/target" "-w" "/opt/rustwide/workdir" "--user" "0:0" "d11ac55dc98dd6c028bdf76fc8faeb1aa1b182e2ebd2cd184164459eb4c764a6" "/opt/rustwide/cargo-home/bin/cargo" "+1.100.0-beta.1" "metadata" "--no-deps" "--format-version=1", kill_on_drop: false }`
[INFO] running `Command { std: "docker" "inspect" "d11ac55dc98dd6c028bdf76fc8faeb1aa1b182e2ebd2cd184164459eb4c764a6", kill_on_drop: false }`
[INFO] running `Command { std: "docker" "exec" "-e" "SOURCE_DIR=/opt/rustwide/workdir" "-e" "CARGO_HOME=/opt/rustwide/cargo-home" "-e" "RUSTUP_HOME=/opt/rustwide/rustup-home" "-e" "CARGO_TARGET_DIR=/opt/rustwide/target" "-e" "CARGO_INCREMENTAL=0" "-e" "RUST_BACKTRACE=full" "-e" "RUSTFLAGS=--cap-lints=warn" "-e" "RUSTDOCFLAGS=--cap-lints=warn" "-w" "/opt/rustwide/workdir" "--user" "0:0" "d11ac55dc98dd6c028bdf76fc8faeb1aa1b182e2ebd2cd184164459eb4c764a6" "/opt/rustwide/cargo-home/bin/cargo" "+1.100.0-beta.1" "build" "--frozen" "--message-format=json" "--release", kill_on_drop: false }`
[INFO] [stderr]    Compiling libc v0.2.126
[INFO] [stderr]    Compiling proc-macro2 v1.0.42
[INFO] [stderr]    Compiling memoffset v0.6.5
[INFO] [stderr]    Compiling unicode-ident v1.0.2
[INFO] [stderr]    Compiling quote v1.0.20
[INFO] [stderr]    Compiling once_cell v1.13.0
[INFO] [stderr]    Compiling pkg-config v0.3.25
[INFO] [stderr]    Compiling xml-rs v0.8.4
[INFO] [stderr]    Compiling crossbeam-utils v0.8.11
[INFO] [stderr]    Compiling smallvec v1.9.0
[INFO] [stderr]    Compiling syn v1.0.98
[INFO] [stderr]    Compiling log v0.4.17
[INFO] [stderr]    Compiling crossbeam-epoch v0.9.10
[INFO] [stderr]    Compiling cfg-if v1.0.0
[INFO] [stderr]    Compiling lock_api v0.4.7
[INFO] [stderr]    Compiling libloading v0.7.3
[INFO] [stderr]    Compiling rayon-core v1.9.3
[INFO] [stderr]    Compiling num-traits v0.2.15
[INFO] [stderr]    Compiling adler v1.0.2
[INFO] [stderr]    Compiling adler32 v1.2.0
[INFO] [stderr]    Compiling rayon v1.5.3
[INFO] [stderr]    Compiling crc32fast v1.3.2
[INFO] [stderr]    Compiling cc v1.0.73
[INFO] [stderr]    Compiling dlib v0.5.0
[INFO] [stderr]    Compiling num-integer v0.1.45
[INFO] [stderr]    Compiling either v1.7.0
[INFO] [stderr]    Compiling parking_lot_core v0.8.5
[INFO] [stderr]    Compiling scoped-tls v1.0.0
[INFO] [stderr]    Compiling downcast-rs v1.2.0
[INFO] [stderr]    Compiling instant v0.1.12
[INFO] [stderr]    Compiling nom v7.1.1
[INFO] [stderr]    Compiling miniz_oxide v0.5.3
[INFO] [stderr]    Compiling weezl v0.1.7
[INFO] [stderr]    Compiling miniz_oxide v0.4.4
[INFO] [stderr]    Compiling wayland-sys v0.29.4
[INFO] [stderr]    Compiling x11-dl v2.20.0
[INFO] [stderr]    Compiling smithay-client-toolkit v0.15.4
[INFO] [stderr]    Compiling alsa-sys v0.3.1
[INFO] [stderr]    Compiling futures-core v0.3.25
[INFO] [stderr]    Compiling num-rational v0.3.2
[INFO] [stderr]    Compiling num-iter v0.1.43
[INFO] [stderr]    Compiling winit v0.26.1
[INFO] [stderr]    Compiling gif v0.11.4
[INFO] [stderr]    Compiling gl_generator v0.14.0
[INFO] [stderr]    Compiling crossbeam-channel v0.5.6
[INFO] [stderr]    Compiling wayland-scanner v0.29.4
[INFO] [stderr]    Compiling crossbeam-deque v0.8.2
[INFO] [stderr]    Compiling spin v0.9.4
[INFO] [stderr]    Compiling deflate v0.8.6
[INFO] [stderr]    Compiling minimp3-sys v0.3.2
[INFO] [stderr]    Compiling backtrace v0.3.66
[INFO] [stderr]    Compiling num_cpus v1.13.1
[INFO] [stderr]    Compiling nix v0.22.3
[INFO] [stderr]    Compiling getrandom v0.2.7
[INFO] [stderr]    Compiling memmap2 v0.3.1
[INFO] [stderr]    Compiling glutin_glx_sys v0.1.8
[INFO] [stderr]    Compiling glutin_egl_sys v0.1.6
[INFO] [stderr]    Compiling parking_lot v0.11.2
[INFO] [stderr]    Compiling gl v0.14.0
[INFO] [stderr]    Compiling nanorand v0.7.0
[INFO] [stderr]    Compiling ahash v0.7.6
[INFO] [stderr]    Compiling mio v0.8.4
[INFO] [stderr]    Compiling wayland-client v0.29.4
[INFO] [stderr]    Compiling wayland-protocols v0.29.4
[INFO] [stderr]    Compiling nix v0.23.1
[INFO] [stderr]    Compiling shared_library v0.1.9
[INFO] [stderr]    Compiling miniz_oxide v0.3.7
[INFO] [stderr]    Compiling xcursor v0.3.4
[INFO] [stderr]    Compiling deflate v1.0.0
[INFO] [stderr]    Compiling crossbeam-queue v0.3.6
[INFO] [stderr]    Compiling gimli v0.26.2
[INFO] [stderr]    Compiling scoped_threadpool v0.1.9
[INFO] [stderr]    Compiling cpal v0.13.5
[INFO] [stderr]    Compiling percent-encoding v2.1.0
[INFO] [stderr]    Compiling futures-sink v0.3.23
[INFO] [stderr]    Compiling bytemuck v1.12.0
[INFO] [stderr]    Compiling ttf-parser v0.6.2
[INFO] [stderr]    Compiling png v0.16.8
[INFO] [stderr]    Compiling osmesa-sys v0.1.2
[INFO] [stderr]    Compiling hashbrown v0.12.3
[INFO] [stderr]    Compiling threadpool v1.8.1
[INFO] [stderr]    Compiling slice-deque v0.3.0
[INFO] [stderr]    Compiling flate2 v1.0.24
[INFO] [stderr]    Compiling ogg v0.8.0
[INFO] [stderr]    Compiling owned_ttf_parser v0.6.0
[INFO] [stderr]    Compiling inflate v0.4.5
[INFO] [stderr]    Compiling object v0.29.0
[INFO] [stderr]    Compiling wayland-commons v0.29.4
[INFO] [stderr]    Compiling calloop v0.9.3
[INFO] [stderr]    Compiling jpeg-decoder v0.1.22
[INFO] [stderr]    Compiling jpeg-decoder v0.2.6
[INFO] [stderr]    Compiling bit_field v0.10.1
[INFO] [stderr]    Compiling lebe v0.5.1
[INFO] [stderr]    Compiling ab_glyph_rasterizer v0.1.5
[INFO] [stderr]    Compiling async-trait v0.1.58
[INFO] [stderr]    Compiling rustc-demangle v0.1.21
[INFO] [stderr]    Compiling half v1.8.2
[INFO] [stderr]    Compiling tiff v0.7.3
[INFO] [stderr]    Compiling rusttype v0.9.2
[INFO] [stderr]    Compiling addr2line v0.17.0
[INFO] [stderr]    Compiling tiff v0.6.1
[INFO] [stderr]    Compiling ordered-multimap v0.4.3
[INFO] [stderr]    Compiling lewton v0.10.2
[INFO] [stderr]    Compiling num-rational v0.4.1
[INFO] [stderr]    Compiling png v0.17.5
[INFO] [stderr]    Compiling earcutr v0.2.0
[INFO] [stderr]    Compiling image v0.23.14
[INFO] [stderr]    Compiling unicode-normalization v0.1.21
[INFO] [stderr]    Compiling aho-corasick v0.7.18
[INFO] [stderr]    Compiling wayland-cursor v0.29.4
[INFO] [stderr]    Compiling wayland-egl v0.29.4
[INFO] [stderr]    Compiling alsa v0.6.0
[INFO] [stderr]    Compiling thiserror-impl v1.0.32
[INFO] [stderr]    Compiling pin-project-internal v1.0.12
[INFO] [stderr]    Compiling hound v3.4.0
[INFO] [stderr]    Compiling claxon v0.4.3
[INFO] [stderr]    Compiling glow v0.7.2
[INFO] [stderr]    Compiling regex-syntax v0.6.27
[INFO] [stderr]    Compiling thiserror v1.0.32
[INFO] [stderr]    Compiling minimp3 v0.5.1
[INFO] [stderr]    Compiling pin-project v1.0.12
[INFO] [stderr]    Compiling flume v0.10.14
[INFO] [stderr]    Compiling derivative v2.2.0
[INFO] [stderr]    Compiling exr v1.4.2
[INFO] [stderr]    Compiling rodio v0.15.0
[INFO] [stderr]    Compiling crossbeam v0.8.2
[INFO] [stderr]    Compiling rust-ini v0.18.0
[INFO] [stderr]    Compiling dbg_hex v0.1.1
[INFO] [stderr]    Compiling colorsys v0.6.6
[INFO] [stderr]    Compiling regex v1.6.0
[INFO] [stderr]    Compiling image v0.24.3
[INFO] [stderr]    Compiling glutin v0.28.0
[INFO] [stderr]    Compiling speedy2d v1.7.0
[INFO] [stderr]    Compiling kfn-rs v0.4.0-alpha (/opt/rustwide/workdir)
[INFO] [stdout] warning: unused import: `std::thread::current`
[INFO] [stdout]   --> src/kfn_player/text_buffer.rs:19:9
[INFO] [stdout]    |
[INFO] [stdout] 19 |     use std::thread::current;
[INFO] [stdout]    |         ^^^^^^^^^^^^^^^^^^^^
[INFO] [stdout]    |
[INFO] [stdout]    = note: `#[warn(unused_imports)]` (part of `#[warn(unused)]`) on by default
[INFO] [stdout] 
[INFO] [stdout] 
[INFO] [stdout] warning: variable `text_count_all` is assigned to, but never used
[INFO] [stdout]    --> src/kfn_ini.rs:122:13
[INFO] [stdout]     |
[INFO] [stdout] 122 |         let mut text_count_all = 0;
[INFO] [stdout]     |             ^^^^^^^^^^^^^^^^^^
[INFO] [stdout]     |
[INFO] [stdout]     = note: consider using `_text_count_all` instead
[INFO] [stdout]     = note: `#[warn(unused_variables)]` (part of `#[warn(unused)]`) on by default
[INFO] [stdout] 
[INFO] [stdout] 
[INFO] [stdout] warning: value assigned to `text_count_all` is never read
[INFO] [stdout]    --> src/kfn_ini.rs:142:13
[INFO] [stdout]     |
[INFO] [stdout] 142 |             text_count_all += text_count;
[INFO] [stdout]     |             ^^^^^^^^^^^^^^^^^^^^^^^^^^^^
[INFO] [stdout]     |
[INFO] [stdout]     = help: maybe it is overwritten before being read?
[INFO] [stdout]     = note: `#[warn(unused_assignments)]` (part of `#[warn(unused)]`) on by default
[INFO] [stdout] 
[INFO] [stdout] 
[INFO] [stdout] warning: unused variable: `eff_n`
[INFO] [stdout]    --> src/kfn_ini.rs:413:74
[INFO] [stdout]     |
[INFO] [stdout] 413 |                     TextEntry { display, fragments: _fragments, eff_num: eff_n } => display
[INFO] [stdout]     |                                                                          ^^^^^ help: if this is intentional, prefix it with an underscore: `_eff_n`
[INFO] [stdout] 
[INFO] [stdout] 
[INFO] [stdout] warning: unused variable: `outline_ftext_elapsed`
[INFO] [stdout]   --> src/kfn_player/text_buffer.rs:84:21
[INFO] [stdout]    |
[INFO] [stdout] 84 |                 let outline_ftext_elapsed = text_buffer.font.layout_text(
[INFO] [stdout]    |                     ^^^^^^^^^^^^^^^^^^^^^ help: if this is intentional, prefix it with an underscore: `_outline_ftext_elapsed`
[INFO] [stdout] 
[INFO] [stdout] 
[INFO] [stdout] warning: unused variable: `text_event_iterator`
[INFO] [stdout]   --> src/kfn_thread.rs:73:21
[INFO] [stdout]    |
[INFO] [stdout] 73 |                 let text_event_iterator = 0;
[INFO] [stdout]    |                     ^^^^^^^^^^^^^^^^^^^ help: if this is intentional, prefix it with an underscore: `_text_event_iterator`
[INFO] [stdout] 
[INFO] [stdout] 
[INFO] [stdout] warning: field `active_outline_color` is never read
[INFO] [stdout]   --> src/kfn_player/text_buffer.rs:12:9
[INFO] [stdout]    |
[INFO] [stdout]  4 | pub struct TextBuffer {
[INFO] [stdout]    |            ---------- field in this struct
[INFO] [stdout] ...
[INFO] [stdout] 12 |     pub active_outline_color: speedy2d::color::Color,
[INFO] [stdout]    |         ^^^^^^^^^^^^^^^^^^^^
[INFO] [stdout]    |
[INFO] [stdout]    = note: `TextBuffer` has derived impls for the traits `Clone` and `Debug`, but these are intentionally ignored during dead code analysis
[INFO] [stdout]    = note: `#[warn(dead_code)]` (part of `#[warn(unused)]`) on by default
[INFO] [stdout] 
[INFO] [stdout] 
[INFO] [stderr] warning: unused dependency `async-trait`
[INFO] [stderr]  --> Cargo.toml:5:15
[INFO] [stderr]   |
[INFO] [stderr] 5 | [dependencies.async-trait]
[INFO] [stderr]   |               ^^^^^^^^^^^^
[INFO] [stderr]   |
[INFO] [stderr]   = note: `cargo::unused_dependencies` is set to `warn` by default
[INFO] [stderr] help: consider removing the dependency on `async-trait`
[INFO] [stderr] warning: unused dependency `dbg_hex`
[INFO] [stderr]   --> Cargo.toml:14:15
[INFO] [stderr]    |
[INFO] [stderr] 14 | [dependencies.dbg_hex]
[INFO] [stderr]    |               ^^^^^^^^
[INFO] [stderr]    |
[INFO] [stderr] help: consider removing the dependency on `dbg_hex`
[INFO] [stderr] warning: unused dependency `regex`
[INFO] [stderr]   --> Cargo.toml:23:15
[INFO] [stderr]    |
[INFO] [stderr] 23 | [dependencies.regex]
[INFO] [stderr]    |               ^^^^^^
[INFO] [stderr]    |
[INFO] [stderr] help: consider removing the dependency on `regex`
[INFO] [stderr] warning: `kfn-rs` (manifest) generated 3 warnings
[INFO] [stderr]     Finished `release` profile [optimized] target(s) in 2m 18s
[INFO] running `Command { std: "docker" "inspect" "d11ac55dc98dd6c028bdf76fc8faeb1aa1b182e2ebd2cd184164459eb4c764a6", kill_on_drop: false }`
[INFO] running `Command { std: "docker" "exec" "-e" "SOURCE_DIR=/opt/rustwide/workdir" "-e" "CARGO_HOME=/opt/rustwide/cargo-home" "-e" "RUSTUP_HOME=/opt/rustwide/rustup-home" "-e" "CARGO_TARGET_DIR=/opt/rustwide/target" "-e" "CARGO_INCREMENTAL=0" "-e" "RUST_BACKTRACE=full" "-e" "RUSTFLAGS=--cap-lints=warn" "-e" "RUSTDOCFLAGS=--cap-lints=warn" "-w" "/opt/rustwide/workdir" "--user" "0:0" "d11ac55dc98dd6c028bdf76fc8faeb1aa1b182e2ebd2cd184164459eb4c764a6" "/opt/rustwide/cargo-home/bin/cargo" "+1.100.0-beta.1" "test" "--frozen" "--no-run" "--message-format=json" "--release", kill_on_drop: false }`
[INFO] [stderr]    Compiling kfn-rs v0.4.0-alpha (/opt/rustwide/workdir)
[INFO] [stdout] warning: unused import: `std::thread::current`
[INFO] [stdout]   --> src/kfn_player/text_buffer.rs:19:9
[INFO] [stdout]    |
[INFO] [stdout] 19 |     use std::thread::current;
[INFO] [stdout]    |         ^^^^^^^^^^^^^^^^^^^^
[INFO] [stdout]    |
[INFO] [stdout]    = note: `#[warn(unused_imports)]` (part of `#[warn(unused)]`) on by default
[INFO] [stdout] 
[INFO] [stdout] 
[INFO] [stdout] warning: variable `text_count_all` is assigned to, but never used
[INFO] [stdout]    --> src/kfn_ini.rs:122:13
[INFO] [stdout]     |
[INFO] [stdout] 122 |         let mut text_count_all = 0;
[INFO] [stdout]     |             ^^^^^^^^^^^^^^^^^^
[INFO] [stdout]     |
[INFO] [stdout]     = note: consider using `_text_count_all` instead
[INFO] [stdout]     = note: `#[warn(unused_variables)]` (part of `#[warn(unused)]`) on by default
[INFO] [stdout] 
[INFO] [stdout] 
[INFO] [stdout] warning: value assigned to `text_count_all` is never read
[INFO] [stdout]    --> src/kfn_ini.rs:142:13
[INFO] [stdout]     |
[INFO] [stdout] 142 |             text_count_all += text_count;
[INFO] [stdout]     |             ^^^^^^^^^^^^^^^^^^^^^^^^^^^^
[INFO] [stdout]     |
[INFO] [stdout]     = help: maybe it is overwritten before being read?
[INFO] [stdout]     = note: `#[warn(unused_assignments)]` (part of `#[warn(unused)]`) on by default
[INFO] [stdout] 
[INFO] [stdout] 
[INFO] [stdout] warning: unused variable: `eff_n`
[INFO] [stdout]    --> src/kfn_ini.rs:413:74
[INFO] [stdout]     |
[INFO] [stdout] 413 |                     TextEntry { display, fragments: _fragments, eff_num: eff_n } => display
[INFO] [stdout]     |                                                                          ^^^^^ help: if this is intentional, prefix it with an underscore: `_eff_n`
[INFO] [stdout] 
[INFO] [stdout] 
[INFO] [stdout] warning: unused variable: `outline_ftext_elapsed`
[INFO] [stdout]   --> src/kfn_player/text_buffer.rs:84:21
[INFO] [stdout]    |
[INFO] [stdout] 84 |                 let outline_ftext_elapsed = text_buffer.font.layout_text(
[INFO] [stdout]    |                     ^^^^^^^^^^^^^^^^^^^^^ help: if this is intentional, prefix it with an underscore: `_outline_ftext_elapsed`
[INFO] [stdout] 
[INFO] [stdout] 
[INFO] [stdout] warning: unused variable: `text_event_iterator`
[INFO] [stdout]   --> src/kfn_thread.rs:73:21
[INFO] [stdout]    |
[INFO] [stdout] 73 |                 let text_event_iterator = 0;
[INFO] [stdout]    |                     ^^^^^^^^^^^^^^^^^^^ help: if this is intentional, prefix it with an underscore: `_text_event_iterator`
[INFO] [stdout] 
[INFO] [stdout] 
[INFO] [stdout] warning: field `active_outline_color` is never read
[INFO] [stdout]   --> src/kfn_player/text_buffer.rs:12:9
[INFO] [stdout]    |
[INFO] [stdout]  4 | pub struct TextBuffer {
[INFO] [stdout]    |            ---------- field in this struct
[INFO] [stdout] ...
[INFO] [stdout] 12 |     pub active_outline_color: speedy2d::color::Color,
[INFO] [stdout]    |         ^^^^^^^^^^^^^^^^^^^^
[INFO] [stdout]    |
[INFO] [stdout]    = note: `TextBuffer` has derived impls for the traits `Clone` and `Debug`, but these are intentionally ignored during dead code analysis
[INFO] [stdout]    = note: `#[warn(dead_code)]` (part of `#[warn(unused)]`) on by default
[INFO] [stdout] 
[INFO] [stdout] 
[INFO] [stdout] warning: unused import: `std::thread::current`
[INFO] [stdout]   --> src/kfn_player/text_buffer.rs:19:9
[INFO] [stdout]    |
[INFO] [stdout] 19 |     use std::thread::current;
[INFO] [stdout]    |         ^^^^^^^^^^^^^^^^^^^^
[INFO] [stdout]    |
[INFO] [stdout]    = note: `#[warn(unused_imports)]` (part of `#[warn(unused)]`) on by default
[INFO] [stdout] 
[INFO] [stdout] 
[INFO] [stdout] warning: variable `text_count_all` is assigned to, but never used
[INFO] [stdout]    --> src/kfn_ini.rs:122:13
[INFO] [stdout]     |
[INFO] [stdout] 122 |         let mut text_count_all = 0;
[INFO] [stdout]     |             ^^^^^^^^^^^^^^^^^^
[INFO] [stdout]     |
[INFO] [stdout]     = note: consider using `_text_count_all` instead
[INFO] [stdout]     = note: `#[warn(unused_variables)]` (part of `#[warn(unused)]`) on by default
[INFO] [stdout] 
[INFO] [stdout] 
[INFO] [stdout] warning: value assigned to `text_count_all` is never read
[INFO] [stdout]    --> src/kfn_ini.rs:142:13
[INFO] [stdout]     |
[INFO] [stdout] 142 |             text_count_all += text_count;
[INFO] [stdout]     |             ^^^^^^^^^^^^^^^^^^^^^^^^^^^^
[INFO] [stdout]     |
[INFO] [stdout]     = help: maybe it is overwritten before being read?
[INFO] [stdout]     = note: `#[warn(unused_assignments)]` (part of `#[warn(unused)]`) on by default
[INFO] [stdout] 
[INFO] [stdout] 
[INFO] [stdout] warning: unused variable: `eff_n`
[INFO] [stdout]    --> src/kfn_ini.rs:413:74
[INFO] [stdout]     |
[INFO] [stdout] 413 |                     TextEntry { display, fragments: _fragments, eff_num: eff_n } => display
[INFO] [stdout]     |                                                                          ^^^^^ help: if this is intentional, prefix it with an underscore: `_eff_n`
[INFO] [stdout] 
[INFO] [stdout] 
[INFO] [stdout] warning: unused variable: `outline_ftext_elapsed`
[INFO] [stdout]   --> src/kfn_player/text_buffer.rs:84:21
[INFO] [stdout]    |
[INFO] [stdout] 84 |                 let outline_ftext_elapsed = text_buffer.font.layout_text(
[INFO] [stdout]    |                     ^^^^^^^^^^^^^^^^^^^^^ help: if this is intentional, prefix it with an underscore: `_outline_ftext_elapsed`
[INFO] [stdout] 
[INFO] [stdout] 
[INFO] [stdout] warning: unused variable: `text_event_iterator`
[INFO] [stdout]   --> src/kfn_thread.rs:73:21
[INFO] [stdout]    |
[INFO] [stdout] 73 |                 let text_event_iterator = 0;
[INFO] [stdout]    |                     ^^^^^^^^^^^^^^^^^^^ help: if this is intentional, prefix it with an underscore: `_text_event_iterator`
[INFO] [stdout] 
[INFO] [stdout] 
[INFO] [stdout] warning: field `active_outline_color` is never read
[INFO] [stdout]   --> src/kfn_player/text_buffer.rs:12:9
[INFO] [stdout]    |
[INFO] [stdout]  4 | pub struct TextBuffer {
[INFO] [stdout]    |            ---------- field in this struct
[INFO] [stdout] ...
[INFO] [stdout] 12 |     pub active_outline_color: speedy2d::color::Color,
[INFO] [stdout]    |         ^^^^^^^^^^^^^^^^^^^^
[INFO] [stdout]    |
[INFO] [stdout]    = note: `TextBuffer` has derived impls for the traits `Clone` and `Debug`, but these are intentionally ignored during dead code analysis
[INFO] [stdout]    = note: `#[warn(dead_code)]` (part of `#[warn(unused)]`) on by default
[INFO] [stdout] 
[INFO] [stdout] 
[INFO] [stderr] warning: unused dependency `async-trait`
[INFO] [stderr]  --> Cargo.toml:5:15
[INFO] [stderr]   |
[INFO] [stderr] 5 | [dependencies.async-trait]
[INFO] [stderr]   |               ^^^^^^^^^^^^
[INFO] [stderr]   |
[INFO] [stderr]   = note: `cargo::unused_dependencies` is set to `warn` by default
[INFO] [stderr] help: consider removing the dependency on `async-trait`
[INFO] [stderr] warning: unused dependency `dbg_hex`
[INFO] [stderr]   --> Cargo.toml:14:15
[INFO] [stderr]    |
[INFO] [stderr] 14 | [dependencies.dbg_hex]
[INFO] [stderr]    |               ^^^^^^^^
[INFO] [stderr]    |
[INFO] [stderr] help: consider removing the dependency on `dbg_hex`
[INFO] [stderr] warning: unused dependency `regex`
[INFO] [stderr]   --> Cargo.toml:23:15
[INFO] [stderr]    |
[INFO] [stderr] 23 | [dependencies.regex]
[INFO] [stderr]    |               ^^^^^^
[INFO] [stderr]    |
[INFO] [stderr] help: consider removing the dependency on `regex`
[INFO] [stderr] warning: `kfn-rs` (manifest) generated 3 warnings
[INFO] [stderr]     Finished `release` profile [optimized] target(s) in 9.94s
[INFO] running `Command { std: "docker" "inspect" "d11ac55dc98dd6c028bdf76fc8faeb1aa1b182e2ebd2cd184164459eb4c764a6", kill_on_drop: false }`
[INFO] running `Command { std: "docker" "exec" "-e" "SOURCE_DIR=/opt/rustwide/workdir" "-e" "CARGO_HOME=/opt/rustwide/cargo-home" "-e" "RUSTUP_HOME=/opt/rustwide/rustup-home" "-e" "CARGO_TARGET_DIR=/opt/rustwide/target" "-e" "CARGO_INCREMENTAL=0" "-e" "RUST_BACKTRACE=full" "-e" "RUSTFLAGS=--cap-lints=warn" "-e" "RUSTDOCFLAGS=--cap-lints=warn" "-w" "/opt/rustwide/workdir" "--user" "0:0" "d11ac55dc98dd6c028bdf76fc8faeb1aa1b182e2ebd2cd184164459eb4c764a6" "/opt/rustwide/cargo-home/bin/cargo" "+1.100.0-beta.1" "test" "--frozen" "--release", kill_on_drop: false }`
[INFO] [stderr] warning: unused import: `std::thread::current`
[INFO] [stderr]   --> src/kfn_player/text_buffer.rs:19:9
[INFO] [stderr]    |
[INFO] [stderr] 19 |     use std::thread::current;
[INFO] [stderr]    |         ^^^^^^^^^^^^^^^^^^^^
[INFO] [stderr]    |
[INFO] [stderr]    = note: `#[warn(unused_imports)]` (part of `#[warn(unused)]`) on by default
[INFO] [stderr] 
[INFO] [stderr] warning: variable `text_count_all` is assigned to, but never used
[INFO] [stderr]    --> src/kfn_ini.rs:122:13
[INFO] [stderr]     |
[INFO] [stderr] 122 |         let mut text_count_all = 0;
[INFO] [stderr]     |             ^^^^^^^^^^^^^^^^^^
[INFO] [stderr]     |
[INFO] [stderr]     = note: consider using `_text_count_all` instead
[INFO] [stderr]     = note: `#[warn(unused_variables)]` (part of `#[warn(unused)]`) on by default
[INFO] [stderr] 
[INFO] [stderr] warning: value assigned to `text_count_all` is never read
[INFO] [stderr]    --> src/kfn_ini.rs:142:13
[INFO] [stderr]     |
[INFO] [stderr] 142 |             text_count_all += text_count;
[INFO] [stderr]     |             ^^^^^^^^^^^^^^^^^^^^^^^^^^^^
[INFO] [stderr]     |
[INFO] [stderr]     = help: maybe it is overwritten before being read?
[INFO] [stderr]     = note: `#[warn(unused_assignments)]` (part of `#[warn(unused)]`) on by default
[INFO] [stderr] 
[INFO] [stderr] warning: unused variable: `eff_n`
[INFO] [stderr]    --> src/kfn_ini.rs:413:74
[INFO] [stderr]     |
[INFO] [stderr] 413 |                     TextEntry { display, fragments: _fragments, eff_num: eff_n } => display
[INFO] [stderr]     |                                                                          ^^^^^ help: if this is intentional, prefix it with an underscore: `_eff_n`
[INFO] [stderr] 
[INFO] [stderr] warning: unused variable: `outline_ftext_elapsed`
[INFO] [stderr]   --> src/kfn_player/text_buffer.rs:84:21
[INFO] [stderr]    |
[INFO] [stderr] 84 |                 let outline_ftext_elapsed = text_buffer.font.layout_text(
[INFO] [stderr]    |                     ^^^^^^^^^^^^^^^^^^^^^ help: if this is intentional, prefix it with an underscore: `_outline_ftext_elapsed`
[INFO] [stderr] 
[INFO] [stderr] warning: unused variable: `text_event_iterator`
[INFO] [stderr]   --> src/kfn_thread.rs:73:21
[INFO] [stderr]    |
[INFO] [stderr] 73 |                 let text_event_iterator = 0;
[INFO] [stderr]    |                     ^^^^^^^^^^^^^^^^^^^ help: if this is intentional, prefix it with an underscore: `_text_event_iterator`
[INFO] [stderr] 
[INFO] [stderr] warning: field `active_outline_color` is never read
[INFO] [stderr]   --> src/kfn_player/text_buffer.rs:12:9
[INFO] [stderr]    |
[INFO] [stderr]  4 | pub struct TextBuffer {
[INFO] [stderr]    |            ---------- field in this struct
[INFO] [stderr] ...
[INFO] [stderr] 12 |     pub active_outline_color: speedy2d::color::Color,
[INFO] [stderr]    |         ^^^^^^^^^^^^^^^^^^^^
[INFO] [stderr]    |
[INFO] [stderr]    = note: `TextBuffer` has derived impls for the traits `Clone` and `Debug`, but these are intentionally ignored during dead code analysis
[INFO] [stderr]    = note: `#[warn(dead_code)]` (part of `#[warn(unused)]`) on by default
[INFO] [stderr] 
[INFO] [stderr] warning: `kfn-rs` (lib) generated 7 warnings (run `cargo fix --lib -p kfn-rs` to apply 4 suggestions)
[INFO] [stderr] warning: `kfn-rs` (lib test) generated 7 warnings (7 duplicates)
[INFO] [stderr] warning: unused dependency `async-trait`
[INFO] [stderr]  --> Cargo.toml:5:15
[INFO] [stderr]   |
[INFO] [stderr] 5 | [dependencies.async-trait]
[INFO] [stderr]   |               ^^^^^^^^^^^^
[INFO] [stderr]   |
[INFO] [stderr]   = note: `cargo::unused_dependencies` is set to `warn` by default
[INFO] [stderr] help: consider removing the dependency on `async-trait`
[INFO] [stderr] warning: unused dependency `dbg_hex`
[INFO] [stderr]   --> Cargo.toml:14:15
[INFO] [stderr]    |
[INFO] [stderr] 14 | [dependencies.dbg_hex]
[INFO] [stderr]    |               ^^^^^^^^
[INFO] [stderr]    |
[INFO] [stderr] help: consider removing the dependency on `dbg_hex`
[INFO] [stderr] warning: unused dependency `regex`
[INFO] [stderr]   --> Cargo.toml:23:15
[INFO] [stderr]    |
[INFO] [stderr] 23 | [dependencies.regex]
[INFO] [stderr]    |               ^^^^^^
[INFO] [stderr]    |
[INFO] [stderr] help: consider removing the dependency on `regex`
[INFO] [stderr] warning: `kfn-rs` (manifest) generated 3 warnings
[INFO] [stderr]     Finished `release` profile [optimized] target(s) in 0.22s
[INFO] [stderr]      Running unittests src/lib.rs (/opt/rustwide/target/release/build/kfn-rs/28a441df5af0407c/out/kfn_rs-28a441df5af0407c)
[INFO] [stdout] 
[INFO] [stdout] running 12 tests
[INFO] [stdout] test tests::tests::playback_test ... ignored
[INFO] [stdout] test tests::tests::extract_test ... FAILED
[INFO] [stdout] test tests::tests::file_reading ... FAILED
[INFO] [stdout] test tests::tests::file_writing ... FAILED
[INFO] [stdout] test tests::tests::add_entry_test ... FAILED
[INFO] [stdout] test tests::tests::lyrics_test ... FAILED
[INFO] [stdout] test tests::tests::playback_video_test ... FAILED
[INFO] [stdout] test tests::tests::ini_test ... FAILED
[INFO] [stdout] test tests::tests::remove_entry_test ... FAILED
[INFO] [stdout] test tests::tests::read_anims_test ... FAILED
[INFO] [stdout] test tests::tests::create_test_read_anims ... FAILED
[INFO] [stdout] test tests::tests::create_test ... FAILED
[INFO] [stdout] 
[INFO] [stdout] failures:
[INFO] [stdout] 
[INFO] [stdout] ---- tests::tests::extract_test stdout ----
[INFO] [stdout] 
[INFO] [stdout] thread 'tests::tests::extract_test' (9776) panicked at src/lib.rs:68:27:
[INFO] [stdout] File not found! No such file or directory (os error 2)
[INFO] [stdout] stack backtrace:
[INFO] [stdout]    0:     0x63b52538d2f1 - <<std[617be2ca0a6fd877]::sys::backtrace::BacktraceLock>::print::DisplayBacktrace as core[a373ad73a504971]::fmt::Display>::fmt
[INFO] [stdout]    1:     0x63b5253a546a - core[a373ad73a504971]::fmt::write
[INFO] [stdout]    2:     0x63b52539185c - <alloc[2e1b2a31b91974c5]::vec::Vec<u8> as core[a373ad73a504971]::io::write::Write>::write_fmt
[INFO] [stdout]    3:     0x63b525367326 - std[617be2ca0a6fd877]::panicking::default_hook::{closure#0}
[INFO] [stdout]    4:     0x63b5253848d9 - std[617be2ca0a6fd877]::panicking::default_hook
[INFO] [stdout]    5:     0x63b52518aad0 - test[aada8e7e76ba119b]::test_main_inner::{closure#0}
[INFO] [stdout]    6:     0x63b525384c02 - std[617be2ca0a6fd877]::panicking::panic_with_hook
[INFO] [stdout]    7:     0x63b5253673d2 - std[617be2ca0a6fd877]::panicking::panic_handler::{closure#0}
[INFO] [stdout]    8:     0x63b52535fc79 - std[617be2ca0a6fd877]::sys::backtrace::__rust_end_short_backtrace::<std[617be2ca0a6fd877]::panicking::panic_handler::{closure#0}, !>
[INFO] [stdout]    9:     0x63b5253681fd - __rustc[ea4f61d10b84890b]::rust_begin_unwind
[INFO] [stdout]   10:     0x63b5253a5bcc - core[a373ad73a504971]::panicking::panic_fmt
[INFO] [stdout]   11:     0x63b525046734 - <kfn_rs[1415ffee81ac5fce]::Kfn>::open
[INFO] [stdout]   12:     0x63b525051396 - <kfn_rs[1415ffee81ac5fce]::tests::tests::extract_test::{closure#0} as core[a373ad73a504971]::ops::function::FnOnce<()>>::call_once
[INFO] [stdout]   13:     0x63b52517df1b - test[aada8e7e76ba119b]::__rust_begin_short_backtrace::<core[a373ad73a504971]::result::Result<(), alloc[2e1b2a31b91974c5]::string::String>, fn() -> core[a373ad73a504971]::result::Result<(), alloc[2e1b2a31b91974c5]::string::String>>
[INFO] [stdout]   14:     0x63b52518b0f5 - test[aada8e7e76ba119b]::run_test::{closure#0}
[INFO] [stdout]   15:     0x63b5251849e4 - std[617be2ca0a6fd877]::sys::backtrace::__rust_begin_short_backtrace::<test[aada8e7e76ba119b]::run_test::{closure#1}, ()>
[INFO] [stdout]   16:     0x63b52518e182 - <std[617be2ca0a6fd877]::thread::lifecycle::spawn_unchecked<test[aada8e7e76ba119b]::run_test::{closure#1}, ()>::{closure#1} as core[a373ad73a504971]::ops::function::FnOnce<()>>::call_once::{shim:vtable#0}
[INFO] [stdout]   17:     0x63b52538c2bf - <std[617be2ca0a6fd877]::sys::thread::unix::Thread>::new::thread_start
[INFO] [stdout]   18:     0x78d861442dfa - <unknown>
[INFO] [stdout]   19:     0x78d8614d63d4 - clone
[INFO] [stdout]   20:                0x0 - <unknown>
[INFO] [stdout] 
[INFO] [stdout] ---- tests::tests::file_reading stdout ----
[INFO] [stdout] 
[INFO] [stdout] thread 'tests::tests::file_reading' (9777) panicked at src/lib.rs:68:27:
[INFO] [stdout] File not found! No such file or directory (os error 2)
[INFO] [stdout] stack backtrace:
[INFO] [stdout]    0:     0x63b52538d2f1 - <<std[617be2ca0a6fd877]::sys::backtrace::BacktraceLock>::print::DisplayBacktrace as core[a373ad73a504971]::fmt::Display>::fmt
[INFO] [stdout]    1:     0x63b5253a546a - core[a373ad73a504971]::fmt::write
[INFO] [stdout]    2:     0x63b52539185c - <alloc[2e1b2a31b91974c5]::vec::Vec<u8> as core[a373ad73a504971]::io::write::Write>::write_fmt
[INFO] [stdout]    3:     0x63b525367326 - std[617be2ca0a6fd877]::panicking::default_hook::{closure#0}
[INFO] [stdout]    4:     0x63b5253848d9 - std[617be2ca0a6fd877]::panicking::default_hook
[INFO] [stdout]    5:     0x63b52518aad0 - test[aada8e7e76ba119b]::test_main_inner::{closure#0}
[INFO] [stdout]    6:     0x63b525384c02 - std[617be2ca0a6fd877]::panicking::panic_with_hook
[INFO] [stdout]    7:     0x63b5253673d2 - std[617be2ca0a6fd877]::panicking::panic_handler::{closure#0}
[INFO] [stdout]    8:     0x63b52535fc79 - std[617be2ca0a6fd877]::sys::backtrace::__rust_end_short_backtrace::<std[617be2ca0a6fd877]::panicking::panic_handler::{closure#0}, !>
[INFO] [stdout]    9:     0x63b5253681fd - __rustc[ea4f61d10b84890b]::rust_begin_unwind
[INFO] [stdout]   10:     0x63b5253a5bcc - core[a373ad73a504971]::panicking::panic_fmt
[INFO] [stdout]   11:     0x63b525046734 - <kfn_rs[1415ffee81ac5fce]::Kfn>::open
[INFO] [stdout]   12:     0x63b5250514a6 - <kfn_rs[1415ffee81ac5fce]::tests::tests::file_reading::{closure#0} as core[a373ad73a504971]::ops::function::FnOnce<()>>::call_once
[INFO] [stdout]   13:     0x63b52517df1b - test[aada8e7e76ba119b]::__rust_begin_short_backtrace::<core[a373ad73a504971]::result::Result<(), alloc[2e1b2a31b91974c5]::string::String>, fn() -> core[a373ad73a504971]::result::Result<(), alloc[2e1b2a31b91974c5]::string::String>>
[INFO] [stdout]   14:     0x63b52518b0f5 - test[aada8e7e76ba119b]::run_test::{closure#0}
[INFO] [stdout]   15:     0x63b5251849e4 - std[617be2ca0a6fd877]::sys::backtrace::__rust_begin_short_backtrace::<test[aada8e7e76ba119b]::run_test::{closure#1}, ()>
[INFO] [stdout]   16:     0x63b52518e182 - <std[617be2ca0a6fd877]::thread::lifecycle::spawn_unchecked<test[aada8e7e76ba119b]::run_test::{closure#1}, ()>::{closure#1} as core[a373ad73a504971]::ops::function::FnOnce<()>>::call_once::{shim:vtable#0}
[INFO] [stdout]   17:     0x63b52538c2bf - <std[617be2ca0a6fd877]::sys::thread::unix::Thread>::new::thread_start
[INFO] [stdout]   18:     0x78d861442dfa - <unknown>
[INFO] [stdout]   19:     0x78d8614d63d4 - clone
[INFO] [stdout]   20:                0x0 - <unknown>
[INFO] [stdout] 
[INFO] [stdout] ---- tests::tests::file_writing stdout ----
[INFO] [stdout] 
[INFO] [stdout] thread 'tests::tests::file_writing' (9778) panicked at src/lib.rs:68:27:
[INFO] [stdout] File not found! No such file or directory (os error 2)
[INFO] [stdout] stack backtrace:
[INFO] [stdout]    0:     0x63b52538d2f1 - <<std[617be2ca0a6fd877]::sys::backtrace::BacktraceLock>::print::DisplayBacktrace as core[a373ad73a504971]::fmt::Display>::fmt
[INFO] [stdout]    1:     0x63b5253a546a - core[a373ad73a504971]::fmt::write
[INFO] [stdout]    2:     0x63b52539185c - <alloc[2e1b2a31b91974c5]::vec::Vec<u8> as core[a373ad73a504971]::io::write::Write>::write_fmt
[INFO] [stdout]    3:     0x63b525367326 - std[617be2ca0a6fd877]::panicking::default_hook::{closure#0}
[INFO] [stdout]    4:     0x63b5253848d9 - std[617be2ca0a6fd877]::panicking::default_hook
[INFO] [stdout]    5:     0x63b52518aad0 - test[aada8e7e76ba119b]::test_main_inner::{closure#0}
[INFO] [stdout]    6:     0x63b525384c02 - std[617be2ca0a6fd877]::panicking::panic_with_hook
[INFO] [stdout]    7:     0x63b5253673d2 - std[617be2ca0a6fd877]::panicking::panic_handler::{closure#0}
[INFO] [stdout]    8:     0x63b52535fc79 - std[617be2ca0a6fd877]::sys::backtrace::__rust_end_short_backtrace::<std[617be2ca0a6fd877]::panicking::panic_handler::{closure#0}, !>
[INFO] [stdout]    9:     0x63b5253681fd - __rustc[ea4f61d10b84890b]::rust_begin_unwind
[INFO] [stdout]   10:     0x63b5253a5bcc - core[a373ad73a504971]::panicking::panic_fmt
[INFO] [stdout]   11:     0x63b525046734 - <kfn_rs[1415ffee81ac5fce]::Kfn>::open
[INFO] [stdout]   12:     0x63b525051586 - <kfn_rs[1415ffee81ac5fce]::tests::tests::file_writing::{closure#0} as core[a373ad73a504971]::ops::function::FnOnce<()>>::call_once
[INFO] [stdout]   13:     0x63b52517df1b - test[aada8e7e76ba119b]::__rust_begin_short_backtrace::<core[a373ad73a504971]::result::Result<(), alloc[2e1b2a31b91974c5]::string::String>, fn() -> core[a373ad73a504971]::result::Result<(), alloc[2e1b2a31b91974c5]::string::String>>
[INFO] [stdout]   14:     0x63b52518b0f5 - test[aada8e7e76ba119b]::run_test::{closure#0}
[INFO] [stdout]   15:     0x63b5251849e4 - std[617be2ca0a6fd877]::sys::backtrace::__rust_begin_short_backtrace::<test[aada8e7e76ba119b]::run_test::{closure#1}, ()>
[INFO] [stdout]   16:     0x63b52518e182 - <std[617be2ca0a6fd877]::thread::lifecycle::spawn_unchecked<test[aada8e7e76ba119b]::run_test::{closure#1}, ()>::{closure#1} as core[a373ad73a504971]::ops::function::FnOnce<()>>::call_once::{shim:vtable#0}
[INFO] [stdout]   17:     0x63b52538c2bf - <std[617be2ca0a6fd877]::sys::thread::unix::Thread>::new::thread_start
[INFO] [stdout]   18:     0x78d861442dfa - <unknown>
[INFO] [stdout]   19:     0x78d8614d63d4 - clone
[INFO] [stdout]   20:                0x0 - <unknown>
[INFO] [stdout] 
[INFO] [stdout] ---- tests::tests::add_entry_test stdout ----
[INFO] [stdout] 
[INFO] [stdout] thread 'tests::tests::add_entry_test' (9773) panicked at src/lib.rs:68:27:
[INFO] [stdout] File not found! No such file or directory (os error 2)
[INFO] [stdout] stack backtrace:
[INFO] [stdout]    0:     0x63b52538d2f1 - <<std[617be2ca0a6fd877]::sys::backtrace::BacktraceLock>::print::DisplayBacktrace as core[a373ad73a504971]::fmt::Display>::fmt
[INFO] [stdout]    1:     0x63b5253a546a - core[a373ad73a504971]::fmt::write
[INFO] [stdout]    2:     0x63b52539185c - <alloc[2e1b2a31b91974c5]::vec::Vec<u8> as core[a373ad73a504971]::io::write::Write>::write_fmt
[INFO] [stdout]    3:     0x63b525367326 - std[617be2ca0a6fd877]::panicking::default_hook::{closure#0}
[INFO] [stdout]    4:     0x63b5253848d9 - std[617be2ca0a6fd877]::panicking::default_hook
[INFO] [stdout]    5:     0x63b52518aad0 - test[aada8e7e76ba119b]::test_main_inner::{closure#0}
[INFO] [stdout]    6:     0x63b525384c02 - std[617be2ca0a6fd877]::panicking::panic_with_hook
[INFO] [stdout]    7:     0x63b5253673d2 - std[617be2ca0a6fd877]::panicking::panic_handler::{closure#0}
[INFO] [stdout]    8:     0x63b52535fc79 - std[617be2ca0a6fd877]::sys::backtrace::__rust_end_short_backtrace::<std[617be2ca0a6fd877]::panicking::panic_handler::{closure#0}, !>
[INFO] [stdout]    9:     0x63b5253681fd - __rustc[ea4f61d10b84890b]::rust_begin_unwind
[INFO] [stdout]   10:     0x63b5253a5bcc - core[a373ad73a504971]::panicking::panic_fmt
[INFO] [stdout]   11:     0x63b525046734 - <kfn_rs[1415ffee81ac5fce]::Kfn>::open
[INFO] [stdout]   12:     0x63b525051b48 - <kfn_rs[1415ffee81ac5fce]::tests::tests::add_entry_test::{closure#0} as core[a373ad73a504971]::ops::function::FnOnce<()>>::call_once
[INFO] [stdout]   13:     0x63b52517df1b - test[aada8e7e76ba119b]::__rust_begin_short_backtrace::<core[a373ad73a504971]::result::Result<(), alloc[2e1b2a31b91974c5]::string::String>, fn() -> core[a373ad73a504971]::result::Result<(), alloc[2e1b2a31b91974c5]::string::String>>
[INFO] [stdout]   14:     0x63b52518b0f5 - test[aada8e7e76ba119b]::run_test::{closure#0}
[INFO] [stdout]   15:     0x63b5251849e4 - std[617be2ca0a6fd877]::sys::backtrace::__rust_begin_short_backtrace::<test[aada8e7e76ba119b]::run_test::{closure#1}, ()>
[INFO] [stdout]   16:     0x63b52518e182 - <std[617be2ca0a6fd877]::thread::lifecycle::spawn_unchecked<test[aada8e7e76ba119b]::run_test::{closure#1}, ()>::{closure#1} as core[a373ad73a504971]::ops::function::FnOnce<()>>::call_once::{shim:vtable#0}
[INFO] [stdout]   17:     0x63b52538c2bf - <std[617be2ca0a6fd877]::sys::thread::unix::Thread>::new::thread_start
[INFO] [stdout]   18:     0x78d861442dfa - <unknown>
[INFO] [stdout]   19:     0x78d8614d63d4 - clone
[INFO] [stdout]   20:                0x0 - <unknown>
[INFO] [stdout] 
[INFO] [stdout] ---- tests::tests::lyrics_test stdout ----
[INFO] [stdout] 
[INFO] [stdout] thread 'tests::tests::lyrics_test' (9780) panicked at src/lib.rs:68:27:
[INFO] [stdout] File not found! No such file or directory (os error 2)
[INFO] [stdout] stack backtrace:
[INFO] [stdout]    0:     0x63b52538d2f1 - <<std[617be2ca0a6fd877]::sys::backtrace::BacktraceLock>::print::DisplayBacktrace as core[a373ad73a504971]::fmt::Display>::fmt
[INFO] [stdout]    1:     0x63b5253a546a - core[a373ad73a504971]::fmt::write
[INFO] [stdout]    2:     0x63b52539185c - <alloc[2e1b2a31b91974c5]::vec::Vec<u8> as core[a373ad73a504971]::io::write::Write>::write_fmt
[INFO] [stdout]    3:     0x63b525367326 - std[617be2ca0a6fd877]::panicking::default_hook::{closure#0}
[INFO] [stdout]    4:     0x63b5253848d9 - std[617be2ca0a6fd877]::panicking::default_hook
[INFO] [stdout]    5:     0x63b52518aad0 - test[aada8e7e76ba119b]::test_main_inner::{closure#0}
[INFO] [stdout]    6:     0x63b525384c02 - std[617be2ca0a6fd877]::panicking::panic_with_hook
[INFO] [stdout]    7:     0x63b5253673d2 - std[617be2ca0a6fd877]::panicking::panic_handler::{closure#0}
[INFO] [stdout]    8:     0x63b52535fc79 - std[617be2ca0a6fd877]::sys::backtrace::__rust_end_short_backtrace::<std[617be2ca0a6fd877]::panicking::panic_handler::{closure#0}, !>
[INFO] [stdout]    9:     0x63b5253681fd - __rustc[ea4f61d10b84890b]::rust_begin_unwind
[INFO] [stdout]   10:     0x63b5253a5bcc - core[a373ad73a504971]::panicking::panic_fmt
[INFO] [stdout]   11:     0x63b525046734 - <kfn_rs[1415ffee81ac5fce]::Kfn>::open
[INFO] [stdout]   12:     0x63b5250511b6 - <kfn_rs[1415ffee81ac5fce]::tests::tests::lyrics_test::{closure#0} as core[a373ad73a504971]::ops::function::FnOnce<()>>::call_once
[INFO] [stdout]   13:     0x63b52517df1b - test[aada8e7e76ba119b]::__rust_begin_short_backtrace::<core[a373ad73a504971]::result::Result<(), alloc[2e1b2a31b91974c5]::string::String>, fn() -> core[a373ad73a504971]::result::Result<(), alloc[2e1b2a31b91974c5]::string::String>>
[INFO] [stdout]   14:     0x63b52518b0f5 - test[aada8e7e76ba119b]::run_test::{closure#0}
[INFO] [stdout]   15:     0x63b5251849e4 - std[617be2ca0a6fd877]::sys::backtrace::__rust_begin_short_backtrace::<test[aada8e7e76ba119b]::run_test::{closure#1}, ()>
[INFO] [stdout]   16:     0x63b52518e182 - <std[617be2ca0a6fd877]::thread::lifecycle::spawn_unchecked<test[aada8e7e76ba119b]::run_test::{closure#1}, ()>::{closure#1} as core[a373ad73a504971]::ops::function::FnOnce<()>>::call_once::{shim:vtable#0}
[INFO] [stdout]   17:     0x63b52538c2bf - <std[617be2ca0a6fd877]::sys::thread::unix::Thread>::new::thread_start
[INFO] [stdout]   18:     0x78d861442dfa - <unknown>
[INFO] [stdout]   19:     0x78d8614d63d4 - clone
[INFO] [stdout]   20:                0x0 - <unknown>
[INFO] [stdout] 
[INFO] [stdout] ---- tests::tests::playback_video_test stdout ----
[INFO] [stdout] 
[INFO] [stdout] thread 'tests::tests::playback_video_test' (9781) panicked at src/lib.rs:68:27:
[INFO] [stdout] File not found! No such file or directory (os error 2)
[INFO] [stdout] stack backtrace:
[INFO] [stdout]    0:     0x63b52538d2f1 - <<std[617be2ca0a6fd877]::sys::backtrace::BacktraceLock>::print::DisplayBacktrace as core[a373ad73a504971]::fmt::Display>::fmt
[INFO] [stdout]    1:     0x63b5253a546a - core[a373ad73a504971]::fmt::write
[INFO] [stdout]    2:     0x63b52539185c - <alloc[2e1b2a31b91974c5]::vec::Vec<u8> as core[a373ad73a504971]::io::write::Write>::write_fmt
[INFO] [stdout]    3:     0x63b525367326 - std[617be2ca0a6fd877]::panicking::default_hook::{closure#0}
[INFO] [stdout]    4:     0x63b5253848d9 - std[617be2ca0a6fd877]::panicking::default_hook
[INFO] [stdout]    5:     0x63b52518aad0 - test[aada8e7e76ba119b]::test_main_inner::{closure#0}
[INFO] [stdout]    6:     0x63b525384c02 - std[617be2ca0a6fd877]::panicking::panic_with_hook
[INFO] [stdout]    7:     0x63b5253673d2 - std[617be2ca0a6fd877]::panicking::panic_handler::{closure#0}
[INFO] [stdout]    8:     0x63b52535fc79 - std[617be2ca0a6fd877]::sys::backtrace::__rust_end_short_backtrace::<std[617be2ca0a6fd877]::panicking::panic_handler::{closure#0}, !>
[INFO] [stdout]    9:     0x63b5253681fd - __rustc[ea4f61d10b84890b]::rust_begin_unwind
[INFO] [stdout]   10:     0x63b5253a5bcc - core[a373ad73a504971]::panicking::panic_fmt
[INFO] [stdout]   11:     0x63b525046734 - <kfn_rs[1415ffee81ac5fce]::Kfn>::open
[INFO] [stdout]   12:     0x63b525051eb6 - <kfn_rs[1415ffee81ac5fce]::tests::tests::playback_video_test::{closure#0} as core[a373ad73a504971]::ops::function::FnOnce<()>>::call_once
[INFO] [stdout]   13:     0x63b52517df1b - test[aada8e7e76ba119b]::__rust_begin_short_backtrace::<core[a373ad73a504971]::result::Result<(), alloc[2e1b2a31b91974c5]::string::String>, fn() -> core[a373ad73a504971]::result::Result<(), alloc[2e1b2a31b91974c5]::string::String>>
[INFO] [stdout]   14:     0x63b52518b0f5 - test[aada8e7e76ba119b]::run_test::{closure#0}
[INFO] [stdout]   15:     0x63b5251849e4 - std[617be2ca0a6fd877]::sys::backtrace::__rust_begin_short_backtrace::<test[aada8e7e76ba119b]::run_test::{closure#1}, ()>
[INFO] [stdout]   16:     0x63b52518e182 - <std[617be2ca0a6fd877]::thread::lifecycle::spawn_unchecked<test[aada8e7e76ba119b]::run_test::{closure#1}, ()>::{closure#1} as core[a373ad73a504971]::ops::function::FnOnce<()>>::call_once::{shim:vtable#0}
[INFO] [stdout]   17:     0x63b52538c2bf - <std[617be2ca0a6fd877]::sys::thread::unix::Thread>::new::thread_start
[INFO] [stdout]   18:     0x78d861442dfa - <unknown>
[INFO] [stdout]   19:     0x78d8614d63d4 - clone
[INFO] [stdout]   20:                0x0 - <unknown>
[INFO] [stdout] 
[INFO] [stdout] ---- tests::tests::ini_test stdout ----
[INFO] [stdout] 
[INFO] [stdout] thread 'tests::tests::ini_test' (9779) panicked at src/lib.rs:68:27:
[INFO] [stdout] File not found! No such file or directory (os error 2)
[INFO] [stdout] stack backtrace:
[INFO] [stdout]    0:     0x63b52538d2f1 - <<std[617be2ca0a6fd877]::sys::backtrace::BacktraceLock>::print::DisplayBacktrace as core[a373ad73a504971]::fmt::Display>::fmt
[INFO] [stdout]    1:     0x63b5253a546a - core[a373ad73a504971]::fmt::write
[INFO] [stdout]    2:     0x63b52539185c - <alloc[2e1b2a31b91974c5]::vec::Vec<u8> as core[a373ad73a504971]::io::write::Write>::write_fmt
[INFO] [stdout]    3:     0x63b525367326 - std[617be2ca0a6fd877]::panicking::default_hook::{closure#0}
[INFO] [stdout]    4:     0x63b5253848d9 - std[617be2ca0a6fd877]::panicking::default_hook
[INFO] [stdout]    5:     0x63b52518aad0 - test[aada8e7e76ba119b]::test_main_inner::{closure#0}
[INFO] [stdout]    6:     0x63b525384c02 - std[617be2ca0a6fd877]::panicking::panic_with_hook
[INFO] [stdout]    7:     0x63b5253673d2 - std[617be2ca0a6fd877]::panicking::panic_handler::{closure#0}
[INFO] [stdout]    8:     0x63b52535fc79 - std[617be2ca0a6fd877]::sys::backtrace::__rust_end_short_backtrace::<std[617be2ca0a6fd877]::panicking::panic_handler::{closure#0}, !>
[INFO] [stdout]    9:     0x63b5253681fd - __rustc[ea4f61d10b84890b]::rust_begin_unwind
[INFO] [stdout]   10:     0x63b5253a5bcc - core[a373ad73a504971]::panicking::panic_fmt
[INFO] [stdout]   11:     0x63b525046734 - <kfn_rs[1415ffee81ac5fce]::Kfn>::open
[INFO] [stdout]   12:     0x63b5250521c6 - <kfn_rs[1415ffee81ac5fce]::tests::tests::ini_test::{closure#0} as core[a373ad73a504971]::ops::function::FnOnce<()>>::call_once
[INFO] [stdout]   13:     0x63b52517df1b - test[aada8e7e76ba119b]::__rust_begin_short_backtrace::<core[a373ad73a504971]::result::Result<(), alloc[2e1b2a31b91974c5]::string::String>, fn() -> core[a373ad73a504971]::result::Result<(), alloc[2e1b2a31b91974c5]::string::String>>
[INFO] [stdout]   14:     0x63b52518b0f5 - test[aada8e7e76ba119b]::run_test::{closure#0}
[INFO] [stdout]   15:     0x63b5251849e4 - std[617be2ca0a6fd877]::sys::backtrace::__rust_begin_short_backtrace::<test[aada8e7e76ba119b]::run_test::{closure#1}, ()>
[INFO] [stdout]   16:     0x63b52518e182 - <std[617be2ca0a6fd877]::thread::lifecycle::spawn_unchecked<test[aada8e7e76ba119b]::run_test::{closure#1}, ()>::{closure#1} as core[a373ad73a504971]::ops::function::FnOnce<()>>::call_once::{shim:vtable#0}
[INFO] [stdout]   17:     0x63b52538c2bf - <std[617be2ca0a6fd877]::sys::thread::unix::Thread>::new::thread_start
[INFO] [stdout]   18:     0x78d861442dfa - <unknown>
[INFO] [stdout]   19:     0x78d8614d63d4 - clone
[INFO] [stdout]   20:                0x0 - <unknown>
[INFO] [stdout] 
[INFO] [stdout] ---- tests::tests::remove_entry_test stdout ----
[INFO] [stdout] 
[INFO] [stdout] thread 'tests::tests::remove_entry_test' (9783) panicked at src/lib.rs:68:27:
[INFO] [stdout] File not found! No such file or directory (os error 2)
[INFO] [stdout] stack backtrace:
[INFO] [stdout]    0:     0x63b52538d2f1 - <<std[617be2ca0a6fd877]::sys::backtrace::BacktraceLock>::print::DisplayBacktrace as core[a373ad73a504971]::fmt::Display>::fmt
[INFO] [stdout]    1:     0x63b5253a546a - core[a373ad73a504971]::fmt::write
[INFO] [stdout]    2:     0x63b52539185c - <alloc[2e1b2a31b91974c5]::vec::Vec<u8> as core[a373ad73a504971]::io::write::Write>::write_fmt
[INFO] [stdout]    3:     0x63b525367326 - std[617be2ca0a6fd877]::panicking::default_hook::{closure#0}
[INFO] [stdout]    4:     0x63b5253848d9 - std[617be2ca0a6fd877]::panicking::default_hook
[INFO] [stdout]    5:     0x63b52518aad0 - test[aada8e7e76ba119b]::test_main_inner::{closure#0}
[INFO] [stdout]    6:     0x63b525384c02 - std[617be2ca0a6fd877]::panicking::panic_with_hook
[INFO] [stdout]    7:     0x63b5253673d2 - std[617be2ca0a6fd877]::panicking::panic_handler::{closure#0}
[INFO] [stdout]    8:     0x63b52535fc79 - std[617be2ca0a6fd877]::sys::backtrace::__rust_end_short_backtrace::<std[617be2ca0a6fd877]::panicking::panic_handler::{closure#0}, !>
[INFO] [stdout]    9:     0x63b5253681fd - __rustc[ea4f61d10b84890b]::rust_begin_unwind
[INFO] [stdout]   10:     0x63b5253a5bcc - core[a373ad73a504971]::panicking::panic_fmt
[INFO] [stdout]   11:     0x63b525046734 - <kfn_rs[1415ffee81ac5fce]::Kfn>::open
[INFO] [stdout]   12:     0x63b525051da6 - <kfn_rs[1415ffee81ac5fce]::tests::tests::remove_entry_test::{closure#0} as core[a373ad73a504971]::ops::function::FnOnce<()>>::call_once
[INFO] [stdout]   13:     0x63b52517df1b - test[aada8e7e76ba119b]::__rust_begin_short_backtrace::<core[a373ad73a504971]::result::Result<(), alloc[2e1b2a31b91974c5]::string::String>, fn() -> core[a373ad73a504971]::result::Result<(), alloc[2e1b2a31b91974c5]::string::String>>
[INFO] [stdout]   14:     0x63b52518b0f5 - test[aada8e7e76ba119b]::run_test::{closure#0}
[INFO] [stdout]   15:     0x63b5251849e4 - std[617be2ca0a6fd877]::sys::backtrace::__rust_begin_short_backtrace::<test[aada8e7e76ba119b]::run_test::{closure#1}, ()>
[INFO] [stdout]   16:     0x63b52518e182 - <std[617be2ca0a6fd877]::thread::lifecycle::spawn_unchecked<test[aada8e7e76ba119b]::run_test::{closure#1}, ()>::{closure#1} as core[a373ad73a504971]::ops::function::FnOnce<()>>::call_once::{shim:vtable#0}
[INFO] [stdout]   17:     0x63b52538c2bf - <std[617be2ca0a6fd877]::sys::thread::unix::Thread>::new::thread_start
[INFO] [stdout]   18:     0x78d861442dfa - <unknown>
[INFO] [stdout]   19:     0x78d8614d63d4 - clone
[INFO] [stdout]   20:                0x0 - <unknown>
[INFO] [stdout] 
[INFO] [stdout] ---- tests::tests::read_anims_test stdout ----
[INFO] [stdout] 
[INFO] [stdout] thread 'tests::tests::read_anims_test' (9782) panicked at src/lib.rs:68:27:
[INFO] [stdout] File not found! No such file or directory (os error 2)
[INFO] [stdout] stack backtrace:
[INFO] [stdout]    0:     0x63b52538d2f1 - <<std[617be2ca0a6fd877]::sys::backtrace::BacktraceLock>::print::DisplayBacktrace as core[a373ad73a504971]::fmt::Display>::fmt
[INFO] [stdout]    1:     0x63b5253a546a - core[a373ad73a504971]::fmt::write
[INFO] [stdout]    2:     0x63b52539185c - <alloc[2e1b2a31b91974c5]::vec::Vec<u8> as core[a373ad73a504971]::io::write::Write>::write_fmt
[INFO] [stdout]    3:     0x63b525367326 - std[617be2ca0a6fd877]::panicking::default_hook::{closure#0}
[INFO] [stdout]    4:     0x63b5253848d9 - std[617be2ca0a6fd877]::panicking::default_hook
[INFO] [stdout]    5:     0x63b52518aad0 - test[aada8e7e76ba119b]::test_main_inner::{closure#0}
[INFO] [stdout]    6:     0x63b525384c02 - std[617be2ca0a6fd877]::panicking::panic_with_hook
[INFO] [stdout]    7:     0x63b5253673d2 - std[617be2ca0a6fd877]::panicking::panic_handler::{closure#0}
[INFO] [stdout]    8:     0x63b52535fc79 - std[617be2ca0a6fd877]::sys::backtrace::__rust_end_short_backtrace::<std[617be2ca0a6fd877]::panicking::panic_handler::{closure#0}, !>
[INFO] [stdout]    9:     0x63b5253681fd - __rustc[ea4f61d10b84890b]::rust_begin_unwind
[INFO] [stdout]   10:     0x63b5253a5bcc - core[a373ad73a504971]::panicking::panic_fmt
[INFO] [stdout]   11:     0x63b525046734 - <kfn_rs[1415ffee81ac5fce]::Kfn>::open
[INFO] [stdout]   12:     0x63b525051c96 - <kfn_rs[1415ffee81ac5fce]::tests::tests::read_anims_test::{closure#0} as core[a373ad73a504971]::ops::function::FnOnce<()>>::call_once
[INFO] [stdout]   13:     0x63b52517df1b - test[aada8e7e76ba119b]::__rust_begin_short_backtrace::<core[a373ad73a504971]::result::Result<(), alloc[2e1b2a31b91974c5]::string::String>, fn() -> core[a373ad73a504971]::result::Result<(), alloc[2e1b2a31b91974c5]::string::String>>
[INFO] [stdout]   14:     0x63b52518b0f5 - test[aada8e7e76ba119b]::run_test::{closure#0}
[INFO] [stdout]   15:     0x63b5251849e4 - std[617be2ca0a6fd877]::sys::backtrace::__rust_begin_short_backtrace::<test[aada8e7e76ba119b]::run_test::{closure#1}, ()>
[INFO] [stdout]   16:     0x63b52518e182 - <std[617be2ca0a6fd877]::thread::lifecycle::spawn_unchecked<test[aada8e7e76ba119b]::run_test::{closure#1}, ()>::{closure#1} as core[a373ad73a504971]::ops::function::FnOnce<()>>::call_once::{shim:vtable#0}
[INFO] [stdout]   17:     0x63b52538c2bf - <std[617be2ca0a6fd877]::sys::thread::unix::Thread>::new::thread_start
[INFO] [stdout]   18:     0x78d861442dfa - <unknown>
[INFO] [stdout]   19:     0x78d8614d63d4 - clone
[INFO] [stdout]   20:                0x0 - <unknown>
[INFO] [stdout] 
[INFO] [stdout] ---- tests::tests::create_test_read_anims stdout ----
[INFO] [stdout] 
[INFO] [stdout] thread 'tests::tests::create_test_read_anims' (9775) panicked at src/lib.rs:68:27:
[INFO] [stdout] File not found! No such file or directory (os error 2)
[INFO] [stdout] stack backtrace:
[INFO] [stdout]    0:     0x63b52538d2f1 - <<std[617be2ca0a6fd877]::sys::backtrace::BacktraceLock>::print::DisplayBacktrace as core[a373ad73a504971]::fmt::Display>::fmt
[INFO] [stdout]    1:     0x63b5253a546a - core[a373ad73a504971]::fmt::write
[INFO] [stdout]    2:     0x63b52539185c - <alloc[2e1b2a31b91974c5]::vec::Vec<u8> as core[a373ad73a504971]::io::write::Write>::write_fmt
[INFO] [stdout]    3:     0x63b525367326 - std[617be2ca0a6fd877]::panicking::default_hook::{closure#0}
[INFO] [stdout]    4:     0x63b5253848d9 - std[617be2ca0a6fd877]::panicking::default_hook
[INFO] [stdout]    5:     0x63b52518aad0 - test[aada8e7e76ba119b]::test_main_inner::{closure#0}
[INFO] [stdout]    6:     0x63b525384c02 - std[617be2ca0a6fd877]::panicking::panic_with_hook
[INFO] [stdout]    7:     0x63b5253673d2 - std[617be2ca0a6fd877]::panicking::panic_handler::{closure#0}
[INFO] [stdout]    8:     0x63b52535fc79 - std[617be2ca0a6fd877]::sys::backtrace::__rust_end_short_backtrace::<std[617be2ca0a6fd877]::panicking::panic_handler::{closure#0}, !>
[INFO] [stdout]    9:     0x63b5253681fd - __rustc[ea4f61d10b84890b]::rust_begin_unwind
[INFO] [stdout]   10:     0x63b5253a5bcc - core[a373ad73a504971]::panicking::panic_fmt
[INFO] [stdout]   11:     0x63b525046734 - <kfn_rs[1415ffee81ac5fce]::Kfn>::open
[INFO] [stdout]   12:     0x63b525051fcb - <kfn_rs[1415ffee81ac5fce]::tests::tests::create_test_read_anims::{closure#0} as core[a373ad73a504971]::ops::function::FnOnce<()>>::call_once
[INFO] [stdout]   13:     0x63b52517df1b - test[aada8e7e76ba119b]::__rust_begin_short_backtrace::<core[a373ad73a504971]::result::Result<(), alloc[2e1b2a31b91974c5]::string::String>, fn() -> core[a373ad73a504971]::result::Result<(), alloc[2e1b2a31b91974c5]::string::String>>
[INFO] [stdout]   14:     0x63b52518b0f5 - test[aada8e7e76ba119b]::run_test::{closure#0}
[INFO] [stdout]   15:     0x63b5251849e4 - std[617be2ca0a6fd877]::sys::backtrace::__rust_begin_short_backtrace::<test[aada8e7e76ba119b]::run_test::{closure#1}, ()>
[INFO] [stdout]   16:     0x63b52518e182 - <std[617be2ca0a6fd877]::thread::lifecycle::spawn_unchecked<test[aada8e7e76ba119b]::run_test::{closure#1}, ()>::{closure#1} as core[a373ad73a504971]::ops::function::FnOnce<()>>::call_once::{shim:vtable#0}
[INFO] [stdout]   17:     0x63b52538c2bf - <std[617be2ca0a6fd877]::sys::thread::unix::Thread>::new::thread_start
[INFO] [stdout]   18:     0x78d861442dfa - <unknown>
[INFO] [stdout]   19:     0x78d8614d63d4 - clone
[INFO] [stdout]   20:                0x0 - <unknown>
[INFO] [stdout] 
[INFO] [stdout] ---- tests::tests::create_test stdout ----
[INFO] [stdout] 
[INFO] [stdout] thread 'tests::tests::create_test' (9774) panicked at src/kfn_data.rs:121:48:
[INFO] [stdout] called `Result::unwrap()` on an `Err` value: Os { code: 2, kind: NotFound, message: "No such file or directory" }
[INFO] [stdout] stack backtrace:
[INFO] [stdout]    0:     0x63b52538d2f1 - <<std[617be2ca0a6fd877]::sys::backtrace::BacktraceLock>::print::DisplayBacktrace as core[a373ad73a504971]::fmt::Display>::fmt
[INFO] [stdout]    1:     0x63b5253a546a - core[a373ad73a504971]::fmt::write
[INFO] [stdout]    2:     0x63b52539185c - <alloc[2e1b2a31b91974c5]::vec::Vec<u8> as core[a373ad73a504971]::io::write::Write>::write_fmt
[INFO] [stdout]    3:     0x63b525367326 - std[617be2ca0a6fd877]::panicking::default_hook::{closure#0}
[INFO] [stdout]    4:     0x63b5253848d9 - std[617be2ca0a6fd877]::panicking::default_hook
[INFO] [stdout]    5:     0x63b52518aad0 - test[aada8e7e76ba119b]::test_main_inner::{closure#0}
[INFO] [stdout]    6:     0x63b525384c02 - std[617be2ca0a6fd877]::panicking::panic_with_hook
[INFO] [stdout]    7:     0x63b5253673d2 - std[617be2ca0a6fd877]::panicking::panic_handler::{closure#0}
[INFO] [stdout]    8:     0x63b52535fc79 - std[617be2ca0a6fd877]::sys::backtrace::__rust_end_short_backtrace::<std[617be2ca0a6fd877]::panicking::panic_handler::{closure#0}, !>
[INFO] [stdout]    9:     0x63b5253681fd - __rustc[ea4f61d10b84890b]::rust_begin_unwind
[INFO] [stdout]   10:     0x63b5253a5bcc - core[a373ad73a504971]::panicking::panic_fmt
[INFO] [stdout]   11:     0x63b5253a59a2 - core[a373ad73a504971]::result::unwrap_failed
[INFO] [stdout]   12:     0x63b52503e840 - <kfn_rs[1415ffee81ac5fce]::kfn_data::KfnData>::add_entry_from_file
[INFO] [stdout]   13:     0x63b525050f97 - <kfn_rs[1415ffee81ac5fce]::tests::tests::create_test::{closure#0} as core[a373ad73a504971]::ops::function::FnOnce<()>>::call_once
[INFO] [stdout]   14:     0x63b52517df1b - test[aada8e7e76ba119b]::__rust_begin_short_backtrace::<core[a373ad73a504971]::result::Result<(), alloc[2e1b2a31b91974c5]::string::String>, fn() -> core[a373ad73a504971]::result::Result<(), alloc[2e1b2a31b91974c5]::string::String>>
[INFO] [stdout]   15:     0x63b52518b0f5 - test[aada8e7e76ba119b]::run_test::{closure#0}
[INFO] [stdout]   16:     0x63b5251849e4 - std[617be2ca0a6fd877]::sys::backtrace::__rust_begin_short_backtrace::<test[aada8e7e76ba119b]::run_test::{closure#1}, ()>
[INFO] [stdout]   17:     0x63b52518e182 - <std[617be2ca0a6fd877]::thread::lifecycle::spawn_unchecked<test[aada8e7e76ba119b]::run_test::{closure#1}, ()>::{closure#1} as core[a373ad73a504971]::ops::function::FnOnce<()>>::call_once::{shim:vtable#0}
[INFO] [stdout]   18:     0x63b52538c2bf - <std[617be2ca0a6fd877]::sys::thread::unix::Thread>::new::thread_start
[INFO] [stdout]   19:     0x78d861442dfa - <unknown>
[INFO] [stdout]   20:     0x78d8614d63d4 - clone
[INFO] [stdout]   21:                0x0 - <unknown>
[INFO] [stdout] 
[INFO] [stdout] 
[INFO] [stdout] failures:
[INFO] [stdout]     tests::tests::add_entry_test
[INFO] [stdout]     tests::tests::create_test
[INFO] [stdout]     tests::tests::create_test_read_anims
[INFO] [stdout]     tests::tests::extract_test
[INFO] [stdout]     tests::tests::file_reading
[INFO] [stdout]     tests::tests::file_writing
[INFO] [stdout]     tests::tests::ini_test
[INFO] [stdout]     tests::tests::lyrics_test
[INFO] [stdout]     tests::tests::playback_video_test
[INFO] [stdout]     tests::tests::read_anims_test
[INFO] [stdout]     tests::tests::remove_entry_test
[INFO] [stdout] 
[INFO] [stdout] test result: FAILED. 0 passed; 11 failed; 1 ignored; 0 measured; 0 filtered out; finished in 0.01s
[INFO] [stdout] 
[INFO] [stderr] error: test failed, to rerun pass `--lib`
[INFO] running `Command { std: "docker" "inspect" "d11ac55dc98dd6c028bdf76fc8faeb1aa1b182e2ebd2cd184164459eb4c764a6", kill_on_drop: false }`
[INFO] running `Command { std: "docker" "rm" "-f" "d11ac55dc98dd6c028bdf76fc8faeb1aa1b182e2ebd2cd184164459eb4c764a6", kill_on_drop: false }`
[INFO] [stdout] d11ac55dc98dd6c028bdf76fc8faeb1aa1b182e2ebd2cd184164459eb4c764a6
