[INFO] fetching crate isksh 0.5.1...
[INFO] testing isksh-0.5.1 against 1.100.0-beta.1+cargoflags=--release for beta-release-1.100-2
[INFO] extracting crate isksh 0.5.1 into /workspace/builds/worker-2-tc2/source
[INFO] started tweaking crates.io crate isksh 0.5.1
[INFO] removed 0 missing tests
[INFO] finished tweaking crates.io crate isksh 0.5.1
[INFO] tweaked toml for crates.io crate isksh 0.5.1 written to /workspace/builds/worker-2-tc2/source/Cargo.toml
[INFO] validating manifest of crates.io crate isksh 0.5.1 on toolchain 1.100.0-beta.1
[INFO] running `Command { std: CARGO_HOME="/workspace/cargo-home" RUSTUP_HOME="/workspace/rustup-home" "/workspace/cargo-home/bin/cargo" "+1.100.0-beta.1" "metadata" "--manifest-path" "Cargo.toml" "--no-deps", kill_on_drop: false }`
[INFO] crate crates.io crate isksh 0.5.1 already has a lockfile, it will not be regenerated
[INFO] running `Command { std: CARGO_HOME="/workspace/cargo-home" RUSTUP_HOME="/workspace/rustup-home" "/workspace/cargo-home/bin/cargo" "+1.100.0-beta.1" "fetch" "--manifest-path" "Cargo.toml", kill_on_drop: false }`
[INFO] [stderr] warning: `package.homepage` is redundant with `package.repository`
[INFO] [stderr]   --> Cargo.toml:40:12
[INFO] [stderr]    |
[INFO] [stderr] 40 | homepage = "https://github.com/isksss/isksh"
[INFO] [stderr]    |            ^^^^^^^^^^^^^^^^^^^^^^^^^^^^^^^^^
[INFO] [stderr] ...
[INFO] [stderr] 47 | repository = "https://github.com/isksss/isksh"
[INFO] [stderr]    |              ---------------------------------
[INFO] [stderr]    |
[INFO] [stderr]    = note: `cargo::redundant_homepage` is set to `warn` by default
[INFO] [stderr] help: consider removing `package.homepage`
[INFO] [stderr] warning: `isksh` (manifest) generated 1 warning
[INFO] [stderr]     Blocking waiting for file lock on package cache
[INFO] [stderr]     Blocking waiting for file lock on package cache
[INFO] running `Command { std: "docker" "create" "-v" "/var/lib/crater-agent-workspace/builds/worker-2-tc2/source:/opt/rustwide/workdir:ro,Z" "-v" "/var/lib/crater-agent-workspace/builds/worker-2-tc2/target:/opt/rustwide/target:rw,Z" "-v" "/var/lib/crater-agent-workspace/cargo-home:/opt/rustwide/cargo-home:ro,Z" "-v" "/var/lib/crater-agent-workspace/rustup-home:/opt/rustwide/rustup-home:ro,Z" "-m" "1610612736" "--network" "none" "ghcr.io/rust-lang/crates-build-env/linux@sha256:77db811e55d90add9212f6832c23229e3de5f1c1f9905e8cb07319ea15df73ac" "sleep" "infinity", kill_on_drop: false }`
[INFO] [stdout] 9c434f96f236d5c8d6e7217875db29e10e0f0b5886cb2448cac1a48950283141
[INFO] running `Command { std: "docker" "start" "9c434f96f236d5c8d6e7217875db29e10e0f0b5886cb2448cac1a48950283141", kill_on_drop: false }`
[INFO] running `Command { std: "docker" "inspect" "9c434f96f236d5c8d6e7217875db29e10e0f0b5886cb2448cac1a48950283141", kill_on_drop: false }`
[INFO] running `Command { std: "docker" "exec" "-e" "SOURCE_DIR=/opt/rustwide/workdir" "-e" "CARGO_HOME=/opt/rustwide/cargo-home" "-e" "RUSTUP_HOME=/opt/rustwide/rustup-home" "-e" "CARGO_TARGET_DIR=/opt/rustwide/target" "-w" "/opt/rustwide/workdir" "--user" "0:0" "9c434f96f236d5c8d6e7217875db29e10e0f0b5886cb2448cac1a48950283141" "/opt/rustwide/cargo-home/bin/cargo" "+1.100.0-beta.1" "metadata" "--no-deps" "--format-version=1", kill_on_drop: false }`
[INFO] running `Command { std: "docker" "inspect" "9c434f96f236d5c8d6e7217875db29e10e0f0b5886cb2448cac1a48950283141", kill_on_drop: false }`
[INFO] running `Command { std: "docker" "exec" "-e" "SOURCE_DIR=/opt/rustwide/workdir" "-e" "CARGO_HOME=/opt/rustwide/cargo-home" "-e" "RUSTUP_HOME=/opt/rustwide/rustup-home" "-e" "CARGO_TARGET_DIR=/opt/rustwide/target" "-e" "CARGO_INCREMENTAL=0" "-e" "RUST_BACKTRACE=full" "-e" "RUSTFLAGS=--cap-lints=warn" "-e" "RUSTDOCFLAGS=--cap-lints=warn" "-w" "/opt/rustwide/workdir" "--user" "0:0" "9c434f96f236d5c8d6e7217875db29e10e0f0b5886cb2448cac1a48950283141" "/opt/rustwide/cargo-home/bin/cargo" "+1.100.0-beta.1" "build" "--frozen" "--message-format=json" "--release", kill_on_drop: false }`
[INFO] [stderr] warning: `package.homepage` is redundant with `package.repository`
[INFO] [stderr]   --> Cargo.toml:40:12
[INFO] [stderr]    |
[INFO] [stderr] 40 | homepage = "https://github.com/isksss/isksh"
[INFO] [stderr]    |            ^^^^^^^^^^^^^^^^^^^^^^^^^^^^^^^^^
[INFO] [stderr] ...
[INFO] [stderr] 47 | repository = "https://github.com/isksss/isksh"
[INFO] [stderr]    |              ---------------------------------
[INFO] [stderr]    |
[INFO] [stderr]    = note: `cargo::redundant_homepage` is set to `warn` by default
[INFO] [stderr] help: consider removing `package.homepage`
[INFO] [stderr] warning: `isksh` (manifest) generated 1 warning
[INFO] [stderr]    Compiling proc-macro2 v1.0.107
[INFO] [stderr]    Compiling quote v1.0.47
[INFO] [stderr]    Compiling unicode-ident v1.0.24
[INFO] [stderr]    Compiling cfg_aliases v0.2.2
[INFO] [stderr]    Compiling autocfg v1.5.1
[INFO] [stderr]    Compiling libc v0.2.189
[INFO] [stderr]    Compiling memchr v2.8.3
[INFO] [stderr]    Compiling smallvec v1.15.2
[INFO] [stderr]    Compiling nix v0.31.3
[INFO] [stderr]    Compiling bitflags v2.13.1
[INFO] [stderr]    Compiling cfg-if v1.0.4
[INFO] [stderr]    Compiling regex-syntax v0.8.11
[INFO] [stderr]    Compiling nibble_vec v0.1.0
[INFO] [stderr]    Compiling endian-type v0.2.0
[INFO] [stderr]    Compiling thiserror v2.0.19
[INFO] [stderr]    Compiling radix_trie v0.3.0
[INFO] [stderr]    Compiling num-traits v0.2.19
[INFO] [stderr]    Compiling log v0.4.33
[INFO] [stderr]    Compiling unicode-width v0.2.2
[INFO] [stderr]    Compiling utf8parse v0.2.2
[INFO] [stderr]    Compiling iana-time-zone v0.1.65
[INFO] [stderr]    Compiling aho-corasick v1.1.4
[INFO] [stderr]    Compiling unicode-segmentation v1.13.3
[INFO] [stderr]    Compiling syn v3.0.3
[INFO] [stderr]    Compiling home v0.5.12
[INFO] [stderr]    Compiling glob v0.3.4
[INFO] [stderr]    Compiling chrono v0.4.45
[INFO] [stderr]    Compiling regex-automata v0.4.16
[INFO] [stderr]    Compiling thiserror-impl v2.0.19
[INFO] [stderr]    Compiling rustyline v18.0.1
[INFO] [stderr]    Compiling regex v1.13.1
[INFO] [stderr]    Compiling isksh v0.5.1 (/opt/rustwide/workdir)
[INFO] [stderr]     Finished `release` profile [optimized] target(s) in 1m 16s
[INFO] running `Command { std: "docker" "inspect" "9c434f96f236d5c8d6e7217875db29e10e0f0b5886cb2448cac1a48950283141", kill_on_drop: false }`
[INFO] running `Command { std: "docker" "exec" "-e" "SOURCE_DIR=/opt/rustwide/workdir" "-e" "CARGO_HOME=/opt/rustwide/cargo-home" "-e" "RUSTUP_HOME=/opt/rustwide/rustup-home" "-e" "CARGO_TARGET_DIR=/opt/rustwide/target" "-e" "CARGO_INCREMENTAL=0" "-e" "RUST_BACKTRACE=full" "-e" "RUSTFLAGS=--cap-lints=warn" "-e" "RUSTDOCFLAGS=--cap-lints=warn" "-w" "/opt/rustwide/workdir" "--user" "0:0" "9c434f96f236d5c8d6e7217875db29e10e0f0b5886cb2448cac1a48950283141" "/opt/rustwide/cargo-home/bin/cargo" "+1.100.0-beta.1" "test" "--frozen" "--no-run" "--message-format=json" "--release", kill_on_drop: false }`
[INFO] [stderr] warning: `package.homepage` is redundant with `package.repository`
[INFO] [stderr]   --> Cargo.toml:40:12
[INFO] [stderr]    |
[INFO] [stderr] 40 | homepage = "https://github.com/isksss/isksh"
[INFO] [stderr]    |            ^^^^^^^^^^^^^^^^^^^^^^^^^^^^^^^^^
[INFO] [stderr] ...
[INFO] [stderr] 47 | repository = "https://github.com/isksss/isksh"
[INFO] [stderr]    |              ---------------------------------
[INFO] [stderr]    |
[INFO] [stderr]    = note: `cargo::redundant_homepage` is set to `warn` by default
[INFO] [stderr] help: consider removing `package.homepage`
[INFO] [stderr] warning: `isksh` (manifest) generated 1 warning
[INFO] [stderr]    Compiling bitflags v2.13.1
[INFO] [stderr]    Compiling libc v0.2.189
[INFO] [stderr]    Compiling memchr v2.8.3
[INFO] [stderr]    Compiling cfg-if v1.0.4
[INFO] [stderr]    Compiling smallvec v1.15.2
[INFO] [stderr]    Compiling endian-type v0.2.0
[INFO] [stderr]    Compiling rustix v1.1.4
[INFO] [stderr]    Compiling regex-syntax v0.8.11
[INFO] [stderr]    Compiling getrandom v0.4.3
[INFO] [stderr]    Compiling num-traits v0.2.19
[INFO] [stderr]    Compiling unicode-segmentation v1.13.3
[INFO] [stderr]    Compiling home v0.5.12
[INFO] [stderr]    Compiling nibble_vec v0.1.0
[INFO] [stderr]    Compiling iana-time-zone v0.1.65
[INFO] [stderr]    Compiling radix_trie v0.3.0
[INFO] [stderr]    Compiling unicode-width v0.2.2
[INFO] [stderr]    Compiling utf8parse v0.2.2
[INFO] [stderr]    Compiling linux-raw-sys v0.12.1
[INFO] [stderr]    Compiling log v0.4.33
[INFO] [stderr]    Compiling aho-corasick v1.1.4
[INFO] [stderr]    Compiling thiserror v2.0.19
[INFO] [stderr]    Compiling once_cell v1.21.4
[INFO] [stderr]    Compiling fastrand v2.5.0
[INFO] [stderr]    Compiling chrono v0.4.45
[INFO] [stderr]    Compiling glob v0.3.4
[INFO] [stderr]    Compiling nix v0.31.3
[INFO] [stderr]    Compiling regex-automata v0.4.16
[INFO] [stderr]    Compiling tempfile v3.27.0
[INFO] [stderr]    Compiling rustyline v18.0.1
[INFO] [stderr]    Compiling isksh v0.5.1 (/opt/rustwide/workdir)
[INFO] [stderr]    Compiling regex v1.13.1
[INFO] [stderr]     Finished `release` profile [optimized] target(s) in 3m 28s
[INFO] running `Command { std: "docker" "inspect" "9c434f96f236d5c8d6e7217875db29e10e0f0b5886cb2448cac1a48950283141", kill_on_drop: false }`
[INFO] running `Command { std: "docker" "exec" "-e" "SOURCE_DIR=/opt/rustwide/workdir" "-e" "CARGO_HOME=/opt/rustwide/cargo-home" "-e" "RUSTUP_HOME=/opt/rustwide/rustup-home" "-e" "CARGO_TARGET_DIR=/opt/rustwide/target" "-e" "CARGO_INCREMENTAL=0" "-e" "RUST_BACKTRACE=full" "-e" "RUSTFLAGS=--cap-lints=warn" "-e" "RUSTDOCFLAGS=--cap-lints=warn" "-w" "/opt/rustwide/workdir" "--user" "0:0" "9c434f96f236d5c8d6e7217875db29e10e0f0b5886cb2448cac1a48950283141" "/opt/rustwide/cargo-home/bin/cargo" "+1.100.0-beta.1" "test" "--frozen" "--release", kill_on_drop: false }`
[INFO] [stderr] warning: `package.homepage` is redundant with `package.repository`
[INFO] [stderr]   --> Cargo.toml:40:12
[INFO] [stderr]    |
[INFO] [stderr] 40 | homepage = "https://github.com/isksss/isksh"
[INFO] [stderr]    |            ^^^^^^^^^^^^^^^^^^^^^^^^^^^^^^^^^
[INFO] [stderr] ...
[INFO] [stderr] 47 | repository = "https://github.com/isksss/isksh"
[INFO] [stderr]    |              ---------------------------------
[INFO] [stderr]    |
[INFO] [stderr]    = note: `cargo::redundant_homepage` is set to `warn` by default
[INFO] [stderr] help: consider removing `package.homepage`
[INFO] [stderr] warning: `isksh` (manifest) generated 1 warning
[INFO] [stderr]     Finished `release` profile [optimized] target(s) in 0.13s
[INFO] [stderr]      Running unittests src/lib.rs (/opt/rustwide/target/release/build/isksh/5ecbbb6e591884b2/out/isksh-5ecbbb6e591884b2)
[INFO] [stdout] 
[INFO] [stdout] running 61 tests
[INFO] [stdout] test interactive::tests::expands_abbreviations_before_interactive_execution ... ok
[INFO] [stdout] test i18n::tests::recognizes_supported_language_tags ... ok
[INFO] [stdout] test i18n::tests::builds_help_and_descriptions_in_three_languages ... ok
[INFO] [stdout] test interactive::tests::executes_pending_input_at_eof_and_reports_invalid_input ... ok
[INFO] [stdout] test lexer::tests::handles_escape_and_all_substitution_forms ... ok
[INFO] [stdout] test i18n::tests::localizes_diagnostics_in_three_languages ... ok
[INFO] [stdout] test interactive::tests::preserves_state_and_collects_continuation_lines ... ok
[INFO] [stdout] test lexer::tests::reports_each_incomplete_lexical_form ... ok
[INFO] [stdout] test lexer::tests::preserves_quote_context_and_expansions ... ok
[INFO] [stdout] test parser::tests::covers_elif_empty_loop_and_parser_helpers ... ok
[INFO] [stdout] test parser::tests::parses_every_compound_command_and_redirection ... ok
[INFO] [stdout] test lexer::tests::reports_unclosed_quote_with_position ... ok
[INFO] [stdout] test parser::tests::parses_heredoc_variants_and_crlf ... ok
[INFO] [stdout] test parser::tests::rejects_unclosed_if ... ok
[INFO] [stdout] test parser::tests::parses_loops_and_function ... ok
[INFO] [stdout] test parser::tests::parses_pipeline_and_conditionals ... ok
[INFO] [stdout] test parser::tests::rejects_invalid_syntax_forms ... ok
[INFO] [stdout] test shell::tests::arithmetic_and_command_substitution_work ... ok
[INFO] [stdout] test shell::tests::case_while_break_and_group_work ... ok
[INFO] [stdout] test shell::tests::executes_assignments_expansions_and_printf ... ok
[INFO] [stdout] test shell::tests::executes_conditionals_and_loops ... ok
[INFO] [stdout] test interactive::tests::prints_primary_and_continuation_prompts ... ok
[INFO] [stdout] test shell::tests::executes_function_with_positional_parameters ... ok
[INFO] [stdout] test lexer::tests::covers_double_quote_and_balanced_quote_edges ... ok
[INFO] [stdout] test lexer::tests::recognizes_bash_conditionals_and_process_substitution ... ok
[INFO] [stdout] test lexer::tests::recognizes_every_operator_and_comment ... ok
[INFO] [stdout] test shell::tests::exercises_getopts_operand_variants ... ok
[INFO] [stdout] test shell::tests::exercises_control_flow_and_shell_state ... ok
[INFO] [stdout] test shell::tests::exercises_parameter_tilde_glob_and_arithmetic_errors ... ok
[INFO] [stdout] test shell::tests::exercises_builtins ... ok
[INFO] [stdout] test shell::tests::exercises_input_classification_background_pipeline_and_nested_flow ... ok
[INFO] [stdout] test shell::tests::exercises_printf_test_getopts_and_external_commands ... ok
[INFO] [stdout] test shell::tests::exercises_assignment_alias_and_expansion_edge_cases ... ok
[INFO] [stdout] test shell::tests::exercises_redirection_order_and_errors ... ok
[INFO] [stdout] test shell::tests::expands_posix_patterns_nested_defaults_and_ifs_fields ... ok
[INFO] [stdout] test shell::tests::expands_bash_style_prompts_and_runs_prompt_command ... ok
[INFO] [stdout] test shell::tests::expands_every_supported_zsh_prompt_color ... ok
[INFO] [stdout] test shell::tests::getopts_reads_grouped_options_and_arguments ... ok
[INFO] [stdout] test shell::tests::covers_extended_zsh_compatibility_errors_and_variants ... ok
[INFO] [stdout] test shell::tests::manages_and_expands_interactive_abbreviations ... ok
[INFO] [stdout] test shell::tests::covers_bash_compatibility_errors_and_variants ... ok
[INFO] [stdout] test shell::tests::preserves_invalid_glob_literals_for_bracket_builtin ... ok
[INFO] [stdout] test shell::tests::interactive_external_commands_inherit_the_terminal ... ok
[INFO] [stdout] test shell::tests::manages_the_bash_directory_stack ... ok
[INFO] [stdout] test shell::tests::supports_bash_arrays_and_conditionals ... ok
[INFO] [stdout] test shell::tests::supports_common_bash_compatibility_builtins ... ok
[INFO] [stdout] test shell::tests::manages_background_jobs_wait_and_special_parameter ... ok
[INFO] [stdout] test shell::tests::supports_traps_and_starship_bash_initialization_fallback ... ok
[INFO] [stdout] test shell::tests::exercises_remaining_builtin_and_arithmetic_paths ... ok
[INFO] [stdout] test shell::tests::supports_zsh_mode_prompts_builtins_and_hooks ... ok
[INFO] [stdout] test shell::tests::handles_persistent_descriptors_hash_and_wait_errors ... ok
[INFO] [stdout] test shell::tests::unknown_mode_refreshes_to_bash ... ok
[INFO] [stdout] test shell::tests::supports_process_substitution_and_bashrc_builtins ... ok
[INFO] [stdout] test startup::tests::resolves_xdg_home_and_missing_paths ... ok
[INFO] [stdout] test startup::tests::loads_supported_configuration_and_handles_errors ... ok
[INFO] [stdout] test shell::tests::supports_zsh_parameter_option_print_and_command_semantics ... ok
[INFO] [stdout] test shell::tests::translates_dotfiles_bash_tool_integrations ... ok
[INFO] [stdout] test shell::tests::exercises_heredoc_and_redirection_internal_errors ... ok
[INFO] [stdout] test shell::tests::runs_external_pipelines_concurrently_and_tracks_statuses ... ok
[INFO] [stdout] test shell::tests::supports_extended_zsh_runtime_compatibility ... ok
[INFO] [stdout] test shell::tests::covers_remaining_zsh_compatibility_paths ... ok
[INFO] [stdout] 
[INFO] [stdout] test result: ok. 61 passed; 0 failed; 0 ignored; 0 measured; 0 filtered out; finished in 0.37s
[INFO] [stdout] 
[INFO] [stderr]      Running unittests src/main.rs (/opt/rustwide/target/release/build/isksh/ad0c5994c6013b7a/out/isksh-ad0c5994c6013b7a)
[INFO] [stdout] 
[INFO] [stdout] running 2 tests
[INFO] [stdout] test tests::identifies_open_shell_quotes ... ok
[INFO] [stderr]      Running tests/cli.rs (/opt/rustwide/target/release/build/isksh/86ffd2114ebdeefb/out/cli-86ffd2114ebdeefb)
[INFO] [stdout] test tests::parses_login_and_interactive_options ... ok
[INFO] [stdout] 
[INFO] [stdout] test result: ok. 2 passed; 0 failed; 0 ignored; 0 measured; 0 filtered out; finished in 0.01s
[INFO] [stdout] 
[INFO] [stdout] 
[INFO] [stdout] running 12 tests
[INFO] [stdout] test rejects_non_utf8_input ... ok
[INFO] [stdout] test reads_script_from_stdin_without_option ... ok
[INFO] [stdout] test invalid_mode_falls_back_to_bash_and_other_shell_rc_files_are_ignored ... ok
[INFO] [stdout] test rejects_non_utf8_argument ... ok
[INFO] [stdout] test runs_command_string ... ok
[INFO] [stdout] test force_interactive_mode_reads_lines_and_exit ... ok
[INFO] [stdout] test interactive_mode_loads_iskrc ... ok
[INFO] [stdout] test reads_script_from_stdin ... ok
[INFO] [stdout] test runs_script_file_with_arguments ... ok
[INFO] [stdout] test reports_help_version_and_cli_errors ... ok
[INFO] [stdout] test localizes_cli_and_shell_messages ... ok
[INFO] [stdout] test startup_files_follow_environment_login_and_interactive_rules ... ok
[INFO] [stdout] 
[INFO] [stdout] test result: ok. 12 passed; 0 failed; 0 ignored; 0 measured; 0 filtered out; finished in 0.04s
[INFO] [stdout] 
[INFO] [stderr]      Running tests/posix_fixtures.rs (/opt/rustwide/target/release/build/isksh/44f1da5c503b65b0/out/posix_fixtures-44f1da5c503b65b0)
[INFO] [stdout] 
[INFO] [stdout] running 8 tests
[INFO] [stdout] test if_without_matching_branch_returns_success ... ok
[INFO] [stdout] test quotes_control_field_splitting ... ok
[INFO] [stdout] test parameter_default_operators_work ... ok
[INFO] [stdout] test and_or_lists_follow_exit_status ... ok
[INFO] [stdout] test redirection_writes_and_reads_files ... ok
[INFO] [stdout] test pattern_removal_and_non_whitespace_ifs_match_posix ... ok
[INFO] [stdout] test external_pipeline_is_concurrent ... ok
[INFO] [stderr]      Running tests/release_distribution.rs (/opt/rustwide/target/release/build/isksh/ef62ea80acdc2728/out/release_distribution-ef62ea80acdc2728)
[INFO] [stdout] test here_documents_expand_unless_delimiter_is_quoted ... ok
[INFO] [stdout] 
[INFO] [stdout] test result: ok. 8 passed; 0 failed; 0 ignored; 0 measured; 0 filtered out; finished in 0.01s
[INFO] [stdout] 
[INFO] [stdout] 
[INFO] [stdout] running 2 tests
[INFO] [stdout] test release_workflow_distributes_every_supported_platform ... FAILED
[INFO] [stdout] test aqua_registry_supports_every_operating_system ... FAILED
[INFO] [stdout] 
[INFO] [stdout] failures:
[INFO] [stdout] 
[INFO] [stdout] ---- release_workflow_distributes_every_supported_platform stdout ----
[INFO] [stdout] 
[INFO] [stdout] thread 'release_workflow_distributes_every_supported_platform' (1199) panicked at tests/release_distribution.rs:6:74:
[INFO] [stdout] called `Result::unwrap()` on an `Err` value: Os { code: 2, kind: NotFound, message: "No such file or directory" }
[INFO] [stdout] stack backtrace:
[INFO] [stdout]    0:     0x5735a3a46e17 - <unknown>
[INFO] [stdout]    1:     0x5735a3a2f22a - <unknown>
[INFO] [stdout]    2:     0x5735a3a463cb - <unknown>
[INFO] [stdout]    3:     0x5735a3a45eaf - <unknown>
[INFO] [stdout]    4:     0x5735a3a45ada - <unknown>
[INFO] [stdout]    5:     0x5735a3a45615 - <unknown>
[INFO] [stdout]    6:     0x5735a3a6c3c1 - <unknown>
[INFO] [stdout]    7:     0x5735a3a6c379 - <unknown>
[INFO] [stdout]    8:     0x5735a3a6c87c - <unknown>
[INFO] [stdout]    9:     0x5735a3a2f0bb - <unknown>
[INFO] [stdout]   10:     0x5735a3a32321 - <unknown>
[INFO] [stdout]   11:     0x5735a3a2b207 - <unknown>
[INFO] [stdout]   12:     0x5735a3a2d7b2 - <unknown>
[INFO] [stdout]   13:     0x5735a3a849fb - <unknown>
[INFO] [stdout]   14:     0x5735a3a7fe5f - <unknown>
[INFO] [stdout]   15:     0x5735a3a7f8dc - <unknown>
[INFO] [stdout]   16:     0x5735a3a9fe4c - <unknown>
[INFO] [stdout]   17:     0x5735a3a6e054 - <unknown>
[INFO] [stdout]   18:     0x7f26b6e7ddfa - <unknown>
[INFO] [stdout]   19:     0x7f26b6f113d4 - clone
[INFO] [stdout]   20:                0x0 - <unknown>
[INFO] [stdout] 
[INFO] [stdout] ---- aqua_registry_supports_every_operating_system stdout ----
[INFO] [stdout] 
[INFO] [stdout] thread 'aqua_registry_supports_every_operating_system' (1198) panicked at tests/release_distribution.rs:6:74:
[INFO] [stdout] called `Result::unwrap()` on an `Err` value: Os { code: 2, kind: NotFound, message: "No such file or directory" }
[INFO] [stdout] stack backtrace:
[INFO] [stdout]    0:     0x5735a3a46e17 - <unknown>
[INFO] [stdout]    1:     0x5735a3a2f22a - <unknown>
[INFO] [stdout]    2:     0x5735a3a463cb - <unknown>
[INFO] [stdout]    3:     0x5735a3a45eaf - <unknown>
[INFO] [stdout]    4:     0x5735a3a45ada - <unknown>
[INFO] [stdout]    5:     0x5735a3a45615 - <unknown>
[INFO] [stdout]    6:     0x5735a3a6c3c1 - <unknown>
[INFO] [stdout]    7:     0x5735a3a6c379 - <unknown>
[INFO] [stdout]    8:     0x5735a3a6c87c - <unknown>
[INFO] [stdout]    9:     0x5735a3a2f0bb - <unknown>
[INFO] [stdout]   10:     0x5735a3a32321 - <unknown>
[INFO] [stdout]   11:     0x5735a3a2b207 - <unknown>
[INFO] [stdout]   12:     0x5735a3a2cf59 - <unknown>
[INFO] [stdout]   13:     0x5735a3a849fb - <unknown>
[INFO] [stdout]   14:     0x5735a3a7fe5f - <unknown>
[INFO] [stdout]   15:     0x5735a3a7f8dc - <unknown>
[INFO] [stdout]   16:     0x5735a3a9fe4c - <unknown>
[INFO] [stdout]   17:     0x5735a3a6e054 - <unknown>
[INFO] [stdout]   18:     0x7f26b6e7ddfa - <unknown>
[INFO] [stdout]   19:     0x7f26b6f113d4 - clone
[INFO] [stdout]   20:                0x0 - <unknown>
[INFO] [stdout] 
[INFO] [stdout] 
[INFO] [stdout] failures:
[INFO] [stdout]     aqua_registry_supports_every_operating_system
[INFO] [stdout]     release_workflow_distributes_every_supported_platform
[INFO] [stdout] 
[INFO] [stdout] test result: FAILED. 0 passed; 2 failed; 0 ignored; 0 measured; 0 filtered out; finished in 0.00s
[INFO] [stdout] 
[INFO] [stderr] error: test failed, to rerun pass `--test release_distribution`
[INFO] running `Command { std: "docker" "inspect" "9c434f96f236d5c8d6e7217875db29e10e0f0b5886cb2448cac1a48950283141", kill_on_drop: false }`
[INFO] running `Command { std: "docker" "rm" "-f" "9c434f96f236d5c8d6e7217875db29e10e0f0b5886cb2448cac1a48950283141", kill_on_drop: false }`
[INFO] [stdout] 9c434f96f236d5c8d6e7217875db29e10e0f0b5886cb2448cac1a48950283141
