[INFO] fetching crate huber 1.0.11...
[INFO] testing huber-1.0.11 against 1.100.0-beta.1+cargoflags=--release for beta-release-1.100-2
[INFO] extracting crate huber 1.0.11 into /workspace/builds/worker-3-tc2/source
[INFO] started tweaking crates.io crate huber 1.0.11
[INFO] removed 0 missing tests
[INFO] finished tweaking crates.io crate huber 1.0.11
[INFO] tweaked toml for crates.io crate huber 1.0.11 written to /workspace/builds/worker-3-tc2/source/Cargo.toml
[INFO] validating manifest of crates.io crate huber 1.0.11 on toolchain 1.100.0-beta.1
[INFO] running `Command { std: CARGO_HOME="/workspace/cargo-home" RUSTUP_HOME="/workspace/rustup-home" "/workspace/cargo-home/bin/cargo" "+1.100.0-beta.1" "metadata" "--manifest-path" "Cargo.toml" "--no-deps", kill_on_drop: false }`
[INFO] crate crates.io crate huber 1.0.11 already has a lockfile, it will not be regenerated
[INFO] running `Command { std: CARGO_HOME="/workspace/cargo-home" RUSTUP_HOME="/workspace/rustup-home" "/workspace/cargo-home/bin/cargo" "+1.100.0-beta.1" "fetch" "--manifest-path" "Cargo.toml", kill_on_drop: false }`
[INFO] [stderr] warning: `package.homepage` is redundant with `package.repository`
[INFO] [stderr]    --> Cargo.toml:151:12
[INFO] [stderr]     |
[INFO] [stderr] 151 | homepage = "https://github.com/innobead/huber"
[INFO] [stderr]     |            ^^^^^^^^^^^^^^^^^^^^^^^^^^^^^^^^^^^
[INFO] [stderr] ...
[INFO] [stderr] 157 | repository = "https://github.com/innobead/huber"
[INFO] [stderr]     |              -----------------------------------
[INFO] [stderr]     |
[INFO] [stderr]     = note: `cargo::redundant_homepage` is set to `warn` by default
[INFO] [stderr] help: consider removing `package.homepage`
[INFO] [stderr] warning: `huber` (manifest) generated 1 warning
[INFO] running `Command { std: "docker" "create" "-v" "/var/lib/crater-agent-workspace/builds/worker-3-tc2/source:/opt/rustwide/workdir:ro,Z" "-v" "/var/lib/crater-agent-workspace/builds/worker-3-tc2/target:/opt/rustwide/target:rw,Z" "-v" "/var/lib/crater-agent-workspace/cargo-home:/opt/rustwide/cargo-home:ro,Z" "-v" "/var/lib/crater-agent-workspace/rustup-home:/opt/rustwide/rustup-home:ro,Z" "-m" "1610612736" "--network" "none" "ghcr.io/rust-lang/crates-build-env/linux@sha256:77db811e55d90add9212f6832c23229e3de5f1c1f9905e8cb07319ea15df73ac" "sleep" "infinity", kill_on_drop: false }`
[INFO] [stdout] a0b54e59067a9717a1c401ced48554e9af6849600992250205260a1f0a62ce1b
[INFO] running `Command { std: "docker" "start" "a0b54e59067a9717a1c401ced48554e9af6849600992250205260a1f0a62ce1b", kill_on_drop: false }`
[INFO] running `Command { std: "docker" "inspect" "a0b54e59067a9717a1c401ced48554e9af6849600992250205260a1f0a62ce1b", kill_on_drop: false }`
[INFO] running `Command { std: "docker" "exec" "-e" "SOURCE_DIR=/opt/rustwide/workdir" "-e" "CARGO_HOME=/opt/rustwide/cargo-home" "-e" "RUSTUP_HOME=/opt/rustwide/rustup-home" "-e" "CARGO_TARGET_DIR=/opt/rustwide/target" "-w" "/opt/rustwide/workdir" "--user" "0:0" "a0b54e59067a9717a1c401ced48554e9af6849600992250205260a1f0a62ce1b" "/opt/rustwide/cargo-home/bin/cargo" "+1.100.0-beta.1" "metadata" "--no-deps" "--format-version=1", kill_on_drop: false }`
[INFO] running `Command { std: "docker" "inspect" "a0b54e59067a9717a1c401ced48554e9af6849600992250205260a1f0a62ce1b", kill_on_drop: false }`
[INFO] running `Command { std: "docker" "exec" "-e" "SOURCE_DIR=/opt/rustwide/workdir" "-e" "CARGO_HOME=/opt/rustwide/cargo-home" "-e" "RUSTUP_HOME=/opt/rustwide/rustup-home" "-e" "CARGO_TARGET_DIR=/opt/rustwide/target" "-e" "CARGO_INCREMENTAL=0" "-e" "RUST_BACKTRACE=full" "-e" "RUSTFLAGS=--cap-lints=warn" "-e" "RUSTDOCFLAGS=--cap-lints=warn" "-w" "/opt/rustwide/workdir" "--user" "0:0" "a0b54e59067a9717a1c401ced48554e9af6849600992250205260a1f0a62ce1b" "/opt/rustwide/cargo-home/bin/cargo" "+1.100.0-beta.1" "build" "--frozen" "--message-format=json" "--release", kill_on_drop: false }`
[INFO] [stderr] warning: `package.homepage` is redundant with `package.repository`
[INFO] [stderr]    --> Cargo.toml:151:12
[INFO] [stderr]     |
[INFO] [stderr] 151 | homepage = "https://github.com/innobead/huber"
[INFO] [stderr]     |            ^^^^^^^^^^^^^^^^^^^^^^^^^^^^^^^^^^^
[INFO] [stderr] ...
[INFO] [stderr] 157 | repository = "https://github.com/innobead/huber"
[INFO] [stderr]     |              -----------------------------------
[INFO] [stderr]     |
[INFO] [stderr]     = note: `cargo::redundant_homepage` is set to `warn` by default
[INFO] [stderr] help: consider removing `package.homepage`
[INFO] [stderr] warning: `huber` (manifest) generated 1 warning
[INFO] [stderr]    Compiling libc v0.2.169
[INFO] [stderr]    Compiling proc-macro2 v1.0.93
[INFO] [stderr]    Compiling unicode-ident v1.0.16
[INFO] [stderr]    Compiling pkg-config v0.3.31
[INFO] [stderr]    Compiling itoa v1.0.14
[INFO] [stderr]    Compiling smallvec v1.13.2
[INFO] [stderr]    Compiling log v0.4.25
[INFO] [stderr]    Compiling once_cell v1.20.3
[INFO] [stderr]    Compiling serde v1.0.217
[INFO] [stderr]    Compiling bytes v1.10.0
[INFO] [stderr]    Compiling lock_api v0.4.12
[INFO] [stderr]    Compiling parking_lot_core v0.9.10
[INFO] [stderr]    Compiling scopeguard v1.2.0
[INFO] [stderr]    Compiling futures-channel v0.3.31
[INFO] [stderr]    Compiling num-traits v0.2.19
[INFO] [stderr]    Compiling bitflags v2.8.0
[INFO] [stderr]    Compiling litemap v0.7.4
[INFO] [stderr]    Compiling ryu v1.0.19
[INFO] [stderr]    Compiling httparse v1.10.0
[INFO] [stderr]    Compiling equivalent v1.0.1
[INFO] [stderr]    Compiling hashbrown v0.15.2
[INFO] [stderr]    Compiling serde_json v1.0.138
[INFO] [stderr]    Compiling tracing-core v0.1.33
[INFO] [stderr]    Compiling openssl v0.10.70
[INFO] [stderr]    Compiling thiserror v2.0.11
[INFO] [stderr]    Compiling percent-encoding v2.3.1
[INFO] [stderr]    Compiling anstyle-parse v0.2.6
[INFO] [stderr]    Compiling http v1.2.0
[INFO] [stderr]    Compiling form_urlencoded v1.2.1
[INFO] [stderr]    Compiling anstyle v1.0.10
[INFO] [stderr]    Compiling anstyle-query v1.1.2
[INFO] [stderr]    Compiling colorchoice v1.0.3
[INFO] [stderr]    Compiling time-core v0.1.2
[INFO] [stderr]    Compiling iana-time-zone v0.1.61
[INFO] [stderr]    Compiling rustls v0.23.22
[INFO] [stderr]    Compiling adler2 v2.0.0
[INFO] [stderr]    Compiling num-conv v0.1.0
[INFO] [stderr]    Compiling is_terminal_polyfill v1.70.1
[INFO] [stderr]    Compiling native-tls v0.2.13
[INFO] [stderr]    Compiling deranged v0.3.11
[INFO] [stderr]    Compiling anstream v0.6.18
[INFO] [stderr]    Compiling miniz_oxide v0.8.3
[INFO] [stderr]    Compiling time-macros v0.2.19
[INFO] [stderr]    Compiling sync_wrapper v1.0.2
[INFO] [stderr]    Compiling anyhow v1.0.95
[INFO] [stderr]    Compiling portable-atomic v1.10.0
[INFO] [stderr]    Compiling object v0.36.7
[INFO] [stderr]    Compiling humantime v1.3.0
[INFO] [stderr]    Compiling rustix v0.38.44
[INFO] [stderr]    Compiling quote v1.0.38
[INFO] [stderr]    Compiling num-integer v0.1.46
[INFO] [stderr]    Compiling csv-core v0.1.11
[INFO] [stderr]    Compiling indexmap v2.7.1
[INFO] [stderr]    Compiling jobserver v0.1.32
[INFO] [stderr]    Compiling signal-hook-registry v1.4.2
[INFO] [stderr]    Compiling cc v1.2.13
[INFO] [stderr]    Compiling syn v2.0.98
[INFO] [stderr]    Compiling socket2 v0.5.8
[INFO] [stderr]    Compiling mio v1.0.3
[INFO] [stderr]    Compiling getrandom v0.2.15
[INFO] [stderr]    Compiling parking_lot v0.12.3
[INFO] [stderr]    Compiling http-body v1.0.1
[INFO] [stderr]    Compiling dirs-sys-next v0.1.2
[INFO] [stderr]    Compiling num-bigint v0.4.6
[INFO] [stderr]    Compiling console v0.15.10
[INFO] [stderr]    Compiling atty v0.2.14
[INFO] [stderr]    Compiling gimli v0.31.1
[INFO] [stderr]    Compiling linux-raw-sys v0.4.15
[INFO] [stderr]    Compiling time v0.3.37
[INFO] [stderr]    Compiling dirs-next v2.0.0
[INFO] [stderr]    Compiling rayon-core v1.12.1
[INFO] [stderr]    Compiling clap_lex v0.7.4
[INFO] [stderr]    Compiling chrono v0.4.39
[INFO] [stderr]    Compiling term v0.7.0
[INFO] [stderr]    Compiling dirs-sys v0.4.1
[INFO] [stderr]    Compiling clap_builder v4.5.27
[INFO] [stderr]    Compiling env_logger v0.6.2
[INFO] [stderr]    Compiling openssl-src v300.4.1+3.4.0
[INFO] [stderr]    Compiling cmake v0.1.54
[INFO] [stderr]    Compiling is-terminal v0.4.15
[INFO] [stderr]    Compiling pem v3.0.4
[INFO] [stderr]    Compiling rustls-native-certs v0.8.1
[INFO] [stderr]    Compiling crc32fast v1.4.2
[INFO] [stderr]    Compiling openssl-sys v0.9.105
[INFO] [stderr]    Compiling ring v0.17.8
[INFO] [stderr]    Compiling libz-sys v1.1.21
[INFO] [stderr]    Compiling libssh2-sys v0.3.1
[INFO] [stderr]    Compiling libz-ng-sys v1.1.21
[INFO] [stderr]    Compiling libgit2-sys v0.18.0+1.9.0
[INFO] [stderr]    Compiling lzma-sys v0.1.20
[INFO] [stderr]    Compiling either v1.13.0
[INFO] [stderr]    Compiling semver v1.0.25
[INFO] [stderr]    Compiling zip v2.2.2
[INFO] [stderr]    Compiling number_prefix v0.4.0
[INFO] [stderr]    Compiling rustc-demangle v0.1.24
[INFO] [stderr]    Compiling encode_unicode v1.0.0
[INFO] [stderr]    Compiling iri-string v0.7.7
[INFO] [stderr]    Compiling indicatif v0.17.11
[INFO] [stderr]    Compiling addr2line v0.24.2
[INFO] [stderr]    Compiling huber v1.0.11 (/opt/rustwide/workdir)
[INFO] [stderr]    Compiling xattr v1.4.0
[INFO] [stderr]    Compiling synstructure v0.13.1
[INFO] [stderr]    Compiling dirs v5.0.1
[INFO] [stderr]    Compiling Inflector v0.11.4
[INFO] [stderr]    Compiling filetime v0.2.25
[INFO] [stderr]    Compiling secrecy v0.10.3
[INFO] [stderr]    Compiling env_filter v0.1.3
[INFO] [stderr]    Compiling web-time v1.1.0
[INFO] [stderr]    Compiling maplit v1.0.2
[INFO] [stderr]    Compiling ipnet v2.11.0
[INFO] [stderr]    Compiling arc-swap v1.7.1
[INFO] [stderr]    Compiling humantime v2.1.0
[INFO] [stderr]    Compiling rayon v1.10.0
[INFO] [stderr]    Compiling env_logger v0.11.6
[INFO] [stderr]    Compiling tar v0.4.43
[INFO] [stderr]    Compiling xz2 v0.1.7
[INFO] [stderr]    Compiling zerofrom-derive v0.1.5
[INFO] [stderr]    Compiling serde_derive v1.0.217
[INFO] [stderr]    Compiling yoke-derive v0.7.5
[INFO] [stderr]    Compiling displaydoc v0.2.5
[INFO] [stderr]    Compiling zerovec-derive v0.10.3
[INFO] [stderr]    Compiling tokio-macros v2.5.0
[INFO] [stderr]    Compiling futures-macro v0.3.31
[INFO] [stderr]    Compiling icu_provider_macros v1.5.0
[INFO] [stderr]    Compiling tracing-attributes v0.1.28
[INFO] [stderr]    Compiling openssl-macros v0.1.1
[INFO] [stderr]    Compiling thiserror-impl v2.0.11
[INFO] [stderr]    Compiling tokio v1.43.0
[INFO] [stderr]    Compiling pin-project-internal v1.1.9
[INFO] [stderr]    Compiling clap_derive v4.5.28
[INFO] [stderr]    Compiling futures-util v0.3.31
[INFO] [stderr]    Compiling snafu-derive v0.8.5
[INFO] [stderr]    Compiling zerofrom v0.1.5
[INFO] [stderr]    Compiling yoke v0.7.5
[INFO] [stderr]    Compiling zerovec v0.10.4
[INFO] [stderr]    Compiling pin-project v1.1.9
[INFO] [stderr]    Compiling backtrace v0.3.74
[INFO] [stderr]    Compiling async-trait v0.1.86
[INFO] [stderr]    Compiling tracing v0.1.41
[INFO] [stderr]    Compiling simple_asn1 v0.6.3
[INFO] [stderr]    Compiling huber-procmacro v1.0.11
[INFO] [stderr]    Compiling fs2 v0.4.3
[INFO] [stderr]    Compiling fs_extra v1.3.0
[INFO] [stderr]    Compiling is_executable v1.0.4
[INFO] [stderr]    Compiling better-panic v0.3.0
[INFO] [stderr]    Compiling filepath v0.2.0
[INFO] [stderr]    Compiling symlink v0.1.0
[INFO] [stderr]    Compiling tinystr v0.7.6
[INFO] [stderr]    Compiling icu_collections v1.5.0
[INFO] [stderr]    Compiling icu_locid v1.5.0
[INFO] [stderr]    Compiling clap v4.5.28
[INFO] [stderr]    Compiling clap_complete v4.5.44
[INFO] [stderr]    Compiling snafu v0.8.5
[INFO] [stderr]    Compiling icu_provider v1.5.0
[INFO] [stderr]    Compiling http-body-util v0.1.2
[INFO] [stderr]    Compiling icu_locid_transform v1.5.0
[INFO] [stderr]    Compiling futures-executor v0.3.31
[INFO] [stderr]    Compiling futures v0.3.31
[INFO] [stderr]    Compiling icu_properties v1.5.1
[INFO] [stderr]    Compiling hyper v1.6.0
[INFO] [stderr]    Compiling tokio-util v0.7.13
[INFO] [stderr]    Compiling csv v1.3.1
[INFO] [stderr]    Compiling tower v0.5.2
[INFO] [stderr]    Compiling serde_urlencoded v0.7.1
[INFO] [stderr]    Compiling serde_yaml v0.9.34+deprecated
[INFO] [stderr]    Compiling serde_path_to_error v0.1.16
[INFO] [stderr]    Compiling hyper-util v0.1.10
[INFO] [stderr]    Compiling flate2 v1.0.35
[INFO] [stderr]    Compiling tower-http v0.6.2
[INFO] [stderr]    Compiling icu_normalizer v1.5.0
[INFO] [stderr]    Compiling prettytable-rs v0.10.0
[INFO] [stderr]    Compiling idna_adapter v1.2.0
[INFO] [stderr]    Compiling pretty_env_logger v0.3.1
[INFO] [stderr]    Compiling rustls-webpki v0.102.8
[INFO] [stderr]    Compiling jsonwebtoken v9.3.1
[INFO] [stderr]    Compiling simpledi-rs v0.1.0
[INFO] [stderr]    Compiling idna v1.0.3
[INFO] [stderr]    Compiling hyper-timeout v0.5.2
[INFO] [stderr]    Compiling libcli-rs v0.1.4
[INFO] [stderr]    Compiling url v2.5.4
[INFO] [stderr]    Compiling tokio-rustls v0.26.1
[INFO] [stderr]    Compiling hyper-rustls v0.27.5
[INFO] [stderr]    Compiling octocrab v0.42.1
[INFO] [stderr]    Compiling tokio-native-tls v0.3.1
[INFO] [stderr]    Compiling hyper-tls v0.6.0
[INFO] [stderr]    Compiling reqwest v0.12.12
[INFO] [stderr]    Compiling git2 v0.20.0
[INFO] [stdout] warning: unused import: `debug`
[INFO] [stdout]  --> src/cmd/install.rs:5:11
[INFO] [stdout]   |
[INFO] [stdout] 5 | use log::{debug, info, warn};
[INFO] [stdout]   |           ^^^^^
[INFO] [stdout]   |
[INFO] [stdout]   = note: `#[warn(unused_imports)]` (part of `#[warn(unused)]`) on by default
[INFO] [stdout] 
[INFO] [stdout] 
[INFO] [stdout] warning: unused import: `anyhow::anyhow`
[INFO] [stdout]  --> src/cmd/lock.rs:3:5
[INFO] [stdout]   |
[INFO] [stdout] 3 | use anyhow::anyhow;
[INFO] [stdout]   |     ^^^^^^^^^^^^^^
[INFO] [stdout] 
[INFO] [stdout] 
[INFO] [stdout] warning: unused import: `anyhow::anyhow`
[INFO] [stdout]  --> src/cmd/uninstall.rs:1:5
[INFO] [stdout]   |
[INFO] [stdout] 1 | use anyhow::anyhow;
[INFO] [stdout]   |     ^^^^^^^^^^^^^^
[INFO] [stdout] 
[INFO] [stdout] 
[INFO] [stdout] warning: unused import: `anyhow::anyhow`
[INFO] [stdout]  --> src/cmd/unlock.rs:1:5
[INFO] [stdout]   |
[INFO] [stdout] 1 | use anyhow::anyhow;
[INFO] [stdout]   |     ^^^^^^^^^^^^^^
[INFO] [stdout] 
[INFO] [stdout] 
[INFO] [stdout] warning: hiding a lifetime that's elided elsewhere is confusing
[INFO] [stdout]    --> src/gh.rs:149:9
[INFO] [stdout]     |
[INFO] [stdout] 149 |         &self,
[INFO] [stdout]     |         ^^^^^ the lifetime is elided here
[INFO] [stdout] 150 |         key: T,
[INFO] [stdout] 151 |     ) -> anyhow::Result<FetchOptions> {
[INFO] [stdout]     |                         ^^^^^^^^^^^^ the same lifetime is hidden here
[INFO] [stdout]     |
[INFO] [stdout]     = help: the same lifetime is referred to in inconsistent ways, making the signature confusing
[INFO] [stdout]     = note: `#[warn(mismatched_lifetime_syntaxes)]` on by default
[INFO] [stdout] help: use `'_` for type paths
[INFO] [stdout]     |
[INFO] [stdout] 151 |     ) -> anyhow::Result<FetchOptions<'_>> {
[INFO] [stdout]     |                                     ++++
[INFO] [stdout] 
[INFO] [stdout] 
[INFO] [stderr]     Finished `release` profile [optimized] target(s) in 5m 21s
[INFO] running `Command { std: "docker" "inspect" "a0b54e59067a9717a1c401ced48554e9af6849600992250205260a1f0a62ce1b", kill_on_drop: false }`
[INFO] running `Command { std: "docker" "exec" "-e" "SOURCE_DIR=/opt/rustwide/workdir" "-e" "CARGO_HOME=/opt/rustwide/cargo-home" "-e" "RUSTUP_HOME=/opt/rustwide/rustup-home" "-e" "CARGO_TARGET_DIR=/opt/rustwide/target" "-e" "CARGO_INCREMENTAL=0" "-e" "RUST_BACKTRACE=full" "-e" "RUSTFLAGS=--cap-lints=warn" "-e" "RUSTDOCFLAGS=--cap-lints=warn" "-w" "/opt/rustwide/workdir" "--user" "0:0" "a0b54e59067a9717a1c401ced48554e9af6849600992250205260a1f0a62ce1b" "/opt/rustwide/cargo-home/bin/cargo" "+1.100.0-beta.1" "test" "--frozen" "--no-run" "--message-format=json" "--release", kill_on_drop: false }`
[INFO] [stderr] warning: `package.homepage` is redundant with `package.repository`
[INFO] [stderr]    --> Cargo.toml:151:12
[INFO] [stderr]     |
[INFO] [stderr] 151 | homepage = "https://github.com/innobead/huber"
[INFO] [stderr]     |            ^^^^^^^^^^^^^^^^^^^^^^^^^^^^^^^^^^^
[INFO] [stderr] ...
[INFO] [stderr] 157 | repository = "https://github.com/innobead/huber"
[INFO] [stderr]     |              -----------------------------------
[INFO] [stderr]     |
[INFO] [stderr]     = note: `cargo::redundant_homepage` is set to `warn` by default
[INFO] [stderr] help: consider removing `package.homepage`
[INFO] [stderr] warning: `huber` (manifest) generated 1 warning
[INFO] [stderr]    Compiling regex-automata v0.4.9
[INFO] [stderr]    Compiling rustix v0.38.44
[INFO] [stderr]    Compiling getrandom v0.3.1
[INFO] [stderr]    Compiling doc-comment v0.3.3
[INFO] [stderr]    Compiling predicates-core v1.0.9
[INFO] [stderr]    Compiling termtree v0.5.1
[INFO] [stderr]    Compiling assert_cmd v2.0.16
[INFO] [stderr]    Compiling wait-timeout v0.2.1
[INFO] [stderr]    Compiling sequential-macro v0.1.4
[INFO] [stderr]    Compiling predicates v3.1.3
[INFO] [stderr]    Compiling predicates-tree v1.0.12
[INFO] [stderr]    Compiling sequential-test v0.2.4
[INFO] [stderr]    Compiling xattr v1.4.0
[INFO] [stderr]    Compiling tempfile v3.16.0
[INFO] [stderr]    Compiling tar v0.4.43
[INFO] [stderr]    Compiling regex v1.11.1
[INFO] [stderr]    Compiling bstr v1.11.3
[INFO] [stderr]    Compiling env_logger v0.6.2
[INFO] [stderr]    Compiling Inflector v0.11.4
[INFO] [stderr]    Compiling env_filter v0.1.3
[INFO] [stderr]    Compiling pretty_env_logger v0.3.1
[INFO] [stderr]    Compiling env_logger v0.11.6
[INFO] [stderr]    Compiling libcli-rs v0.1.4
[INFO] [stderr]    Compiling simpledi-rs v0.1.0
[INFO] [stderr]    Compiling huber v1.0.11 (/opt/rustwide/workdir)
[INFO] [stdout] warning: unused import: `debug`
[INFO] [stdout]  --> src/cmd/install.rs:5:11
[INFO] [stdout]   |
[INFO] [stdout] 5 | use log::{debug, info, warn};
[INFO] [stdout]   |           ^^^^^
[INFO] [stdout]   |
[INFO] [stdout]   = note: `#[warn(unused_imports)]` (part of `#[warn(unused)]`) on by default
[INFO] [stdout] 
[INFO] [stdout] 
[INFO] [stdout] warning: unused import: `anyhow::anyhow`
[INFO] [stdout]  --> src/cmd/lock.rs:3:5
[INFO] [stdout]   |
[INFO] [stdout] 3 | use anyhow::anyhow;
[INFO] [stdout]   |     ^^^^^^^^^^^^^^
[INFO] [stdout] 
[INFO] [stdout] 
[INFO] [stdout] warning: unused import: `anyhow::anyhow`
[INFO] [stdout]  --> src/cmd/uninstall.rs:1:5
[INFO] [stdout]   |
[INFO] [stdout] 1 | use anyhow::anyhow;
[INFO] [stdout]   |     ^^^^^^^^^^^^^^
[INFO] [stdout] 
[INFO] [stdout] 
[INFO] [stdout] warning: unused import: `anyhow::anyhow`
[INFO] [stdout]  --> src/cmd/unlock.rs:1:5
[INFO] [stdout]   |
[INFO] [stdout] 1 | use anyhow::anyhow;
[INFO] [stdout]   |     ^^^^^^^^^^^^^^
[INFO] [stdout] 
[INFO] [stdout] 
[INFO] [stdout] warning: unused import: `debug`
[INFO] [stdout]  --> src/cmd/install.rs:5:11
[INFO] [stdout]   |
[INFO] [stdout] 5 | use log::{debug, info, warn};
[INFO] [stdout]   |           ^^^^^
[INFO] [stdout]   |
[INFO] [stdout]   = note: `#[warn(unused_imports)]` (part of `#[warn(unused)]`) on by default
[INFO] [stdout] 
[INFO] [stdout] 
[INFO] [stdout] warning: unused import: `anyhow::anyhow`
[INFO] [stdout]  --> src/cmd/lock.rs:3:5
[INFO] [stdout]   |
[INFO] [stdout] 3 | use anyhow::anyhow;
[INFO] [stdout]   |     ^^^^^^^^^^^^^^
[INFO] [stdout] 
[INFO] [stdout] 
[INFO] [stdout] warning: unused import: `anyhow::anyhow`
[INFO] [stdout]  --> src/cmd/uninstall.rs:1:5
[INFO] [stdout]   |
[INFO] [stdout] 1 | use anyhow::anyhow;
[INFO] [stdout]   |     ^^^^^^^^^^^^^^
[INFO] [stdout] 
[INFO] [stdout] 
[INFO] [stdout] warning: unused import: `anyhow::anyhow`
[INFO] [stdout]  --> src/cmd/unlock.rs:1:5
[INFO] [stdout]   |
[INFO] [stdout] 1 | use anyhow::anyhow;
[INFO] [stdout]   |     ^^^^^^^^^^^^^^
[INFO] [stdout] 
[INFO] [stdout] 
[INFO] [stdout] warning: hiding a lifetime that's elided elsewhere is confusing
[INFO] [stdout]    --> src/gh.rs:149:9
[INFO] [stdout]     |
[INFO] [stdout] 149 |         &self,
[INFO] [stdout]     |         ^^^^^ the lifetime is elided here
[INFO] [stdout] 150 |         key: T,
[INFO] [stdout] 151 |     ) -> anyhow::Result<FetchOptions> {
[INFO] [stdout]     |                         ^^^^^^^^^^^^ the same lifetime is hidden here
[INFO] [stdout]     |
[INFO] [stdout]     = help: the same lifetime is referred to in inconsistent ways, making the signature confusing
[INFO] [stdout]     = note: `#[warn(mismatched_lifetime_syntaxes)]` on by default
[INFO] [stdout] help: use `'_` for type paths
[INFO] [stdout]     |
[INFO] [stdout] 151 |     ) -> anyhow::Result<FetchOptions<'_>> {
[INFO] [stdout]     |                                     ++++
[INFO] [stdout] 
[INFO] [stdout] 
[INFO] [stdout] warning: hiding a lifetime that's elided elsewhere is confusing
[INFO] [stdout]    --> src/gh.rs:149:9
[INFO] [stdout]     |
[INFO] [stdout] 149 |         &self,
[INFO] [stdout]     |         ^^^^^ the lifetime is elided here
[INFO] [stdout] 150 |         key: T,
[INFO] [stdout] 151 |     ) -> anyhow::Result<FetchOptions> {
[INFO] [stdout]     |                         ^^^^^^^^^^^^ the same lifetime is hidden here
[INFO] [stdout]     |
[INFO] [stdout]     = help: the same lifetime is referred to in inconsistent ways, making the signature confusing
[INFO] [stdout]     = note: `#[warn(mismatched_lifetime_syntaxes)]` on by default
[INFO] [stdout] help: use `'_` for type paths
[INFO] [stdout]     |
[INFO] [stdout] 151 |     ) -> anyhow::Result<FetchOptions<'_>> {
[INFO] [stdout]     |                                     ++++
[INFO] [stdout] 
[INFO] [stdout] 
[INFO] [stderr]     Finished `release` profile [optimized] target(s) in 47.23s
[INFO] running `Command { std: "docker" "inspect" "a0b54e59067a9717a1c401ced48554e9af6849600992250205260a1f0a62ce1b", kill_on_drop: false }`
[INFO] running `Command { std: "docker" "exec" "-e" "SOURCE_DIR=/opt/rustwide/workdir" "-e" "CARGO_HOME=/opt/rustwide/cargo-home" "-e" "RUSTUP_HOME=/opt/rustwide/rustup-home" "-e" "CARGO_TARGET_DIR=/opt/rustwide/target" "-e" "CARGO_INCREMENTAL=0" "-e" "RUST_BACKTRACE=full" "-e" "RUSTFLAGS=--cap-lints=warn" "-e" "RUSTDOCFLAGS=--cap-lints=warn" "-w" "/opt/rustwide/workdir" "--user" "0:0" "a0b54e59067a9717a1c401ced48554e9af6849600992250205260a1f0a62ce1b" "/opt/rustwide/cargo-home/bin/cargo" "+1.100.0-beta.1" "test" "--frozen" "--release", kill_on_drop: false }`
[INFO] [stderr] warning: `package.homepage` is redundant with `package.repository`
[INFO] [stderr]    --> Cargo.toml:151:12
[INFO] [stderr]     |
[INFO] [stderr] 151 | homepage = "https://github.com/innobead/huber"
[INFO] [stderr]     |            ^^^^^^^^^^^^^^^^^^^^^^^^^^^^^^^^^^^
[INFO] [stderr] ...
[INFO] [stderr] 157 | repository = "https://github.com/innobead/huber"
[INFO] [stderr]     |              -----------------------------------
[INFO] [stderr]     |
[INFO] [stderr]     = note: `cargo::redundant_homepage` is set to `warn` by default
[INFO] [stderr] help: consider removing `package.homepage`
[INFO] [stderr] warning: `huber` (manifest) generated 1 warning
[INFO] [stderr] warning: unused import: `debug`
[INFO] [stderr]  --> src/cmd/install.rs:5:11
[INFO] [stderr]   |
[INFO] [stderr] 5 | use log::{debug, info, warn};
[INFO] [stderr]   |           ^^^^^
[INFO] [stderr]   |
[INFO] [stderr]   = note: `#[warn(unused_imports)]` (part of `#[warn(unused)]`) on by default
[INFO] [stderr] 
[INFO] [stderr] warning: unused import: `anyhow::anyhow`
[INFO] [stderr]  --> src/cmd/lock.rs:3:5
[INFO] [stderr]   |
[INFO] [stderr] 3 | use anyhow::anyhow;
[INFO] [stderr]   |     ^^^^^^^^^^^^^^
[INFO] [stderr] 
[INFO] [stderr] warning: unused import: `anyhow::anyhow`
[INFO] [stderr]  --> src/cmd/uninstall.rs:1:5
[INFO] [stderr]   |
[INFO] [stderr] 1 | use anyhow::anyhow;
[INFO] [stderr]   |     ^^^^^^^^^^^^^^
[INFO] [stderr] 
[INFO] [stderr] warning: unused import: `anyhow::anyhow`
[INFO] [stderr]  --> src/cmd/unlock.rs:1:5
[INFO] [stderr]   |
[INFO] [stderr] 1 | use anyhow::anyhow;
[INFO] [stderr]   |     ^^^^^^^^^^^^^^
[INFO] [stderr] 
[INFO] [stderr] warning: hiding a lifetime that's elided elsewhere is confusing
[INFO] [stderr]    --> src/gh.rs:149:9
[INFO] [stderr]     |
[INFO] [stderr] 149 |         &self,
[INFO] [stderr]     |         ^^^^^ the lifetime is elided here
[INFO] [stderr] 150 |         key: T,
[INFO] [stderr] 151 |     ) -> anyhow::Result<FetchOptions> {
[INFO] [stderr]     |                         ^^^^^^^^^^^^ the same lifetime is hidden here
[INFO] [stderr]     |
[INFO] [stderr]     = help: the same lifetime is referred to in inconsistent ways, making the signature confusing
[INFO] [stderr]     = note: `#[warn(mismatched_lifetime_syntaxes)]` on by default
[INFO] [stderr] help: use `'_` for type paths
[INFO] [stderr]     |
[INFO] [stderr] 151 |     ) -> anyhow::Result<FetchOptions<'_>> {
[INFO] [stderr]     |                                     ++++
[INFO] [stderr] 
[INFO] [stderr] warning: `huber` (lib) generated 5 warnings (run `cargo fix --lib -p huber` to apply 5 suggestions)
[INFO] [stderr] warning: `huber` (lib test) generated 5 warnings (5 duplicates)
[INFO] [stderr]     Finished `release` profile [optimized] target(s) in 0.32s
[INFO] [stderr]      Running unittests src/lib.rs (/opt/rustwide/target/release/build/huber/c260686bd127a63f/out/huber-c260686bd127a63f)
[INFO] [stdout] 
[INFO] [stdout] running 5 tests
[INFO] [stdout] test cmd::test::test_get_updated_package_version ... ok
[INFO] [stdout] test fs::test::test_has_suffix ... ok
[INFO] [stdout] test fs::test::test_is_empty_dir ... ok
[INFO] [stdout] test os::test::test_is_os_arch_match ... ok
[INFO] [stdout] test os::test::test_trim_os_arch_version ... ok
[INFO] [stdout] 
[INFO] [stdout] test result: ok. 5 passed; 0 failed; 0 ignored; 0 measured; 0 filtered out; finished in 0.05s
[INFO] [stdout] 
[INFO] [stderr]      Running unittests src/bin/huber.rs (/opt/rustwide/target/release/build/huber/80b850010ef2ba57/out/huber-80b850010ef2ba57)
[INFO] [stdout] 
[INFO] [stdout] running 0 tests
[INFO] [stdout] 
[INFO] [stdout] test result: ok. 0 passed; 0 failed; 0 ignored; 0 measured; 0 filtered out; finished in 0.00s
[INFO] [stdout] 
[INFO] [stderr]      Running tests/completions.rs (/opt/rustwide/target/release/build/huber/8dd09f8849f5c1b4/out/completions-8dd09f8849f5c1b4)
[INFO] [stdout] 
[INFO] [stdout] running 1 test
[INFO] [stdout] test test_completions ... ok
[INFO] [stdout] 
[INFO] [stdout] test result: ok. 1 passed; 0 failed; 0 ignored; 0 measured; 0 filtered out; finished in 0.01s
[INFO] [stdout] 
[INFO] [stderr]      Running tests/config.rs (/opt/rustwide/target/release/build/huber/408f0ea8ffc43844/out/config-408f0ea8ffc43844)
[INFO] [stdout] 
[INFO] [stdout] running 2 tests
[INFO] [stdout] test test_config_save_and_found ... ok
[INFO] [stdout] test test_config_not_found ... ok
[INFO] [stdout] 
[INFO] [stdout] test result: ok. 2 passed; 0 failed; 0 ignored; 0 measured; 0 filtered out; finished in 0.04s
[INFO] [stdout] 
[INFO] [stdout] 
[INFO] [stdout] running 2 tests
[INFO] [stderr]      Running tests/current.rs (/opt/rustwide/target/release/build/huber/569365ceaacd2f1d/out/current-569365ceaacd2f1d)
[INFO] [stdout] test test_current ... FAILED
[INFO] [stdout] test test_current_fail ... ok
[INFO] [stdout] 
[INFO] [stdout] failures:
[INFO] [stdout] 
[INFO] [stdout] ---- test_current stdout ----
[INFO] [stdout] 
[INFO] [stdout] thread 'test_current' (16413) panicked at /rustc/e3feeb59cd1bdd011a2bfcc0747b55125d9b8527/library/core/src/ops/function.rs:250:5:
[INFO] [stdout] Unexpected failure.
[INFO] [stdout] code=1
[INFO] [stdout] stderr=``````
[INFO] [stdout] [2026-10-18T10:14:37Z DEBUG simpledi_rs::di] creating DI system container
[INFO] [stdout] [2026-10-18T10:14:37Z DEBUG simpledi_rs::di] adding CacheService { container: None } to DI system
[INFO] [stdout] [2026-10-18T10:14:37Z DEBUG simpledi_rs::di] adding Config { log_level: \"DEBUG\", output_format: Console, huber_dir: \"/root/.huber\", github_token: None, github_key: None, github_base_uri: Some(\"https://api.github.com\"), lock_pkg_versions: {} } to DI system
[INFO] [stdout] [2026-10-18T10:14:37Z DEBUG simpledi_rs::di] adding ConfigService { container: None } to DI system
[INFO] [stdout] [2026-10-18T10:14:37Z DEBUG simpledi_rs::di] adding PackageService { container: None } to DI system
[INFO] [stdout] [2026-10-18T10:14:37Z DEBUG simpledi_rs::di] adding ReleaseService { container: None } to DI system
[INFO] [stdout] [2026-10-18T10:14:37Z DEBUG simpledi_rs::di] adding RepoService { container: None } to DI system
[INFO] [stdout] [2026-10-18T10:14:37Z DEBUG simpledi_rs::di] adding HuberUpdateService { container: None } to DI system
[INFO] [stdout] [2026-10-18T10:14:37Z DEBUG simpledi_rs::di] initializing DI system
[INFO] [stdout] [2026-10-18T10:14:37Z DEBUG huber::service::cache] Refreshing package indexes
[INFO] [stdout] [2026-10-18T10:14:37Z DEBUG huber::service::repo] Creating external repo: Repository { name: \"local\", url: None, file: None }
[INFO] [stdout] [2026-10-18T10:14:37Z DEBUG huber::service::repo] Creating local repo \"/root/.huber/repos/local/huber.yaml\"
[INFO] [stdout] [2026-10-18T10:14:37Z DEBUG huber::cmd::install] Locking the operation: \"/root/.huber/lock\"
[INFO] [stdout] [2026-10-18T10:14:37Z DEBUG huber::service::cache] Updating huber repo
[INFO] [stdout] [2026-10-18T10:14:37Z DEBUG huber::service::cache] Updating \"/root/.huber/repos/huber\"
[INFO] [stdout] [2026-10-18T10:14:37Z DEBUG huber::gh] Use github client with no auth
[INFO] [stdout] [2026-10-18T10:14:37Z DEBUG hyper_rustls::config] with_native_roots processed 121 valid and 0 invalid certs
[INFO] [stdout] [2026-10-18T10:14:37Z DEBUG huber::gh] Cloning huber github repo
[INFO] [stdout] [2026-10-18T10:14:37Z DEBUG huber::gh] Merging huber repo update
[INFO] [stdout] [2026-10-18T10:14:38Z DEBUG huber::gh] Failed to fetch huber github repo, could not find repository at \'/root/.huber/repos/huber\'; class=Repository (6); code=NotFound (-3)
[INFO] [stdout]     
[INFO] [stdout]     Stack backtrace:
[INFO] [stdout]        0: <anyhow::Error as core::convert::From<git2::error::Error>>::from
[INFO] [stdout]        1: <huber::gh::GithubClient as huber::gh::GithubClientTrait>::clone::<std::path::PathBuf>::{closure#0}
[INFO] [stdout]        2: <huber::service::cache::CacheService as huber::service::cache::CacheAsyncTrait>::update_repositories::{closure#0}
[INFO] [stdout]        3: <huber::cmd::install::InstallArgs as huber::cmd::CommandTrait>::run::{closure#0}
[INFO] [stdout]        4: huber::main::{closure#0}
[INFO] [stdout]        5: <tokio::runtime::park::CachedParkThread>::block_on::<huber::main::{closure#0}>
[INFO] [stdout]        6: tokio::runtime::context::runtime::enter_runtime::<<tokio::runtime::scheduler::multi_thread::MultiThread>::block_on<huber::main::{closure#0}>::{closure#0}, ()>
[INFO] [stdout]        7: <tokio::runtime::runtime::Runtime>::block_on::<huber::main::{closure#0}>
[INFO] [stdout]        8: huber::main
[INFO] [stdout]        9: std::sys::backtrace::__rust_begin_short_backtrace::<fn(), ()>
[INFO] [stdout]       10: std::rt::lang_start::<()>::{closure#0}
[INFO] [stdout]       11: std::rt::lang_start_internal
[INFO] [stdout]       12: main
[INFO] [stdout]       13: <unknown>
[INFO] [stdout]       14: __libc_start_main
[INFO] [stdout]       15: _start
[INFO] [stdout] [2026-10-18T10:14:38Z DEBUG huber::gh] Cloning huber repo via https
[INFO] [stdout] [2026-10-18T10:14:38Z ERROR huber] failed to resolve address for github.com: Temporary failure in name resolution; class=Net (12); Use debug log to get more detailed error info
[INFO] [stdout] [2026-10-18T10:14:38Z DEBUG huber] failed to resolve address for github.com: Temporary failure in name resolution; class=Net (12)
[INFO] [stdout]     
[INFO] [stdout]     Stack backtrace:
[INFO] [stdout]        0: <anyhow::Error as core::convert::From<git2::error::Error>>::from
[INFO] [stdout]        1: <huber::gh::GithubClient>::clone_fresh::<&std::path::PathBuf>
[INFO] [stdout]        2: <huber::gh::GithubClient as huber::gh::GithubClientTrait>::clone::<std::path::PathBuf>::{closure#0}
[INFO] [stdout]        3: <huber::service::cache::CacheService as huber::service::cache::CacheAsyncTrait>::update_repositories::{closure#0}
[INFO] [stdout]        4: <huber::cmd::install::InstallArgs as huber::cmd::CommandTrait>::run::{closure#0}
[INFO] [stdout]        5: huber::main::{closure#0}
[INFO] [stdout]        6: <tokio::runtime::park::CachedParkThread>::block_on::<huber::main::{closure#0}>
[INFO] [stdout]        7: tokio::runtime::context::runtime::enter_runtime::<<tokio::runtime::scheduler::multi_thread::MultiThread>::block_on<huber::main::{closure#0}>::{closure#0}, ()>
[INFO] [stdout]        8: <tokio::runtime::runtime::Runtime>::block_on::<huber::main::{closure#0}>
[INFO] [stdout]        9: huber::main
[INFO] [stdout]       10: std::sys::backtrace::__rust_begin_short_backtrace::<fn(), ()>
[INFO] [stdout]       11: std::rt::lang_start::<()>::{closure#0}
[INFO] [stdout]       12: std::rt::lang_start_internal
[INFO] [stdout]       13: main
[INFO] [stdout]       14: <unknown>
[INFO] [stdout]       15: __libc_start_main
[INFO] [stdout]       16: _start
[INFO] [stdout] ```
[INFO] [stdout] ```
[INFO] [stdout] command=`HUBER_PKG_ROOT_DIR="/opt/rustwide/generated-v1" "/opt/rustwide/target/release/huber" "-l" "debug" "install" "k9s@v0.32.5"`
[INFO] [stdout] code=1
[INFO] [stdout] stdout=""
[INFO] [stdout] stderr=```
[INFO] [stdout] [2026-10-18T10:14:37Z DEBUG simpledi_rs::di] creating DI system container
[INFO] [stdout] [2026-10-18T10:14:37Z DEBUG simpledi_rs::di] adding CacheService { container: None } to DI system
[INFO] [stdout] [2026-10-18T10:14:37Z DEBUG simpledi_rs::di] adding Config { log_level: \"DEBUG\", output_format: Console, huber_dir: \"/root/.huber\", github_token: None, github_key: None, github_base_uri: Some(\"https://api.github.com\"), lock_pkg_versions: {} } to DI system
[INFO] [stdout] [2026-10-18T10:14:37Z DEBUG simpledi_rs::di] adding ConfigService { container: None } to DI system
[INFO] [stdout] [2026-10-18T10:14:37Z DEBUG simpledi_rs::di] adding PackageService { container: None } to DI system
[INFO] [stdout] [2026-10-18T10:14:37Z DEBUG simpledi_rs::di] adding ReleaseService { container: None } to DI system
[INFO] [stdout] [2026-10-18T10:14:37Z DEBUG simpledi_rs::di] adding RepoService { container: None } to DI system
[INFO] [stdout] [2026-10-18T10:14:37Z DEBUG simpledi_rs::di] adding HuberUpdateService { container: None } to DI system
[INFO] [stdout] [2026-10-18T10:14:37Z DEBUG simpledi_rs::di] initializing DI system
[INFO] [stdout] [2026-10-18T10:14:37Z DEBUG huber::service::cache] Refreshing package indexes
[INFO] [stdout] [2026-10-18T10:14:37Z DEBUG huber::service::repo] Creating external repo: Repository { name: \"local\", url: None, file: None }
[INFO] [stdout] [2026-10-18T10:14:37Z DEBUG huber::service::repo] Creating local repo \"/root/.huber/repos/local/huber.yaml\"
[INFO] [stdout] [2026-10-18T10:14:37Z DEBUG huber::cmd::install] Locking the operation: \"/root/.huber/lock\"
[INFO] [stdout] [2026-10-18T10:14:37Z DEBUG huber::service::cache] Updating huber repo
[INFO] [stdout] [2026-10-18T10:14:37Z DEBUG huber::service::cache] Updating \"/root/.huber/repos/huber\"
[INFO] [stdout] [2026-10-18T10:14:37Z DEBUG huber::gh] Use github client with no auth
[INFO] [stdout] [2026-10-18T10:14:37Z DEBUG hyper_rustls::config] with_native_roots processed 121 valid and 0 invalid certs
[INFO] [stdout] [2026-10-18T10:14:37Z DEBUG huber::gh] Cloning huber github repo
[INFO] [stdout] [2026-10-18T10:14:37Z DEBUG huber::gh] Merging huber repo update
[INFO] [stdout] [2026-10-18T10:14:38Z DEBUG huber::gh] Failed to fetch huber github repo, could not find repository at \'/root/.huber/repos/huber\'; class=Repository (6); code=NotFound (-3)
[INFO] [stdout]     
[INFO] [stdout]     Stack backtrace:
[INFO] [stdout]        0: <anyhow::Error as core::convert::From<git2::error::Error>>::from
[INFO] [stdout]        1: <huber::gh::GithubClient as huber::gh::GithubClientTrait>::clone::<std::path::PathBuf>::{closure#0}
[INFO] [stdout]        2: <huber::service::cache::CacheService as huber::service::cache::CacheAsyncTrait>::update_repositories::{closure#0}
[INFO] [stdout]        3: <huber::cmd::install::InstallArgs as huber::cmd::CommandTrait>::run::{closure#0}
[INFO] [stdout]        4: huber::main::{closure#0}
[INFO] [stdout]        5: <tokio::runtime::park::CachedParkThread>::block_on::<huber::main::{closure#0}>
[INFO] [stdout]        6: tokio::runtime::context::runtime::enter_runtime::<<tokio::runtime::scheduler::multi_thread::MultiThread>::block_on<huber::main::{closure#0}>::{closure#0}, ()>
[INFO] [stdout]        7: <tokio::runtime::runtime::Runtime>::block_on::<huber::main::{closure#0}>
[INFO] [stdout]        8: huber::main
[INFO] [stdout]        9: std::sys::backtrace::__rust_begin_short_backtrace::<fn(), ()>
[INFO] [stdout]       10: std::rt::lang_start::<()>::{closure#0}
[INFO] [stdout]       11: std::rt::lang_start_internal
[INFO] [stdout]       12: main
[INFO] [stdout]       13: <unknown>
[INFO] [stdout]       14: __libc_start_main
[INFO] [stdout]       15: _start
[INFO] [stdout] [2026-10-18T10:14:38Z DEBUG huber::gh] Cloning huber repo via https
[INFO] [stdout] [2026-10-18T10:14:38Z ERROR huber] failed to resolve address for github.com: Temporary failure in name resolution; class=Net (12); Use debug log to get more detailed error info
[INFO] [stdout] [2026-10-18T10:14:38Z DEBUG huber] failed to resolve address for github.com: Temporary failure in name resolution; class=Net (12)
[INFO] [stdout]     
[INFO] [stdout]     Stack backtrace:
[INFO] [stdout]        0: <anyhow::Error as core::convert::From<git2::error::Error>>::from
[INFO] [stdout]        1: <huber::gh::GithubClient>::clone_fresh::<&std::path::PathBuf>
[INFO] [stdout]        2: <huber::gh::GithubClient as huber::gh::GithubClientTrait>::clone::<std::path::PathBuf>::{closure#0}
[INFO] [stdout]        3: <huber::service::cache::CacheService as huber::service::cache::CacheAsyncTrait>::update_repositories::{closure#0}
[INFO] [stdout]        4: <huber::cmd::install::InstallArgs as huber::cmd::CommandTrait>::run::{closure#0}
[INFO] [stdout]        5: huber::main::{closure#0}
[INFO] [stdout]        6: <tokio::runtime::park::CachedParkThread>::block_on::<huber::main::{closure#0}>
[INFO] [stdout]        7: tokio::runtime::context::runtime::enter_runtime::<<tokio::runtime::scheduler::multi_thread::MultiThread>::block_on<huber::main::{closure#0}>::{closure#0}, ()>
[INFO] [stdout]        8: <tokio::runtime::runtime::Runtime>::block_on::<huber::main::{closure#0}>
[INFO] [stdout]        9: huber::main
[INFO] [stdout]       10: std::sys::backtrace::__rust_begin_short_backtrace::<fn(), ()>
[INFO] [stdout]       11: std::rt::lang_start::<()>::{closure#0}
[INFO] [stdout]       12: std::rt::lang_start_internal
[INFO] [stdout]       13: main
[INFO] [stdout]       14: <unknown>
[INFO] [stdout]       15: __libc_start_main
[INFO] [stdout]       16: _start
[INFO] [stdout] ```
[INFO] [stdout] 
[INFO] [stdout] 
[INFO] [stdout] stack backtrace:
[INFO] [stdout]    0:     0x56126fa74fe1 - <<std[617be2ca0a6fd877]::sys::backtrace::BacktraceLock>::print::DisplayBacktrace as core[a373ad73a504971]::fmt::Display>::fmt
[INFO] [stdout]    1:     0x56126fa8bb9a - core[a373ad73a504971]::fmt::write
[INFO] [stdout]    2:     0x56126fa7a63c - <alloc[2e1b2a31b91974c5]::vec::Vec<u8> as core[a373ad73a504971]::io::write::Write>::write_fmt
[INFO] [stdout]    3:     0x56126fa50a66 - std[617be2ca0a6fd877]::panicking::default_hook::{closure#0}
[INFO] [stdout]    4:     0x56126fa6d479 - std[617be2ca0a6fd877]::panicking::default_hook
[INFO] [stdout]    5:     0x56126f93f9f0 - test[aada8e7e76ba119b]::test_main_inner::{closure#0}
[INFO] [stdout]    6:     0x56126fa6d7a2 - std[617be2ca0a6fd877]::panicking::panic_with_hook
[INFO] [stdout]    7:     0x56126fa50b12 - std[617be2ca0a6fd877]::panicking::panic_handler::{closure#0}
[INFO] [stdout]    8:     0x56126fa49829 - std[617be2ca0a6fd877]::sys::backtrace::__rust_end_short_backtrace::<std[617be2ca0a6fd877]::panicking::panic_handler::{closure#0}, !>
[INFO] [stdout]    9:     0x56126fa5171d - __rustc[ea4f61d10b84890b]::rust_begin_unwind
[INFO] [stdout]   10:     0x56126fa8c37c - core[a373ad73a504971]::panicking::panic_fmt
[INFO] [stdout]   11:     0x56126f973873 - <assert_cmd[87074d82d3fa8c3f]::assert::AssertError>::panic::<assert_cmd[87074d82d3fa8c3f]::assert::Assert>
[INFO] [stdout]   12:     0x56126f973e86 - <assert_cmd[87074d82d3fa8c3f]::assert::Assert>::success
[INFO] [stdout]   13:     0x56126f931577 - current[418de28f3b70f2d9]::common::install_pkgs
[INFO] [stdout]   14:     0x56126f92f941 - <current[418de28f3b70f2d9]::test_current::{closure#0} as core[a373ad73a504971]::ops::function::FnOnce<()>>::call_once
[INFO] [stdout]   15:     0x56126f932e3b - test[aada8e7e76ba119b]::__rust_begin_short_backtrace::<core[a373ad73a504971]::result::Result<(), alloc[2e1b2a31b91974c5]::string::String>, fn() -> core[a373ad73a504971]::result::Result<(), alloc[2e1b2a31b91974c5]::string::String>>
[INFO] [stdout]   16:     0x56126f940015 - test[aada8e7e76ba119b]::run_test::{closure#0}
[INFO] [stdout]   17:     0x56126f939904 - std[617be2ca0a6fd877]::sys::backtrace::__rust_begin_short_backtrace::<test[aada8e7e76ba119b]::run_test::{closure#1}, ()>
[INFO] [stdout]   18:     0x56126f9430a2 - <std[617be2ca0a6fd877]::thread::lifecycle::spawn_unchecked<test[aada8e7e76ba119b]::run_test::{closure#1}, ()>::{closure#1} as core[a373ad73a504971]::ops::function::FnOnce<()>>::call_once::{shim:vtable#0}
[INFO] [stdout]   19:     0x56126fa747af - <std[617be2ca0a6fd877]::sys::thread::unix::Thread>::new::thread_start
[INFO] [stdout]   20:     0x7782cea94dfa - <unknown>
[INFO] [stdout]   21:     0x7782ceb283d4 - clone
[INFO] [stdout]   22:                0x0 - <unknown>
[INFO] [stdout] 
[INFO] [stdout] 
[INFO] [stdout] failures:
[INFO] [stdout]     test_current
[INFO] [stdout] 
[INFO] [stdout] test result: FAILED. 1 passed; 1 failed; 0 ignored; 0 measured; 0 filtered out; finished in 0.29s
[INFO] [stdout] 
[INFO] [stderr] error: test failed, to rerun pass `--test current`
[INFO] running `Command { std: "docker" "inspect" "a0b54e59067a9717a1c401ced48554e9af6849600992250205260a1f0a62ce1b", kill_on_drop: false }`
[INFO] running `Command { std: "docker" "rm" "-f" "a0b54e59067a9717a1c401ced48554e9af6849600992250205260a1f0a62ce1b", kill_on_drop: false }`
[INFO] [stdout] a0b54e59067a9717a1c401ced48554e9af6849600992250205260a1f0a62ce1b
