[INFO] fetching crate holochain_cli_bundle 0.7.1...
[INFO] testing holochain_cli_bundle-0.7.1 against 1.100.0-beta.1+cargoflags=--release for beta-release-1.100-2
[INFO] extracting crate holochain_cli_bundle 0.7.1 into /workspace/builds/worker-3-tc2/source
[INFO] started tweaking crates.io crate holochain_cli_bundle 0.7.1
[INFO] removed 0 missing tests
[INFO] finished tweaking crates.io crate holochain_cli_bundle 0.7.1
[INFO] tweaked toml for crates.io crate holochain_cli_bundle 0.7.1 written to /workspace/builds/worker-3-tc2/source/Cargo.toml
[INFO] validating manifest of crates.io crate holochain_cli_bundle 0.7.1 on toolchain 1.100.0-beta.1
[INFO] running `Command { std: CARGO_HOME="/workspace/cargo-home" RUSTUP_HOME="/workspace/rustup-home" "/workspace/cargo-home/bin/cargo" "+1.100.0-beta.1" "metadata" "--manifest-path" "Cargo.toml" "--no-deps", kill_on_drop: false }`
[INFO] crate crates.io crate holochain_cli_bundle 0.7.1 already has a lockfile, it will not be regenerated
[INFO] running `Command { std: CARGO_HOME="/workspace/cargo-home" RUSTUP_HOME="/workspace/rustup-home" "/workspace/cargo-home/bin/cargo" "+1.100.0-beta.1" "fetch" "--manifest-path" "Cargo.toml", kill_on_drop: false }`
[INFO] [stderr]     Blocking waiting for file lock on package cache
[INFO] running `Command { std: "docker" "create" "-v" "/var/lib/crater-agent-workspace/builds/worker-3-tc2/source:/opt/rustwide/workdir:ro,Z" "-v" "/var/lib/crater-agent-workspace/builds/worker-3-tc2/target:/opt/rustwide/target:rw,Z" "-v" "/var/lib/crater-agent-workspace/cargo-home:/opt/rustwide/cargo-home:ro,Z" "-v" "/var/lib/crater-agent-workspace/rustup-home:/opt/rustwide/rustup-home:ro,Z" "-m" "1610612736" "--network" "none" "ghcr.io/rust-lang/crates-build-env/linux@sha256:77db811e55d90add9212f6832c23229e3de5f1c1f9905e8cb07319ea15df73ac" "sleep" "infinity", kill_on_drop: false }`
[INFO] [stdout] e8b2c71545a2ea8e9fe62f69896c2a6917d1ab38708d1d1bbb81965014af240a
[INFO] running `Command { std: "docker" "start" "e8b2c71545a2ea8e9fe62f69896c2a6917d1ab38708d1d1bbb81965014af240a", kill_on_drop: false }`
[INFO] running `Command { std: "docker" "inspect" "e8b2c71545a2ea8e9fe62f69896c2a6917d1ab38708d1d1bbb81965014af240a", kill_on_drop: false }`
[INFO] running `Command { std: "docker" "exec" "-e" "SOURCE_DIR=/opt/rustwide/workdir" "-e" "CARGO_HOME=/opt/rustwide/cargo-home" "-e" "RUSTUP_HOME=/opt/rustwide/rustup-home" "-e" "CARGO_TARGET_DIR=/opt/rustwide/target" "-w" "/opt/rustwide/workdir" "--user" "0:0" "e8b2c71545a2ea8e9fe62f69896c2a6917d1ab38708d1d1bbb81965014af240a" "/opt/rustwide/cargo-home/bin/cargo" "+1.100.0-beta.1" "metadata" "--no-deps" "--format-version=1", kill_on_drop: false }`
[INFO] running `Command { std: "docker" "inspect" "e8b2c71545a2ea8e9fe62f69896c2a6917d1ab38708d1d1bbb81965014af240a", kill_on_drop: false }`
[INFO] running `Command { std: "docker" "exec" "-e" "SOURCE_DIR=/opt/rustwide/workdir" "-e" "CARGO_HOME=/opt/rustwide/cargo-home" "-e" "RUSTUP_HOME=/opt/rustwide/rustup-home" "-e" "CARGO_TARGET_DIR=/opt/rustwide/target" "-e" "CARGO_INCREMENTAL=0" "-e" "RUST_BACKTRACE=full" "-e" "RUSTFLAGS=--cap-lints=warn" "-e" "RUSTDOCFLAGS=--cap-lints=warn" "-w" "/opt/rustwide/workdir" "--user" "0:0" "e8b2c71545a2ea8e9fe62f69896c2a6917d1ab38708d1d1bbb81965014af240a" "/opt/rustwide/cargo-home/bin/cargo" "+1.100.0-beta.1" "build" "--frozen" "--message-format=json" "--release", kill_on_drop: false }`
[INFO] [stderr]    Compiling smallvec v1.16.0
[INFO] [stderr]    Compiling crc32fast v1.5.1
[INFO] [stderr]    Compiling httparse v1.10.1
[INFO] [stderr]    Compiling serde_json v1.0.151
[INFO] [stderr]    Compiling bitflags v2.13.1
[INFO] [stderr]    Compiling syn v3.0.4
[INFO] [stderr]    Compiling indexmap v2.14.1
[INFO] [stderr]    Compiling no_std_io2 v0.9.4
[INFO] [stderr]    Compiling serde_derive v1.0.228
[INFO] [stderr]    Compiling hashbrown v0.16.1
[INFO] [stderr]    Compiling http v1.5.0
[INFO] [stderr]    Compiling bumpalo v3.20.3
[INFO] [stderr]    Compiling rle-decode-fast v1.0.3
[INFO] [stderr]    Compiling simd-adler32 v0.3.10
[INFO] [stderr]    Compiling base64 v0.23.1
[INFO] [stderr]    Compiling zlib-rs v0.6.7
[INFO] [stderr]    Compiling futures-channel v0.3.34
[INFO] [stderr]    Compiling filetime v0.2.29
[INFO] [stderr]    Compiling rustix v1.1.4
[INFO] [stderr]    Compiling adler32 v1.2.0
[INFO] [stderr]    Compiling utf8-zero v0.8.1
[INFO] [stderr]    Compiling typed-path v0.12.3
[INFO] [stderr]    Compiling dary_heap v0.3.9
[INFO] [stderr]    Compiling parking_lot_core v0.9.12
[INFO] [stderr]    Compiling cc v1.4.4
[INFO] [stderr]    Compiling minisign-verify v0.2.5
[INFO] [stderr]    Compiling zopfli v0.8.3
[INFO] [stderr]    Compiling ref-cast v1.0.27
[INFO] [stderr]    Compiling darling_core v0.20.11
[INFO] [stderr]    Compiling rmp v0.8.15
[INFO] [stderr]    Compiling serde_derive_internals v0.29.1
[INFO] [stderr]    Compiling unicode-segmentation v1.13.3
[INFO] [stderr]    Compiling libflate_lz77 v2.3.0
[INFO] [stderr]    Compiling ureq-proto v0.6.1
[INFO] [stderr]    Compiling libflate v2.3.1
[INFO] [stderr]    Compiling arrayvec v0.7.8
[INFO] [stderr]    Compiling parking_lot v0.12.5
[INFO] [stderr]    Compiling convert_case v0.10.0
[INFO] [stderr]    Compiling object v0.37.3
[INFO] [stderr]    Compiling socket2 v0.6.3
[INFO] [stderr]    Compiling ureq v3.4.0
[INFO] [stderr]    Compiling rtoolbox v0.0.6
[INFO] [stderr]    Compiling crossbeam-utils v0.8.22
[INFO] [stderr]    Compiling schemars_derive v0.9.0
[INFO] [stderr]    Compiling rpassword v7.5.4
[INFO] [stderr]    Compiling derive_more-impl v2.1.1
[INFO] [stderr]    Compiling holochain_serialized_bytes_derive v0.0.57
[INFO] [stderr]    Compiling serde_bytes v0.11.19
[INFO] [stderr]    Compiling colored v3.1.1
[INFO] [stderr]    Compiling xattr v1.6.1
[INFO] [stderr]    Compiling dunce v1.0.5
[INFO] [stderr]    Compiling regex-automata v0.4.18
[INFO] [stderr]    Compiling tar v0.4.46
[INFO] [stderr]    Compiling darling_core v0.23.0
[INFO] [stderr]    Compiling getrandom v0.2.17
[INFO] [stderr]    Compiling ahash v0.8.12
[INFO] [stderr]    Compiling syn v1.0.109
[INFO] [stderr]    Compiling sha2 v0.10.9
[INFO] [stderr]    Compiling blake2b_simd v1.0.5
[INFO] [stderr]    Compiling flate2 v1.1.10
[INFO] [stderr]    Compiling rand_core v0.6.4
[INFO] [stderr]    Compiling clap_builder v4.6.6
[INFO] [stderr]    Compiling getrandom v0.4.3
[INFO] [stderr]    Compiling env_filter v2.0.0
[INFO] [stderr]    Compiling subtle-encoding v0.5.1
[INFO] [stderr]    Compiling darling_macro v0.20.11
[INFO] [stderr]    Compiling libyaml-rs v0.3.0
[INFO] [stderr]    Compiling hashbrown v0.14.5
[INFO] [stderr]    Compiling zip v8.6.0
[INFO] [stderr]    Compiling darling v0.20.11
[INFO] [stderr]    Compiling derive_builder_core v0.20.2
[INFO] [stderr]    Compiling deranged v0.5.8
[INFO] [stderr]    Compiling percent-encoding v2.3.2
[INFO] [stderr]    Compiling serde v1.0.228
[INFO] [stderr]    Compiling dashmap v6.2.1
[INFO] [stderr]    Compiling form_urlencoded v1.2.2
[INFO] [stderr]    Compiling rgb v0.8.53
[INFO] [stderr]    Compiling env_logger v0.11.11
[INFO] [stderr]    Compiling rand_chacha v0.3.1
[INFO] [stderr]    Compiling derive_builder_macro v0.20.2
[INFO] [stderr]    Compiling derive_builder v0.20.2
[INFO] [stderr]    Compiling crossbeam-channel v0.5.16
[INFO] [stderr]    Compiling libsodium-sys-stable v1.24.0
[INFO] [stderr]    Compiling bytes v1.12.1
[INFO] [stderr]    Compiling rmp-serde v1.3.0
[INFO] [stderr]    Compiling chrono v0.4.45
[INFO] [stderr]    Compiling serde-transcode v1.1.1
[INFO] [stderr]    Compiling holochain_secure_primitive v0.7.1
[INFO] [stderr]    Compiling time v0.3.55
[INFO] [stderr]    Compiling yaml_serde v0.10.7
[INFO] [stderr]    Compiling tracing-serde v0.2.0
[INFO] [stderr]    Compiling derive_more v2.1.1
[INFO] [stderr]    Compiling darling_macro v0.23.0
[INFO] [stderr]    Compiling darling v0.23.0
[INFO] [stderr]    Compiling num-format v0.4.4
[INFO] [stderr]    Compiling itertools v0.8.2
[INFO] [stderr]    Compiling quick-xml v0.41.0
[INFO] [stderr]    Compiling bitflags v1.3.2
[INFO] [stderr]    Compiling str_stack v0.1.1
[INFO] [stderr]    Compiling serde_with_macros v3.22.0
[INFO] [stderr]    Compiling prost v0.14.4
[INFO] [stderr]    Compiling rand v0.8.8
[INFO] [stderr]    Compiling uuid v1.26.0
[INFO] [stderr]    Compiling strum_macros v0.27.2
[INFO] [stderr]    Compiling strum v0.27.2
[INFO] [stderr]    Compiling backtrace v0.3.76
[INFO] [stderr]    Compiling serde_with v3.22.0
[INFO] [stderr]    Compiling zerovec-derive v0.11.6
[INFO] [stderr]    Compiling displaydoc v0.2.7
[INFO] [stderr]    Compiling futures-macro v0.3.34
[INFO] [stderr]    Compiling thiserror-impl v2.0.20
[INFO] [stderr]    Compiling zerotrie v0.2.5
[INFO] [stderr]    Compiling ref-cast-impl v1.0.27
[INFO] [stderr]    Compiling tokio-macros v2.7.2
[INFO] [stderr]    Compiling futures-util v0.3.34
[INFO] [stderr]    Compiling zerovec v0.11.8
[INFO] [stderr]    Compiling schemars v0.9.0
[INFO] [stderr]    Compiling tinystr v0.8.4
[INFO] [stderr]    Compiling potential_utf v0.1.6
[INFO] [stderr]    Compiling icu_collections v2.3.0
[INFO] [stderr]    Compiling icu_locale_core v2.3.0
[INFO] [stderr]    Compiling thiserror v2.0.20
[INFO] [stderr]    Compiling tokio v1.53.1
[INFO] [stderr]    Compiling holochain_serialized_bytes v0.0.57
[INFO] [stderr]    Compiling holochain_timestamp v0.7.1
[INFO] [stderr]    Compiling holochain_wasmer_common v0.0.103
[INFO] [stderr]    Compiling clap_derive v4.6.4
[INFO] [stderr]    Compiling matchers v0.2.0
[INFO] [stderr]    Compiling holochain_nonce v0.7.1
[INFO] [stderr]    Compiling tracing-subscriber v0.3.23
[INFO] [stderr]    Compiling regex v1.13.1
[INFO] [stderr]    Compiling shrinkwraprs v0.3.0
[INFO] [stderr]    Compiling icu_provider v2.3.1
[INFO] [stderr]    Compiling nanoid v0.4.0
[INFO] [stderr]    Compiling tempfile v3.27.0
[INFO] [stderr]    Compiling itertools v0.14.0
[INFO] [stderr]    Compiling icu_normalizer v2.3.0
[INFO] [stderr]    Compiling icu_properties v2.3.0
[INFO] [stderr]    Compiling anyhow v1.0.104
[INFO] [stderr]    Compiling rand v0.9.5
[INFO] [stderr]    Compiling clap v4.6.6
[INFO] [stderr]    Compiling inferno v0.12.8
[INFO] [stderr]    Compiling idna_adapter v1.2.2
[INFO] [stderr]    Compiling idna v1.1.0
[INFO] [stderr]    Compiling futures-executor v0.3.34
[INFO] [stderr]    Compiling url v2.5.8
[INFO] [stderr]    Compiling futures v0.3.34
[INFO] [stderr]    Compiling must_future v0.1.2
[INFO] [stderr]    Compiling holochain_trace v0.7.1
[INFO] [stderr]    Compiling kitsune2_api v0.5.1
[INFO] [stderr]    Compiling sodoken v0.1.0
[INFO] [stderr]    Compiling holochain_util v0.7.1
[INFO] [stderr]    Compiling holo_hash v0.7.1
[INFO] [stderr]    Compiling mr_bundle v0.7.1
[INFO] [stderr]    Compiling holochain_integrity_types v0.7.1
[INFO] [stderr]    Compiling holochain_zome_types v0.7.1
[INFO] [stderr]    Compiling holochain_types v0.7.1
[INFO] [stderr]    Compiling holochain_cli_bundle v0.7.1 (/opt/rustwide/workdir)
[INFO] [stderr]     Finished `release` profile [optimized] target(s) in 4m 25s
[INFO] running `Command { std: "docker" "inspect" "e8b2c71545a2ea8e9fe62f69896c2a6917d1ab38708d1d1bbb81965014af240a", kill_on_drop: false }`
[INFO] running `Command { std: "docker" "exec" "-e" "SOURCE_DIR=/opt/rustwide/workdir" "-e" "CARGO_HOME=/opt/rustwide/cargo-home" "-e" "RUSTUP_HOME=/opt/rustwide/rustup-home" "-e" "CARGO_TARGET_DIR=/opt/rustwide/target" "-e" "CARGO_INCREMENTAL=0" "-e" "RUST_BACKTRACE=full" "-e" "RUSTFLAGS=--cap-lints=warn" "-e" "RUSTDOCFLAGS=--cap-lints=warn" "-w" "/opt/rustwide/workdir" "--user" "0:0" "e8b2c71545a2ea8e9fe62f69896c2a6917d1ab38708d1d1bbb81965014af240a" "/opt/rustwide/cargo-home/bin/cargo" "+1.100.0-beta.1" "test" "--frozen" "--no-run" "--message-format=json" "--release", kill_on_drop: false }`
[INFO] [stderr]    Compiling smallvec v1.16.0
[INFO] [stderr]    Compiling futures-util v0.3.34
[INFO] [stderr]    Compiling regex-automata v0.4.18
[INFO] [stderr]    Compiling libsodium-sys-stable v1.24.0
[INFO] [stderr]    Compiling rmp v0.8.15
[INFO] [stderr]    Compiling chrono v0.4.45
[INFO] [stderr]    Compiling ahash v0.8.12
[INFO] [stderr]    Compiling http v1.5.0
[INFO] [stderr]    Compiling rustls v0.23.43
[INFO] [stderr]    Compiling num-integer v0.1.47
[INFO] [stderr]    Compiling num-complex v0.4.6
[INFO] [stderr]    Compiling fluent-uri v0.4.1
[INFO] [stderr]    Compiling predicates v3.1.4
[INFO] [stderr]    Compiling email_address v0.2.9
[INFO] [stderr]    Compiling wait-timeout v0.2.1
[INFO] [stderr]    Compiling data-encoding v2.11.1
[INFO] [stderr]    Compiling parking_lot_core v0.9.12
[INFO] [stderr]    Compiling icu_normalizer v2.3.0
[INFO] [stderr]    Compiling rmp-serde v1.3.0
[INFO] [stderr]    Compiling parking_lot v0.12.5
[INFO] [stderr]    Compiling http-body v1.1.0
[INFO] [stderr]    Compiling dashmap v6.2.1
[INFO] [stderr]    Compiling num-bigint v0.4.8
[INFO] [stderr]    Compiling tokio v1.53.1
[INFO] [stderr]    Compiling idna_adapter v1.2.2
[INFO] [stderr]    Compiling idna v1.1.0
[INFO] [stderr]    Compiling holochain_serialized_bytes v0.0.57
[INFO] [stderr]    Compiling holochain_wasmer_common v0.0.103
[INFO] [stderr]    Compiling inferno v0.12.8
[INFO] [stderr]    Compiling url v2.5.8
[INFO] [stderr]    Compiling num-iter v0.1.46
[INFO] [stderr]    Compiling http-body-util v0.1.5
[INFO] [stderr]    Compiling referencing v0.45.1
[INFO] [stderr]    Compiling holochain_timestamp v0.7.1
[INFO] [stderr]    Compiling holochain_nonce v0.7.1
[INFO] [stderr]    Compiling num-rational v0.4.2
[INFO] [stderr]    Compiling num v0.4.3
[INFO] [stderr]    Compiling futures-executor v0.3.34
[INFO] [stderr]    Compiling fraction v0.15.4
[INFO] [stderr]    Compiling futures v0.3.34
[INFO] [stderr]    Compiling must_future v0.1.2
[INFO] [stderr]    Compiling kitsune2_api v0.5.1
[INFO] [stderr]    Compiling matchers v0.2.0
[INFO] [stderr]    Compiling regex v1.13.1
[INFO] [stderr]    Compiling fancy-regex v0.17.0
[INFO] [stderr]    Compiling bstr v1.13.1
[INFO] [stderr]    Compiling tracing-subscriber v0.3.23
[INFO] [stderr]    Compiling assert_cmd v2.2.2
[INFO] [stderr]    Compiling rustls-platform-verifier v0.7.0
[INFO] [stderr]    Compiling tokio-util v0.7.19
[INFO] [stderr]    Compiling tower v0.5.3
[INFO] [stderr]    Compiling holochain_trace v0.7.1
[INFO] [stderr]    Compiling tokio-rustls v0.26.4
[INFO] [stderr]    Compiling h2 v0.4.19
[INFO] [stderr]    Compiling tower-http v0.6.11
[INFO] [stderr]    Compiling hyper v1.11.1
[INFO] [stderr]    Compiling hyper-util v0.1.20
[INFO] [stderr]    Compiling hyper-rustls v0.27.9
[INFO] [stderr]    Compiling reqwest v0.13.4
[INFO] [stderr]    Compiling jsonschema v0.45.1
[INFO] [stderr]    Compiling sodoken v0.1.0
[INFO] [stderr]    Compiling holochain_util v0.7.1
[INFO] [stderr]    Compiling holo_hash v0.7.1
[INFO] [stderr]    Compiling mr_bundle v0.7.1
[INFO] [stderr]    Compiling holochain_integrity_types v0.7.1
[INFO] [stderr]    Compiling holochain_zome_types v0.7.1
[INFO] [stderr]    Compiling holochain_types v0.7.1
[INFO] [stderr]    Compiling holochain_cli_bundle v0.7.1 (/opt/rustwide/workdir)
[INFO] [stderr]     Finished `release` profile [optimized] target(s) in 4m 23s
[INFO] running `Command { std: "docker" "inspect" "e8b2c71545a2ea8e9fe62f69896c2a6917d1ab38708d1d1bbb81965014af240a", kill_on_drop: false }`
[INFO] running `Command { std: "docker" "exec" "-e" "SOURCE_DIR=/opt/rustwide/workdir" "-e" "CARGO_HOME=/opt/rustwide/cargo-home" "-e" "RUSTUP_HOME=/opt/rustwide/rustup-home" "-e" "CARGO_TARGET_DIR=/opt/rustwide/target" "-e" "CARGO_INCREMENTAL=0" "-e" "RUST_BACKTRACE=full" "-e" "RUSTFLAGS=--cap-lints=warn" "-e" "RUSTDOCFLAGS=--cap-lints=warn" "-w" "/opt/rustwide/workdir" "--user" "0:0" "e8b2c71545a2ea8e9fe62f69896c2a6917d1ab38708d1d1bbb81965014af240a" "/opt/rustwide/cargo-home/bin/cargo" "+1.100.0-beta.1" "test" "--frozen" "--release", kill_on_drop: false }`
[INFO] [stderr]     Finished `release` profile [optimized] target(s) in 0.61s
[INFO] [stderr]      Running unittests src/lib.rs (/opt/rustwide/target/release/build/holochain_cli_bundle/ba8586e576d4ae7b/out/holochain_cli_bundle-ba8586e576d4ae7b)
[INFO] [stdout] 
[INFO] [stdout] running 1 test
[INFO] [stderr]      Running unittests src/bin/hc-app.rs (/opt/rustwide/target/release/build/holochain_cli_bundle/05623b475831e6c3/out/hc_app-05623b475831e6c3)
[INFO] [stdout] test packing::tests::test_round_trip ... ok
[INFO] [stdout] 
[INFO] [stdout] test result: ok. 1 passed; 0 failed; 0 ignored; 0 measured; 0 filtered out; finished in 0.03s
[INFO] [stdout] 
[INFO] [stdout] 
[INFO] [stdout] running 0 tests
[INFO] [stdout] 
[INFO] [stdout] test result: ok. 0 passed; 0 failed; 0 ignored; 0 measured; 0 filtered out; finished in 0.00s
[INFO] [stdout] 
[INFO] [stderr]      Running unittests src/bin/hc-dna.rs (/opt/rustwide/target/release/build/holochain_cli_bundle/fa3628c981f7bdaf/out/hc_dna-fa3628c981f7bdaf)
[INFO] [stdout] 
[INFO] [stdout] running 0 tests
[INFO] [stdout] 
[INFO] [stdout] test result: ok. 0 passed; 0 failed; 0 ignored; 0 measured; 0 filtered out; finished in 0.00s
[INFO] [stdout] 
[INFO] [stderr]      Running unittests src/bin/hc-web-app.rs (/opt/rustwide/target/release/build/holochain_cli_bundle/283ada5bfd4289a2/out/hc_web_app-283ada5bfd4289a2)
[INFO] [stdout] 
[INFO] [stdout] running 0 tests
[INFO] [stdout] 
[INFO] [stdout] test result: ok. 0 passed; 0 failed; 0 ignored; 0 measured; 0 filtered out; finished in 0.00s
[INFO] [stderr]      Running tests/test_cli.rs (/opt/rustwide/target/release/build/holochain_cli_bundle/851c30e4b8a6d081/out/test_cli-851c30e4b8a6d081)
[INFO] [stdout] 
[INFO] [stdout] 
[INFO] [stdout] running 15 tests
[INFO] [stdout] test test_default_dna_manifest_matches_schema ... ok
[INFO] [stdout] test test_default_app_manifest_matches_schema ... ok
[INFO] [stdout] test test_all_app_manifests_match_schema ... ok
[INFO] [stdout] test test_default_web_app_manifest_matches_schema ... ok
[INFO] [stdout] test test_packed_hash_consistency ... FAILED
[INFO] [stdout] test test_all_dna_manifests_match_schema ... ok
[INFO] [stdout] test test_all_web_app_manifests_match_schema ... ok
[INFO] [stdout] test hash_dna_rejects_missing_role_settings_file ... ok
[INFO] [stdout] test hash_dna_rejects_malformed_role_settings_yaml ... ok
[INFO] [stdout] test round_trip ... FAILED
[INFO] [stdout] test test_integrity ... FAILED
[INFO] [stdout] test test_multi_integrity ... FAILED
[INFO] [stdout] test hash_dna_function ... ok
[INFO] [stdout] test hash_dna_with_modifier_overrides ... ok
[INFO] [stdout] test hash_dna_rejects_role_settings_without_modifiers ... ok
[INFO] [stdout] 
[INFO] [stdout] failures:
[INFO] [stdout] 
[INFO] [stdout] ---- test_packed_hash_consistency stdout ----
[INFO] [stdout] 
[INFO] [stdout] thread 'test_packed_hash_consistency' (24967) panicked at tests/test_cli.rs:78:22:
[INFO] [stdout] Unexpected failure.
[INFO] [stdout] code=1
[INFO] [stdout] stderr=``````
[INFO] [stdout] Error: Failed to write bundle to path: /opt/rustwide/workdir/tests/fixtures/my-app/dnas/dna1/a dna.dna: Read-only file system (os error 30)
[INFO] [stdout] 
[INFO] [stdout] Stack backtrace:
[INFO] [stdout]    0: <anyhow::Error as core::convert::From<holochain_cli_bundle::error::HcBundleError>>::from
[INFO] [stdout]    1: <holochain_cli_bundle::cli::HcDnaBundleSubcommand>::run::{closure#0}
[INFO] [stdout]    2: <tokio::runtime::park::CachedParkThread>::block_on::<hc_dna::main::{closure#0}>
[INFO] [stdout]    3: tokio::runtime::context::runtime::enter_runtime::<<tokio::runtime::scheduler::multi_thread::MultiThread>::block_on<hc_dna::main::{closure#0}>::{closure#0}, core::result::Result<(), anyhow::Error>>
[INFO] [stdout]    4: <tokio::runtime::runtime::Runtime>::block_on::<hc_dna::main::{closure#0}>
[INFO] [stdout]    5: hc_dna::main
[INFO] [stdout]    6: std::sys::backtrace::__rust_begin_short_backtrace::<fn() -> core::result::Result<(), anyhow::Error>, core::result::Result<(), anyhow::Error>>
[INFO] [stdout]    7: std::rt::lang_start::<core::result::Result<(), anyhow::Error>>::{closure#0}
[INFO] [stdout]    8: std::rt::lang_start_internal
[INFO] [stdout]    9: main
[INFO] [stdout]   10: <unknown>
[INFO] [stdout]   11: __libc_start_main
[INFO] [stdout]   12: _start
[INFO] [stdout] ```
[INFO] [stdout] ```
[INFO] [stdout] command=`"/opt/rustwide/target/release/hc-dna" "pack" "tests/fixtures/my-app/dnas/dna1"`
[INFO] [stdout] code=1
[INFO] [stdout] stdout=""
[INFO] [stdout] stderr=```
[INFO] [stdout] Error: Failed to write bundle to path: /opt/rustwide/workdir/tests/fixtures/my-app/dnas/dna1/a dna.dna: Read-only file system (os error 30)
[INFO] [stdout] 
[INFO] [stdout] Stack backtrace:
[INFO] [stdout]    0: <anyhow::Error as core::convert::From<holochain_cli_bundle::error::HcBundleError>>::from
[INFO] [stdout]    1: <holochain_cli_bundle::cli::HcDnaBundleSubcommand>::run::{closure#0}
[INFO] [stdout]    2: <tokio::runtime::park::CachedParkThread>::block_on::<hc_dna::main::{closure#0}>
[INFO] [stdout]    3: tokio::runtime::context::runtime::enter_runtime::<<tokio::runtime::scheduler::multi_thread::MultiThread>::block_on<hc_dna::main::{closure#0}>::{closure#0}, core::result::Result<(), anyhow::Error>>
[INFO] [stdout]    4: <tokio::runtime::runtime::Runtime>::block_on::<hc_dna::main::{closure#0}>
[INFO] [stdout]    5: hc_dna::main
[INFO] [stdout]    6: std::sys::backtrace::__rust_begin_short_backtrace::<fn() -> core::result::Result<(), anyhow::Error>, core::result::Result<(), anyhow::Error>>
[INFO] [stdout]    7: std::rt::lang_start::<core::result::Result<(), anyhow::Error>>::{closure#0}
[INFO] [stdout]    8: std::rt::lang_start_internal
[INFO] [stdout]    9: main
[INFO] [stdout]   10: <unknown>
[INFO] [stdout]   11: __libc_start_main
[INFO] [stdout]   12: _start
[INFO] [stdout] ```
[INFO] [stdout] 
[INFO] [stdout] 
[INFO] [stdout] stack backtrace:
[INFO] [stdout]    0:     0x5cda057f92d1 - <<std[617be2ca0a6fd877]::sys::backtrace::BacktraceLock>::print::DisplayBacktrace as core[a373ad73a504971]::fmt::Display>::fmt
[INFO] [stdout]    1:     0x5cda05812d8a - core[a373ad73a504971]::fmt::write
[INFO] [stdout]    2:     0x5cda057ff7bc - <alloc[2e1b2a31b91974c5]::vec::Vec<u8> as core[a373ad73a504971]::io::write::Write>::write_fmt
[INFO] [stdout]    3:     0x5cda057d01c6 - std[617be2ca0a6fd877]::panicking::default_hook::{closure#0}
[INFO] [stdout]    4:     0x5cda057eea09 - std[617be2ca0a6fd877]::panicking::default_hook
[INFO] [stdout]    5:     0x5cda05593770 - test[aada8e7e76ba119b]::test_main_inner::{closure#0}
[INFO] [stdout]    6:     0x5cda057eed32 - std[617be2ca0a6fd877]::panicking::panic_with_hook
[INFO] [stdout]    7:     0x5cda057d0272 - std[617be2ca0a6fd877]::panicking::panic_handler::{closure#0}
[INFO] [stdout]    8:     0x5cda057c85c9 - std[617be2ca0a6fd877]::sys::backtrace::__rust_end_short_backtrace::<std[617be2ca0a6fd877]::panicking::panic_handler::{closure#0}, !>
[INFO] [stdout]    9:     0x5cda057d117d - __rustc[ea4f61d10b84890b]::rust_begin_unwind
[INFO] [stdout]   10:     0x5cda0581356c - core[a373ad73a504971]::panicking::panic_fmt
[INFO] [stdout]   11:     0x5cda056cbc7f - <assert_cmd[6301e92dc43f81e3]::assert::AssertError>::panic::<assert_cmd[6301e92dc43f81e3]::assert::Assert>
[INFO] [stdout]   12:     0x5cda056cc139 - <assert_cmd[6301e92dc43f81e3]::assert::Assert>::success
[INFO] [stdout]   13:     0x5cda0502acf1 - test_cli[44497f8ab35e838c]::test_packed_hash_consistency::{closure#0}
[INFO] [stdout]   14:     0x5cda0505c453 - <tokio[47af817625281195]::runtime::scheduler::current_thread::Context>::enter::<core[a373ad73a504971]::task::poll::Poll<()>, <tokio[47af817625281195]::runtime::scheduler::current_thread::CoreGuard>::block_on<core[a373ad73a504971]::pin::Pin<&mut core[a373ad73a504971]::pin::Pin<&mut dyn core[a373ad73a504971]::future::future::Future<Output = ()>>>>::{closure#0}::{closure#0}>
[INFO] [stdout]   15:     0x5cda0504f81c - <tokio[47af817625281195]::runtime::context::scoped::Scoped<tokio[47af817625281195]::runtime::scheduler::Context>>::set::<<tokio[47af817625281195]::runtime::scheduler::current_thread::CoreGuard>::enter<<tokio[47af817625281195]::runtime::scheduler::current_thread::CoreGuard>::block_on<core[a373ad73a504971]::pin::Pin<&mut core[a373ad73a504971]::pin::Pin<&mut dyn core[a373ad73a504971]::future::future::Future<Output = ()>>>>::{closure#0}, core[a373ad73a504971]::option::Option<()>>::{closure#0}, (alloc[2e1b2a31b91974c5]::boxed::Box<tokio[47af817625281195]::runtime::scheduler::current_thread::Core>, core[a373ad73a504971]::option::Option<()>)>
[INFO] [stdout]   16:     0x5cda0505bf77 - <tokio[47af817625281195]::runtime::runtime::Runtime>::block_on::<core[a373ad73a504971]::pin::Pin<&mut dyn core[a373ad73a504971]::future::future::Future<Output = ()>>>
[INFO] [stdout]   17:     0x5cda05030e3e - <test_cli[44497f8ab35e838c]::test_packed_hash_consistency::{closure#0} as core[a373ad73a504971]::ops::function::FnOnce<()>>::call_once
[INFO] [stdout]   18:     0x5cda05586bbb - test[aada8e7e76ba119b]::__rust_begin_short_backtrace::<core[a373ad73a504971]::result::Result<(), alloc[2e1b2a31b91974c5]::string::String>, fn() -> core[a373ad73a504971]::result::Result<(), alloc[2e1b2a31b91974c5]::string::String>>
[INFO] [stdout]   19:     0x5cda05593d95 - test[aada8e7e76ba119b]::run_test::{closure#0}
[INFO] [stdout]   20:     0x5cda0558d684 - std[617be2ca0a6fd877]::sys::backtrace::__rust_begin_short_backtrace::<test[aada8e7e76ba119b]::run_test::{closure#1}, ()>
[INFO] [stdout]   21:     0x5cda05596e22 - <std[617be2ca0a6fd877]::thread::lifecycle::spawn_unchecked<test[aada8e7e76ba119b]::run_test::{closure#1}, ()>::{closure#1} as core[a373ad73a504971]::ops::function::FnOnce<()>>::call_once::{shim:vtable#0}
[INFO] [stdout]   22:     0x5cda057f7def - <std[617be2ca0a6fd877]::sys::thread::unix::Thread>::new::thread_start
[INFO] [stdout]   23:     0x74beb1b95dfa - <unknown>
[INFO] [stdout]   24:     0x74beb1c293d4 - clone
[INFO] [stdout]   25:                0x0 - <unknown>
[INFO] [stdout] 
[INFO] [stdout] ---- round_trip stdout ----
[INFO] [stdout] 
[INFO] [stdout] thread 'round_trip' (24958) panicked at tests/test_cli.rs:38:22:
[INFO] [stdout] Unexpected failure.
[INFO] [stdout] code=1
[INFO] [stdout] stderr=``````
[INFO] [stdout] Error: Failed to write bundle to path: /opt/rustwide/workdir/tests/fixtures/my-app/dnas/dna1/a dna.dna: Read-only file system (os error 30)
[INFO] [stdout] 
[INFO] [stdout] Stack backtrace:
[INFO] [stdout]    0: <anyhow::Error as core::convert::From<holochain_cli_bundle::error::HcBundleError>>::from
[INFO] [stdout]    1: <holochain_cli_bundle::cli::HcDnaBundleSubcommand>::run::{closure#0}
[INFO] [stdout]    2: <tokio::runtime::park::CachedParkThread>::block_on::<hc_dna::main::{closure#0}>
[INFO] [stdout]    3: tokio::runtime::context::runtime::enter_runtime::<<tokio::runtime::scheduler::multi_thread::MultiThread>::block_on<hc_dna::main::{closure#0}>::{closure#0}, core::result::Result<(), anyhow::Error>>
[INFO] [stdout]    4: <tokio::runtime::runtime::Runtime>::block_on::<hc_dna::main::{closure#0}>
[INFO] [stdout]    5: hc_dna::main
[INFO] [stdout]    6: std::sys::backtrace::__rust_begin_short_backtrace::<fn() -> core::result::Result<(), anyhow::Error>, core::result::Result<(), anyhow::Error>>
[INFO] [stdout]    7: std::rt::lang_start::<core::result::Result<(), anyhow::Error>>::{closure#0}
[INFO] [stdout]    8: std::rt::lang_start_internal
[INFO] [stdout]    9: main
[INFO] [stdout]   10: <unknown>
[INFO] [stdout]   11: __libc_start_main
[INFO] [stdout]   12: _start
[INFO] [stdout] ```
[INFO] [stdout] ```
[INFO] [stdout] command=`"/opt/rustwide/target/release/hc-dna" "pack" "tests/fixtures/my-app/dnas/dna1"`
[INFO] [stdout] code=1
[INFO] [stdout] stdout=""
[INFO] [stdout] stderr=```
[INFO] [stdout] Error: Failed to write bundle to path: /opt/rustwide/workdir/tests/fixtures/my-app/dnas/dna1/a dna.dna: Read-only file system (os error 30)
[INFO] [stdout] 
[INFO] [stdout] Stack backtrace:
[INFO] [stdout]    0: <anyhow::Error as core::convert::From<holochain_cli_bundle::error::HcBundleError>>::from
[INFO] [stdout]    1: <holochain_cli_bundle::cli::HcDnaBundleSubcommand>::run::{closure#0}
[INFO] [stdout]    2: <tokio::runtime::park::CachedParkThread>::block_on::<hc_dna::main::{closure#0}>
[INFO] [stdout]    3: tokio::runtime::context::runtime::enter_runtime::<<tokio::runtime::scheduler::multi_thread::MultiThread>::block_on<hc_dna::main::{closure#0}>::{closure#0}, core::result::Result<(), anyhow::Error>>
[INFO] [stdout]    4: <tokio::runtime::runtime::Runtime>::block_on::<hc_dna::main::{closure#0}>
[INFO] [stdout]    5: hc_dna::main
[INFO] [stdout]    6: std::sys::backtrace::__rust_begin_short_backtrace::<fn() -> core::result::Result<(), anyhow::Error>, core::result::Result<(), anyhow::Error>>
[INFO] [stdout]    7: std::rt::lang_start::<core::result::Result<(), anyhow::Error>>::{closure#0}
[INFO] [stdout]    8: std::rt::lang_start_internal
[INFO] [stdout]    9: main
[INFO] [stdout]   10: <unknown>
[INFO] [stdout]   11: __libc_start_main
[INFO] [stdout]   12: _start
[INFO] [stdout] ```
[INFO] [stdout] 
[INFO] [stdout] 
[INFO] [stdout] stack backtrace:
[INFO] [stdout]    0:     0x5cda057f92d1 - <<std[617be2ca0a6fd877]::sys::backtrace::BacktraceLock>::print::DisplayBacktrace as core[a373ad73a504971]::fmt::Display>::fmt
[INFO] [stdout]    1:     0x5cda05812d8a - core[a373ad73a504971]::fmt::write
[INFO] [stdout]    2:     0x5cda057ff7bc - <alloc[2e1b2a31b91974c5]::vec::Vec<u8> as core[a373ad73a504971]::io::write::Write>::write_fmt
[INFO] [stdout]    3:     0x5cda057d01c6 - std[617be2ca0a6fd877]::panicking::default_hook::{closure#0}
[INFO] [stdout]    4:     0x5cda057eea09 - std[617be2ca0a6fd877]::panicking::default_hook
[INFO] [stdout]    5:     0x5cda05593770 - test[aada8e7e76ba119b]::test_main_inner::{closure#0}
[INFO] [stdout]    6:     0x5cda057eed32 - std[617be2ca0a6fd877]::panicking::panic_with_hook
[INFO] [stdout]    7:     0x5cda057d0272 - std[617be2ca0a6fd877]::panicking::panic_handler::{closure#0}
[INFO] [stdout]    8:     0x5cda057c85c9 - std[617be2ca0a6fd877]::sys::backtrace::__rust_end_short_backtrace::<std[617be2ca0a6fd877]::panicking::panic_handler::{closure#0}, !>
[INFO] [stdout]    9:     0x5cda057d117d - __rustc[ea4f61d10b84890b]::rust_begin_unwind
[INFO] [stdout]   10:     0x5cda0581356c - core[a373ad73a504971]::panicking::panic_fmt
[INFO] [stdout]   11:     0x5cda056cbc7f - <assert_cmd[6301e92dc43f81e3]::assert::AssertError>::panic::<assert_cmd[6301e92dc43f81e3]::assert::Assert>
[INFO] [stdout]   12:     0x5cda056cc139 - <assert_cmd[6301e92dc43f81e3]::assert::Assert>::success
[INFO] [stdout]   13:     0x5cda05025d7a - test_cli[44497f8ab35e838c]::round_trip::{closure#0}
[INFO] [stdout]   14:     0x5cda0505c453 - <tokio[47af817625281195]::runtime::scheduler::current_thread::Context>::enter::<core[a373ad73a504971]::task::poll::Poll<()>, <tokio[47af817625281195]::runtime::scheduler::current_thread::CoreGuard>::block_on<core[a373ad73a504971]::pin::Pin<&mut core[a373ad73a504971]::pin::Pin<&mut dyn core[a373ad73a504971]::future::future::Future<Output = ()>>>>::{closure#0}::{closure#0}>
[INFO] [stdout]   15:     0x5cda0504f81c - <tokio[47af817625281195]::runtime::context::scoped::Scoped<tokio[47af817625281195]::runtime::scheduler::Context>>::set::<<tokio[47af817625281195]::runtime::scheduler::current_thread::CoreGuard>::enter<<tokio[47af817625281195]::runtime::scheduler::current_thread::CoreGuard>::block_on<core[a373ad73a504971]::pin::Pin<&mut core[a373ad73a504971]::pin::Pin<&mut dyn core[a373ad73a504971]::future::future::Future<Output = ()>>>>::{closure#0}, core[a373ad73a504971]::option::Option<()>>::{closure#0}, (alloc[2e1b2a31b91974c5]::boxed::Box<tokio[47af817625281195]::runtime::scheduler::current_thread::Core>, core[a373ad73a504971]::option::Option<()>)>
[INFO] [stdout]   16:     0x5cda0505bf77 - <tokio[47af817625281195]::runtime::runtime::Runtime>::block_on::<core[a373ad73a504971]::pin::Pin<&mut dyn core[a373ad73a504971]::future::future::Future<Output = ()>>>
[INFO] [stdout]   17:     0x5cda050308ce - <test_cli[44497f8ab35e838c]::round_trip::{closure#0} as core[a373ad73a504971]::ops::function::FnOnce<()>>::call_once
[INFO] [stdout]   18:     0x5cda05586bbb - test[aada8e7e76ba119b]::__rust_begin_short_backtrace::<core[a373ad73a504971]::result::Result<(), alloc[2e1b2a31b91974c5]::string::String>, fn() -> core[a373ad73a504971]::result::Result<(), alloc[2e1b2a31b91974c5]::string::String>>
[INFO] [stdout]   19:     0x5cda05593d95 - test[aada8e7e76ba119b]::run_test::{closure#0}
[INFO] [stdout]   20:     0x5cda0558d684 - std[617be2ca0a6fd877]::sys::backtrace::__rust_begin_short_backtrace::<test[aada8e7e76ba119b]::run_test::{closure#1}, ()>
[INFO] [stdout]   21:     0x5cda05596e22 - <std[617be2ca0a6fd877]::thread::lifecycle::spawn_unchecked<test[aada8e7e76ba119b]::run_test::{closure#1}, ()>::{closure#1} as core[a373ad73a504971]::ops::function::FnOnce<()>>::call_once::{shim:vtable#0}
[INFO] [stdout]   22:     0x5cda057f7def - <std[617be2ca0a6fd877]::sys::thread::unix::Thread>::new::thread_start
[INFO] [stdout]   23:     0x74beb1b95dfa - <unknown>
[INFO] [stdout]   24:     0x74beb1c293d4 - clone
[INFO] [stdout]   25:                0x0 - <unknown>
[INFO] [stdout] 
[INFO] [stdout] ---- test_integrity stdout ----
[INFO] [stdout] 
[INFO] [stdout] thread 'test_integrity' (24965) panicked at tests/test_cli.rs:103:22:
[INFO] [stdout] Unexpected failure.
[INFO] [stdout] code=1
[INFO] [stdout] stderr=``````
[INFO] [stdout] Error: Failed to write bundle to path: /opt/rustwide/workdir/tests/fixtures/my-app/dnas/dna3/integrity dna.dna: Read-only file system (os error 30)
[INFO] [stdout] 
[INFO] [stdout] Stack backtrace:
[INFO] [stdout]    0: <anyhow::Error as core::convert::From<holochain_cli_bundle::error::HcBundleError>>::from
[INFO] [stdout]    1: <holochain_cli_bundle::cli::HcDnaBundleSubcommand>::run::{closure#0}
[INFO] [stdout]    2: <tokio::runtime::park::CachedParkThread>::block_on::<hc_dna::main::{closure#0}>
[INFO] [stdout]    3: tokio::runtime::context::runtime::enter_runtime::<<tokio::runtime::scheduler::multi_thread::MultiThread>::block_on<hc_dna::main::{closure#0}>::{closure#0}, core::result::Result<(), anyhow::Error>>
[INFO] [stdout]    4: <tokio::runtime::runtime::Runtime>::block_on::<hc_dna::main::{closure#0}>
[INFO] [stdout]    5: hc_dna::main
[INFO] [stdout]    6: std::sys::backtrace::__rust_begin_short_backtrace::<fn() -> core::result::Result<(), anyhow::Error>, core::result::Result<(), anyhow::Error>>
[INFO] [stdout]    7: std::rt::lang_start::<core::result::Result<(), anyhow::Error>>::{closure#0}
[INFO] [stdout]    8: std::rt::lang_start_internal
[INFO] [stdout]    9: main
[INFO] [stdout]   10: <unknown>
[INFO] [stdout]   11: __libc_start_main
[INFO] [stdout]   12: _start
[INFO] [stdout] ```
[INFO] [stdout] ```
[INFO] [stdout] command=`"/opt/rustwide/target/release/hc-dna" "pack" "tests/fixtures/my-app/dnas/dna3"`
[INFO] [stdout] code=1
[INFO] [stdout] stdout=""
[INFO] [stdout] stderr=```
[INFO] [stdout] Error: Failed to write bundle to path: /opt/rustwide/workdir/tests/fixtures/my-app/dnas/dna3/integrity dna.dna: Read-only file system (os error 30)
[INFO] [stdout] 
[INFO] [stdout] Stack backtrace:
[INFO] [stdout]    0: <anyhow::Error as core::convert::From<holochain_cli_bundle::error::HcBundleError>>::from
[INFO] [stdout]    1: <holochain_cli_bundle::cli::HcDnaBundleSubcommand>::run::{closure#0}
[INFO] [stdout]    2: <tokio::runtime::park::CachedParkThread>::block_on::<hc_dna::main::{closure#0}>
[INFO] [stdout]    3: tokio::runtime::context::runtime::enter_runtime::<<tokio::runtime::scheduler::multi_thread::MultiThread>::block_on<hc_dna::main::{closure#0}>::{closure#0}, core::result::Result<(), anyhow::Error>>
[INFO] [stdout]    4: <tokio::runtime::runtime::Runtime>::block_on::<hc_dna::main::{closure#0}>
[INFO] [stdout]    5: hc_dna::main
[INFO] [stdout]    6: std::sys::backtrace::__rust_begin_short_backtrace::<fn() -> core::result::Result<(), anyhow::Error>, core::result::Result<(), anyhow::Error>>
[INFO] [stdout]    7: std::rt::lang_start::<core::result::Result<(), anyhow::Error>>::{closure#0}
[INFO] [stdout]    8: std::rt::lang_start_internal
[INFO] [stdout]    9: main
[INFO] [stdout]   10: <unknown>
[INFO] [stdout]   11: __libc_start_main
[INFO] [stdout]   12: _start
[INFO] [stdout] ```
[INFO] [stdout] 
[INFO] [stdout] 
[INFO] [stdout] stack backtrace:
[INFO] [stdout]    0:     0x5cda057f92d1 - <<std[617be2ca0a6fd877]::sys::backtrace::BacktraceLock>::print::DisplayBacktrace as core[a373ad73a504971]::fmt::Display>::fmt
[INFO] [stdout]    1:     0x5cda05812d8a - core[a373ad73a504971]::fmt::write
[INFO] [stdout]    2:     0x5cda057ff7bc - <alloc[2e1b2a31b91974c5]::vec::Vec<u8> as core[a373ad73a504971]::io::write::Write>::write_fmt
[INFO] [stdout]    3:     0x5cda057d01c6 - std[617be2ca0a6fd877]::panicking::default_hook::{closure#0}
[INFO] [stdout]    4:     0x5cda057eea09 - std[617be2ca0a6fd877]::panicking::default_hook
[INFO] [stdout]    5:     0x5cda05593770 - test[aada8e7e76ba119b]::test_main_inner::{closure#0}
[INFO] [stdout]    6:     0x5cda057eed32 - std[617be2ca0a6fd877]::panicking::panic_with_hook
[INFO] [stdout]    7:     0x5cda057d0272 - std[617be2ca0a6fd877]::panicking::panic_handler::{closure#0}
[INFO] [stdout]    8:     0x5cda057c85c9 - std[617be2ca0a6fd877]::sys::backtrace::__rust_end_short_backtrace::<std[617be2ca0a6fd877]::panicking::panic_handler::{closure#0}, !>
[INFO] [stdout]    9:     0x5cda057d117d - __rustc[ea4f61d10b84890b]::rust_begin_unwind
[INFO] [stdout]   10:     0x5cda0581356c - core[a373ad73a504971]::panicking::panic_fmt
[INFO] [stdout]   11:     0x5cda056cbc7f - <assert_cmd[6301e92dc43f81e3]::assert::AssertError>::panic::<assert_cmd[6301e92dc43f81e3]::assert::Assert>
[INFO] [stdout]   12:     0x5cda056cc139 - <assert_cmd[6301e92dc43f81e3]::assert::Assert>::success
[INFO] [stdout]   13:     0x5cda05025227 - test_cli[44497f8ab35e838c]::test_integrity::{closure#0}::{closure#0}::{closure#0}
[INFO] [stdout]   14:     0x5cda050275db - test_cli[44497f8ab35e838c]::test_integrity::{closure#0}
[INFO] [stdout]   15:     0x5cda0505c453 - <tokio[47af817625281195]::runtime::scheduler::current_thread::Context>::enter::<core[a373ad73a504971]::task::poll::Poll<()>, <tokio[47af817625281195]::runtime::scheduler::current_thread::CoreGuard>::block_on<core[a373ad73a504971]::pin::Pin<&mut core[a373ad73a504971]::pin::Pin<&mut dyn core[a373ad73a504971]::future::future::Future<Output = ()>>>>::{closure#0}::{closure#0}>
[INFO] [stdout]   16:     0x5cda0504f81c - <tokio[47af817625281195]::runtime::context::scoped::Scoped<tokio[47af817625281195]::runtime::scheduler::Context>>::set::<<tokio[47af817625281195]::runtime::scheduler::current_thread::CoreGuard>::enter<<tokio[47af817625281195]::runtime::scheduler::current_thread::CoreGuard>::block_on<core[a373ad73a504971]::pin::Pin<&mut core[a373ad73a504971]::pin::Pin<&mut dyn core[a373ad73a504971]::future::future::Future<Output = ()>>>>::{closure#0}, core[a373ad73a504971]::option::Option<()>>::{closure#0}, (alloc[2e1b2a31b91974c5]::boxed::Box<tokio[47af817625281195]::runtime::scheduler::current_thread::Core>, core[a373ad73a504971]::option::Option<()>)>
[INFO] [stdout]   17:     0x5cda0505bf77 - <tokio[47af817625281195]::runtime::runtime::Runtime>::block_on::<core[a373ad73a504971]::pin::Pin<&mut dyn core[a373ad73a504971]::future::future::Future<Output = ()>>>
[INFO] [stdout]   18:     0x5cda05030a2e - <test_cli[44497f8ab35e838c]::test_integrity::{closure#0} as core[a373ad73a504971]::ops::function::FnOnce<()>>::call_once
[INFO] [stdout]   19:     0x5cda05586bbb - test[aada8e7e76ba119b]::__rust_begin_short_backtrace::<core[a373ad73a504971]::result::Result<(), alloc[2e1b2a31b91974c5]::string::String>, fn() -> core[a373ad73a504971]::result::Result<(), alloc[2e1b2a31b91974c5]::string::String>>
[INFO] [stdout]   20:     0x5cda05593d95 - test[aada8e7e76ba119b]::run_test::{closure#0}
[INFO] [stdout]   21:     0x5cda0558d684 - std[617be2ca0a6fd877]::sys::backtrace::__rust_begin_short_backtrace::<test[aada8e7e76ba119b]::run_test::{closure#1}, ()>
[INFO] [stdout]   22:     0x5cda05596e22 - <std[617be2ca0a6fd877]::thread::lifecycle::spawn_unchecked<test[aada8e7e76ba119b]::run_test::{closure#1}, ()>::{closure#1} as core[a373ad73a504971]::ops::function::FnOnce<()>>::call_once::{shim:vtable#0}
[INFO] [stdout]   23:     0x5cda057f7def - <std[617be2ca0a6fd877]::sys::thread::unix::Thread>::new::thread_start
[INFO] [stdout]   24:     0x74beb1b95dfa - <unknown>
[INFO] [stdout]   25:     0x74beb1c293d4 - clone
[INFO] [stdout]   26:                0x0 - <unknown>
[INFO] [stdout] 
[INFO] [stdout] ---- test_multi_integrity stdout ----
[INFO] [stdout] 
[INFO] [stdout] thread 'test_multi_integrity' (24966) panicked at tests/test_cli.rs:177:22:
[INFO] [stdout] Unexpected failure.
[INFO] [stdout] code=1
[INFO] [stdout] stderr=``````
[INFO] [stdout] Error: Failed to write bundle to path: /opt/rustwide/workdir/tests/fixtures/my-app/dnas/dna5/multi integrity dna.dna: Read-only file system (os error 30)
[INFO] [stdout] 
[INFO] [stdout] Stack backtrace:
[INFO] [stdout]    0: <anyhow::Error as core::convert::From<holochain_cli_bundle::error::HcBundleError>>::from
[INFO] [stdout]    1: <holochain_cli_bundle::cli::HcDnaBundleSubcommand>::run::{closure#0}
[INFO] [stdout]    2: <tokio::runtime::park::CachedParkThread>::block_on::<hc_dna::main::{closure#0}>
[INFO] [stdout]    3: tokio::runtime::context::runtime::enter_runtime::<<tokio::runtime::scheduler::multi_thread::MultiThread>::block_on<hc_dna::main::{closure#0}>::{closure#0}, core::result::Result<(), anyhow::Error>>
[INFO] [stdout]    4: <tokio::runtime::runtime::Runtime>::block_on::<hc_dna::main::{closure#0}>
[INFO] [stdout]    5: hc_dna::main
[INFO] [stdout]    6: std::sys::backtrace::__rust_begin_short_backtrace::<fn() -> core::result::Result<(), anyhow::Error>, core::result::Result<(), anyhow::Error>>
[INFO] [stdout]    7: std::rt::lang_start::<core::result::Result<(), anyhow::Error>>::{closure#0}
[INFO] [stdout]    8: std::rt::lang_start_internal
[INFO] [stdout]    9: main
[INFO] [stdout]   10: <unknown>
[INFO] [stdout]   11: __libc_start_main
[INFO] [stdout]   12: _start
[INFO] [stdout] ```
[INFO] [stdout] ```
[INFO] [stdout] command=`"/opt/rustwide/target/release/hc-dna" "pack" "tests/fixtures/my-app/dnas/dna5"`
[INFO] [stdout] code=1
[INFO] [stdout] stdout=""
[INFO] [stdout] stderr=```
[INFO] [stdout] Error: Failed to write bundle to path: /opt/rustwide/workdir/tests/fixtures/my-app/dnas/dna5/multi integrity dna.dna: Read-only file system (os error 30)
[INFO] [stdout] 
[INFO] [stdout] Stack backtrace:
[INFO] [stdout]    0: <anyhow::Error as core::convert::From<holochain_cli_bundle::error::HcBundleError>>::from
[INFO] [stdout]    1: <holochain_cli_bundle::cli::HcDnaBundleSubcommand>::run::{closure#0}
[INFO] [stdout]    2: <tokio::runtime::park::CachedParkThread>::block_on::<hc_dna::main::{closure#0}>
[INFO] [stdout]    3: tokio::runtime::context::runtime::enter_runtime::<<tokio::runtime::scheduler::multi_thread::MultiThread>::block_on<hc_dna::main::{closure#0}>::{closure#0}, core::result::Result<(), anyhow::Error>>
[INFO] [stdout]    4: <tokio::runtime::runtime::Runtime>::block_on::<hc_dna::main::{closure#0}>
[INFO] [stdout]    5: hc_dna::main
[INFO] [stdout]    6: std::sys::backtrace::__rust_begin_short_backtrace::<fn() -> core::result::Result<(), anyhow::Error>, core::result::Result<(), anyhow::Error>>
[INFO] [stdout]    7: std::rt::lang_start::<core::result::Result<(), anyhow::Error>>::{closure#0}
[INFO] [stdout]    8: std::rt::lang_start_internal
[INFO] [stdout]    9: main
[INFO] [stdout]   10: <unknown>
[INFO] [stdout]   11: __libc_start_main
[INFO] [stdout]   12: _start
[INFO] [stdout] ```
[INFO] [stdout] 
[INFO] [stdout] 
[INFO] [stdout] stack backtrace:
[INFO] [stdout]    0:     0x5cda057f92d1 - <<std[617be2ca0a6fd877]::sys::backtrace::BacktraceLock>::print::DisplayBacktrace as core[a373ad73a504971]::fmt::Display>::fmt
[INFO] [stdout]    1:     0x5cda05812d8a - core[a373ad73a504971]::fmt::write
[INFO] [stdout]    2:     0x5cda057ff7bc - <alloc[2e1b2a31b91974c5]::vec::Vec<u8> as core[a373ad73a504971]::io::write::Write>::write_fmt
[INFO] [stdout]    3:     0x5cda057d01c6 - std[617be2ca0a6fd877]::panicking::default_hook::{closure#0}
[INFO] [stdout]    4:     0x5cda057eea09 - std[617be2ca0a6fd877]::panicking::default_hook
[INFO] [stdout]    5:     0x5cda05593770 - test[aada8e7e76ba119b]::test_main_inner::{closure#0}
[INFO] [stdout]    6:     0x5cda057eed32 - std[617be2ca0a6fd877]::panicking::panic_with_hook
[INFO] [stdout]    7:     0x5cda057d0272 - std[617be2ca0a6fd877]::panicking::panic_handler::{closure#0}
[INFO] [stdout]    8:     0x5cda057c85c9 - std[617be2ca0a6fd877]::sys::backtrace::__rust_end_short_backtrace::<std[617be2ca0a6fd877]::panicking::panic_handler::{closure#0}, !>
[INFO] [stdout]    9:     0x5cda057d117d - __rustc[ea4f61d10b84890b]::rust_begin_unwind
[INFO] [stdout]   10:     0x5cda0581356c - core[a373ad73a504971]::panicking::panic_fmt
[INFO] [stdout]   11:     0x5cda056cbc7f - <assert_cmd[6301e92dc43f81e3]::assert::AssertError>::panic::<assert_cmd[6301e92dc43f81e3]::assert::Assert>
[INFO] [stdout]   12:     0x5cda056cc139 - <assert_cmd[6301e92dc43f81e3]::assert::Assert>::success
[INFO] [stdout]   13:     0x5cda05029047 - test_cli[44497f8ab35e838c]::test_multi_integrity::{closure#0}
[INFO] [stdout]   14:     0x5cda0505c453 - <tokio[47af817625281195]::runtime::scheduler::current_thread::Context>::enter::<core[a373ad73a504971]::task::poll::Poll<()>, <tokio[47af817625281195]::runtime::scheduler::current_thread::CoreGuard>::block_on<core[a373ad73a504971]::pin::Pin<&mut core[a373ad73a504971]::pin::Pin<&mut dyn core[a373ad73a504971]::future::future::Future<Output = ()>>>>::{closure#0}::{closure#0}>
[INFO] [stdout]   15:     0x5cda0504f81c - <tokio[47af817625281195]::runtime::context::scoped::Scoped<tokio[47af817625281195]::runtime::scheduler::Context>>::set::<<tokio[47af817625281195]::runtime::scheduler::current_thread::CoreGuard>::enter<<tokio[47af817625281195]::runtime::scheduler::current_thread::CoreGuard>::block_on<core[a373ad73a504971]::pin::Pin<&mut core[a373ad73a504971]::pin::Pin<&mut dyn core[a373ad73a504971]::future::future::Future<Output = ()>>>>::{closure#0}, core[a373ad73a504971]::option::Option<()>>::{closure#0}, (alloc[2e1b2a31b91974c5]::boxed::Box<tokio[47af817625281195]::runtime::scheduler::current_thread::Core>, core[a373ad73a504971]::option::Option<()>)>
[INFO] [stdout]   16:     0x5cda0505bf77 - <tokio[47af817625281195]::runtime::runtime::Runtime>::block_on::<core[a373ad73a504971]::pin::Pin<&mut dyn core[a373ad73a504971]::future::future::Future<Output = ()>>>
[INFO] [stdout]   17:     0x5cda05030cce - <test_cli[44497f8ab35e838c]::test_multi_integrity::{closure#0} as core[a373ad73a504971]::ops::function::FnOnce<()>>::call_once
[INFO] [stdout]   18:     0x5cda05586bbb - test[aada8e7e76ba119b]::__rust_begin_short_backtrace::<core[a373ad73a504971]::result::Result<(), alloc[2e1b2a31b91974c5]::string::String>, fn() -> core[a373ad73a504971]::result::Result<(), alloc[2e1b2a31b91974c5]::string::String>>
[INFO] [stdout]   19:     0x5cda05593d95 - test[aada8e7e76ba119b]::run_test::{closure#0}
[INFO] [stdout]   20:     0x5cda0558d684 - std[617be2ca0a6fd877]::sys::backtrace::__rust_begin_short_backtrace::<test[aada8e7e76ba119b]::run_test::{closure#1}, ()>
[INFO] [stdout]   21:     0x5cda05596e22 - <std[617be2ca0a6fd877]::thread::lifecycle::spawn_unchecked<test[aada8e7e76ba119b]::run_test::{closure#1}, ()>::{closure#1} as core[a373ad73a504971]::ops::function::FnOnce<()>>::call_once::{shim:vtable#0}
[INFO] [stdout]   22:     0x5cda057f7def - <std[617be2ca0a6fd877]::sys::thread::unix::Thread>::new::thread_start
[INFO] [stdout]   23:     0x74beb1b95dfa - <unknown>
[INFO] [stdout]   24:     0x74beb1c293d4 - clone
[INFO] [stdout]   25:                0x0 - <unknown>
[INFO] [stdout] 
[INFO] [stdout] 
[INFO] [stdout] failures:
[INFO] [stdout]     round_trip
[INFO] [stdout]     test_integrity
[INFO] [stdout]     test_multi_integrity
[INFO] [stdout]     test_packed_hash_consistency
[INFO] [stdout] 
[INFO] [stdout] test result: FAILED. 11 passed; 4 failed; 0 ignored; 0 measured; 0 filtered out; finished in 0.08s
[INFO] [stdout] 
[INFO] [stderr] error: test failed, to rerun pass `--test test_cli`
[INFO] running `Command { std: "docker" "inspect" "e8b2c71545a2ea8e9fe62f69896c2a6917d1ab38708d1d1bbb81965014af240a", kill_on_drop: false }`
[INFO] running `Command { std: "docker" "rm" "-f" "e8b2c71545a2ea8e9fe62f69896c2a6917d1ab38708d1d1bbb81965014af240a", kill_on_drop: false }`
[INFO] [stdout] e8b2c71545a2ea8e9fe62f69896c2a6917d1ab38708d1d1bbb81965014af240a
