[INFO] fetching crate heddleco-capability-verifier 0.31.2...
[INFO] testing heddleco-capability-verifier-0.31.2 against 1.100.0-beta.1+cargoflags=--release for beta-release-1.100-2
[INFO] extracting crate heddleco-capability-verifier 0.31.2 into /workspace/builds/worker-4-tc2/source
[INFO] started tweaking crates.io crate heddleco-capability-verifier 0.31.2
[INFO] finished tweaking crates.io crate heddleco-capability-verifier 0.31.2
[INFO] tweaked toml for crates.io crate heddleco-capability-verifier 0.31.2 written to /workspace/builds/worker-4-tc2/source/Cargo.toml
[INFO] validating manifest of crates.io crate heddleco-capability-verifier 0.31.2 on toolchain 1.100.0-beta.1
[INFO] running `Command { std: CARGO_HOME="/workspace/cargo-home" RUSTUP_HOME="/workspace/rustup-home" "/workspace/cargo-home/bin/cargo" "+1.100.0-beta.1" "metadata" "--manifest-path" "Cargo.toml" "--no-deps", kill_on_drop: false }`
[INFO] crate crates.io crate heddleco-capability-verifier 0.31.2 already has a lockfile, it will not be regenerated
[INFO] running `Command { std: CARGO_HOME="/workspace/cargo-home" RUSTUP_HOME="/workspace/rustup-home" "/workspace/cargo-home/bin/cargo" "+1.100.0-beta.1" "fetch" "--manifest-path" "Cargo.toml", kill_on_drop: false }`
[INFO] running `Command { std: "docker" "create" "-v" "/var/lib/crater-agent-workspace/builds/worker-4-tc2/source:/opt/rustwide/workdir:ro,Z" "-v" "/var/lib/crater-agent-workspace/builds/worker-4-tc2/target:/opt/rustwide/target:rw,Z" "-v" "/var/lib/crater-agent-workspace/cargo-home:/opt/rustwide/cargo-home:ro,Z" "-v" "/var/lib/crater-agent-workspace/rustup-home:/opt/rustwide/rustup-home:ro,Z" "-m" "1610612736" "--network" "none" "ghcr.io/rust-lang/crates-build-env/linux@sha256:77db811e55d90add9212f6832c23229e3de5f1c1f9905e8cb07319ea15df73ac" "sleep" "infinity", kill_on_drop: false }`
[INFO] [stdout] 4eb2613ff9dd48a71a74fd03bca9eac308e52b65081d2d71635143e61196376f
[INFO] running `Command { std: "docker" "start" "4eb2613ff9dd48a71a74fd03bca9eac308e52b65081d2d71635143e61196376f", kill_on_drop: false }`
[INFO] running `Command { std: "docker" "inspect" "4eb2613ff9dd48a71a74fd03bca9eac308e52b65081d2d71635143e61196376f", kill_on_drop: false }`
[INFO] running `Command { std: "docker" "exec" "-e" "SOURCE_DIR=/opt/rustwide/workdir" "-e" "CARGO_HOME=/opt/rustwide/cargo-home" "-e" "RUSTUP_HOME=/opt/rustwide/rustup-home" "-e" "CARGO_TARGET_DIR=/opt/rustwide/target" "-w" "/opt/rustwide/workdir" "--user" "0:0" "4eb2613ff9dd48a71a74fd03bca9eac308e52b65081d2d71635143e61196376f" "/opt/rustwide/cargo-home/bin/cargo" "+1.100.0-beta.1" "metadata" "--no-deps" "--format-version=1", kill_on_drop: false }`
[INFO] running `Command { std: "docker" "inspect" "4eb2613ff9dd48a71a74fd03bca9eac308e52b65081d2d71635143e61196376f", kill_on_drop: false }`
[INFO] running `Command { std: "docker" "exec" "-e" "SOURCE_DIR=/opt/rustwide/workdir" "-e" "CARGO_HOME=/opt/rustwide/cargo-home" "-e" "RUSTUP_HOME=/opt/rustwide/rustup-home" "-e" "CARGO_TARGET_DIR=/opt/rustwide/target" "-e" "CARGO_INCREMENTAL=0" "-e" "RUST_BACKTRACE=full" "-e" "RUSTFLAGS=--cap-lints=warn" "-e" "RUSTDOCFLAGS=--cap-lints=warn" "-w" "/opt/rustwide/workdir" "--user" "0:0" "4eb2613ff9dd48a71a74fd03bca9eac308e52b65081d2d71635143e61196376f" "/opt/rustwide/cargo-home/bin/cargo" "+1.100.0-beta.1" "build" "--frozen" "--message-format=json" "--release", kill_on_drop: false }`
[INFO] [stderr]    Compiling zeroize v1.9.1
[INFO] [stderr]    Compiling subtle v2.6.1
[INFO] [stderr]    Compiling libc v0.2.190
[INFO] [stderr]    Compiling base64ct v1.8.3
[INFO] [stderr]    Compiling generic-array v0.14.9
[INFO] [stderr]    Compiling syn v2.0.119
[INFO] [stderr]    Compiling either v1.19.0
[INFO] [stderr]    Compiling num-traits v0.2.19
[INFO] [stderr]    Compiling hybrid-array v0.4.15
[INFO] [stderr]    Compiling ctutils v0.4.3
[INFO] [stderr]    Compiling pem-rfc7468 v0.7.0
[INFO] [stderr]    Compiling pem-rfc7468 v1.0.0
[INFO] [stderr]    Compiling der v0.8.2
[INFO] [stderr]    Compiling crypto-common v0.2.2
[INFO] [stderr]    Compiling block-buffer v0.12.1
[INFO] [stderr]    Compiling crypto-common v0.1.6
[INFO] [stderr]    Compiling block-buffer v0.10.4
[INFO] [stderr]    Compiling der v0.7.10
[INFO] [stderr]    Compiling itertools v0.14.0
[INFO] [stderr]    Compiling digest v0.10.7
[INFO] [stderr]    Compiling crypto-bigint v0.7.5
[INFO] [stderr]    Compiling ff v0.14.0
[INFO] [stderr]    Compiling cpufeatures v0.3.1
[INFO] [stderr]    Compiling bytes v1.11.1
[INFO] [stderr]    Compiling getrandom v0.2.17
[INFO] [stderr]    Compiling rand_core v0.6.4
[INFO] [stderr]    Compiling digest v0.11.3
[INFO] [stderr]    Compiling spki v0.8.1
[INFO] [stderr]    Compiling ff v0.13.1
[INFO] [stderr]    Compiling zerocopy v0.8.62
[INFO] [stderr]    Compiling spki v0.7.3
[INFO] [stderr]    Compiling pkcs8 v0.11.0
[INFO] [stderr]    Compiling pkcs8 v0.10.2
[INFO] [stderr]    Compiling group v0.13.0
[INFO] [stderr]    Compiling signature v3.0.0
[INFO] [stderr]    Compiling crypto-bigint v0.5.5
[INFO] [stderr]    Compiling signature v2.2.0
[INFO] [stderr]    Compiling syn v1.0.109
[INFO] [stderr]    Compiling regex-syntax v0.8.11
[INFO] [stderr]    Compiling prettyplease v0.2.37
[INFO] [stderr]    Compiling indexmap v2.14.2
[INFO] [stderr]    Compiling getrandom v0.4.3
[INFO] [stderr]    Compiling group v0.14.0
[INFO] [stderr]    Compiling hmac v0.12.1
[INFO] [stderr]    Compiling curve25519-dalek v4.1.3
[INFO] [stderr]    Compiling curve25519-dalek v5.0.0
[INFO] [stderr]    Compiling itertools v0.10.5
[INFO] [stderr]    Compiling deranged v0.5.9
[INFO] [stderr]    Compiling serde_derive v1.0.228
[INFO] [stderr]    Compiling prost-derive v0.14.4
[INFO] [stderr]    Compiling thiserror-impl v1.0.69
[INFO] [stderr]    Compiling curve25519-dalek-derive v0.1.1
[INFO] [stderr]    Compiling regex-automata v0.4.18
[INFO] [stderr]    Compiling powerfmt v0.2.1
[INFO] [stderr]    Compiling fixedbitset v0.5.7
[INFO] [stderr]    Compiling time v0.3.55
[INFO] [stderr]    Compiling petgraph v0.7.1
[INFO] [stderr]    Compiling thiserror v1.0.69
[INFO] [stderr]    Compiling prost v0.14.1
[INFO] [stderr]    Compiling tempfile v3.27.0
[INFO] [stderr]    Compiling prost-types v0.14.1
[INFO] [stderr]    Compiling nom v7.1.3
[INFO] [stderr]    Compiling sec1 v0.8.1
[INFO] [stderr]    Compiling regex v1.13.1
[INFO] [stderr]    Compiling rfc6979 v0.4.0
[INFO] [stderr]    Compiling serde v1.0.228
[INFO] [stderr]    Compiling prost-derive v0.10.1
[INFO] [stderr]    Compiling blake3 v1.8.7
[INFO] [stderr]    Compiling sha2 v0.10.9
[INFO] [stderr]    Compiling sha2 v0.11.0
[INFO] [stderr]    Compiling proc-macro-error-attr2 v2.0.0
[INFO] [stderr]    Compiling der v0.6.1
[INFO] [stderr]    Compiling serdect v0.2.0
[INFO] [stderr]    Compiling protoc-bin-vendored-linux-x86_32 v3.2.0
[INFO] [stderr]    Compiling sec1 v0.7.3
[INFO] [stderr]    Compiling log v0.4.34
[INFO] [stderr]    Compiling protoc-bin-vendored-linux-ppcle_64 v3.2.0
[INFO] [stderr]    Compiling ppv-lite86 v0.2.21
[INFO] [stderr]    Compiling elliptic-curve v0.13.8
[INFO] [stderr]    Compiling protoc-bin-vendored-macos-x86_64 v3.2.0
[INFO] [stderr]    Compiling protoc-bin-vendored-linux-x86_64 v3.2.0
[INFO] [stderr]    Compiling multimap v0.10.1
[INFO] [stderr]    Compiling protoc-bin-vendored-linux-s390_64 v3.2.0
[INFO] [stderr]    Compiling protoc-bin-vendored-linux-aarch_64 v3.2.0
[INFO] [stderr]    Compiling protoc-bin-vendored-win32 v3.2.0
[INFO] [stderr]    Compiling protoc-bin-vendored-macos-aarch_64 v3.2.0
[INFO] [stderr]    Compiling spki v0.6.0
[INFO] [stderr]    Compiling protoc-bin-vendored v3.2.0
[INFO] [stderr]    Compiling ecdsa v0.16.9
[INFO] [stderr]    Compiling primeorder v0.13.6
[INFO] [stderr]    Compiling prost-build v0.14.1
[INFO] [stderr]    Compiling prost v0.10.4
[INFO] [stderr]    Compiling serde_json v1.0.149
[INFO] [stderr]    Compiling rand_chacha v0.3.1
[INFO] [stderr]    Compiling biscuit-parser v0.2.0
[INFO] [stderr]    Compiling proc-macro-error2 v2.0.1
[INFO] [stderr]    Compiling prost-reflect v0.16.5
[INFO] [stderr]    Compiling elliptic-curve v0.14.1
[INFO] [stderr]    Compiling thiserror-impl v2.0.18
[INFO] [stderr]    Compiling primefield v0.14.0
[INFO] [stderr]    Compiling ed25519 v2.2.3
[INFO] [stderr]    Compiling ed25519 v3.0.0
[INFO] [stderr]    Compiling hmac v0.13.0
[INFO] [stderr]    Compiling block-buffer v0.9.0
[INFO] [stderr]    Compiling digest v0.9.0
[INFO] [stderr]    Compiling unicode-general-category v1.1.0
[INFO] [stderr]    Compiling opaque-debug v0.3.1
[INFO] [stderr]    Compiling biscuit-auth v6.0.0
[INFO] [stderr]    Compiling sha2 v0.9.9
[INFO] [stderr]    Compiling rfc6979 v0.6.0
[INFO] [stderr]    Compiling thiserror v2.0.18
[INFO] [stderr]    Compiling ed25519-dalek v3.0.0
[INFO] [stderr]    Compiling ed25519-dalek v2.2.0
[INFO] [stderr]    Compiling heddle-api v0.31.0-alpha.48
[INFO] [stderr]    Compiling wnaf v0.14.1
[INFO] [stderr]    Compiling biscuit-quote v0.3.0
[INFO] [stderr]    Compiling rand v0.8.8
[INFO] [stderr]    Compiling prost-types v0.10.1
[INFO] [stderr]    Compiling p256 v0.13.2
[INFO] [stderr]    Compiling pkcs8 v0.9.0
[INFO] [stderr]    Compiling rmp v0.8.15
[INFO] [stderr]    Compiling tinyvec v1.13.3
[INFO] [stderr]    Compiling chrono v0.4.45
[INFO] [stderr]    Compiling rmp-serde v1.3.1
[INFO] [stderr]    Compiling unicode-normalization v0.1.25
[INFO] [stderr]    Compiling primeorder v0.14.0
[INFO] [stderr]    Compiling ecdsa v0.17.0
[INFO] [stderr]    Compiling uuid v1.28.0
[INFO] [stderr]    Compiling base64 v0.23.1
[INFO] [stderr]    Compiling p256 v0.14.0
[INFO] [stderr]    Compiling heddle-biscuit-verifier v0.31.2
[INFO] [stderr]    Compiling heddleco-capability-verifier v0.31.2 (/opt/rustwide/workdir)
[INFO] [stderr]     Finished `release` profile [optimized] target(s) in 5m 22s
[INFO] [stderr] warning: the following packages contain code that will be rejected by a future version of Rust: proc-macro-error2 v2.0.1
[INFO] [stderr] note: to see what the problems were, use the option `--future-incompat-report`, or run `cargo report future-incompatibilities --id 1`
[INFO] running `Command { std: "docker" "inspect" "4eb2613ff9dd48a71a74fd03bca9eac308e52b65081d2d71635143e61196376f", kill_on_drop: false }`
[INFO] running `Command { std: "docker" "exec" "-e" "SOURCE_DIR=/opt/rustwide/workdir" "-e" "CARGO_HOME=/opt/rustwide/cargo-home" "-e" "RUSTUP_HOME=/opt/rustwide/rustup-home" "-e" "CARGO_TARGET_DIR=/opt/rustwide/target" "-e" "CARGO_INCREMENTAL=0" "-e" "RUST_BACKTRACE=full" "-e" "RUSTFLAGS=--cap-lints=warn" "-e" "RUSTDOCFLAGS=--cap-lints=warn" "-w" "/opt/rustwide/workdir" "--user" "0:0" "4eb2613ff9dd48a71a74fd03bca9eac308e52b65081d2d71635143e61196376f" "/opt/rustwide/cargo-home/bin/cargo" "+1.100.0-beta.1" "test" "--frozen" "--no-run" "--message-format=json" "--release", kill_on_drop: false }`
[INFO] [stderr]    Compiling syn v2.0.119
[INFO] [stderr]    Compiling num-traits v0.2.19
[INFO] [stderr]    Compiling wasm-bindgen-shared v0.2.127
[INFO] [stderr]    Compiling bumpalo v3.20.3
[INFO] [stderr]    Compiling serde_json v1.0.149
[INFO] [stderr]    Compiling wasm-bindgen v0.2.127
[INFO] [stderr]    Compiling once_cell v1.21.4
[INFO] [stderr]    Compiling futures-util v0.3.34
[INFO] [stderr]    Compiling syn v3.0.9
[INFO] [stderr]    Compiling nu-ansi-term v0.50.3
[INFO] [stderr]    Compiling wasm-bindgen-test-shared v0.2.127
[INFO] [stderr]    Compiling crypto-bigint v0.7.5
[INFO] [stderr]    Compiling rmp v0.8.15
[INFO] [stderr]    Compiling async-trait v0.1.92
[INFO] [stderr]    Compiling wasm-bindgen-macro-support v0.2.127
[INFO] [stderr]    Compiling prettyplease v0.2.37
[INFO] [stderr]    Compiling proc-macro-error2 v2.0.1
[INFO] [stderr]    Compiling primefield v0.14.0
[INFO] [stderr]    Compiling elliptic-curve v0.14.1
[INFO] [stderr]    Compiling rfc6979 v0.6.0
[INFO] [stderr]    Compiling wnaf v0.14.1
[INFO] [stderr]    Compiling ecdsa v0.17.0
[INFO] [stderr]    Compiling primeorder v0.14.0
[INFO] [stderr]    Compiling serde_derive v1.0.228
[INFO] [stderr]    Compiling prost-derive v0.14.4
[INFO] [stderr]    Compiling thiserror-impl v1.0.69
[INFO] [stderr]    Compiling curve25519-dalek-derive v0.1.1
[INFO] [stderr]    Compiling thiserror-impl v2.0.18
[INFO] [stderr]    Compiling curve25519-dalek v5.0.0
[INFO] [stderr]    Compiling curve25519-dalek v4.1.3
[INFO] [stderr]    Compiling p256 v0.14.0
[INFO] [stderr]    Compiling thiserror v1.0.69
[INFO] [stderr]    Compiling biscuit-parser v0.2.0
[INFO] [stderr]    Compiling prost v0.14.1
[INFO] [stderr]    Compiling prost-types v0.14.1
[INFO] [stderr]    Compiling biscuit-quote v0.3.0
[INFO] [stderr]    Compiling prost-build v0.14.1
[INFO] [stderr]    Compiling serde v1.0.228
[INFO] [stderr]    Compiling prost-reflect v0.16.5
[INFO] [stderr]    Compiling wasm-bindgen-macro v0.2.127
[INFO] [stderr]    Compiling ed25519-dalek v3.0.0
[INFO] [stderr]    Compiling serdect v0.2.0
[INFO] [stderr]    Compiling sec1 v0.7.3
[INFO] [stderr]    Compiling ed25519-dalek v2.2.0
[INFO] [stderr]    Compiling elliptic-curve v0.13.8
[INFO] [stderr]    Compiling thiserror v2.0.18
[INFO] [stderr]    Compiling chrono v0.4.45
[INFO] [stderr]    Compiling rmp-serde v1.3.1
[INFO] [stderr]    Compiling ecdsa v0.16.9
[INFO] [stderr]    Compiling primeorder v0.13.6
[INFO] [stderr]    Compiling wasm-bindgen-test-macro v0.3.77
[INFO] [stderr]    Compiling p256 v0.13.2
[INFO] [stderr]    Compiling js-sys v0.3.104
[INFO] [stderr]    Compiling biscuit-auth v6.0.0
[INFO] [stderr]    Compiling heddle-api v0.31.0-alpha.48
[INFO] [stderr]    Compiling heddle-biscuit-verifier v0.31.2
[INFO] [stderr]    Compiling wasm-bindgen-futures v0.4.77
[INFO] [stderr]    Compiling wasm-bindgen-test v0.3.77
[INFO] [stderr]    Compiling heddleco-capability-verifier v0.31.2 (/opt/rustwide/workdir)
[INFO] [stderr]     Finished `release` profile [optimized] target(s) in 5m 02s
[INFO] [stderr] warning: the following packages contain code that will be rejected by a future version of Rust: proc-macro-error2 v2.0.1
[INFO] [stderr] note: to see what the problems were, use the option `--future-incompat-report`, or run `cargo report future-incompatibilities --id 1`
[INFO] running `Command { std: "docker" "inspect" "4eb2613ff9dd48a71a74fd03bca9eac308e52b65081d2d71635143e61196376f", kill_on_drop: false }`
[INFO] running `Command { std: "docker" "exec" "-e" "SOURCE_DIR=/opt/rustwide/workdir" "-e" "CARGO_HOME=/opt/rustwide/cargo-home" "-e" "RUSTUP_HOME=/opt/rustwide/rustup-home" "-e" "CARGO_TARGET_DIR=/opt/rustwide/target" "-e" "CARGO_INCREMENTAL=0" "-e" "RUST_BACKTRACE=full" "-e" "RUSTFLAGS=--cap-lints=warn" "-e" "RUSTDOCFLAGS=--cap-lints=warn" "-w" "/opt/rustwide/workdir" "--user" "0:0" "4eb2613ff9dd48a71a74fd03bca9eac308e52b65081d2d71635143e61196376f" "/opt/rustwide/cargo-home/bin/cargo" "+1.100.0-beta.1" "test" "--frozen" "--release", kill_on_drop: false }`
[INFO] [stderr]     Finished `release` profile [optimized] target(s) in 0.36s
[INFO] [stderr] warning: the following packages contain code that will be rejected by a future version of Rust: proc-macro-error2 v2.0.1
[INFO] [stderr] note: to see what the problems were, use the option `--future-incompat-report`, or run `cargo report future-incompatibilities --id 1`
[INFO] [stderr]      Running unittests src/lib.rs (/opt/rustwide/target/release/build/heddleco-capability-verifier/06cc2954a630b980/out/heddleco_capability_verifier-06cc2954a630b980)
[INFO] [stdout] 
[INFO] [stdout] running 118 tests
[INFO] [stdout] test import_delegation::tests::cancellation_namespace_and_witnessed_history_are_separate ... ok
[INFO] [stdout] test import_delegation::tests::commit_preflight_requires_host_order_and_exclusive_expiry ... ok
[INFO] [stdout] test import_delegation::tests::commit_preflight_preserves_preparation_signatures_and_genesis_bindings ... ok
[INFO] [stdout] test import_delegation::tests::claimed_human_import_authority_survives_original_claim_deadline ... ok
[INFO] [stdout] test import_delegation::tests::commit_preflight_future_owner_transition_cannot_authorize_at_t ... ok
[INFO] [stdout] test import_delegation::tests::commit_preflight_future_within_skew_preserves_execution_start ... ok
[INFO] [stdout] test import_delegation::tests::claimed_import_authority_still_rejects_rotated_issuers ... ok
[INFO] [stdout] test import_delegation::tests::commit_preflight_direct_owner_and_member_skew_edges ... ok
[INFO] [stdout] test import_delegation::tests::commit_preflight_requires_parent_at_actual_time_and_containment ... ok
[INFO] [stdout] test import_delegation::tests::portable_import_permission_scope_and_current_expiry ... ok
[INFO] [stdout] test import_delegation::tests::permission_attenuation_and_staged_current_revocations_are_rechecked ... ok
[INFO] [stdout] test import_delegation::tests::print_claimed_owner_fixture_json ... ignored, regenerate the signed claimed-owner differential fixture
[INFO] [stdout] test import_delegation::tests::historical_import_expiry_uses_owner_state_at_observation ... ok
[INFO] [stdout] test import_delegation::tests::commit_preflight_uses_effective_owner_expiry ... ok
[INFO] [stdout] test import_delegation::tests::commit_preflight_reuses_selected_lineage_roles_associations_and_revocations ... ok
[INFO] [stdout] test import_delegation::tests::review_historical_genesis_and_publication_exclude_selected_witness_as_creator ... ok
[INFO] [stdout] test import_delegation::tests::genuine_job_signatures_cannot_widen_any_operation_binding ... ok
[INFO] [stdout] test import_delegation::tests::review_witness_freshness_preserves_receiver_milliseconds ... ok
[INFO] [stdout] test import_delegation::tests::publication_admission_requires_the_same_authenticated_executor ... ok
[INFO] [stdout] test import_delegation::tests::review_wrong_role_delegators_have_genuine_owner_permissions ... ok
[INFO] [stdout] test import_delegation::tests::role_substitution_and_conflicting_job_associations ... ok
[INFO] [stdout] test import_delegation::tests::signed_import_windows_enforce_the_seven_day_ceiling ... ok
[INFO] [stdout] test import_delegation::tests::publication_admission_requires_p3_after_commit_only_preflight ... ok
[INFO] [stdout] test observed::hybrid_error_tests::new_hybrid_failures_preserve_their_category_and_typed_refusal_detail ... ok
[INFO] [stdout] test native_genesis_tests::native_creator_binding_commits_exact_envelope ... ok
[INFO] [stdout] test import_delegation::tests::unclaimed_deferred_import_authority_keeps_its_deadline ... ok
[INFO] [stdout] test policy::tests::ancestor_ceiling_rejects_looser_child_cap ... ok
[INFO] [stdout] test policy::tests::back_dated_k_tip_is_refused ... ok
[INFO] [stdout] test policy::tests::absent_audience_is_no_own_contribution ... ok
[INFO] [stdout] test import_delegation::tests::publication_admission_refuses_p1_outside_delegation_window ... ok
[INFO] [stdout] test native_genesis_tests::native_summary_distinguishes_account_authority_from_local_binding ... ok
[INFO] [stdout] test policy::tests::grow_only_cannot_drop_a_revocation ... ok
[INFO] [stdout] test policy::tests::protobuf_bytes_are_not_the_signed_preimage ... ok
[INFO] [stdout] test policy::tests::genesis_private_ceiling_verifies ... ok
[INFO] [stdout] test policy::tests::present_unspecified_audience_fails_closed ... ok
[INFO] [stdout] test policy::tests::introducing_self_revocation_is_refused ... ok
[INFO] [stdout] test service_scope::tests::agent_read_scope_can_get_identity_snapshot ... ok
[INFO] [stdout] test tests::api_v2_operation_and_genesis_vectors_match ... ok
[INFO] [stdout] test tests::browser_paper_recovery_transition_matches_rust_owner_verifier ... ok
[INFO] [stdout] test native_genesis_tests::native_genesis_owner_pin_cuts_truncated_pre_recover_author_history ... ok
[INFO] [stdout] test tests::creation_tests::browser_produced_delegated_creation_passes_rust_admission ... ok
[INFO] [stdout] test tests::creation_tests::mint_root_attachment_canonical_browser_fixture ... ok
[INFO] [stdout] test tests::creation_tests::spool_creation_rejects_both_raw_mint_root_arms_before_decoding ... ok
[INFO] [stdout] test tests::digest_golden_tests::rustcrypto_digest_golden_vectors ... ok
[INFO] [stdout] test import_delegation::tests::publication_admission_requires_equal_transaction_time_and_p1_first ... ok
[INFO] [stdout] test tests::embedded_valid_fixture_components_verify ... ok
[INFO] [stdout] test tests::keyring_recomputes_genesis_ids_hashes_and_linear_chain ... ok
[INFO] [stdout] test tests::creation_tests::spool_creation_canonical_browser_fixture ... ok
[INFO] [stdout] test tests::creation_tests::retired_owner_state_cannot_admit_a_new_delegated_creation ... ok
[INFO] [stdout] test tests::creation_tests::independent_mint_root_requires_current_owner_certificate ... ok
[INFO] [stdout] test tests::later_rotation_retains_genesis_history_without_retaining_old_purge_authority ... ok
[INFO] [stdout] test tests::observed_tests::print_production_fixture ... ignored, maintainer-only production corpus regeneration
[INFO] [stdout] test tests::new_spool_genesis_can_be_signed_by_the_rotated_owner_key ... ok
[INFO] [stdout] test tests::creation_tests::delegated_creation_uses_exact_sealed_permission_and_actual_current_time ... ok
[INFO] [stdout] test tests::observed_tests::single_policy_provenance_rejects_malformed_predecessor ... ok
[INFO] [stdout] test tests::observed_tests::single_policy_provenance_bounds_revocation_count ... ok
[INFO] [stdout] test tests::observed_tests::single_policy_provenance_accepts_inherited_history_key_revocation ... ok
[INFO] [stdout] test tests::only_authorized_policy_transition_can_lower_window ... ok
[INFO] [stdout] test tests::embedded_fixture_adapters_agree ... ok
[INFO] [stdout] test tests::ownership_transfer_still_requires_both_owner_signatures ... ok
[INFO] [stdout] test tests::passkey_delegation_tests::es256_passkey_accepts_valid_high_s_assertion_but_rejects_tampering ... ok
[INFO] [stdout] test tests::passkey_delegation_tests::expired_revoked_passkey_work_keeps_provenance_without_current_authority ... ok
[INFO] [stdout] test tests::passkey_delegation_tests::owner_authorized_es256_passkey_accepts_der_assertion ... ok
[INFO] [stdout] test tests::passkey_delegation_tests::passkey_assertion_binds_exact_mint_origin_rp_and_user_verification ... ok
[INFO] [stdout] test tests::passkey_delegation_tests::owner_authorized_passkey_admits_temporary_mint_without_server_or_existing_device ... ok
[INFO] [stdout] test tests::passkey_delegation_tests::passkey_authority_cannot_extend_lifetime_or_select_another_owner ... ok
[INFO] [stdout] test tests::passkey_delegation_tests::passkey_authority_must_match_current_state_and_asserting_credential ... ok
[INFO] [stdout] test tests::print_fixture_json ... ignored, maintainer-only fixture regeneration
[INFO] [stdout] test tests::passkey_delegation_tests::shared_api_passkey_mint_grant_vectors ... ok
[INFO] [stdout] test tests::protobuf_and_payload_limits_fail_closed ... ok
[INFO] [stdout] test tests::public_transfer_audit_codec_matches_verification_and_binds_history ... ok
[INFO] [stdout] test tests::recovery_retires_historical_purge_issuers_after_multiple_rotations ... ok
[INFO] [stdout] test tests::recovery_tests::print_paper_recovery_fixture_json ... ignored, maintainer-only fixture regeneration
[INFO] [stdout] test tests::recovery_tests::print_recovery_keyring_fixture_json ... ignored, maintainer-only fixture regeneration
[INFO] [stdout] test tests::passkey_delegation_tests::temporary_passkey_thread_landing_is_exact_method_and_spool_bound ... ok
[INFO] [stdout] test tests::recovery_tests::recover_and_policy_transition_reject_the_same_invalid_next_policies ... ok
[INFO] [stdout] test tests::recovery_tests::recover_requires_current_threshold_and_every_next_guardian_proof ... ok
[INFO] [stdout] test tests::portable_transfer_histories_select_exact_historical_states ... ok
[INFO] [stdout] test tests::recovery_tests::recover_with_valid_new_policy_is_admitted_and_folded ... ok
[INFO] [stdout] test tests::recovery_tests::recover_retires_old_threshold_even_with_fresh_possession_proofs ... ok
[INFO] [stdout] test tests::recovery_tests::recover_without_next_policy_is_rejected ... ok
[INFO] [stdout] test tests::recovery_tests::second_recover_by_old_guardians_is_rejected ... ok
[INFO] [stdout] test tests::observed_tests::policy_rejects_rotated_owner_history_keys_at_introduction ... ok
[INFO] [stdout] test tests::recovery_window_is_signed_and_statefully_checkable ... ok
[INFO] [stdout] test native_genesis_tests::native_creator_binding_checks_lineage_envelope_time_and_revocation ... FAILED
[INFO] [stdout] test tests::recovery_tests::second_legacy_recover_by_used_words_is_rejected ... ok
[INFO] [stdout] test tests::rotated_spool_genesis_preserves_current_purge_authority ... ok
[INFO] [stdout] test tests::purge_accept_deny_matrix ... ok
[INFO] [stdout] test tests::thread_control_authority_tests::boundary_genesis_derives_original_agent_without_weakening_signed_actor_checks ... ok
[INFO] [stdout] test tests::recovery_tests::recovery_rust_wasm_parity_vectors_are_current ... ok
[INFO] [stdout] test tests::thread_control_authority_tests::boundary_acceptance_preserves_subject_attenuation_and_rejects_asserted_selectors ... ok
[INFO] [stdout] test tests::thread_control_authority_tests::boundary_current_delegate_is_not_replaced_by_an_owner_role_shortcut ... ok
[INFO] [stdout] test tests::thread_control_authority_tests::evidence_original_authority_requires_its_exact_evidence_method ... ok
[INFO] [stdout] test tests::thread_control_authority_tests::boundary_original_device_revocation_is_observed_while_acceptor_still_requires_current_authority ... ok
[INFO] [stdout] test tests::thread_control_authority_tests::boundary_historical_identity_survives_rotation_and_recovery_without_issuance_rights ... ok
[INFO] [stdout] test tests::thread_control_authority_tests::thread_authority_checks_actual_time_method_and_resource ... ok
[INFO] [stdout] test tests::thread_control_authority_tests::boundary_provenance_cannot_relabel_original_identity_or_enroll_an_incoming_root ... ok
[INFO] [stdout] test tests::thread_control_authority_tests::thread_authority_checks_session_and_stored_credential_revocations ... ok
[INFO] [stdout] test tests::thread_control_authority_tests::thread_authority_preserves_original_publisher_account_and_agent ... ok
[INFO] [stdout] test tests::thread_control_authority_tests::retained_device_certificate_and_cached_proof_survive_rotation_without_new_authority ... ok
[INFO] [stdout] test tests::thread_control_authority_tests::boundary_revoked_expired_original_is_provenance_only_and_acceptor_must_be_current ... ok
[INFO] [stdout] test tests::thread_control_authority_tests::thread_authority_typed_revocations_and_bounds_are_enforced ... ok
[INFO] [stdout] test tests::timeline_tests::print_timeline_v3_fixture_json ... ignored, maintainer-only fixture regeneration
[INFO] [stdout] test tests::thread_control_authority_tests::thread_authority_requires_current_independent_mint_attachment ... ok
[INFO] [stdout] test tests::timeline_tests::api_origin_v3_byte_vectors_match_both_identity_variants ... ok
[INFO] [stdout] test tests::thread_control_authority_tests::thread_control_rejects_both_raw_mint_root_arms_before_decoding ... ok
[INFO] [stdout] test tests::timeline_tests::timeline_acceptance_rejects_bundle_over_64_kib ... ok
[INFO] [stdout] test tests::timeline_tests::current_owner_state_and_rotation_window_are_checked ... ok
[INFO] [stdout] test tests::timeline_tests::producer_layout_round_trips_through_format_three_verifier ... ok
[INFO] [stdout] test tests::timeline_tests::direct_grant_shape_validity_start_and_issuer_signature_are_checked ... ok
[INFO] [stdout] test tests::timeline_tests::v3_capability_body_matches_contract_field_order_and_identity_tags ... ok
[INFO] [stdout] test tests::timeline_tests::review_recovery_retires_every_pre_recovery_issuer ... ok
[INFO] [stdout] test tests::timeline_tests::recovery_and_subject_biscuit_revocation_or_attenuation_reject_acceptance ... ok
[INFO] [stdout] test tests::timeline_tests::timeline_acceptance_with_twenty_rotations_and_recovery ... ok
[INFO] [stdout] test tests::timeline_tests::timeline_scope_action_format_lifetime_and_revocations_fail_closed ... ok
[INFO] [stdout] test tests::observed_tests::observed_production_vectors_reject_for_intended_reasons ... ok
[INFO] [stdout] test tests::timeline_tests::timeline_v3_parity_fixture_is_current ... ok
[INFO] [stdout] test tests::observed_tests::import_byte_adapter_uses_general_owner_transition_bound ... ok
[INFO] [stdout] 
[INFO] [stdout] failures:
[INFO] [stdout] 
[INFO] [stdout] ---- native_genesis_tests::native_creator_binding_checks_lineage_envelope_time_and_revocation stdout ----
[INFO] [stdout] 
[INFO] [stdout] thread 'native_genesis_tests::native_creator_binding_checks_lineage_envelope_time_and_revocation' (3445) panicked at src/native_genesis_tests.rs:219:6:
[INFO] [stdout] parity corpus: Os { code: 30, kind: ReadOnlyFilesystem, message: "Read-only file system" }
[INFO] [stdout] stack backtrace:
[INFO] [stdout]    0:     0x5b3aa08e2261 - <<std[617be2ca0a6fd877]::sys::backtrace::BacktraceLock>::print::DisplayBacktrace as core[a373ad73a504971]::fmt::Display>::fmt
[INFO] [stdout]    1:     0x5b3aa08f79ca - core[a373ad73a504971]::fmt::write
[INFO] [stdout]    2:     0x5b3aa08e657c - <alloc[2e1b2a31b91974c5]::vec::Vec<u8> as core[a373ad73a504971]::io::write::Write>::write_fmt
[INFO] [stdout]    3:     0x5b3aa08be356 - std[617be2ca0a6fd877]::panicking::default_hook::{closure#0}
[INFO] [stdout]    4:     0x5b3aa08da719 - std[617be2ca0a6fd877]::panicking::default_hook
[INFO] [stdout]    5:     0x5b3aa05d2a30 - test[aada8e7e76ba119b]::test_main_inner::{closure#0}
[INFO] [stdout]    6:     0x5b3aa08da8d2 - std[617be2ca0a6fd877]::panicking::panic_with_hook
[INFO] [stdout]    7:     0x5b3aa08be402 - std[617be2ca0a6fd877]::panicking::panic_handler::{closure#0}
[INFO] [stdout]    8:     0x5b3aa08b70e9 - std[617be2ca0a6fd877]::sys::backtrace::__rust_end_short_backtrace::<std[617be2ca0a6fd877]::panicking::panic_handler::{closure#0}, !>
[INFO] [stdout]    9:     0x5b3aa08bf00d - __rustc[ea4f61d10b84890b]::rust_begin_unwind
[INFO] [stdout]   10:     0x5b3aa08f81ac - core[a373ad73a504971]::panicking::panic_fmt
[INFO] [stdout]   11:     0x5b3aa08f7f82 - core[a373ad73a504971]::result::unwrap_failed
[INFO] [stdout]   12:     0x5b3aa04ed888 - heddleco_capability_verifier[94a3b80b950adec1]::native_genesis_tests::native_creator_binding_checks_lineage_envelope_time_and_revocation
[INFO] [stdout]   13:     0x5b3aa0507d89 - <heddleco_capability_verifier[94a3b80b950adec1]::native_genesis_tests::native_creator_binding_checks_lineage_envelope_time_and_revocation::{closure#0} as core[a373ad73a504971]::ops::function::FnOnce<()>>::call_once
[INFO] [stdout]   14:     0x5b3aa05c5e7b - test[aada8e7e76ba119b]::__rust_begin_short_backtrace::<core[a373ad73a504971]::result::Result<(), alloc[2e1b2a31b91974c5]::string::String>, fn() -> core[a373ad73a504971]::result::Result<(), alloc[2e1b2a31b91974c5]::string::String>>
[INFO] [stdout]   15:     0x5b3aa05d3055 - test[aada8e7e76ba119b]::run_test::{closure#0}
[INFO] [stdout]   16:     0x5b3aa05cc944 - std[617be2ca0a6fd877]::sys::backtrace::__rust_begin_short_backtrace::<test[aada8e7e76ba119b]::run_test::{closure#1}, ()>
[INFO] [stdout]   17:     0x5b3aa05d60e2 - <std[617be2ca0a6fd877]::thread::lifecycle::spawn_unchecked<test[aada8e7e76ba119b]::run_test::{closure#1}, ()>::{closure#1} as core[a373ad73a504971]::ops::function::FnOnce<()>>::call_once::{shim:vtable#0}
[INFO] [stdout]   18:     0x5b3aa08e18df - <std[617be2ca0a6fd877]::sys::thread::unix::Thread>::new::thread_start
[INFO] [stdout]   19:     0x7d3fcd2b8dfa - <unknown>
[INFO] [stdout]   20:     0x7d3fcd34c3d4 - clone
[INFO] [stdout]   21:                0x0 - <unknown>
[INFO] [stdout] 
[INFO] [stdout] 
[INFO] [stdout] failures:
[INFO] [stdout]     native_genesis_tests::native_creator_binding_checks_lineage_envelope_time_and_revocation
[INFO] [stdout] 
[INFO] [stdout] test result: FAILED. 111 passed; 1 failed; 6 ignored; 0 measured; 0 filtered out; finished in 1.03s
[INFO] [stdout] 
[INFO] [stderr] error: test failed, to rerun pass `--lib`
[INFO] running `Command { std: "docker" "inspect" "4eb2613ff9dd48a71a74fd03bca9eac308e52b65081d2d71635143e61196376f", kill_on_drop: false }`
[INFO] running `Command { std: "docker" "rm" "-f" "4eb2613ff9dd48a71a74fd03bca9eac308e52b65081d2d71635143e61196376f", kill_on_drop: false }`
[INFO] [stdout] 4eb2613ff9dd48a71a74fd03bca9eac308e52b65081d2d71635143e61196376f
