[INFO] fetching crate golem-ai-stt-aws 0.5.2...
[INFO] testing golem-ai-stt-aws-0.5.2 against 1.100.0-beta.1+cargoflags=--release for beta-release-1.100-2
[INFO] extracting crate golem-ai-stt-aws 0.5.2 into /workspace/builds/worker-1-tc2/source
[INFO] started tweaking crates.io crate golem-ai-stt-aws 0.5.2
[INFO] finished tweaking crates.io crate golem-ai-stt-aws 0.5.2
[INFO] tweaked toml for crates.io crate golem-ai-stt-aws 0.5.2 written to /workspace/builds/worker-1-tc2/source/Cargo.toml
[INFO] validating manifest of crates.io crate golem-ai-stt-aws 0.5.2 on toolchain 1.100.0-beta.1
[INFO] running `Command { std: CARGO_HOME="/workspace/cargo-home" RUSTUP_HOME="/workspace/rustup-home" "/workspace/cargo-home/bin/cargo" "+1.100.0-beta.1" "metadata" "--manifest-path" "Cargo.toml" "--no-deps", kill_on_drop: false }`
[INFO] crate crates.io crate golem-ai-stt-aws 0.5.2 already has a lockfile, it will not be regenerated
[INFO] running `Command { std: CARGO_HOME="/workspace/cargo-home" RUSTUP_HOME="/workspace/rustup-home" "/workspace/cargo-home/bin/cargo" "+1.100.0-beta.1" "fetch" "--manifest-path" "Cargo.toml", kill_on_drop: false }`
[INFO] running `Command { std: "docker" "create" "-v" "/var/lib/crater-agent-workspace/builds/worker-1-tc2/source:/opt/rustwide/workdir:ro,Z" "-v" "/var/lib/crater-agent-workspace/builds/worker-1-tc2/target:/opt/rustwide/target:rw,Z" "-v" "/var/lib/crater-agent-workspace/cargo-home:/opt/rustwide/cargo-home:ro,Z" "-v" "/var/lib/crater-agent-workspace/rustup-home:/opt/rustwide/rustup-home:ro,Z" "-m" "1610612736" "--network" "none" "ghcr.io/rust-lang/crates-build-env/linux@sha256:77db811e55d90add9212f6832c23229e3de5f1c1f9905e8cb07319ea15df73ac" "sleep" "infinity", kill_on_drop: false }`
[INFO] [stdout] ce152dc0e466325741727e19c3ce46da80ec12e28feb47eb59414dd3685a4df3
[INFO] running `Command { std: "docker" "start" "ce152dc0e466325741727e19c3ce46da80ec12e28feb47eb59414dd3685a4df3", kill_on_drop: false }`
[INFO] running `Command { std: "docker" "inspect" "ce152dc0e466325741727e19c3ce46da80ec12e28feb47eb59414dd3685a4df3", kill_on_drop: false }`
[INFO] running `Command { std: "docker" "exec" "-e" "SOURCE_DIR=/opt/rustwide/workdir" "-e" "CARGO_HOME=/opt/rustwide/cargo-home" "-e" "RUSTUP_HOME=/opt/rustwide/rustup-home" "-e" "CARGO_TARGET_DIR=/opt/rustwide/target" "-w" "/opt/rustwide/workdir" "--user" "0:0" "ce152dc0e466325741727e19c3ce46da80ec12e28feb47eb59414dd3685a4df3" "/opt/rustwide/cargo-home/bin/cargo" "+1.100.0-beta.1" "metadata" "--no-deps" "--format-version=1", kill_on_drop: false }`
[INFO] running `Command { std: "docker" "inspect" "ce152dc0e466325741727e19c3ce46da80ec12e28feb47eb59414dd3685a4df3", kill_on_drop: false }`
[INFO] running `Command { std: "docker" "exec" "-e" "SOURCE_DIR=/opt/rustwide/workdir" "-e" "CARGO_HOME=/opt/rustwide/cargo-home" "-e" "RUSTUP_HOME=/opt/rustwide/rustup-home" "-e" "CARGO_TARGET_DIR=/opt/rustwide/target" "-e" "CARGO_INCREMENTAL=0" "-e" "RUST_BACKTRACE=full" "-e" "RUSTFLAGS=--cap-lints=warn" "-e" "RUSTDOCFLAGS=--cap-lints=warn" "-w" "/opt/rustwide/workdir" "--user" "0:0" "ce152dc0e466325741727e19c3ce46da80ec12e28feb47eb59414dd3685a4df3" "/opt/rustwide/cargo-home/bin/cargo" "+1.100.0-beta.1" "build" "--frozen" "--message-format=json" "--release", kill_on_drop: false }`
[INFO] [stderr]    Compiling hashbrown v0.17.0
[INFO] [stderr]    Compiling bitflags v2.11.1
[INFO] [stderr]    Compiling serde v1.0.228
[INFO] [stderr]    Compiling memchr v2.8.0
[INFO] [stderr]    Compiling log v0.4.29
[INFO] [stderr]    Compiling id-arena v2.3.0
[INFO] [stderr]    Compiling leb128fmt v0.1.0
[INFO] [stderr]    Compiling serde_json v1.0.149
[INFO] [stderr]    Compiling prettyplease v0.2.37
[INFO] [stderr]    Compiling foldhash v0.1.5
[INFO] [stderr]    Compiling zerofrom v0.1.7
[INFO] [stderr]    Compiling foldhash v0.2.0
[INFO] [stderr]    Compiling leb128 v0.2.6
[INFO] [stderr]    Compiling spdx v0.10.9
[INFO] [stderr]    Compiling unicode-segmentation v1.12.0
[INFO] [stderr]    Compiling wit-bindgen-rust v0.24.0
[INFO] [stderr]    Compiling wit-bindgen-rust v0.51.0
[INFO] [stderr]    Compiling wasm-encoder v0.202.0
[INFO] [stderr]    Compiling libc v0.2.186
[INFO] [stderr]    Compiling wit-bindgen v0.57.1
[INFO] [stderr]    Compiling yoke v0.8.2
[INFO] [stderr]    Compiling hashbrown v0.16.1
[INFO] [stderr]    Compiling wit-bindgen-rust v0.53.1
[INFO] [stderr]    Compiling hashbrown v0.15.5
[INFO] [stderr]    Compiling winnow v1.0.2
[INFO] [stderr]    Compiling wit-bindgen-rust-macro v0.51.0
[INFO] [stderr]    Compiling wit-bindgen-rust-macro v0.24.0
[INFO] [stderr]    Compiling wit-bindgen-rt v0.24.0
[INFO] [stderr]    Compiling smallvec v1.15.1
[INFO] [stderr]    Compiling futures-io v0.3.32
[INFO] [stderr]    Compiling http v1.3.1
[INFO] [stderr]    Compiling zerovec v0.11.6
[INFO] [stderr]    Compiling zerotrie v0.2.4
[INFO] [stderr]    Compiling heck v0.4.1
[INFO] [stderr]    Compiling wit-bindgen v0.51.0
[INFO] [stderr]    Compiling wit-bindgen-rust-macro v0.53.1
[INFO] [stderr]    Compiling wasip2 v1.0.3+wasi-0.2.9
[INFO] [stderr]    Compiling sha1_smol v1.0.1
[INFO] [stderr]    Compiling wit-bindgen v0.53.1
[INFO] [stderr]    Compiling indexmap v2.14.0
[INFO] [stderr]    Compiling golem-wasm v1.5.0
[INFO] [stderr]    Compiling dtor-proc-macro v0.0.5
[INFO] [stderr]    Compiling waker-fn v1.2.0
[INFO] [stderr]    Compiling futures-lite v1.13.0
[INFO] [stderr]    Compiling wstd-macro v0.6.5
[INFO] [stderr]    Compiling async-task v4.7.1
[INFO] [stderr]    Compiling humantime v2.3.0
[INFO] [stderr]    Compiling dtor v0.0.6
[INFO] [stderr]    Compiling ctor-proc-macro v0.0.6
[INFO] [stderr]    Compiling pin-project-internal v1.1.12
[INFO] [stderr]    Compiling derive_more-impl v2.1.1
[INFO] [stderr]    Compiling chrono v0.4.44
[INFO] [stderr]    Compiling fastrand v2.4.1
[INFO] [stderr]    Compiling ctor v0.4.3
[INFO] [stderr]    Compiling tinystr v0.8.3
[INFO] [stderr]    Compiling potential_utf v0.1.5
[INFO] [stderr]    Compiling futures-lite v2.6.1
[INFO] [stderr]    Compiling icu_collections v2.2.0
[INFO] [stderr]    Compiling icu_locale_core v2.2.0
[INFO] [stderr]    Compiling http-body v1.0.1
[INFO] [stderr]    Compiling toml_parser v1.1.2+spec-1.1.0
[INFO] [stderr]    Compiling wasmparser v0.244.0
[INFO] [stderr]    Compiling wasmparser v0.245.1
[INFO] [stderr]    Compiling wasmparser v0.202.0
[INFO] [stderr]    Compiling getrandom v0.4.2
[INFO] [stderr]    Compiling http-body-util v0.1.3
[INFO] [stderr]    Compiling uuid v1.23.1
[INFO] [stderr]    Compiling wstd v0.6.5
[INFO] [stderr]    Compiling derive_more v2.1.1
[INFO] [stderr]    Compiling toml_edit v0.25.11+spec-1.1.0
[INFO] [stderr]    Compiling pin-project v1.1.12
[INFO] [stderr]    Compiling icu_provider v2.2.0
[INFO] [stderr]    Compiling futures-concurrency v7.7.1
[INFO] [stderr]    Compiling icu_properties v2.2.0
[INFO] [stderr]    Compiling icu_normalizer v2.2.0
[INFO] [stderr]    Compiling proc-macro-crate v3.5.0
[INFO] [stderr]    Compiling golem-rust-macro v2.1.0
[INFO] [stderr]    Compiling idna_adapter v1.2.2
[INFO] [stderr]    Compiling idna v1.1.0
[INFO] [stderr]    Compiling url v2.5.8
[INFO] [stderr]    Compiling wit-parser v0.202.0
[INFO] [stderr]    Compiling wasm-metadata v0.202.0
[INFO] [stderr]    Compiling wit-component v0.202.0
[INFO] [stderr]    Compiling wit-bindgen-core v0.24.0
[INFO] [stderr]    Compiling wasm-encoder v0.245.1
[INFO] [stderr]    Compiling wit-parser v0.245.1
[INFO] [stderr]    Compiling wit-parser v0.244.0
[INFO] [stderr]    Compiling wasm-encoder v0.244.0
[INFO] [stderr]    Compiling wasm-metadata v0.244.0
[INFO] [stderr]    Compiling wasm-metadata v0.245.1
[INFO] [stderr]    Compiling wit-bindgen-core v0.51.0
[INFO] [stderr]    Compiling wit-component v0.244.0
[INFO] [stderr]    Compiling wit-bindgen v0.24.0
[INFO] [stderr]    Compiling wasi-logger v0.1.2
[INFO] [stderr]    Compiling wit-component v0.245.1
[INFO] [stderr]    Compiling wit-bindgen-core v0.53.1
[INFO] [stderr]    Compiling golem-rust v2.1.0
[INFO] [stderr]    Compiling golem-ai-stt v0.5.2
[INFO] [stderr]    Compiling golem-ai-stt-aws v0.5.2 (/opt/rustwide/workdir)
[INFO] [stderr] warning: unused dependency `once_cell`
[INFO] [stderr]   --> Cargo.toml:38:15
[INFO] [stderr]    |
[INFO] [stderr] 38 | [dependencies.once_cell]
[INFO] [stderr]    |               ^^^^^^^^^^
[INFO] [stderr]    |
[INFO] [stderr]    = note: `cargo::unused_dependencies` is set to `warn` by default
[INFO] [stderr] help: consider removing the dependency on `once_cell`
[INFO] [stderr] warning: `golem-ai-stt-aws` (manifest) generated 1 warning
[INFO] [stderr]     Finished `release` profile [optimized] target(s) in 2m 11s
[INFO] running `Command { std: "docker" "inspect" "ce152dc0e466325741727e19c3ce46da80ec12e28feb47eb59414dd3685a4df3", kill_on_drop: false }`
[INFO] running `Command { std: "docker" "exec" "-e" "SOURCE_DIR=/opt/rustwide/workdir" "-e" "CARGO_HOME=/opt/rustwide/cargo-home" "-e" "RUSTUP_HOME=/opt/rustwide/rustup-home" "-e" "CARGO_TARGET_DIR=/opt/rustwide/target" "-e" "CARGO_INCREMENTAL=0" "-e" "RUST_BACKTRACE=full" "-e" "RUSTFLAGS=--cap-lints=warn" "-e" "RUSTDOCFLAGS=--cap-lints=warn" "-w" "/opt/rustwide/workdir" "--user" "0:0" "ce152dc0e466325741727e19c3ce46da80ec12e28feb47eb59414dd3685a4df3" "/opt/rustwide/cargo-home/bin/cargo" "+1.100.0-beta.1" "test" "--frozen" "--no-run" "--message-format=json" "--release", kill_on_drop: false }`
[INFO] [stderr]    Compiling num-traits v0.2.19
[INFO] [stderr]    Compiling typenum v1.20.0
[INFO] [stderr]    Compiling http v0.2.12
[INFO] [stderr]    Compiling deranged v0.5.8
[INFO] [stderr]    Compiling vsimd v0.8.0
[INFO] [stderr]    Compiling http-body-util v0.1.3
[INFO] [stderr]    Compiling futures-task v0.3.32
[INFO] [stderr]    Compiling outref v0.5.2
[INFO] [stderr]    Compiling tokio v1.52.3
[INFO] [stderr]    Compiling bytes-utils v0.1.4
[INFO] [stderr]    Compiling aws-lc-sys v0.40.0
[INFO] [stderr]    Compiling aws-lc-rs v1.16.3
[INFO] [stderr]    Compiling aws-smithy-runtime-api-macros v1.0.0
[INFO] [stderr]    Compiling rustls-pki-types v1.14.1
[INFO] [stderr]    Compiling rustls v0.23.40
[INFO] [stderr]    Compiling cmov v0.5.3
[INFO] [stderr]    Compiling futures-util v0.3.32
[INFO] [stderr]    Compiling uuid v1.23.1
[INFO] [stderr]    Compiling tower v0.5.3
[INFO] [stderr]    Compiling aws-types v1.3.15
[INFO] [stderr]    Compiling icu_normalizer v2.2.0
[INFO] [stderr]    Compiling futures-lite v1.13.0
[INFO] [stderr]    Compiling regex-lite v0.1.9
[INFO] [stderr]    Compiling xmlparser v0.13.6
[INFO] [stderr]    Compiling ctutils v0.4.2
[INFO] [stderr]    Compiling rustls-native-certs v0.8.3
[INFO] [stderr]    Compiling base64-simd v0.8.0
[INFO] [stderr]    Compiling urlencoding v2.1.3
[INFO] [stderr]    Compiling idna_adapter v1.2.2
[INFO] [stderr]    Compiling http-body v0.4.6
[INFO] [stderr]    Compiling idna v1.1.0
[INFO] [stderr]    Compiling aws-smithy-xml v0.60.15
[INFO] [stderr]    Compiling wstd v0.6.5
[INFO] [stderr]    Compiling num-integer v0.1.46
[INFO] [stderr]    Compiling chrono v0.4.44
[INFO] [stderr]    Compiling futures-lite v2.6.1
[INFO] [stderr]    Compiling time v0.3.47
[INFO] [stderr]    Compiling hybrid-array v0.4.11
[INFO] [stderr]    Compiling generic-array v0.14.7
[INFO] [stderr]    Compiling url v2.5.8
[INFO] [stderr]    Compiling crypto-common v0.2.1
[INFO] [stderr]    Compiling block-buffer v0.12.0
[INFO] [stderr]    Compiling futures-concurrency v7.7.1
[INFO] [stderr]    Compiling crypto-common v0.1.7
[INFO] [stderr]    Compiling block-buffer v0.10.4
[INFO] [stderr]    Compiling digest v0.10.7
[INFO] [stderr]    Compiling sha1 v0.10.6
[INFO] [stderr]    Compiling sha2 v0.10.9
[INFO] [stderr]    Compiling hmac v0.12.1
[INFO] [stderr]    Compiling golem-wasm v1.5.0
[INFO] [stderr]    Compiling aws-smithy-types v1.4.7
[INFO] [stderr]    Compiling digest v0.11.3
[INFO] [stderr]    Compiling golem-rust v2.1.0
[INFO] [stderr]    Compiling sha2 v0.11.0
[INFO] [stderr]    Compiling hmac v0.13.0
[INFO] [stderr]    Compiling aws-smithy-json v0.62.5
[INFO] [stderr]    Compiling aws-smithy-query v0.60.15
[INFO] [stderr]    Compiling aws-smithy-async v1.2.14
[INFO] [stderr]    Compiling tokio-util v0.7.18
[INFO] [stderr]    Compiling aws-smithy-runtime-api v1.12.0
[INFO] [stderr]    Compiling h2 v0.4.14
[INFO] [stderr]    Compiling aws-credential-types v1.2.14
[INFO] [stderr]    Compiling aws-smithy-http v0.63.6
[INFO] [stderr]    Compiling aws-smithy-observability v0.2.6
[INFO] [stderr]    Compiling aws-sigv4 v1.4.3
[INFO] [stderr]    Compiling hyper v1.9.0
[INFO] [stderr]    Compiling hyper-util v0.1.20
[INFO] [stderr]    Compiling rustls-webpki v0.103.13
[INFO] [stderr]    Compiling tokio-rustls v0.26.4
[INFO] [stderr]    Compiling hyper-rustls v0.27.9
[INFO] [stderr]    Compiling golem-ai-stt v0.5.2
[INFO] [stderr]    Compiling aws-smithy-http-client v1.1.12
[INFO] [stderr]    Compiling golem-ai-stt-aws v0.5.2 (/opt/rustwide/workdir)
[INFO] [stderr]    Compiling aws-smithy-runtime v1.11.1
[INFO] [stderr]    Compiling aws-runtime v1.7.3
[INFO] [stderr]    Compiling aws-sdk-sso v1.98.0
[INFO] [stderr]    Compiling aws-sdk-ssooidc v1.100.0
[INFO] [stderr]    Compiling aws-sdk-sts v1.103.0
[INFO] [stderr]    Compiling aws-config v1.8.16
[INFO] [stderr] warning: unused dependency `once_cell`
[INFO] [stderr]   --> Cargo.toml:38:15
[INFO] [stderr]    |
[INFO] [stderr] 38 | [dependencies.once_cell]
[INFO] [stderr]    |               ^^^^^^^^^^
[INFO] [stderr]    |
[INFO] [stderr]    = note: `cargo::unused_dependencies` is set to `warn` by default
[INFO] [stderr] help: consider removing the dependency on `once_cell`
[INFO] [stderr] warning: `golem-ai-stt-aws` (manifest) generated 1 warning
[INFO] [stderr]     Finished `release` profile [optimized] target(s) in 3m 42s
[INFO] running `Command { std: "docker" "inspect" "ce152dc0e466325741727e19c3ce46da80ec12e28feb47eb59414dd3685a4df3", kill_on_drop: false }`
[INFO] running `Command { std: "docker" "exec" "-e" "SOURCE_DIR=/opt/rustwide/workdir" "-e" "CARGO_HOME=/opt/rustwide/cargo-home" "-e" "RUSTUP_HOME=/opt/rustwide/rustup-home" "-e" "CARGO_TARGET_DIR=/opt/rustwide/target" "-e" "CARGO_INCREMENTAL=0" "-e" "RUST_BACKTRACE=full" "-e" "RUSTFLAGS=--cap-lints=warn" "-e" "RUSTDOCFLAGS=--cap-lints=warn" "-w" "/opt/rustwide/workdir" "--user" "0:0" "ce152dc0e466325741727e19c3ce46da80ec12e28feb47eb59414dd3685a4df3" "/opt/rustwide/cargo-home/bin/cargo" "+1.100.0-beta.1" "test" "--frozen" "--release", kill_on_drop: false }`
[INFO] [stderr] warning: unused dependency `once_cell`
[INFO] [stderr]   --> Cargo.toml:38:15
[INFO] [stderr]    |
[INFO] [stderr] 38 | [dependencies.once_cell]
[INFO] [stderr]    |               ^^^^^^^^^^
[INFO] [stderr]    |
[INFO] [stderr]    = note: `cargo::unused_dependencies` is set to `warn` by default
[INFO] [stderr] help: consider removing the dependency on `once_cell`
[INFO] [stderr] warning: `golem-ai-stt-aws` (manifest) generated 1 warning
[INFO] [stderr]     Finished `release` profile [optimized] target(s) in 0.45s
[INFO] [stderr]      Running unittests src/lib.rs (/opt/rustwide/target/release/build/golem-ai-stt-aws/dab07e7b0f6a3fad/out/golem_ai_stt_aws-dab07e7b0f6a3fad)
[INFO] [stdout] 
[INFO] [stdout] running 39 tests
[INFO] [stdout] test transcription::api::tests::test_transcribe_audio_cleans_up_resources ... ok
[INFO] [stdout] test transcription::api::tests::test_transcribe_audio_s3_upload_failure ... ok
[INFO] [stdout] test transcription::api::tests::test_transcribe_audio_starts_transcription_job ... ok
[INFO] [stdout] test transcription::api::tests::test_transcribe_audio_vocabulary_without_language_returns_error ... ok
[INFO] [stdout] test transcription::aws_s3::tests::test_s3_put_object_request ... ok
[INFO] [stdout] test transcription::api::tests::test_transcribe_audio_downloads_transcript_and_returns_response ... ok
[INFO] [stdout] test transcription::api::tests::test_transcribe_audio_uploads_to_s3 ... ok
[INFO] [stdout] test transcription::api::tests::test_validate_request_id_invalid_cases ... ok
[INFO] [stdout] test transcription::api::tests::test_transcribe_audio_transcript_download_failure ... ok
[INFO] [stdout] test transcription::api::tests::test_transcribe_audio_creates_vocabulary_when_provided ... ok
[INFO] [stdout] test transcription::aws_s3::tests::test_s3_delete_object_request ... ok
[INFO] [stdout] test transcription::api::tests::test_validate_request_id_valid_cases ... ok
[INFO] [stdout] test transcription::api::tests::test_transcribe_audio_model_without_language_returns_error ... ok
[INFO] [stdout] test transcription::aws_signer::tests::test_batch_transcription_authorization_header ... ok
[INFO] [stdout] test transcription::api::tests::test_transcribe_audio_invalid_request_id_returns_error ... ok
[INFO] [stdout] test transcription::aws_signer::tests::test_query_encoding_all_characters ... ok
[INFO] [stdout] test transcription::aws_signer::tests::test_s3_get_object_authorization_header ... ok
[INFO] [stdout] test transcription::aws_signer::tests::test_s3_list_objects_authorization_header ... ok
[INFO] [stdout] test transcription::api::tests::test_transcribe_audio_transcription_job_failure ... ok
[INFO] [stdout] test transcription::api::tests::test_transcribe_audio_vocabulary_creation_failure ... ok
[INFO] [stdout] test transcription::aws_signer::tests::test_s3_put_object_authorization_header ... ok
[INFO] [stdout] test transcription::aws_signer::tests::test_uri_encoding_all_characters ... ok
[INFO] [stdout] test transcription::aws_transcribe::tests::test_download_transcript_json_with_diarization ... ok
[INFO] [stdout] test transcription::aws_transcribe::tests::test_start_transcription_job_with_speaker_diarization ... ok
[INFO] [stdout] test transcription::aws_transcribe::tests::test_transcribe_delete_vocabulary_request ... ok
[INFO] [stdout] test transcription::aws_transcribe::tests::test_transcribe_create_vocabulary_request ... ok
[INFO] [stdout] test transcription::aws_transcribe::tests::test_wait_for_transcription_job_completion_failure ... ok
[INFO] [stdout] test transcription::aws_transcribe::tests::test_wait_for_transcription_job_completion_success ... ok
[INFO] [stdout] test transcription::aws_transcribe::tests::test_start_transcription_job_identify_language_ignores_vocabulary_and_model_settings ... ok
[INFO] [stdout] test transcription::aws_transcribe::tests::test_wait_for_vocabulary_ready_success ... ok
[INFO] [stdout] test transcription::aws_transcribe::tests::test_start_transcription_job_with_model_and_vocabulary ... ok
[INFO] [stdout] test transcription::aws_transcribe::tests::test_start_transcription_job_with_multi_channel ... ok
[INFO] [stdout] test transcription::aws_transcribe::tests::test_start_transcription_job_with_explicit_language ... ok
[INFO] [stdout] test transcription::aws_transcribe::tests::test_transcribe_delete_transcription_job_request ... ok
[INFO] [stdout] test transcription::aws_transcribe::tests::test_download_transcript_json_with_multi_channel ... ok
[INFO] [stdout] test transcription::aws_transcribe::tests::test_start_transcription_job_basic_request ... ok
[INFO] [stdout] test transcription::aws_transcribe::tests::test_wait_for_transcription_job_completion_timeout ... FAILED
[INFO] [stdout] test transcription::aws_transcribe::tests::test_wait_for_vocabulary_ready_timeout ... FAILED
[INFO] [stdout] test transcription::aws_transcribe::tests::test_wait_for_vocabulary_ready_failure ... ok
[INFO] [stdout] 
[INFO] [stdout] failures:
[INFO] [stdout] 
[INFO] [stdout] ---- transcription::aws_transcribe::tests::test_wait_for_transcription_job_completion_timeout stdout ----
[INFO] [stdout] 
[INFO] [stdout] thread 'transcription::aws_transcribe::tests::test_wait_for_transcription_job_completion_timeout' (4636) panicked at src/transcription/aws_transcribe.rs:2327:18:
[INFO] [stdout] Expected APIBadRequest timeout error
[INFO] [stdout] stack backtrace:
[INFO] [stdout]    0:     0x622a12964051 - <<std[617be2ca0a6fd877]::sys::backtrace::BacktraceLock>::print::DisplayBacktrace as core[a373ad73a504971]::fmt::Display>::fmt
[INFO] [stdout]    1:     0x622a1297afda - core[a373ad73a504971]::fmt::write
[INFO] [stdout]    2:     0x622a1296890c - <alloc[2e1b2a31b91974c5]::vec::Vec<u8> as core[a373ad73a504971]::io::write::Write>::write_fmt
[INFO] [stdout]    3:     0x622a12940076 - std[617be2ca0a6fd877]::panicking::default_hook::{closure#0}
[INFO] [stdout]    4:     0x622a1295c3b9 - std[617be2ca0a6fd877]::panicking::default_hook
[INFO] [stdout]    5:     0x622a128bc500 - test[aada8e7e76ba119b]::test_main_inner::{closure#0}
[INFO] [stdout]    6:     0x622a1295c6e2 - std[617be2ca0a6fd877]::panicking::panic_with_hook
[INFO] [stdout]    7:     0x622a12940154 - std[617be2ca0a6fd877]::panicking::panic_handler::{closure#0}
[INFO] [stdout]    8:     0x622a129389f9 - std[617be2ca0a6fd877]::sys::backtrace::__rust_end_short_backtrace::<std[617be2ca0a6fd877]::panicking::panic_handler::{closure#0}, !>
[INFO] [stdout]    9:     0x622a12940e2d - __rustc[ea4f61d10b84890b]::rust_begin_unwind
[INFO] [stdout]   10:     0x622a1297b73c - core[a373ad73a504971]::panicking::panic_fmt
[INFO] [stdout]   11:     0x622a127fa8ac - golem_ai_stt_aws[b5926f48ada4e0ac]::transcription::aws_transcribe::tests::test_wait_for_transcription_job_completion_timeout::{closure#0}
[INFO] [stdout]   12:     0x622a1282f98b - <async_task[e6557b857c1f2cd4]::raw::RawTask<golem_ai_stt_aws[b5926f48ada4e0ac]::transcription::aws_transcribe::tests::test_wait_for_transcription_job_completion_timeout::{closure#0}, (), <wstd[c893259d9a22c5f3]::runtime::reactor::Reactor>::spawn_unchecked<golem_ai_stt_aws[b5926f48ada4e0ac]::transcription::aws_transcribe::tests::test_wait_for_transcription_job_completion_timeout::{closure#0}, ()>::{closure#0}, ()>>::run
[INFO] [stdout]   13:     0x622a128765c9 - wstd[c893259d9a22c5f3]::runtime::block_on::block_on::<golem_ai_stt_aws[b5926f48ada4e0ac]::transcription::aws_transcribe::tests::test_wait_for_transcription_job_completion_timeout::{closure#0}>
[INFO] [stdout]   14:     0x622a1288f78d - <golem_ai_stt_aws[b5926f48ada4e0ac]::transcription::aws_transcribe::tests::test_wait_for_transcription_job_completion_timeout::{closure#0} as core[a373ad73a504971]::ops::function::FnOnce<()>>::call_once
[INFO] [stdout]   15:     0x622a128af94b - test[aada8e7e76ba119b]::__rust_begin_short_backtrace::<core[a373ad73a504971]::result::Result<(), alloc[2e1b2a31b91974c5]::string::String>, fn() -> core[a373ad73a504971]::result::Result<(), alloc[2e1b2a31b91974c5]::string::String>>
[INFO] [stdout]   16:     0x622a128bcb25 - test[aada8e7e76ba119b]::run_test::{closure#0}
[INFO] [stdout]   17:     0x622a128b6414 - std[617be2ca0a6fd877]::sys::backtrace::__rust_begin_short_backtrace::<test[aada8e7e76ba119b]::run_test::{closure#1}, ()>
[INFO] [stdout]   18:     0x622a128bfbb2 - <std[617be2ca0a6fd877]::thread::lifecycle::spawn_unchecked<test[aada8e7e76ba119b]::run_test::{closure#1}, ()>::{closure#1} as core[a373ad73a504971]::ops::function::FnOnce<()>>::call_once::{shim:vtable#0}
[INFO] [stdout]   19:     0x622a1296386f - <std[617be2ca0a6fd877]::sys::thread::unix::Thread>::new::thread_start
[INFO] [stdout]   20:     0x7126c24f5dfa - <unknown>
[INFO] [stdout]   21:     0x7126c25893d4 - clone
[INFO] [stdout]   22:                0x0 - <unknown>
[INFO] [stdout] 
[INFO] [stdout] ---- transcription::aws_transcribe::tests::test_wait_for_vocabulary_ready_timeout stdout ----
[INFO] [stdout] 
[INFO] [stdout] thread 'transcription::aws_transcribe::tests::test_wait_for_vocabulary_ready_timeout' (4639) panicked at src/transcription/aws_transcribe.rs:2057:18:
[INFO] [stdout] Expected APIBadRequest timeout error
[INFO] [stdout] stack backtrace:
[INFO] [stdout]    0:     0x622a12964051 - <<std[617be2ca0a6fd877]::sys::backtrace::BacktraceLock>::print::DisplayBacktrace as core[a373ad73a504971]::fmt::Display>::fmt
[INFO] [stdout]    1:     0x622a1297afda - core[a373ad73a504971]::fmt::write
[INFO] [stdout]    2:     0x622a1296890c - <alloc[2e1b2a31b91974c5]::vec::Vec<u8> as core[a373ad73a504971]::io::write::Write>::write_fmt
[INFO] [stdout]    3:     0x622a12940076 - std[617be2ca0a6fd877]::panicking::default_hook::{closure#0}
[INFO] [stdout]    4:     0x622a1295c3b9 - std[617be2ca0a6fd877]::panicking::default_hook
[INFO] [stdout]    5:     0x622a128bc500 - test[aada8e7e76ba119b]::test_main_inner::{closure#0}
[INFO] [stdout]    6:     0x622a1295c6e2 - std[617be2ca0a6fd877]::panicking::panic_with_hook
[INFO] [stdout]    7:     0x622a12940154 - std[617be2ca0a6fd877]::panicking::panic_handler::{closure#0}
[INFO] [stdout]    8:     0x622a129389f9 - std[617be2ca0a6fd877]::sys::backtrace::__rust_end_short_backtrace::<std[617be2ca0a6fd877]::panicking::panic_handler::{closure#0}, !>
[INFO] [stdout]    9:     0x622a12940e2d - __rustc[ea4f61d10b84890b]::rust_begin_unwind
[INFO] [stdout]   10:     0x622a1297b73c - core[a373ad73a504971]::panicking::panic_fmt
[INFO] [stdout]   11:     0x622a127ee1d2 - golem_ai_stt_aws[b5926f48ada4e0ac]::transcription::aws_transcribe::tests::test_wait_for_vocabulary_ready_timeout::{closure#0}
[INFO] [stdout]   12:     0x622a128297db - <async_task[e6557b857c1f2cd4]::raw::RawTask<golem_ai_stt_aws[b5926f48ada4e0ac]::transcription::aws_transcribe::tests::test_wait_for_vocabulary_ready_timeout::{closure#0}, (), <wstd[c893259d9a22c5f3]::runtime::reactor::Reactor>::spawn_unchecked<golem_ai_stt_aws[b5926f48ada4e0ac]::transcription::aws_transcribe::tests::test_wait_for_vocabulary_ready_timeout::{closure#0}, ()>::{closure#0}, ()>>::run
[INFO] [stdout]   13:     0x622a12874ae9 - wstd[c893259d9a22c5f3]::runtime::block_on::block_on::<golem_ai_stt_aws[b5926f48ada4e0ac]::transcription::aws_transcribe::tests::test_wait_for_vocabulary_ready_timeout::{closure#0}>
[INFO] [stdout]   14:     0x622a1288f5ad - <golem_ai_stt_aws[b5926f48ada4e0ac]::transcription::aws_transcribe::tests::test_wait_for_vocabulary_ready_timeout::{closure#0} as core[a373ad73a504971]::ops::function::FnOnce<()>>::call_once
[INFO] [stdout]   15:     0x622a128af94b - test[aada8e7e76ba119b]::__rust_begin_short_backtrace::<core[a373ad73a504971]::result::Result<(), alloc[2e1b2a31b91974c5]::string::String>, fn() -> core[a373ad73a504971]::result::Result<(), alloc[2e1b2a31b91974c5]::string::String>>
[INFO] [stdout]   16:     0x622a128bcb25 - test[aada8e7e76ba119b]::run_test::{closure#0}
[INFO] [stdout]   17:     0x622a128b6414 - std[617be2ca0a6fd877]::sys::backtrace::__rust_begin_short_backtrace::<test[aada8e7e76ba119b]::run_test::{closure#1}, ()>
[INFO] [stdout]   18:     0x622a128bfbb2 - <std[617be2ca0a6fd877]::thread::lifecycle::spawn_unchecked<test[aada8e7e76ba119b]::run_test::{closure#1}, ()>::{closure#1} as core[a373ad73a504971]::ops::function::FnOnce<()>>::call_once::{shim:vtable#0}
[INFO] [stdout]   19:     0x622a1296386f - <std[617be2ca0a6fd877]::sys::thread::unix::Thread>::new::thread_start
[INFO] [stdout]   20:     0x7126c24f5dfa - <unknown>
[INFO] [stdout]   21:     0x7126c25893d4 - clone
[INFO] [stdout]   22:                0x0 - <unknown>
[INFO] [stdout] 
[INFO] [stdout] 
[INFO] [stdout] failures:
[INFO] [stdout]     transcription::aws_transcribe::tests::test_wait_for_transcription_job_completion_timeout
[INFO] [stdout]     transcription::aws_transcribe::tests::test_wait_for_vocabulary_ready_timeout
[INFO] [stdout] 
[INFO] [stdout] test result: FAILED. 37 passed; 2 failed; 0 ignored; 0 measured; 0 filtered out; finished in 0.02s
[INFO] [stdout] 
[INFO] [stderr] error: test failed, to rerun pass `--lib`
[INFO] running `Command { std: "docker" "inspect" "ce152dc0e466325741727e19c3ce46da80ec12e28feb47eb59414dd3685a4df3", kill_on_drop: false }`
[INFO] running `Command { std: "docker" "rm" "-f" "ce152dc0e466325741727e19c3ce46da80ec12e28feb47eb59414dd3685a4df3", kill_on_drop: false }`
[INFO] [stdout] ce152dc0e466325741727e19c3ce46da80ec12e28feb47eb59414dd3685a4df3
