[INFO] fetching crate godmode-cli 0.8.1...
[INFO] testing godmode-cli-0.8.1 against 1.100.0-beta.1+cargoflags=--release for beta-release-1.100-2
[INFO] extracting crate godmode-cli 0.8.1 into /workspace/builds/worker-0-tc2/source
[INFO] started tweaking crates.io crate godmode-cli 0.8.1
[INFO] removed 0 missing tests
[INFO] finished tweaking crates.io crate godmode-cli 0.8.1
[INFO] tweaked toml for crates.io crate godmode-cli 0.8.1 written to /workspace/builds/worker-0-tc2/source/Cargo.toml
[INFO] validating manifest of crates.io crate godmode-cli 0.8.1 on toolchain 1.100.0-beta.1
[INFO] running `Command { std: CARGO_HOME="/workspace/cargo-home" RUSTUP_HOME="/workspace/rustup-home" "/workspace/cargo-home/bin/cargo" "+1.100.0-beta.1" "metadata" "--manifest-path" "Cargo.toml" "--no-deps", kill_on_drop: false }`
[INFO] crate crates.io crate godmode-cli 0.8.1 already has a lockfile, it will not be regenerated
[INFO] running `Command { std: CARGO_HOME="/workspace/cargo-home" RUSTUP_HOME="/workspace/rustup-home" "/workspace/cargo-home/bin/cargo" "+1.100.0-beta.1" "fetch" "--manifest-path" "Cargo.toml", kill_on_drop: false }`
[INFO] running `Command { std: "docker" "create" "-v" "/var/lib/crater-agent-workspace/builds/worker-0-tc2/source:/opt/rustwide/workdir:ro,Z" "-v" "/var/lib/crater-agent-workspace/builds/worker-0-tc2/target:/opt/rustwide/target:rw,Z" "-v" "/var/lib/crater-agent-workspace/cargo-home:/opt/rustwide/cargo-home:ro,Z" "-v" "/var/lib/crater-agent-workspace/rustup-home:/opt/rustwide/rustup-home:ro,Z" "-m" "1610612736" "--network" "none" "ghcr.io/rust-lang/crates-build-env/linux@sha256:77db811e55d90add9212f6832c23229e3de5f1c1f9905e8cb07319ea15df73ac" "sleep" "infinity", kill_on_drop: false }`
[INFO] [stdout] b77fd830cbbd3408b995bd773fbcf08aee8813a4766c897e091e2f26a512d46d
[INFO] running `Command { std: "docker" "start" "b77fd830cbbd3408b995bd773fbcf08aee8813a4766c897e091e2f26a512d46d", kill_on_drop: false }`
[INFO] running `Command { std: "docker" "inspect" "b77fd830cbbd3408b995bd773fbcf08aee8813a4766c897e091e2f26a512d46d", kill_on_drop: false }`
[INFO] running `Command { std: "docker" "exec" "-e" "SOURCE_DIR=/opt/rustwide/workdir" "-e" "CARGO_HOME=/opt/rustwide/cargo-home" "-e" "RUSTUP_HOME=/opt/rustwide/rustup-home" "-e" "CARGO_TARGET_DIR=/opt/rustwide/target" "-w" "/opt/rustwide/workdir" "--user" "0:0" "b77fd830cbbd3408b995bd773fbcf08aee8813a4766c897e091e2f26a512d46d" "/opt/rustwide/cargo-home/bin/cargo" "+1.100.0-beta.1" "metadata" "--no-deps" "--format-version=1", kill_on_drop: false }`
[INFO] running `Command { std: "docker" "inspect" "b77fd830cbbd3408b995bd773fbcf08aee8813a4766c897e091e2f26a512d46d", kill_on_drop: false }`
[INFO] running `Command { std: "docker" "exec" "-e" "SOURCE_DIR=/opt/rustwide/workdir" "-e" "CARGO_HOME=/opt/rustwide/cargo-home" "-e" "RUSTUP_HOME=/opt/rustwide/rustup-home" "-e" "CARGO_TARGET_DIR=/opt/rustwide/target" "-e" "CARGO_INCREMENTAL=0" "-e" "RUST_BACKTRACE=full" "-e" "RUSTFLAGS=--cap-lints=warn" "-e" "RUSTDOCFLAGS=--cap-lints=warn" "-w" "/opt/rustwide/workdir" "--user" "0:0" "b77fd830cbbd3408b995bd773fbcf08aee8813a4766c897e091e2f26a512d46d" "/opt/rustwide/cargo-home/bin/cargo" "+1.100.0-beta.1" "build" "--frozen" "--message-format=json" "--release", kill_on_drop: false }`
[INFO] [stderr]    Compiling memchr v2.8.1
[INFO] [stderr]    Compiling zerocopy v0.8.50
[INFO] [stderr]    Compiling rustix v1.1.4
[INFO] [stderr]    Compiling addr2line v0.25.1
[INFO] [stderr]    Compiling bitflags v2.13.0
[INFO] [stderr]    Compiling owo-colors v4.3.0
[INFO] [stderr]    Compiling parking_lot_core v0.9.12
[INFO] [stderr]    Compiling rand_core v0.9.5
[INFO] [stderr]    Compiling indexmap v2.14.0
[INFO] [stderr]    Compiling serde v1.0.228
[INFO] [stderr]    Compiling unicode-linebreak v0.1.5
[INFO] [stderr]    Compiling is_ci v1.2.0
[INFO] [stderr]    Compiling tokio-macros v2.7.0
[INFO] [stderr]    Compiling miette-derive v7.6.0
[INFO] [stderr]    Compiling supports-hyperlinks v3.2.0
[INFO] [stderr]    Compiling supports-unicode v3.0.0
[INFO] [stderr]    Compiling supports-color v3.0.2
[INFO] [stderr]    Compiling clap_derive v4.6.1
[INFO] [stderr]    Compiling clap_builder v4.6.0
[INFO] [stderr]    Compiling thiserror-impl v2.0.18
[INFO] [stderr]    Compiling textwrap v0.16.2
[INFO] [stderr]    Compiling parking_lot v0.12.5
[INFO] [stderr]    Compiling anyhow v1.0.103
[INFO] [stderr]    Compiling toml_datetime v1.1.1+spec-1.1.0
[INFO] [stderr]    Compiling serde_spanned v1.1.1
[INFO] [stderr]    Compiling fixedbitset v0.4.2
[INFO] [stderr]    Compiling object v0.37.3
[INFO] [stderr]    Compiling serde_json v1.0.150
[INFO] [stderr]    Compiling futures-util v0.3.32
[INFO] [stderr]    Compiling terminal_size v0.4.4
[INFO] [stderr]    Compiling chrono v0.4.45
[INFO] [stderr]    Compiling tokio v1.52.3
[INFO] [stderr]    Compiling aho-corasick v1.1.4
[INFO] [stderr]    Compiling serde_yaml v0.9.34+deprecated
[INFO] [stderr]    Compiling petgraph v0.6.5
[INFO] [stderr]    Compiling toml v1.1.6+spec-1.1.0
[INFO] [stderr]    Compiling which v8.0.6
[INFO] [stderr]    Compiling slashcrux v0.1.2
[INFO] [stderr]    Compiling thiserror v2.0.18
[INFO] [stderr]    Compiling regex-automata v0.4.14
[INFO] [stderr]    Compiling regex v1.12.3
[INFO] [stderr]    Compiling clap v4.6.1
[INFO] [stderr]    Compiling clap_complete v4.6.8
[INFO] [stderr]    Compiling clap_complete_nushell v4.6.1
[INFO] [stderr]    Compiling futures-executor v0.3.32
[INFO] [stderr]    Compiling futures v0.3.32
[INFO] [stderr]    Compiling ppv-lite86 v0.2.21
[INFO] [stderr]    Compiling rand_chacha v0.9.0
[INFO] [stderr]    Compiling rand v0.9.4
[INFO] [stderr]    Compiling backtrace v0.3.76
[INFO] [stderr]    Compiling crux-domain v0.4.2
[INFO] [stderr]    Compiling ulid v1.2.1
[INFO] [stderr]    Compiling backtrace-ext v0.2.1
[INFO] [stderr]    Compiling miette v7.6.0
[INFO] [stderr]    Compiling crux-types v0.4.2
[INFO] [stderr]    Compiling crux-runtime v0.4.2
[INFO] [stderr]    Compiling godmode-core v0.8.1
[INFO] [stderr]    Compiling godmode-cli v0.8.1 (/opt/rustwide/workdir)
[INFO] [stderr]     Finished `release` profile [optimized] target(s) in 1m 34s
[INFO] running `Command { std: "docker" "inspect" "b77fd830cbbd3408b995bd773fbcf08aee8813a4766c897e091e2f26a512d46d", kill_on_drop: false }`
[INFO] running `Command { std: "docker" "exec" "-e" "SOURCE_DIR=/opt/rustwide/workdir" "-e" "CARGO_HOME=/opt/rustwide/cargo-home" "-e" "RUSTUP_HOME=/opt/rustwide/rustup-home" "-e" "CARGO_TARGET_DIR=/opt/rustwide/target" "-e" "CARGO_INCREMENTAL=0" "-e" "RUST_BACKTRACE=full" "-e" "RUSTFLAGS=--cap-lints=warn" "-e" "RUSTDOCFLAGS=--cap-lints=warn" "-w" "/opt/rustwide/workdir" "--user" "0:0" "b77fd830cbbd3408b995bd773fbcf08aee8813a4766c897e091e2f26a512d46d" "/opt/rustwide/cargo-home/bin/cargo" "+1.100.0-beta.1" "test" "--frozen" "--no-run" "--message-format=json" "--release", kill_on_drop: false }`
[INFO] [stderr]    Compiling rustix v1.1.4
[INFO] [stderr]    Compiling fastrand v2.4.1
[INFO] [stderr]    Compiling terminal_size v0.4.4
[INFO] [stderr]    Compiling tempfile v3.27.0
[INFO] [stderr]    Compiling miette v7.6.0
[INFO] [stderr]    Compiling crux-types v0.4.2
[INFO] [stderr]    Compiling crux-runtime v0.4.2
[INFO] [stderr]    Compiling godmode-core v0.8.1
[INFO] [stderr]    Compiling godmode-cli v0.8.1 (/opt/rustwide/workdir)
[INFO] [stderr]     Finished `release` profile [optimized] target(s) in 1m 07s
[INFO] running `Command { std: "docker" "inspect" "b77fd830cbbd3408b995bd773fbcf08aee8813a4766c897e091e2f26a512d46d", kill_on_drop: false }`
[INFO] running `Command { std: "docker" "exec" "-e" "SOURCE_DIR=/opt/rustwide/workdir" "-e" "CARGO_HOME=/opt/rustwide/cargo-home" "-e" "RUSTUP_HOME=/opt/rustwide/rustup-home" "-e" "CARGO_TARGET_DIR=/opt/rustwide/target" "-e" "CARGO_INCREMENTAL=0" "-e" "RUST_BACKTRACE=full" "-e" "RUSTFLAGS=--cap-lints=warn" "-e" "RUSTDOCFLAGS=--cap-lints=warn" "-w" "/opt/rustwide/workdir" "--user" "0:0" "b77fd830cbbd3408b995bd773fbcf08aee8813a4766c897e091e2f26a512d46d" "/opt/rustwide/cargo-home/bin/cargo" "+1.100.0-beta.1" "test" "--frozen" "--release", kill_on_drop: false }`
[INFO] [stderr]     Finished `release` profile [optimized] target(s) in 0.16s
[INFO] [stderr]      Running unittests src/main.rs (/opt/rustwide/target/release/build/godmode-cli/c7d8b80bf16f72db/out/godmode-c7d8b80bf16f72db)
[INFO] [stdout] 
[INFO] [stdout] running 17 tests
[INFO] [stdout] test commands::trace::tests::a_markers_name_column_shows_its_event_not_a_blank ... ok
[INFO] [stdout] test commands::trace::tests::status_renders_as_dash_when_open ... ok
[INFO] [stdout] test tests::filter_tasks_keyword_matches_crate_name ... ok
[INFO] [stdout] test commands::trace::tests::stats_over_legacy_records_finds_the_failure ... ok
[INFO] [stdout] test tests::filter_tasks_keyword_matches_notes ... ok
[INFO] [stdout] test tests::filter_tasks_keyword_matches_title ... ok
[INFO] [stdout] test commands::trace::tests::summary_skips_a_session_that_only_ever_got_markers ... ok
[INFO] [stdout] test commands::trace::tests::record_json_carries_the_correlation_fields ... ok
[INFO] [stdout] test tests::filter_tasks_no_filters_returns_all ... ok
[INFO] [stdout] test commands::trace::tests::summary_reports_a_started_timestamp_for_every_session_it_lists ... ok
[INFO] [stdout] test tests::filter_tasks_priority_and_keyword_combined ... ok
[INFO] [stdout] test commands::trace::tests::scoped_narrows_to_one_session ... ok
[INFO] [stdout] test commands::trace::tests::summary_over_legacy_records_reports_the_unresolved_agent ... ok
[INFO] [stdout] test tests::filter_tasks_keyword_case_insensitive ... ok
[INFO] [stdout] test commands::trace::tests::table_pads_columns_and_trims_trailing_space ... ok
[INFO] [stdout] test tests::filter_tasks_keyword_no_match ... ok
[INFO] [stdout] test eval_cli_tests::parses_all_eval_operations ... ok
[INFO] [stdout] 
[INFO] [stdout] test result: ok. 17 passed; 0 failed; 0 ignored; 0 measured; 0 filtered out; finished in 0.01s
[INFO] [stdout] 
[INFO] [stderr]      Running tests/doob_publish.rs (/opt/rustwide/target/release/build/godmode-cli/34d6beb677733d71/out/doob_publish-34d6beb677733d71)
[INFO] [stdout] 
[INFO] [stdout] running 1 test
[INFO] [stderr]      Running tests/pipeline_run_from.rs (/opt/rustwide/target/release/build/godmode-cli/1f745b90df0a9cd5/out/pipeline_run_from-1f745b90df0a9cd5)
[INFO] [stdout] test task_push_publishes_once_and_persists_doob_provenance ... ok
[INFO] [stdout] 
[INFO] [stdout] test result: ok. 1 passed; 0 failed; 0 ignored; 0 measured; 0 filtered out; finished in 0.02s
[INFO] [stdout] 
[INFO] [stdout] 
[INFO] [stdout] running 6 tests
[INFO] [stdout] test fresh_run_with_invalid_from_returns_validation_error ... ok
[INFO] [stdout] test fresh_run_from_non_entry_point_returns_validation_error ... ok
[INFO] [stdout] test skip_declines_only_optional_steps ... ok
[INFO] [stdout] test fresh_run_with_valid_from_starts_at_named_entry_point ... ok
[INFO] [stdout] test matching_active_state_ignores_supplied_from ... ok
[INFO] [stdout] test fresh_run_without_from_starts_at_first_step ... ok
[INFO] [stderr]      Running tests/plan_ingest.rs (/opt/rustwide/target/release/build/godmode-cli/f2bc08116ffe56fe/out/plan_ingest-f2bc08116ffe56fe)
[INFO] [stdout] 
[INFO] [stdout] test result: ok. 6 passed; 0 failed; 0 ignored; 0 measured; 0 filtered out; finished in 0.02s
[INFO] [stdout] 
[INFO] [stdout] 
[INFO] [stdout] running 3 tests
[INFO] [stdout] test multiple_plan_ingests_use_distinct_id_namespaces ... ok
[INFO] [stdout] test plans_with_same_filename_in_different_directories_remain_distinct ... ok
[INFO] [stdout] test agent_dispatch_ingest_uses_distinct_id_namespace ... ok
[INFO] [stdout] 
[INFO] [stdout] test result: ok. 3 passed; 0 failed; 0 ignored; 0 measured; 0 filtered out; finished in 0.05s
[INFO] [stderr]      Running tests/priority_filter.rs (/opt/rustwide/target/release/build/godmode-cli/69d7fe0f4adea12c/out/priority_filter-69d7fe0f4adea12c)
[INFO] [stdout] 
[INFO] [stdout] 
[INFO] [stdout] running 5 tests
[INFO] [stdout] test task_next_priority_high_shows_only_high_runnable ... ok
[INFO] [stdout] test task_list_priority_low_shows_only_low ... ok
[INFO] [stdout] test task_list_no_priority_shows_all ... ok
[INFO] [stdout] test task_list_priority_high_shows_only_high ... ok
[INFO] [stdout] test task_next_priority_high_empty_exits_nonzero ... ok
[INFO] [stderr]      Running tests/task_add_metadata.rs (/opt/rustwide/target/release/build/godmode-cli/8a3f2da2a9555ce6/out/task_add_metadata-8a3f2da2a9555ce6)
[INFO] [stdout] 
[INFO] [stdout] test result: ok. 5 passed; 0 failed; 0 ignored; 0 measured; 0 filtered out; finished in 0.01s
[INFO] [stdout] 
[INFO] [stdout] 
[INFO] [stdout] running 4 tests
[INFO] [stdout] test task_add_help_lists_metadata_options_and_priority_values ... ok
[INFO] [stdout] test task_add_rejects_unsupported_priority ... ok
[INFO] [stdout] test task_add_persists_metadata_and_tag_order_in_yaml_and_json ... ok
[INFO] [stdout] test task_add_without_metadata_retains_existing_defaults ... ok
[INFO] [stderr]      Running tests/trace_emit.rs (/opt/rustwide/target/release/build/godmode-cli/308efd7f383e8363/out/trace_emit-308efd7f383e8363)
[INFO] [stdout] 
[INFO] [stdout] test result: ok. 4 passed; 0 failed; 0 ignored; 0 measured; 0 filtered out; finished in 0.02s
[INFO] [stdout] 
[INFO] [stdout] 
[INFO] [stdout] running 7 tests
[INFO] [stderr] Author identity unknown
[INFO] [stderr] 
[INFO] [stderr] *** Please tell me who you are.
[INFO] [stderr] 
[INFO] [stderr] Run
[INFO] [stderr] 
[INFO] [stderr]   git config --global user.email "you@example.com"
[INFO] [stderr]   git config --global user.name "Your Name"
[INFO] [stderr] 
[INFO] [stderr] to set your account's default identity.
[INFO] [stderr] Omit --global to set the identity only in this repository.
[INFO] [stderr] 
[INFO] [stderr] fatal: unable to auto-detect email address (got 'root@b77fd830cbbd.(none)')
[INFO] [stderr] Author identity unknown
[INFO] [stdout] test a_hyphen_leading_value_is_rejected_for_an_identifier_flag ... FAILED
[INFO] [stderr] 
[INFO] [stderr] *** Please tell me who you are.
[INFO] [stderr] 
[INFO] [stderr] Run
[INFO] [stderr] 
[INFO] [stderr]   git config --global user.email "you@example.com"
[INFO] [stderr]   git config --global user.name "Your Name"
[INFO] [stderr] 
[INFO] [stderr] to set your account's default identity.
[INFO] [stderr] Omit --global to set the identity only in this repository.
[INFO] [stderr] 
[INFO] [stderr] fatal: unable to auto-detect email address (got 'root@b77fd830cbbd.(none)')
[INFO] [stderr] Author identity unknown
[INFO] [stderr] 
[INFO] [stderr] *** Please tell me who you are.
[INFO] [stderr] 
[INFO] [stderr] Run
[INFO] [stderr] 
[INFO] [stderr]   git config --global user.email "you@example.com"
[INFO] [stderr]   git config --global user.name "Your Name"
[INFO] [stderr] 
[INFO] [stderr] to set your account's default identity.
[INFO] [stderr] Omit --global to set the identity only in this repository.
[INFO] [stderr] 
[INFO] [stderr] fatal: unable to auto-detect email address (got 'root@b77fd830cbbd.(none)')
[INFO] [stdout] test an_unparseable_trace_id_still_closes_without_failing ... FAILED
[INFO] [stderr] Author identity unknown
[INFO] [stderr] 
[INFO] [stderr] *** Please tell me who you are.
[INFO] [stderr] 
[INFO] [stderr] Run
[INFO] [stderr] 
[INFO] [stderr]   git config --global user.email "you@example.com"
[INFO] [stderr]   git config --global user.name "Your Name"
[INFO] [stderr] 
[INFO] [stderr] to set your account's default identity.
[INFO] [stderr] Omit --global to set the identity only in this repository.
[INFO] [stderr] 
[INFO] [stderr] fatal: unable to auto-detect email address (got 'root@b77fd830cbbd.(none)')
[INFO] [stdout] test emitted_events_are_then_queryable_in_the_same_process_sequence ... FAILED
[INFO] [stdout] test skill_error_records_the_exit_code_and_stderr_tail ... FAILED
[INFO] [stderr] Author identity unknown
[INFO] [stderr] 
[INFO] [stderr] *** Please tell me who you are.
[INFO] [stderr] 
[INFO] [stderr] Run
[INFO] [stderr] 
[INFO] [stderr]   git config --global user.email "you@example.com"
[INFO] [stderr]   git config --global user.name "Your Name"
[INFO] [stderr] 
[INFO] [stderr] to set your account's default identity.
[INFO] [stderr] Omit --global to set the identity only in this repository.
[INFO] [stderr] 
[INFO] [stderr] fatal: unable to auto-detect email address (got 'root@b77fd830cbbd.(none)')
[INFO] [stdout] test agent_start_records_the_slot_and_crate ... FAILED
[INFO] [stderr] Author identity unknown
[INFO] [stderr] 
[INFO] [stderr] *** Please tell me who you are.
[INFO] [stderr] 
[INFO] [stderr] Run
[INFO] [stderr] 
[INFO] [stderr]   git config --global user.email "you@example.com"
[INFO] [stderr]   git config --global user.name "Your Name"
[INFO] [stderr] 
[INFO] [stderr] to set your account's default identity.
[INFO] [stderr] Omit --global to set the identity only in this repository.
[INFO] [stderr] 
[INFO] [stderr] fatal: unable to auto-detect email address (got 'root@b77fd830cbbd.(none)')
[INFO] [stdout] test skill_start_accepts_an_argument_that_looks_like_a_flag ... FAILED
[INFO] [stderr] Author identity unknown
[INFO] [stderr] 
[INFO] [stderr] *** Please tell me who you are.
[INFO] [stderr] 
[INFO] [stderr] Run
[INFO] [stderr] 
[INFO] [stderr]   git config --global user.email "you@example.com"
[INFO] [stderr]   git config --global user.name "Your Name"
[INFO] [stderr] 
[INFO] [stderr] to set your account's default identity.
[INFO] [stderr] Omit --global to set the identity only in this repository.
[INFO] [stderr] 
[INFO] [stderr] fatal: unable to auto-detect email address (got 'root@b77fd830cbbd.(none)')
[INFO] [stdout] test skill_start_prints_a_trace_id_the_close_call_accepts ... FAILED
[INFO] [stdout] 
[INFO] [stdout] failures:
[INFO] [stdout] 
[INFO] [stdout] ---- a_hyphen_leading_value_is_rejected_for_an_identifier_flag stdout ----
[INFO] [stdout] 
[INFO] [stdout] thread 'a_hyphen_leading_value_is_rejected_for_an_identifier_flag' (1876) panicked at tests/trace_emit.rs:49:5:
[INFO] [stdout] git commit must succeed for the scratch repo
[INFO] [stdout] stack backtrace:
[INFO] [stdout]    0:     0x594149ecf891 - <<std[617be2ca0a6fd877]::sys::backtrace::BacktraceLock>::print::DisplayBacktrace as core[a373ad73a504971]::fmt::Display>::fmt
[INFO] [stdout]    1:     0x594149ee3b2a - core[a373ad73a504971]::fmt::write
[INFO] [stdout]    2:     0x594149ed3d0c - <alloc[2e1b2a31b91974c5]::vec::Vec<u8> as core[a373ad73a504971]::io::write::Write>::write_fmt
[INFO] [stdout]    3:     0x594149eaa386 - std[617be2ca0a6fd877]::panicking::default_hook::{closure#0}
[INFO] [stdout]    4:     0x594149ec74a9 - std[617be2ca0a6fd877]::panicking::default_hook
[INFO] [stdout]    5:     0x594149e624d0 - test[aada8e7e76ba119b]::test_main_inner::{closure#0}
[INFO] [stdout]    6:     0x594149ec7662 - std[617be2ca0a6fd877]::panicking::panic_with_hook
[INFO] [stdout]    7:     0x594149eaa464 - std[617be2ca0a6fd877]::panicking::panic_handler::{closure#0}
[INFO] [stdout]    8:     0x594149ea2e99 - std[617be2ca0a6fd877]::sys::backtrace::__rust_end_short_backtrace::<std[617be2ca0a6fd877]::panicking::panic_handler::{closure#0}, !>
[INFO] [stderr] error: test failed, to rerun pass `--test trace_emit`
[INFO] [stdout]    9:     0x594149eab03d - __rustc[ea4f61d10b84890b]::rust_begin_unwind
[INFO] [stdout]   10:     0x594149ee425c - core[a373ad73a504971]::panicking::panic_fmt
[INFO] [stdout]   11:     0x594149e51f92 - trace_emit[f8506c8c8c3634b0]::scratch
[INFO] [stdout]   12:     0x594149e53bcc - <trace_emit[f8506c8c8c3634b0]::a_hyphen_leading_value_is_rejected_for_an_identifier_flag::{closure#0} as core[a373ad73a504971]::ops::function::FnOnce<()>>::call_once
[INFO] [stdout]   13:     0x594149e5591b - test[aada8e7e76ba119b]::__rust_begin_short_backtrace::<core[a373ad73a504971]::result::Result<(), alloc[2e1b2a31b91974c5]::string::String>, fn() -> core[a373ad73a504971]::result::Result<(), alloc[2e1b2a31b91974c5]::string::String>>
[INFO] [stdout]   14:     0x594149e62af5 - test[aada8e7e76ba119b]::run_test::{closure#0}
[INFO] [stdout]   15:     0x594149e5c3e4 - std[617be2ca0a6fd877]::sys::backtrace::__rust_begin_short_backtrace::<test[aada8e7e76ba119b]::run_test::{closure#1}, ()>
[INFO] [stdout]   16:     0x594149e65b82 - <std[617be2ca0a6fd877]::thread::lifecycle::spawn_unchecked<test[aada8e7e76ba119b]::run_test::{closure#1}, ()>::{closure#1} as core[a373ad73a504971]::ops::function::FnOnce<()>>::call_once::{shim:vtable#0}
[INFO] [stdout]   17:     0x594149eced8f - <std[617be2ca0a6fd877]::sys::thread::unix::Thread>::new::thread_start
[INFO] [stdout]   18:     0x7c9cece28dfa - <unknown>
[INFO] [stdout]   19:     0x7c9cecebc3d4 - clone
[INFO] [stdout]   20:                0x0 - <unknown>
[INFO] [stdout] 
[INFO] [stdout] ---- an_unparseable_trace_id_still_closes_without_failing stdout ----
[INFO] [stdout] 
[INFO] [stdout] thread 'an_unparseable_trace_id_still_closes_without_failing' (1878) panicked at tests/trace_emit.rs:49:5:
[INFO] [stdout] git commit must succeed for the scratch repo
[INFO] [stdout] stack backtrace:
[INFO] [stdout]    0:     0x594149ecf891 - <<std[617be2ca0a6fd877]::sys::backtrace::BacktraceLock>::print::DisplayBacktrace as core[a373ad73a504971]::fmt::Display>::fmt
[INFO] [stdout]    1:     0x594149ee3b2a - core[a373ad73a504971]::fmt::write
[INFO] [stdout]    2:     0x594149ed3d0c - <alloc[2e1b2a31b91974c5]::vec::Vec<u8> as core[a373ad73a504971]::io::write::Write>::write_fmt
[INFO] [stdout]    3:     0x594149eaa386 - std[617be2ca0a6fd877]::panicking::default_hook::{closure#0}
[INFO] [stdout]    4:     0x594149ec74a9 - std[617be2ca0a6fd877]::panicking::default_hook
[INFO] [stdout]    5:     0x594149e624d0 - test[aada8e7e76ba119b]::test_main_inner::{closure#0}
[INFO] [stdout]    6:     0x594149ec7662 - std[617be2ca0a6fd877]::panicking::panic_with_hook
[INFO] [stdout]    7:     0x594149eaa464 - std[617be2ca0a6fd877]::panicking::panic_handler::{closure#0}
[INFO] [stdout]    8:     0x594149ea2e99 - std[617be2ca0a6fd877]::sys::backtrace::__rust_end_short_backtrace::<std[617be2ca0a6fd877]::panicking::panic_handler::{closure#0}, !>
[INFO] [stdout]    9:     0x594149eab03d - __rustc[ea4f61d10b84890b]::rust_begin_unwind
[INFO] [stdout]   10:     0x594149ee425c - core[a373ad73a504971]::panicking::panic_fmt
[INFO] [stdout]   11:     0x594149e51f92 - trace_emit[f8506c8c8c3634b0]::scratch
[INFO] [stdout]   12:     0x594149e5308e - <trace_emit[f8506c8c8c3634b0]::an_unparseable_trace_id_still_closes_without_failing::{closure#0} as core[a373ad73a504971]::ops::function::FnOnce<()>>::call_once
[INFO] [stdout]   13:     0x594149e5591b - test[aada8e7e76ba119b]::__rust_begin_short_backtrace::<core[a373ad73a504971]::result::Result<(), alloc[2e1b2a31b91974c5]::string::String>, fn() -> core[a373ad73a504971]::result::Result<(), alloc[2e1b2a31b91974c5]::string::String>>
[INFO] [stdout]   14:     0x594149e62af5 - test[aada8e7e76ba119b]::run_test::{closure#0}
[INFO] [stdout]   15:     0x594149e5c3e4 - std[617be2ca0a6fd877]::sys::backtrace::__rust_begin_short_backtrace::<test[aada8e7e76ba119b]::run_test::{closure#1}, ()>
[INFO] [stdout]   16:     0x594149e65b82 - <std[617be2ca0a6fd877]::thread::lifecycle::spawn_unchecked<test[aada8e7e76ba119b]::run_test::{closure#1}, ()>::{closure#1} as core[a373ad73a504971]::ops::function::FnOnce<()>>::call_once::{shim:vtable#0}
[INFO] [stdout]   17:     0x594149eced8f - <std[617be2ca0a6fd877]::sys::thread::unix::Thread>::new::thread_start
[INFO] [stdout]   18:     0x7c9cece28dfa - <unknown>
[INFO] [stdout]   19:     0x7c9cecebc3d4 - clone
[INFO] [stdout]   20:                0x0 - <unknown>
[INFO] [stdout] 
[INFO] [stdout] ---- emitted_events_are_then_queryable_in_the_same_process_sequence stdout ----
[INFO] [stdout] 
[INFO] [stdout] thread 'emitted_events_are_then_queryable_in_the_same_process_sequence' (1879) panicked at tests/trace_emit.rs:49:5:
[INFO] [stdout] git commit must succeed for the scratch repo
[INFO] [stdout] stack backtrace:
[INFO] [stdout]    0:     0x594149ecf891 - <<std[617be2ca0a6fd877]::sys::backtrace::BacktraceLock>::print::DisplayBacktrace as core[a373ad73a504971]::fmt::Display>::fmt
[INFO] [stdout]    1:     0x594149ee3b2a - core[a373ad73a504971]::fmt::write
[INFO] [stdout]    2:     0x594149ed3d0c - <alloc[2e1b2a31b91974c5]::vec::Vec<u8> as core[a373ad73a504971]::io::write::Write>::write_fmt
[INFO] [stdout]    3:     0x594149eaa386 - std[617be2ca0a6fd877]::panicking::default_hook::{closure#0}
[INFO] [stdout]    4:     0x594149ec74a9 - std[617be2ca0a6fd877]::panicking::default_hook
[INFO] [stdout]    5:     0x594149e624d0 - test[aada8e7e76ba119b]::test_main_inner::{closure#0}
[INFO] [stdout]    6:     0x594149ec7662 - std[617be2ca0a6fd877]::panicking::panic_with_hook
[INFO] [stdout]    7:     0x594149eaa464 - std[617be2ca0a6fd877]::panicking::panic_handler::{closure#0}
[INFO] [stdout]    8:     0x594149ea2e99 - std[617be2ca0a6fd877]::sys::backtrace::__rust_end_short_backtrace::<std[617be2ca0a6fd877]::panicking::panic_handler::{closure#0}, !>
[INFO] [stdout]    9:     0x594149eab03d - __rustc[ea4f61d10b84890b]::rust_begin_unwind
[INFO] [stdout]   10:     0x594149ee425c - core[a373ad73a504971]::panicking::panic_fmt
[INFO] [stdout]   11:     0x594149e51f92 - trace_emit[f8506c8c8c3634b0]::scratch
[INFO] [stdout]   12:     0x594149e53ce8 - <trace_emit[f8506c8c8c3634b0]::emitted_events_are_then_queryable_in_the_same_process_sequence::{closure#0} as core[a373ad73a504971]::ops::function::FnOnce<()>>::call_once
[INFO] [stdout]   13:     0x594149e5591b - test[aada8e7e76ba119b]::__rust_begin_short_backtrace::<core[a373ad73a504971]::result::Result<(), alloc[2e1b2a31b91974c5]::string::String>, fn() -> core[a373ad73a504971]::result::Result<(), alloc[2e1b2a31b91974c5]::string::String>>
[INFO] [stdout]   14:     0x594149e62af5 - test[aada8e7e76ba119b]::run_test::{closure#0}
[INFO] [stdout]   15:     0x594149e5c3e4 - std[617be2ca0a6fd877]::sys::backtrace::__rust_begin_short_backtrace::<test[aada8e7e76ba119b]::run_test::{closure#1}, ()>
[INFO] [stdout]   16:     0x594149e65b82 - <std[617be2ca0a6fd877]::thread::lifecycle::spawn_unchecked<test[aada8e7e76ba119b]::run_test::{closure#1}, ()>::{closure#1} as core[a373ad73a504971]::ops::function::FnOnce<()>>::call_once::{shim:vtable#0}
[INFO] [stdout]   17:     0x594149eced8f - <std[617be2ca0a6fd877]::sys::thread::unix::Thread>::new::thread_start
[INFO] [stdout]   18:     0x7c9cece28dfa - <unknown>
[INFO] [stdout]   19:     0x7c9cecebc3d4 - clone
[INFO] [stdout]   20:                0x0 - <unknown>
[INFO] [stdout] 
[INFO] [stdout] ---- skill_error_records_the_exit_code_and_stderr_tail stdout ----
[INFO] [stdout] 
[INFO] [stdout] thread 'skill_error_records_the_exit_code_and_stderr_tail' (1880) panicked at tests/trace_emit.rs:49:5:
[INFO] [stdout] git commit must succeed for the scratch repo
[INFO] [stdout] stack backtrace:
[INFO] [stdout]    0:     0x594149ecf891 - <<std[617be2ca0a6fd877]::sys::backtrace::BacktraceLock>::print::DisplayBacktrace as core[a373ad73a504971]::fmt::Display>::fmt
[INFO] [stdout]    1:     0x594149ee3b2a - core[a373ad73a504971]::fmt::write
[INFO] [stdout]    2:     0x594149ed3d0c - <alloc[2e1b2a31b91974c5]::vec::Vec<u8> as core[a373ad73a504971]::io::write::Write>::write_fmt
[INFO] [stdout]    3:     0x594149eaa386 - std[617be2ca0a6fd877]::panicking::default_hook::{closure#0}
[INFO] [stdout]    4:     0x594149ec74a9 - std[617be2ca0a6fd877]::panicking::default_hook
[INFO] [stdout]    5:     0x594149e624d0 - test[aada8e7e76ba119b]::test_main_inner::{closure#0}
[INFO] [stdout]    6:     0x594149ec7662 - std[617be2ca0a6fd877]::panicking::panic_with_hook
[INFO] [stdout]    7:     0x594149eaa464 - std[617be2ca0a6fd877]::panicking::panic_handler::{closure#0}
[INFO] [stdout]    8:     0x594149ea2e99 - std[617be2ca0a6fd877]::sys::backtrace::__rust_end_short_backtrace::<std[617be2ca0a6fd877]::panicking::panic_handler::{closure#0}, !>
[INFO] [stdout]    9:     0x594149eab03d - __rustc[ea4f61d10b84890b]::rust_begin_unwind
[INFO] [stdout]   10:     0x594149ee425c - core[a373ad73a504971]::panicking::panic_fmt
[INFO] [stdout]   11:     0x594149e51f92 - trace_emit[f8506c8c8c3634b0]::scratch
[INFO] [stdout]   12:     0x594149e52ea2 - <trace_emit[f8506c8c8c3634b0]::skill_error_records_the_exit_code_and_stderr_tail::{closure#0} as core[a373ad73a504971]::ops::function::FnOnce<()>>::call_once
[INFO] [stdout]   13:     0x594149e5591b - test[aada8e7e76ba119b]::__rust_begin_short_backtrace::<core[a373ad73a504971]::result::Result<(), alloc[2e1b2a31b91974c5]::string::String>, fn() -> core[a373ad73a504971]::result::Result<(), alloc[2e1b2a31b91974c5]::string::String>>
[INFO] [stdout]   14:     0x594149e62af5 - test[aada8e7e76ba119b]::run_test::{closure#0}
[INFO] [stdout]   15:     0x594149e5c3e4 - std[617be2ca0a6fd877]::sys::backtrace::__rust_begin_short_backtrace::<test[aada8e7e76ba119b]::run_test::{closure#1}, ()>
[INFO] [stdout]   16:     0x594149e65b82 - <std[617be2ca0a6fd877]::thread::lifecycle::spawn_unchecked<test[aada8e7e76ba119b]::run_test::{closure#1}, ()>::{closure#1} as core[a373ad73a504971]::ops::function::FnOnce<()>>::call_once::{shim:vtable#0}
[INFO] [stdout]   17:     0x594149eced8f - <std[617be2ca0a6fd877]::sys::thread::unix::Thread>::new::thread_start
[INFO] [stdout]   18:     0x7c9cece28dfa - <unknown>
[INFO] [stdout]   19:     0x7c9cecebc3d4 - clone
[INFO] [stdout]   20:                0x0 - <unknown>
[INFO] [stdout] 
[INFO] [stdout] ---- agent_start_records_the_slot_and_crate stdout ----
[INFO] [stdout] 
[INFO] [stdout] thread 'agent_start_records_the_slot_and_crate' (1877) panicked at tests/trace_emit.rs:49:5:
[INFO] [stdout] git commit must succeed for the scratch repo
[INFO] [stdout] stack backtrace:
[INFO] [stdout]    0:     0x594149ecf891 - <<std[617be2ca0a6fd877]::sys::backtrace::BacktraceLock>::print::DisplayBacktrace as core[a373ad73a504971]::fmt::Display>::fmt
[INFO] [stdout]    1:     0x594149ee3b2a - core[a373ad73a504971]::fmt::write
[INFO] [stdout]    2:     0x594149ed3d0c - <alloc[2e1b2a31b91974c5]::vec::Vec<u8> as core[a373ad73a504971]::io::write::Write>::write_fmt
[INFO] [stdout]    3:     0x594149eaa386 - std[617be2ca0a6fd877]::panicking::default_hook::{closure#0}
[INFO] [stdout]    4:     0x594149ec74a9 - std[617be2ca0a6fd877]::panicking::default_hook
[INFO] [stdout]    5:     0x594149e624d0 - test[aada8e7e76ba119b]::test_main_inner::{closure#0}
[INFO] [stdout]    6:     0x594149ec7662 - std[617be2ca0a6fd877]::panicking::panic_with_hook
[INFO] [stdout]    7:     0x594149eaa464 - std[617be2ca0a6fd877]::panicking::panic_handler::{closure#0}
[INFO] [stdout]    8:     0x594149ea2e99 - std[617be2ca0a6fd877]::sys::backtrace::__rust_end_short_backtrace::<std[617be2ca0a6fd877]::panicking::panic_handler::{closure#0}, !>
[INFO] [stdout]    9:     0x594149eab03d - __rustc[ea4f61d10b84890b]::rust_begin_unwind
[INFO] [stdout]   10:     0x594149ee425c - core[a373ad73a504971]::panicking::panic_fmt
[INFO] [stdout]   11:     0x594149e51f92 - trace_emit[f8506c8c8c3634b0]::scratch
[INFO] [stdout]   12:     0x594149e52c82 - <trace_emit[f8506c8c8c3634b0]::agent_start_records_the_slot_and_crate::{closure#0} as core[a373ad73a504971]::ops::function::FnOnce<()>>::call_once
[INFO] [stdout]   13:     0x594149e5591b - test[aada8e7e76ba119b]::__rust_begin_short_backtrace::<core[a373ad73a504971]::result::Result<(), alloc[2e1b2a31b91974c5]::string::String>, fn() -> core[a373ad73a504971]::result::Result<(), alloc[2e1b2a31b91974c5]::string::String>>
[INFO] [stdout]   14:     0x594149e62af5 - test[aada8e7e76ba119b]::run_test::{closure#0}
[INFO] [stdout]   15:     0x594149e5c3e4 - std[617be2ca0a6fd877]::sys::backtrace::__rust_begin_short_backtrace::<test[aada8e7e76ba119b]::run_test::{closure#1}, ()>
[INFO] [stdout]   16:     0x594149e65b82 - <std[617be2ca0a6fd877]::thread::lifecycle::spawn_unchecked<test[aada8e7e76ba119b]::run_test::{closure#1}, ()>::{closure#1} as core[a373ad73a504971]::ops::function::FnOnce<()>>::call_once::{shim:vtable#0}
[INFO] [stdout]   17:     0x594149eced8f - <std[617be2ca0a6fd877]::sys::thread::unix::Thread>::new::thread_start
[INFO] [stdout]   18:     0x7c9cece28dfa - <unknown>
[INFO] [stdout]   19:     0x7c9cecebc3d4 - clone
[INFO] [stdout]   20:                0x0 - <unknown>
[INFO] [stdout] 
[INFO] [stdout] ---- skill_start_accepts_an_argument_that_looks_like_a_flag stdout ----
[INFO] [stdout] 
[INFO] [stdout] thread 'skill_start_accepts_an_argument_that_looks_like_a_flag' (1881) panicked at tests/trace_emit.rs:49:5:
[INFO] [stdout] git commit must succeed for the scratch repo
[INFO] [stdout] stack backtrace:
[INFO] [stdout]    0:     0x594149ecf891 - <<std[617be2ca0a6fd877]::sys::backtrace::BacktraceLock>::print::DisplayBacktrace as core[a373ad73a504971]::fmt::Display>::fmt
[INFO] [stdout]    1:     0x594149ee3b2a - core[a373ad73a504971]::fmt::write
[INFO] [stdout]    2:     0x594149ed3d0c - <alloc[2e1b2a31b91974c5]::vec::Vec<u8> as core[a373ad73a504971]::io::write::Write>::write_fmt
[INFO] [stdout]    3:     0x594149eaa386 - std[617be2ca0a6fd877]::panicking::default_hook::{closure#0}
[INFO] [stdout]    4:     0x594149ec74a9 - std[617be2ca0a6fd877]::panicking::default_hook
[INFO] [stdout]    5:     0x594149e624d0 - test[aada8e7e76ba119b]::test_main_inner::{closure#0}
[INFO] [stdout]    6:     0x594149ec7662 - std[617be2ca0a6fd877]::panicking::panic_with_hook
[INFO] [stdout]    7:     0x594149eaa464 - std[617be2ca0a6fd877]::panicking::panic_handler::{closure#0}
[INFO] [stdout]    8:     0x594149ea2e99 - std[617be2ca0a6fd877]::sys::backtrace::__rust_end_short_backtrace::<std[617be2ca0a6fd877]::panicking::panic_handler::{closure#0}, !>
[INFO] [stdout]    9:     0x594149eab03d - __rustc[ea4f61d10b84890b]::rust_begin_unwind
[INFO] [stdout]   10:     0x594149ee425c - core[a373ad73a504971]::panicking::panic_fmt
[INFO] [stdout]   11:     0x594149e51f92 - trace_emit[f8506c8c8c3634b0]::scratch
[INFO] [stdout]   12:     0x594149e539ce - <trace_emit[f8506c8c8c3634b0]::skill_start_accepts_an_argument_that_looks_like_a_flag::{closure#0} as core[a373ad73a504971]::ops::function::FnOnce<()>>::call_once
[INFO] [stdout]   13:     0x594149e5591b - test[aada8e7e76ba119b]::__rust_begin_short_backtrace::<core[a373ad73a504971]::result::Result<(), alloc[2e1b2a31b91974c5]::string::String>, fn() -> core[a373ad73a504971]::result::Result<(), alloc[2e1b2a31b91974c5]::string::String>>
[INFO] [stdout]   14:     0x594149e62af5 - test[aada8e7e76ba119b]::run_test::{closure#0}
[INFO] [stdout]   15:     0x594149e5c3e4 - std[617be2ca0a6fd877]::sys::backtrace::__rust_begin_short_backtrace::<test[aada8e7e76ba119b]::run_test::{closure#1}, ()>
[INFO] [stdout]   16:     0x594149e65b82 - <std[617be2ca0a6fd877]::thread::lifecycle::spawn_unchecked<test[aada8e7e76ba119b]::run_test::{closure#1}, ()>::{closure#1} as core[a373ad73a504971]::ops::function::FnOnce<()>>::call_once::{shim:vtable#0}
[INFO] [stdout]   17:     0x594149eced8f - <std[617be2ca0a6fd877]::sys::thread::unix::Thread>::new::thread_start
[INFO] [stdout]   18:     0x7c9cece28dfa - <unknown>
[INFO] [stdout]   19:     0x7c9cecebc3d4 - clone
[INFO] [stdout]   20:                0x0 - <unknown>
[INFO] [stdout] 
[INFO] [stdout] ---- skill_start_prints_a_trace_id_the_close_call_accepts stdout ----
[INFO] [stdout] 
[INFO] [stdout] thread 'skill_start_prints_a_trace_id_the_close_call_accepts' (1882) panicked at tests/trace_emit.rs:49:5:
[INFO] [stdout] git commit must succeed for the scratch repo
[INFO] [stdout] stack backtrace:
[INFO] [stdout]    0:     0x594149ecf891 - <<std[617be2ca0a6fd877]::sys::backtrace::BacktraceLock>::print::DisplayBacktrace as core[a373ad73a504971]::fmt::Display>::fmt
[INFO] [stdout]    1:     0x594149ee3b2a - core[a373ad73a504971]::fmt::write
[INFO] [stdout]    2:     0x594149ed3d0c - <alloc[2e1b2a31b91974c5]::vec::Vec<u8> as core[a373ad73a504971]::io::write::Write>::write_fmt
[INFO] [stdout]    3:     0x594149eaa386 - std[617be2ca0a6fd877]::panicking::default_hook::{closure#0}
[INFO] [stdout]    4:     0x594149ec74a9 - std[617be2ca0a6fd877]::panicking::default_hook
[INFO] [stdout]    5:     0x594149e624d0 - test[aada8e7e76ba119b]::test_main_inner::{closure#0}
[INFO] [stdout]    6:     0x594149ec7662 - std[617be2ca0a6fd877]::panicking::panic_with_hook
[INFO] [stdout]    7:     0x594149eaa464 - std[617be2ca0a6fd877]::panicking::panic_handler::{closure#0}
[INFO] [stdout]    8:     0x594149ea2e99 - std[617be2ca0a6fd877]::sys::backtrace::__rust_end_short_backtrace::<std[617be2ca0a6fd877]::panicking::panic_handler::{closure#0}, !>
[INFO] [stdout]    9:     0x594149eab03d - __rustc[ea4f61d10b84890b]::rust_begin_unwind
[INFO] [stdout]   10:     0x594149ee425c - core[a373ad73a504971]::panicking::panic_fmt
[INFO] [stdout]   11:     0x594149e51f92 - trace_emit[f8506c8c8c3634b0]::scratch
[INFO] [stdout]   12:     0x594149e5329a - <trace_emit[f8506c8c8c3634b0]::skill_start_prints_a_trace_id_the_close_call_accepts::{closure#0} as core[a373ad73a504971]::ops::function::FnOnce<()>>::call_once
[INFO] [stdout]   13:     0x594149e5591b - test[aada8e7e76ba119b]::__rust_begin_short_backtrace::<core[a373ad73a504971]::result::Result<(), alloc[2e1b2a31b91974c5]::string::String>, fn() -> core[a373ad73a504971]::result::Result<(), alloc[2e1b2a31b91974c5]::string::String>>
[INFO] [stdout]   14:     0x594149e62af5 - test[aada8e7e76ba119b]::run_test::{closure#0}
[INFO] [stdout]   15:     0x594149e5c3e4 - std[617be2ca0a6fd877]::sys::backtrace::__rust_begin_short_backtrace::<test[aada8e7e76ba119b]::run_test::{closure#1}, ()>
[INFO] [stdout]   16:     0x594149e65b82 - <std[617be2ca0a6fd877]::thread::lifecycle::spawn_unchecked<test[aada8e7e76ba119b]::run_test::{closure#1}, ()>::{closure#1} as core[a373ad73a504971]::ops::function::FnOnce<()>>::call_once::{shim:vtable#0}
[INFO] [stdout]   17:     0x594149eced8f - <std[617be2ca0a6fd877]::sys::thread::unix::Thread>::new::thread_start
[INFO] [stdout]   18:     0x7c9cece28dfa - <unknown>
[INFO] [stdout]   19:     0x7c9cecebc3d4 - clone
[INFO] [stdout]   20:                0x0 - <unknown>
[INFO] [stdout] 
[INFO] [stdout] 
[INFO] [stdout] failures:
[INFO] [stdout]     a_hyphen_leading_value_is_rejected_for_an_identifier_flag
[INFO] [stdout]     agent_start_records_the_slot_and_crate
[INFO] [stdout]     an_unparseable_trace_id_still_closes_without_failing
[INFO] [stdout]     emitted_events_are_then_queryable_in_the_same_process_sequence
[INFO] [stdout]     skill_error_records_the_exit_code_and_stderr_tail
[INFO] [stdout]     skill_start_accepts_an_argument_that_looks_like_a_flag
[INFO] [stdout]     skill_start_prints_a_trace_id_the_close_call_accepts
[INFO] [stdout] 
[INFO] [stdout] test result: FAILED. 0 passed; 7 failed; 0 ignored; 0 measured; 0 filtered out; finished in 0.06s
[INFO] [stdout] 
[INFO] running `Command { std: "docker" "inspect" "b77fd830cbbd3408b995bd773fbcf08aee8813a4766c897e091e2f26a512d46d", kill_on_drop: false }`
[INFO] running `Command { std: "docker" "rm" "-f" "b77fd830cbbd3408b995bd773fbcf08aee8813a4766c897e091e2f26a512d46d", kill_on_drop: false }`
[INFO] [stdout] b77fd830cbbd3408b995bd773fbcf08aee8813a4766c897e091e2f26a512d46d
