[INFO] fetching crate gitorii 0.16.1...
[INFO] testing gitorii-0.16.1 against 1.100.0-beta.1+cargoflags=--release for beta-release-1.100-2
[INFO] extracting crate gitorii 0.16.1 into /workspace/builds/worker-6-tc2/source
[INFO] started tweaking crates.io crate gitorii 0.16.1
[INFO] removed 0 missing tests
[INFO] finished tweaking crates.io crate gitorii 0.16.1
[INFO] tweaked toml for crates.io crate gitorii 0.16.1 written to /workspace/builds/worker-6-tc2/source/Cargo.toml
[INFO] validating manifest of crates.io crate gitorii 0.16.1 on toolchain 1.100.0-beta.1
[INFO] running `Command { std: CARGO_HOME="/workspace/cargo-home" RUSTUP_HOME="/workspace/rustup-home" "/workspace/cargo-home/bin/cargo" "+1.100.0-beta.1" "metadata" "--manifest-path" "Cargo.toml" "--no-deps", kill_on_drop: false }`
[INFO] crate crates.io crate gitorii 0.16.1 already has a lockfile, it will not be regenerated
[INFO] running `Command { std: CARGO_HOME="/workspace/cargo-home" RUSTUP_HOME="/workspace/rustup-home" "/workspace/cargo-home/bin/cargo" "+1.100.0-beta.1" "fetch" "--manifest-path" "Cargo.toml", kill_on_drop: false }`
[INFO] running `Command { std: "docker" "create" "-v" "/var/lib/crater-agent-workspace/builds/worker-6-tc2/source:/opt/rustwide/workdir:ro,Z" "-v" "/var/lib/crater-agent-workspace/builds/worker-6-tc2/target:/opt/rustwide/target:rw,Z" "-v" "/var/lib/crater-agent-workspace/cargo-home:/opt/rustwide/cargo-home:ro,Z" "-v" "/var/lib/crater-agent-workspace/rustup-home:/opt/rustwide/rustup-home:ro,Z" "-m" "1610612736" "--network" "none" "ghcr.io/rust-lang/crates-build-env/linux@sha256:77db811e55d90add9212f6832c23229e3de5f1c1f9905e8cb07319ea15df73ac" "sleep" "infinity", kill_on_drop: false }`
[INFO] [stdout] 5d84ecf08bea85ec2cad103dd2b4bd7dace90357a23082ed6cf08982cf0ba32a
[INFO] running `Command { std: "docker" "start" "5d84ecf08bea85ec2cad103dd2b4bd7dace90357a23082ed6cf08982cf0ba32a", kill_on_drop: false }`
[INFO] running `Command { std: "docker" "inspect" "5d84ecf08bea85ec2cad103dd2b4bd7dace90357a23082ed6cf08982cf0ba32a", kill_on_drop: false }`
[INFO] running `Command { std: "docker" "exec" "-e" "SOURCE_DIR=/opt/rustwide/workdir" "-e" "CARGO_HOME=/opt/rustwide/cargo-home" "-e" "RUSTUP_HOME=/opt/rustwide/rustup-home" "-e" "CARGO_TARGET_DIR=/opt/rustwide/target" "-w" "/opt/rustwide/workdir" "--user" "0:0" "5d84ecf08bea85ec2cad103dd2b4bd7dace90357a23082ed6cf08982cf0ba32a" "/opt/rustwide/cargo-home/bin/cargo" "+1.100.0-beta.1" "metadata" "--no-deps" "--format-version=1", kill_on_drop: false }`
[INFO] running `Command { std: "docker" "inspect" "5d84ecf08bea85ec2cad103dd2b4bd7dace90357a23082ed6cf08982cf0ba32a", kill_on_drop: false }`
[INFO] running `Command { std: "docker" "exec" "-e" "SOURCE_DIR=/opt/rustwide/workdir" "-e" "CARGO_HOME=/opt/rustwide/cargo-home" "-e" "RUSTUP_HOME=/opt/rustwide/rustup-home" "-e" "CARGO_TARGET_DIR=/opt/rustwide/target" "-e" "CARGO_INCREMENTAL=0" "-e" "RUST_BACKTRACE=full" "-e" "RUSTFLAGS=--cap-lints=warn" "-e" "RUSTDOCFLAGS=--cap-lints=warn" "-w" "/opt/rustwide/workdir" "--user" "0:0" "5d84ecf08bea85ec2cad103dd2b4bd7dace90357a23082ed6cf08982cf0ba32a" "/opt/rustwide/cargo-home/bin/cargo" "+1.100.0-beta.1" "build" "--frozen" "--message-format=json" "--release", kill_on_drop: false }`
[INFO] [stderr]    Compiling libc v0.2.184
[INFO] [stderr]    Compiling zeroize v1.8.2
[INFO] [stderr]    Compiling subtle v2.6.1
[INFO] [stderr]    Compiling cmov v0.5.3
[INFO] [stderr]    Compiling num-traits v0.2.19
[INFO] [stderr]    Compiling cpubits v0.1.1
[INFO] [stderr]    Compiling base64ct v1.8.3
[INFO] [stderr]    Compiling log v0.4.29
[INFO] [stderr]    Compiling zerofrom v0.1.7
[INFO] [stderr]    Compiling ctutils v0.4.2
[INFO] [stderr]    Compiling futures-sink v0.3.32
[INFO] [stderr]    Compiling rustcrypto-ff v0.14.0-rc.1
[INFO] [stderr]    Compiling yoke v0.8.2
[INFO] [stderr]    Compiling futures-channel v0.3.32
[INFO] [stderr]    Compiling pem-rfc7468 v1.0.0
[INFO] [stderr]    Compiling base16ct v1.0.0
[INFO] [stderr]    Compiling hybrid-array v0.4.11
[INFO] [stderr]    Compiling zerovec v0.11.6
[INFO] [stderr]    Compiling slab v0.4.12
[INFO] [stderr]    Compiling der v0.8.0
[INFO] [stderr]    Compiling futures-util v0.3.32
[INFO] [stderr]    Compiling tinystr v0.8.3
[INFO] [stderr]    Compiling potential_utf v0.1.5
[INFO] [stderr]    Compiling icu_locale_core v2.2.0
[INFO] [stderr]    Compiling zerotrie v0.2.4
[INFO] [stderr]    Compiling rustcrypto-group v0.14.0-rc.1
[INFO] [stderr]    Compiling block-buffer v0.12.0
[INFO] [stderr]    Compiling block-padding v0.4.2
[INFO] [stderr]    Compiling inout v0.2.2
[INFO] [stderr]    Compiling jobserver v0.1.34
[INFO] [stderr]    Compiling icu_collections v2.2.0
[INFO] [stderr]    Compiling rustls-pki-types v1.14.1
[INFO] [stderr]    Compiling cc v1.2.59
[INFO] [stderr]    Compiling libm v0.2.16
[INFO] [stderr]    Compiling curve25519-dalek v5.0.0-pre.6
[INFO] [stderr]    Compiling spki v0.8.0
[INFO] [stderr]    Compiling getrandom v0.4.2
[INFO] [stderr]    Compiling mio v1.2.0
[INFO] [stderr]    Compiling socket2 v0.6.3
[INFO] [stderr]    Compiling crypto-common v0.2.1
[INFO] [stderr]    Compiling crypto-bigint v0.7.3
[INFO] [stderr]    Compiling tokio v1.51.1
[INFO] [stderr]    Compiling ring v0.17.14
[INFO] [stderr]    Compiling sec1 v0.8.1
[INFO] [stderr]    Compiling digest v0.11.2
[INFO] [stderr]    Compiling cipher v0.5.1
[INFO] [stderr]    Compiling hmac v0.13.0
[INFO] [stderr]    Compiling pbkdf2 v0.13.0
[INFO] [stderr]    Compiling sha2 v0.11.0
[INFO] [stderr]    Compiling aes v0.9.0
[INFO] [stderr]    Compiling salsa20 v0.11.0
[INFO] [stderr]    Compiling cbc v0.2.0
[INFO] [stderr]    Compiling signature v3.0.0
[INFO] [stderr]    Compiling hkdf v0.13.0
[INFO] [stderr]    Compiling universal-hash v0.6.1
[INFO] [stderr]    Compiling getrandom v0.2.17
[INFO] [stderr]    Compiling icu_provider v2.2.0
[INFO] [stderr]    Compiling rfc6979 v0.5.0-rc.5
[INFO] [stderr]    Compiling cmake v0.1.58
[INFO] [stderr]    Compiling polyval v0.7.1
[INFO] [stderr]    Compiling aws-lc-sys v0.40.0
[INFO] [stderr]    Compiling icu_properties v2.2.0
[INFO] [stderr]    Compiling scrypt v0.12.0
[INFO] [stderr]    Compiling icu_normalizer v2.2.0
[INFO] [stderr]    Compiling pkcs5 v0.8.0
[INFO] [stderr]    Compiling chacha20 v0.10.0
[INFO] [stderr]    Compiling libz-sys v1.1.28
[INFO] [stderr]    Compiling pkcs8 v0.11.0
[INFO] [stderr]    Compiling rustls v0.23.40
[INFO] [stderr]    Compiling simd-adler32 v0.3.9
[INFO] [stderr]    Compiling elliptic-curve v0.14.0-rc.32
[INFO] [stderr]    Compiling primefield v0.14.0-rc.9
[INFO] [stderr]    Compiling ssh-encoding v0.3.0-rc.9
[INFO] [stderr]    Compiling miniz_oxide v0.8.9
[INFO] [stderr]    Compiling ecdsa v0.17.0-rc.18
[INFO] [stderr]    Compiling primeorder v0.14.0-rc.9
[INFO] [stderr]    Compiling nix v0.31.2
[INFO] [stderr]    Compiling idna_adapter v1.2.1
[INFO] [stderr]    Compiling ghash v0.6.0
[INFO] [stderr]    Compiling ctr v0.10.0
[INFO] [stderr]    Compiling aead v0.6.0-rc.10
[INFO] [stderr]    Compiling errno v0.3.14
[INFO] [stderr]    Compiling crc32fast v1.5.0
[INFO] [stderr]    Compiling signal-hook v0.3.18
[INFO] [stderr]    Compiling darling_core v0.23.0
[INFO] [stderr]    Compiling blowfish v0.10.0
[INFO] [stderr]    Compiling hyper v1.9.0
[INFO] [stderr]    Compiling crypto-primes v0.7.0
[INFO] [stderr]    Compiling flate2 v1.1.9
[INFO] [stderr]    Compiling serde_json v1.0.149
[INFO] [stderr]    Compiling aes-gcm v0.11.0-rc.3
[INFO] [stderr]    Compiling signal-hook-registry v1.4.8
[INFO] [stderr]    Compiling idna v1.1.0
[INFO] [stderr]    Compiling ed25519 v3.0.0
[INFO] [stderr]    Compiling poly1305 v0.9.0
[INFO] [stderr]    Compiling blake2 v0.11.0-rc.6
[INFO] [stderr]    Compiling libgit2-sys v0.17.0+1.8.1
[INFO] [stderr]    Compiling pkcs1 v0.8.0-rc.4
[INFO] [stderr]    Compiling num-integer v0.1.46
[INFO] [stderr]    Compiling keccak v0.2.0
[INFO] [stderr]    Compiling fiat-crypto v0.3.0
[INFO] [stderr]    Compiling rustix v0.38.44
[INFO] [stderr]    Compiling aws-lc-rs v1.16.3
[INFO] [stderr]    Compiling hyper-util v0.1.20
[INFO] [stderr]    Compiling indexmap v2.13.1
[INFO] [stderr]    Compiling rsa v0.10.0-rc.18
[INFO] [stderr]    Compiling tower v0.5.3
[INFO] [stderr]    Compiling sha3 v0.11.0
[INFO] [stderr]    Compiling argon2 v0.6.0-rc.8
[INFO] [stderr]    Compiling ssh-cipher v0.3.0-rc.9
[INFO] [stderr]    Compiling ed25519-dalek v3.0.0-pre.7
[INFO] [stderr]    Compiling rustls-webpki v0.103.13
[INFO] [stderr]    Compiling url v2.5.8
[INFO] [stderr]    Compiling darling_macro v0.23.0
[INFO] [stderr]    Compiling parking_lot_core v0.9.12
[INFO] [stderr]    Compiling bcrypt-pbkdf v0.11.0
[INFO] [stderr]    Compiling p256 v0.14.0-rc.9
[INFO] [stderr]    Compiling p521 v0.14.0-rc.9
[INFO] [stderr]    Compiling rand v0.10.1
[INFO] [stderr]    Compiling futures-executor v0.3.32
[INFO] [stderr]    Compiling sha1 v0.11.0
[INFO] [stderr]    Compiling kem v0.3.0
[INFO] [stderr]    Compiling webpki-roots v1.0.7
[INFO] [stderr]    Compiling ureq-proto v0.6.0
[INFO] [stderr]    Compiling module-lattice v0.2.3
[INFO] [stderr]    Compiling block-padding v0.3.3
[INFO] [stderr]    Compiling serde_spanned v0.6.9
[INFO] [stderr]    Compiling toml_datetime v0.6.11
[INFO] [stderr]    Compiling aho-corasick v1.1.4
[INFO] [stderr]    Compiling p384 v0.14.0-rc.9
[INFO] [stderr]    Compiling tokio-rustls v0.26.4
[INFO] [stderr]    Compiling home v0.5.12
[INFO] [stderr]    Compiling iri-string v0.7.12
[INFO] [stderr]    Compiling linux-raw-sys v0.4.15
[INFO] [stderr]    Compiling utf8-zero v0.8.1
[INFO] [stderr]    Compiling instability v0.3.12
[INFO] [stderr]    Compiling dirs-sys v0.4.1
[INFO] [stderr]    Compiling enum_dispatch v0.3.13
[INFO] [stderr]    Compiling toml_edit v0.22.27
[INFO] [stderr]    Compiling tower-http v0.6.8
[INFO] [stderr]    Compiling ssh-key v0.7.0-rc.10
[INFO] [stderr]    Compiling itertools v0.13.0
[INFO] [stderr]    Compiling hashbrown v0.15.5
[INFO] [stderr]    Compiling ureq v3.3.0
[INFO] [stderr]    Compiling hyper-rustls v0.27.9
[INFO] [stderr]    Compiling etcetera v0.10.0
[INFO] [stderr]    Compiling regex-automata v0.4.14
[INFO] [stderr]    Compiling inout v0.1.4
[INFO] [stderr]    Compiling ml-kem v0.3.2
[INFO] [stderr]    Compiling internal-russh-num-bigint v0.5.0
[INFO] [stderr]    Compiling futures v0.3.32
[INFO] [stderr]    Compiling parking_lot v0.12.5
[INFO] [stderr]    Compiling darling v0.23.0
[INFO] [stderr]    Compiling signal-hook-mio v0.2.5
[INFO] [stderr]    Compiling russh-cryptovec v0.61.0
[INFO] [stderr]    Compiling num-bigint v0.4.6
[INFO] [stderr]    Compiling russh-util v0.52.0
[INFO] [stderr]    Compiling strum_macros v0.26.4
[INFO] [stderr]    Compiling castaway v0.2.4
[INFO] [stderr]    Compiling generic-array v1.4.1
[INFO] [stderr]    Compiling delegate v0.13.5
[INFO] [stderr]    Compiling md5 v0.7.0
[INFO] [stderr]    Compiling unicode-segmentation v1.13.2
[INFO] [stderr]    Compiling semver v1.0.28
[INFO] [stderr]    Compiling data-encoding v2.11.0
[INFO] [stderr]    Compiling hex-literal v1.1.0
[INFO] [stderr]    Compiling clap_builder v4.5.61
[INFO] [stderr]    Compiling update-informer v1.3.0
[INFO] [stderr]    Compiling unicode-truncate v1.1.0
[INFO] [stderr]    Compiling compact_str v0.8.1
[INFO] [stderr]    Compiling chrono v0.4.44
[INFO] [stderr]    Compiling strum v0.26.3
[INFO] [stderr]    Compiling reqwest v0.12.28
[INFO] [stderr]    Compiling crossterm v0.28.1
[INFO] [stderr]    Compiling regex v1.12.3
[INFO] [stderr]    Compiling lru v0.12.5
[INFO] [stderr]    Compiling toml v0.8.23
[INFO] [stderr]    Compiling dirs v5.0.1
[INFO] [stderr]    Compiling clap_derive v4.5.61
[INFO] [stderr]    Compiling unicode-width v0.2.0
[INFO] [stderr]    Compiling cassowary v0.3.0
[INFO] [stderr]    Compiling clap v4.5.61
[INFO] [stderr]    Compiling ratatui v0.29.0
[INFO] [stderr]    Compiling git2 v0.19.0
[INFO] [stderr]    Compiling russh v0.61.1
[INFO] [stderr]    Compiling torii-lib v0.16.1
[INFO] [stderr]    Compiling gitorii v0.16.1 (/opt/rustwide/workdir)
[INFO] [stdout] warning: method `toggle_files_browse` is never used
[INFO] [stdout]    --> src/tui/app/dashboard.rs:184:12
[INFO] [stdout]     |
[INFO] [stdout] 180 | impl App {
[INFO] [stdout]     | -------- method in this implementation
[INFO] [stdout] ...
[INFO] [stdout] 184 |     pub fn toggle_files_browse(&mut self) {
[INFO] [stdout]     |            ^^^^^^^^^^^^^^^^^^^
[INFO] [stdout]     |
[INFO] [stdout]     = note: `#[warn(dead_code)]` (part of `#[warn(unused)]`) on by default
[INFO] [stdout] 
[INFO] [stdout] 
[INFO] [stdout] warning: constant `GLOBALS` is never used
[INFO] [stdout]   --> src/tui/bindings.rs:20:11
[INFO] [stdout]    |
[INFO] [stdout] 20 | pub const GLOBALS: &[(&str, &str)] = &[
[INFO] [stdout]    |           ^^^^^^^
[INFO] [stdout] 
[INFO] [stdout] 
[INFO] [stdout] warning: methods `action_for` and `chords` are never used
[INFO] [stdout]   --> src/tui/bindings.rs:67:12
[INFO] [stdout]    |
[INFO] [stdout] 33 | impl ViewKeys {
[INFO] [stdout]    | ------------- methods in this implementation
[INFO] [stdout] ...
[INFO] [stdout] 67 |     pub fn action_for(&self, chord: Chord) -> Option<&'static str> {
[INFO] [stdout]    |            ^^^^^^^^^^
[INFO] [stdout] ...
[INFO] [stdout] 71 |     pub fn chords(&self) -> impl Iterator<Item = (Chord, &'static str)> + '_ {
[INFO] [stdout]    |            ^^^^^^
[INFO] [stdout] 
[INFO] [stdout] 
[INFO] [stdout] warning: function `clone_map` is never used
[INFO] [stdout]    --> src/tui/bindings.rs:110:4
[INFO] [stdout]     |
[INFO] [stdout] 110 | fn clone_map() -> ViewKeys {
[INFO] [stdout]     |    ^^^^^^^^^
[INFO] [stdout] 
[INFO] [stdout] 
[INFO] [stdout] warning: function `log_map` is never used
[INFO] [stdout]    --> src/tui/bindings.rs:124:4
[INFO] [stdout]     |
[INFO] [stdout] 124 | fn log_map() -> ViewKeys {
[INFO] [stdout]     |    ^^^^^^^
[INFO] [stdout] 
[INFO] [stdout] 
[INFO] [stdout] warning: function `branch_map` is never used
[INFO] [stdout]    --> src/tui/bindings.rs:137:4
[INFO] [stdout]     |
[INFO] [stdout] 137 | fn branch_map() -> ViewKeys {
[INFO] [stdout]     |    ^^^^^^^^^^
[INFO] [stdout] 
[INFO] [stdout] 
[INFO] [stdout] warning: function `tag_map` is never used
[INFO] [stdout]    --> src/tui/bindings.rs:146:4
[INFO] [stdout]     |
[INFO] [stdout] 146 | fn tag_map() -> ViewKeys {
[INFO] [stdout]     |    ^^^^^^^
[INFO] [stdout] 
[INFO] [stdout] 
[INFO] [stdout] warning: function `commit_map` is never used
[INFO] [stdout]    --> src/tui/bindings.rs:155:4
[INFO] [stdout]     |
[INFO] [stdout] 155 | fn commit_map() -> ViewKeys {
[INFO] [stdout]     |    ^^^^^^^^^^
[INFO] [stdout] 
[INFO] [stdout] 
[INFO] [stdout] warning: function `snapshot_map` is never used
[INFO] [stdout]    --> src/tui/bindings.rs:163:4
[INFO] [stdout]     |
[INFO] [stdout] 163 | fn snapshot_map() -> ViewKeys {
[INFO] [stdout]     |    ^^^^^^^^^^^^
[INFO] [stdout] 
[INFO] [stdout] 
[INFO] [stdout] warning: function `snapshot_auto_custom_map` is never used
[INFO] [stdout]    --> src/tui/bindings.rs:175:4
[INFO] [stdout]     |
[INFO] [stdout] 175 | fn snapshot_auto_custom_map() -> ViewKeys {
[INFO] [stdout]     |    ^^^^^^^^^^^^^^^^^^^^^^^^
[INFO] [stdout] 
[INFO] [stdout] 
[INFO] [stdout] warning: function `sync_map` is never used
[INFO] [stdout]    --> src/tui/bindings.rs:182:4
[INFO] [stdout]     |
[INFO] [stdout] 182 | fn sync_map() -> ViewKeys {
[INFO] [stdout]     |    ^^^^^^^^
[INFO] [stdout] 
[INFO] [stdout] 
[INFO] [stdout] warning: function `diff_map` is never used
[INFO] [stdout]    --> src/tui/bindings.rs:190:4
[INFO] [stdout]     |
[INFO] [stdout] 190 | fn diff_map() -> ViewKeys {
[INFO] [stdout]     |    ^^^^^^^^
[INFO] [stdout] 
[INFO] [stdout] 
[INFO] [stdout] warning: function `diff_snapshot_tree_map` is never used
[INFO] [stdout]    --> src/tui/bindings.rs:200:4
[INFO] [stdout]     |
[INFO] [stdout] 200 | fn diff_snapshot_tree_map() -> ViewKeys {
[INFO] [stdout]     |    ^^^^^^^^^^^^^^^^^^^^^^
[INFO] [stdout] 
[INFO] [stdout] 
[INFO] [stdout] warning: function `help_map` is never used
[INFO] [stdout]    --> src/tui/bindings.rs:211:4
[INFO] [stdout]     |
[INFO] [stdout] 211 | fn help_map() -> ViewKeys {
[INFO] [stdout]     |    ^^^^^^^^
[INFO] [stdout] 
[INFO] [stdout] 
[INFO] [stdout] warning: function `issue_map` is never used
[INFO] [stdout]    --> src/tui/bindings.rs:217:4
[INFO] [stdout]     |
[INFO] [stdout] 217 | fn issue_map() -> ViewKeys {
[INFO] [stdout]     |    ^^^^^^^^^
[INFO] [stdout] 
[INFO] [stdout] 
[INFO] [stdout] warning: function `stats_map` is never used
[INFO] [stdout]    --> src/tui/bindings.rs:227:4
[INFO] [stdout]     |
[INFO] [stdout] 227 | fn stats_map() -> ViewKeys {
[INFO] [stdout]     |    ^^^^^^^^^
[INFO] [stdout] 
[INFO] [stdout] 
[INFO] [stdout] warning: function `all` is never used
[INFO] [stdout]    --> src/tui/bindings.rs:239:8
[INFO] [stdout]     |
[INFO] [stdout] 239 | pub fn all() -> Vec<ViewKeys> {
[INFO] [stdout]     |        ^^^
[INFO] [stdout] 
[INFO] [stdout] 
[INFO] [stderr]     Finished `release` profile [optimized] target(s) in 10m 49s
[INFO] [stderr] warning: the following packages contain code that will be rejected by a future version of Rust: nix v0.31.2
[INFO] [stderr] note: to see what the problems were, use the option `--future-incompat-report`, or run `cargo report future-incompatibilities --id 3`
[INFO] running `Command { std: "docker" "inspect" "5d84ecf08bea85ec2cad103dd2b4bd7dace90357a23082ed6cf08982cf0ba32a", kill_on_drop: false }`
[INFO] running `Command { std: "docker" "exec" "-e" "SOURCE_DIR=/opt/rustwide/workdir" "-e" "CARGO_HOME=/opt/rustwide/cargo-home" "-e" "RUSTUP_HOME=/opt/rustwide/rustup-home" "-e" "CARGO_TARGET_DIR=/opt/rustwide/target" "-e" "CARGO_INCREMENTAL=0" "-e" "RUST_BACKTRACE=full" "-e" "RUSTFLAGS=--cap-lints=warn" "-e" "RUSTDOCFLAGS=--cap-lints=warn" "-w" "/opt/rustwide/workdir" "--user" "0:0" "5d84ecf08bea85ec2cad103dd2b4bd7dace90357a23082ed6cf08982cf0ba32a" "/opt/rustwide/cargo-home/bin/cargo" "+1.100.0-beta.1" "test" "--frozen" "--no-run" "--message-format=json" "--release", kill_on_drop: false }`
[INFO] [stderr]    Compiling serde v1.0.228
[INFO] [stderr]    Compiling futures-util v0.3.32
[INFO] [stderr]    Compiling tracing v0.1.44
[INFO] [stderr]    Compiling serde_json v1.0.149
[INFO] [stderr]    Compiling concurrent-queue v2.5.0
[INFO] [stderr]    Compiling sha1 v0.10.6
[INFO] [stderr]    Compiling rustix v1.1.4
[INFO] [stderr]    Compiling tabwriter v1.4.1
[INFO] [stderr]    Compiling event-listener v5.4.1
[INFO] [stderr]    Compiling path-tree v0.8.3
[INFO] [stderr]    Compiling futures-timer v3.0.4
[INFO] [stderr]    Compiling event-listener-strategy v0.5.4
[INFO] [stderr]    Compiling similar v2.7.0
[INFO] [stderr]    Compiling async-lock v3.4.2
[INFO] [stderr]    Compiling bytes v1.11.1
[INFO] [stderr]    Compiling serde_spanned v0.6.9
[INFO] [stderr]    Compiling toml_datetime v0.6.11
[INFO] [stderr]    Compiling toml_edit v0.22.27
[INFO] [stderr]    Compiling serde_urlencoded v0.7.1
[INFO] [stderr]    Compiling http v1.4.0
[INFO] [stderr]    Compiling tokio v1.51.1
[INFO] [stderr]    Compiling ssh-encoding v0.3.0-rc.9
[INFO] [stderr]    Compiling http-body v1.0.1
[INFO] [stderr]    Compiling http-body-util v0.1.3
[INFO] [stderr]    Compiling ureq-proto v0.6.0
[INFO] [stderr]    Compiling ssh-cipher v0.3.0-rc.9
[INFO] [stderr]    Compiling ssh-key v0.7.0-rc.10
[INFO] [stderr]    Compiling ureq v3.3.0
[INFO] [stderr]    Compiling futures-executor v0.3.32
[INFO] [stderr]    Compiling futures v0.3.32
[INFO] [stderr]    Compiling russh-cryptovec v0.61.0
[INFO] [stderr]    Compiling toml v0.8.23
[INFO] [stderr]    Compiling headers-core v0.3.0
[INFO] [stderr]    Compiling chrono v0.4.44
[INFO] [stderr]    Compiling update-informer v1.3.0
[INFO] [stderr]    Compiling headers v0.4.1
[INFO] [stderr]    Compiling async-object-pool v0.2.0
[INFO] [stderr]    Compiling assert-json-diff v2.0.2
[INFO] [stderr]    Compiling serde_regex v1.2.0
[INFO] [stderr]    Compiling stringmetrics v2.2.2
[INFO] [stderr]    Compiling tempfile v3.27.0
[INFO] [stderr]    Compiling tokio-util v0.7.18
[INFO] [stderr]    Compiling tower v0.5.3
[INFO] [stderr]    Compiling h2 v0.4.14
[INFO] [stderr]    Compiling tokio-rustls v0.26.4
[INFO] [stderr]    Compiling tower-http v0.6.8
[INFO] [stderr]    Compiling russh-util v0.52.0
[INFO] [stderr]    Compiling russh v0.61.1
[INFO] [stderr]    Compiling hyper v1.9.0
[INFO] [stderr]    Compiling hyper-util v0.1.20
[INFO] [stderr]    Compiling hyper-rustls v0.27.9
[INFO] [stderr]    Compiling httpmock v0.8.3
[INFO] [stderr]    Compiling reqwest v0.12.28
[INFO] [stderr]    Compiling torii-lib v0.16.1
[INFO] [stderr]    Compiling gitorii v0.16.1 (/opt/rustwide/workdir)
[INFO] [stdout] warning: method `toggle_files_browse` is never used
[INFO] [stdout]    --> src/tui/app/dashboard.rs:184:12
[INFO] [stdout]     |
[INFO] [stdout] 180 | impl App {
[INFO] [stdout]     | -------- method in this implementation
[INFO] [stdout] ...
[INFO] [stdout] 184 |     pub fn toggle_files_browse(&mut self) {
[INFO] [stdout]     |            ^^^^^^^^^^^^^^^^^^^
[INFO] [stdout]     |
[INFO] [stdout]     = note: `#[warn(dead_code)]` (part of `#[warn(unused)]`) on by default
[INFO] [stdout] 
[INFO] [stdout] 
[INFO] [stdout] warning: constant `GLOBALS` is never used
[INFO] [stdout]   --> src/tui/bindings.rs:20:11
[INFO] [stdout]    |
[INFO] [stdout] 20 | pub const GLOBALS: &[(&str, &str)] = &[
[INFO] [stdout]    |           ^^^^^^^
[INFO] [stdout] 
[INFO] [stdout] 
[INFO] [stdout] warning: methods `action_for` and `chords` are never used
[INFO] [stdout]   --> src/tui/bindings.rs:67:12
[INFO] [stdout]    |
[INFO] [stdout] 33 | impl ViewKeys {
[INFO] [stdout]    | ------------- methods in this implementation
[INFO] [stdout] ...
[INFO] [stdout] 67 |     pub fn action_for(&self, chord: Chord) -> Option<&'static str> {
[INFO] [stdout]    |            ^^^^^^^^^^
[INFO] [stdout] ...
[INFO] [stdout] 71 |     pub fn chords(&self) -> impl Iterator<Item = (Chord, &'static str)> + '_ {
[INFO] [stdout]    |            ^^^^^^
[INFO] [stdout] 
[INFO] [stdout] 
[INFO] [stdout] warning: function `clone_map` is never used
[INFO] [stdout]    --> src/tui/bindings.rs:110:4
[INFO] [stdout]     |
[INFO] [stdout] 110 | fn clone_map() -> ViewKeys {
[INFO] [stdout]     |    ^^^^^^^^^
[INFO] [stdout] 
[INFO] [stdout] 
[INFO] [stdout] warning: function `log_map` is never used
[INFO] [stdout]    --> src/tui/bindings.rs:124:4
[INFO] [stdout]     |
[INFO] [stdout] 124 | fn log_map() -> ViewKeys {
[INFO] [stdout]     |    ^^^^^^^
[INFO] [stdout] 
[INFO] [stdout] 
[INFO] [stdout] warning: function `branch_map` is never used
[INFO] [stdout]    --> src/tui/bindings.rs:137:4
[INFO] [stdout]     |
[INFO] [stdout] 137 | fn branch_map() -> ViewKeys {
[INFO] [stdout]     |    ^^^^^^^^^^
[INFO] [stdout] 
[INFO] [stdout] 
[INFO] [stdout] warning: function `tag_map` is never used
[INFO] [stdout]    --> src/tui/bindings.rs:146:4
[INFO] [stdout]     |
[INFO] [stdout] 146 | fn tag_map() -> ViewKeys {
[INFO] [stdout]     |    ^^^^^^^
[INFO] [stdout] 
[INFO] [stdout] 
[INFO] [stdout] warning: function `commit_map` is never used
[INFO] [stdout]    --> src/tui/bindings.rs:155:4
[INFO] [stdout]     |
[INFO] [stdout] 155 | fn commit_map() -> ViewKeys {
[INFO] [stdout]     |    ^^^^^^^^^^
[INFO] [stdout] 
[INFO] [stdout] 
[INFO] [stdout] warning: function `snapshot_map` is never used
[INFO] [stdout]    --> src/tui/bindings.rs:163:4
[INFO] [stdout]     |
[INFO] [stdout] 163 | fn snapshot_map() -> ViewKeys {
[INFO] [stdout]     |    ^^^^^^^^^^^^
[INFO] [stdout] 
[INFO] [stdout] 
[INFO] [stdout] warning: function `snapshot_auto_custom_map` is never used
[INFO] [stdout]    --> src/tui/bindings.rs:175:4
[INFO] [stdout]     |
[INFO] [stdout] 175 | fn snapshot_auto_custom_map() -> ViewKeys {
[INFO] [stdout]     |    ^^^^^^^^^^^^^^^^^^^^^^^^
[INFO] [stdout] 
[INFO] [stdout] 
[INFO] [stdout] warning: function `sync_map` is never used
[INFO] [stdout]    --> src/tui/bindings.rs:182:4
[INFO] [stdout]     |
[INFO] [stdout] 182 | fn sync_map() -> ViewKeys {
[INFO] [stdout]     |    ^^^^^^^^
[INFO] [stdout] 
[INFO] [stdout] 
[INFO] [stdout] warning: function `diff_map` is never used
[INFO] [stdout]    --> src/tui/bindings.rs:190:4
[INFO] [stdout]     |
[INFO] [stdout] 190 | fn diff_map() -> ViewKeys {
[INFO] [stdout]     |    ^^^^^^^^
[INFO] [stdout] 
[INFO] [stdout] 
[INFO] [stdout] warning: function `diff_snapshot_tree_map` is never used
[INFO] [stdout]    --> src/tui/bindings.rs:200:4
[INFO] [stdout]     |
[INFO] [stdout] 200 | fn diff_snapshot_tree_map() -> ViewKeys {
[INFO] [stdout]     |    ^^^^^^^^^^^^^^^^^^^^^^
[INFO] [stdout] 
[INFO] [stdout] 
[INFO] [stdout] warning: function `help_map` is never used
[INFO] [stdout]    --> src/tui/bindings.rs:211:4
[INFO] [stdout]     |
[INFO] [stdout] 211 | fn help_map() -> ViewKeys {
[INFO] [stdout]     |    ^^^^^^^^
[INFO] [stdout] 
[INFO] [stdout] 
[INFO] [stdout] warning: function `issue_map` is never used
[INFO] [stdout]    --> src/tui/bindings.rs:217:4
[INFO] [stdout]     |
[INFO] [stdout] 217 | fn issue_map() -> ViewKeys {
[INFO] [stdout]     |    ^^^^^^^^^
[INFO] [stdout] 
[INFO] [stdout] 
[INFO] [stdout] warning: function `stats_map` is never used
[INFO] [stdout]    --> src/tui/bindings.rs:227:4
[INFO] [stdout]     |
[INFO] [stdout] 227 | fn stats_map() -> ViewKeys {
[INFO] [stdout]     |    ^^^^^^^^^
[INFO] [stdout] 
[INFO] [stdout] 
[INFO] [stdout] warning: function `all` is never used
[INFO] [stdout]    --> src/tui/bindings.rs:239:8
[INFO] [stdout]     |
[INFO] [stdout] 239 | pub fn all() -> Vec<ViewKeys> {
[INFO] [stdout]     |        ^^^
[INFO] [stdout] 
[INFO] [stdout] 
[INFO] [stdout] warning: method `chords` is never used
[INFO] [stdout]   --> src/tui/bindings.rs:71:12
[INFO] [stdout]    |
[INFO] [stdout] 33 | impl ViewKeys {
[INFO] [stdout]    | ------------- method in this implementation
[INFO] [stdout] ...
[INFO] [stdout] 71 |     pub fn chords(&self) -> impl Iterator<Item = (Chord, &'static str)> + '_ {
[INFO] [stdout]    |            ^^^^^^
[INFO] [stdout]    |
[INFO] [stdout]    = note: `#[warn(dead_code)]` (part of `#[warn(unused)]`) on by default
[INFO] [stdout] 
[INFO] [stdout] 
[INFO] [stderr]     Finished `release` profile [optimized] target(s) in 6m 07s
[INFO] [stderr] warning: the following packages contain code that will be rejected by a future version of Rust: nix v0.31.2
[INFO] [stderr] note: to see what the problems were, use the option `--future-incompat-report`, or run `cargo report future-incompatibilities --id 3`
[INFO] running `Command { std: "docker" "inspect" "5d84ecf08bea85ec2cad103dd2b4bd7dace90357a23082ed6cf08982cf0ba32a", kill_on_drop: false }`
[INFO] running `Command { std: "docker" "exec" "-e" "SOURCE_DIR=/opt/rustwide/workdir" "-e" "CARGO_HOME=/opt/rustwide/cargo-home" "-e" "RUSTUP_HOME=/opt/rustwide/rustup-home" "-e" "CARGO_TARGET_DIR=/opt/rustwide/target" "-e" "CARGO_INCREMENTAL=0" "-e" "RUST_BACKTRACE=full" "-e" "RUSTFLAGS=--cap-lints=warn" "-e" "RUSTDOCFLAGS=--cap-lints=warn" "-w" "/opt/rustwide/workdir" "--user" "0:0" "5d84ecf08bea85ec2cad103dd2b4bd7dace90357a23082ed6cf08982cf0ba32a" "/opt/rustwide/cargo-home/bin/cargo" "+1.100.0-beta.1" "test" "--frozen" "--release", kill_on_drop: false }`
[INFO] [stderr] warning: method `toggle_files_browse` is never used
[INFO] [stderr]    --> src/tui/app/dashboard.rs:184:12
[INFO] [stderr]     |
[INFO] [stderr] 180 | impl App {
[INFO] [stderr]     | -------- method in this implementation
[INFO] [stderr] ...
[INFO] [stderr] 184 |     pub fn toggle_files_browse(&mut self) {
[INFO] [stderr]     |            ^^^^^^^^^^^^^^^^^^^
[INFO] [stderr]     |
[INFO] [stderr]     = note: `#[warn(dead_code)]` (part of `#[warn(unused)]`) on by default
[INFO] [stderr] 
[INFO] [stderr] warning: constant `GLOBALS` is never used
[INFO] [stderr]   --> src/tui/bindings.rs:20:11
[INFO] [stderr]    |
[INFO] [stderr] 20 | pub const GLOBALS: &[(&str, &str)] = &[
[INFO] [stderr]    |           ^^^^^^^
[INFO] [stderr] 
[INFO] [stderr] warning: methods `action_for` and `chords` are never used
[INFO] [stderr]   --> src/tui/bindings.rs:67:12
[INFO] [stderr]    |
[INFO] [stderr] 33 | impl ViewKeys {
[INFO] [stderr]    | ------------- methods in this implementation
[INFO] [stderr] ...
[INFO] [stderr] 67 |     pub fn action_for(&self, chord: Chord) -> Option<&'static str> {
[INFO] [stderr]    |            ^^^^^^^^^^
[INFO] [stderr] ...
[INFO] [stderr] 71 |     pub fn chords(&self) -> impl Iterator<Item = (Chord, &'static str)> + '_ {
[INFO] [stderr]    |            ^^^^^^
[INFO] [stderr] 
[INFO] [stderr] warning: function `clone_map` is never used
[INFO] [stderr]    --> src/tui/bindings.rs:110:4
[INFO] [stderr]     |
[INFO] [stderr] 110 | fn clone_map() -> ViewKeys {
[INFO] [stderr]     |    ^^^^^^^^^
[INFO] [stderr] 
[INFO] [stderr] warning: function `log_map` is never used
[INFO] [stderr]    --> src/tui/bindings.rs:124:4
[INFO] [stderr]     |
[INFO] [stderr] 124 | fn log_map() -> ViewKeys {
[INFO] [stderr]     |    ^^^^^^^
[INFO] [stderr] 
[INFO] [stderr] warning: function `branch_map` is never used
[INFO] [stderr]    --> src/tui/bindings.rs:137:4
[INFO] [stderr]     |
[INFO] [stderr] 137 | fn branch_map() -> ViewKeys {
[INFO] [stderr]     |    ^^^^^^^^^^
[INFO] [stderr] 
[INFO] [stderr] warning: function `tag_map` is never used
[INFO] [stderr]    --> src/tui/bindings.rs:146:4
[INFO] [stderr]     |
[INFO] [stderr] 146 | fn tag_map() -> ViewKeys {
[INFO] [stderr]     |    ^^^^^^^
[INFO] [stderr] 
[INFO] [stderr] warning: function `commit_map` is never used
[INFO] [stderr]    --> src/tui/bindings.rs:155:4
[INFO] [stderr]     |
[INFO] [stderr] 155 | fn commit_map() -> ViewKeys {
[INFO] [stderr]     |    ^^^^^^^^^^
[INFO] [stderr] 
[INFO] [stderr] warning: function `snapshot_map` is never used
[INFO] [stderr]    --> src/tui/bindings.rs:163:4
[INFO] [stderr]     |
[INFO] [stderr] 163 | fn snapshot_map() -> ViewKeys {
[INFO] [stderr]     |    ^^^^^^^^^^^^
[INFO] [stderr] 
[INFO] [stderr] warning: function `snapshot_auto_custom_map` is never used
[INFO] [stderr]    --> src/tui/bindings.rs:175:4
[INFO] [stderr]     |
[INFO] [stderr] 175 | fn snapshot_auto_custom_map() -> ViewKeys {
[INFO] [stderr]     |    ^^^^^^^^^^^^^^^^^^^^^^^^
[INFO] [stderr] 
[INFO] [stderr] warning: function `sync_map` is never used
[INFO] [stderr]    --> src/tui/bindings.rs:182:4
[INFO] [stderr]     |
[INFO] [stderr] 182 | fn sync_map() -> ViewKeys {
[INFO] [stderr]     |    ^^^^^^^^
[INFO] [stderr] 
[INFO] [stderr] warning: function `diff_map` is never used
[INFO] [stderr]    --> src/tui/bindings.rs:190:4
[INFO] [stderr]     |
[INFO] [stderr] 190 | fn diff_map() -> ViewKeys {
[INFO] [stderr]     |    ^^^^^^^^
[INFO] [stderr] 
[INFO] [stderr] warning: function `diff_snapshot_tree_map` is never used
[INFO] [stderr]    --> src/tui/bindings.rs:200:4
[INFO] [stderr]     |
[INFO] [stderr] 200 | fn diff_snapshot_tree_map() -> ViewKeys {
[INFO] [stderr]     |    ^^^^^^^^^^^^^^^^^^^^^^
[INFO] [stderr] 
[INFO] [stderr] warning: function `help_map` is never used
[INFO] [stderr]    --> src/tui/bindings.rs:211:4
[INFO] [stderr]     |
[INFO] [stderr] 211 | fn help_map() -> ViewKeys {
[INFO] [stderr]     |    ^^^^^^^^
[INFO] [stderr] 
[INFO] [stderr] warning: function `issue_map` is never used
[INFO] [stderr]    --> src/tui/bindings.rs:217:4
[INFO] [stderr]     |
[INFO] [stderr] 217 | fn issue_map() -> ViewKeys {
[INFO] [stderr]     |    ^^^^^^^^^
[INFO] [stderr] 
[INFO] [stderr] warning: function `stats_map` is never used
[INFO] [stderr]    --> src/tui/bindings.rs:227:4
[INFO] [stderr]     |
[INFO] [stderr] 227 | fn stats_map() -> ViewKeys {
[INFO] [stderr]     |    ^^^^^^^^^
[INFO] [stderr] 
[INFO] [stderr] warning: function `all` is never used
[INFO] [stderr]    --> src/tui/bindings.rs:239:8
[INFO] [stderr]     |
[INFO] [stderr] 239 | pub fn all() -> Vec<ViewKeys> {
[INFO] [stderr]     |        ^^^
[INFO] [stderr] 
[INFO] [stderr] warning: `gitorii` (bin "torii") generated 17 warnings
[INFO] [stderr] warning: method `chords` is never used
[INFO] [stderr]   --> src/tui/bindings.rs:71:12
[INFO] [stderr]    |
[INFO] [stderr] 33 | impl ViewKeys {
[INFO] [stderr]    | ------------- method in this implementation
[INFO] [stderr] ...
[INFO] [stderr] 71 |     pub fn chords(&self) -> impl Iterator<Item = (Chord, &'static str)> + '_ {
[INFO] [stderr]    |            ^^^^^^
[INFO] [stderr]    |
[INFO] [stderr]    = note: `#[warn(dead_code)]` (part of `#[warn(unused)]`) on by default
[INFO] [stderr] 
[INFO] [stderr] warning: `gitorii` (bin "torii" test) generated 1 warning
[INFO] [stderr]     Finished `release` profile [optimized] target(s) in 0.91s
[INFO] [stderr] warning: the following packages contain code that will be rejected by a future version of Rust: nix v0.31.2
[INFO] [stderr] note: to see what the problems were, use the option `--future-incompat-report`, or run `cargo report future-incompatibilities --id 3`
[INFO] [stderr]      Running unittests src/main.rs (/opt/rustwide/target/release/build/gitorii/124cdbcef8aaf52e/out/torii-124cdbcef8aaf52e)
[INFO] [stdout] 
[INFO] [stdout] running 196 tests
[INFO] [stdout] test cli::clone::tests::host_from_base_url_strips_scheme_and_path ... ok
[INFO] [stdout] test cli::clone::tests::scp_like_needs_host_and_path ... ok
[INFO] [stdout] test cli::clone::tests::ssh_host_drops_a_numeric_port ... ok
[INFO] [stdout] test cli::clone::tests::platform_shorthands_are_not_urls ... ok
[INFO] [stdout] test cli::clone::tests::schemes_and_paths_are_urls ... ok
[INFO] [stdout] test cli::clone::tests::sourcehut_slug_adds_the_tilde ... ok
[INFO] [stdout] test cli::clone::tests::azure_parts_need_three_levels ... ok
[INFO] [stdout] test cli::clone::tests::shorthand_urls_match_the_host ... ok
[INFO] [stdout] test cli::tests::branch_create_and_orphan ... ok
[INFO] [stdout] test cli::tests::log_count_and_filters ... ok
[INFO] [stdout] test cli::tests::rm_and_mv_aliases_work ... ok
[INFO] [stdout] test cli::tests::clean_defaults_to_dry_run ... ok
[INFO] [stdout] test cli::tests::cherry_pick_continue_and_abort ... ok
[INFO] [stdout] test cli::tests::save_requires_message_unless_reset_revert_or_unstage ... ok
[INFO] [stdout] test cli::tests::save_conflicting_flags_rejected ... ok
[INFO] [stdout] test cli::tests::save_stage_all_with_message ... ok
[INFO] [stdout] test cli::tests::save_stage_flag_parses_without_message ... ok
[INFO] [stdout] test cli::tests::pipeline_remote_flag_is_global ... ok
[INFO] [stdout] test cli::variable::tests::read_value_reads_a_file_whole_including_its_trailing_newline ... ok
[INFO] [stdout] test cli::variable::tests::read_value_with_no_input_says_which_flags_exist ... ok
[INFO] [stdout] test cli::variable::tests::read_value_prefers_the_inline_value ... ok
[INFO] [stdout] test cli::variable::tests::elide_distinguishes_empty_from_undisclosed ... ok
[INFO] [stdout] test cli::variable::tests::read_value_names_the_file_it_could_not_read ... ok
[INFO] [stdout] test cmd::ignore_rules::tests::a_list_setting_takes_more_than_one_line ... ok
[INFO] [stdout] test cmd::ignore_rules::tests::a_key_is_only_matched_inside_its_own_section ... ok
[INFO] [stdout] test cli::tests::sync_fetch_flag_combinations ... ok
[INFO] [stdout] test cli::tests::status_null_requires_tracked ... ok
[INFO] [stdout] test cmd::ignore_rules::tests::a_rule_knows_which_file_it_came_from ... ok
[INFO] [stdout] test cmd::ignore_rules::tests::a_secret_rule_defaults_to_the_private_file ... ok
[INFO] [stdout] test cli::tests::show_lines_requires_blame ... ok
[INFO] [stdout] test cmd::ignore_rules::tests::a_setting_replaces_its_own_line_instead_of_piling_up ... ok
[INFO] [stdout] test cmd::ignore_rules::tests::the_section_header_is_written_once ... ok
[INFO] [stdout] test cmd::ignore_rules::tests::unsetting_something_never_written_is_not_an_error ... ok
[INFO] [stdout] test cmd::ignore_rules::tests::unsetting_takes_the_line_out_and_leaves_the_section ... ok
[INFO] [stdout] test cmd::ignore_rules::tests::comments_and_blank_lines_are_not_rules ... ok
[INFO] [stdout] test cmd::ignore_rules::tests::a_stale_rule_refuses_to_delete_the_wrong_line ... ok
[INFO] [stdout] test cmd::ignore_rules::tests::an_invalid_regex_never_reaches_the_file ... ok
[INFO] [stdout] test cmd::fileops::tests::mv_directory_moves_disk_and_reindexes_tracked_entries ... ok
[INFO] [stdout] test cmd::stats::tests::bytes_read_the_way_a_person_says_them ... ok
[INFO] [stdout] test cmd::ignore_rules::tests::removing_a_rule_takes_its_line_and_leaves_the_rest ... ok
[INFO] [stdout] test cmd::fileops::tests::mv_directory_with_trailing_slash_normalizes ... ok
[INFO] [stdout] test cmd::fileops::tests::mv_single_file_still_works ... ok
[INFO] [stdout] test cmd::stats::tests::a_repo_without_commits_reports_zeroes_rather_than_failing ... ok
[INFO] [stdout] test cmd::stats::tests::the_sparkline_scales_to_its_own_maximum ... ok
[INFO] [stdout] test cmd::submodule::tests::strip_section_handles_eof_after_block ... ok
[INFO] [stdout] test cmd::submodule::tests::strip_section_no_op_on_missing ... ok
[INFO] [stdout] test cmd::stats::tests::a_signature_is_recognised_by_its_preamble ... ok
[INFO] [stdout] test cmd::submodule::tests::strip_section_removes_block_only ... ok
[INFO] [stdout] test cmd::worktree::tests::derive_name_falls_back_to_sanitized_branch ... ok
[INFO] [stdout] test cmd::worktree::tests::derive_name_uses_leaf ... ok
[INFO] [stdout] test cmd::worktree::tests::expand_tilde_home ... ok
[INFO] [stdout] test cmd::worktree::tests::sanitize_branch_replaces_slashes ... ok
[INFO] [stdout] test cmd::stats::tests::the_same_address_in_capitals_is_the_same_person ... ok
[INFO] [stdout] test tui::app::clone::tests::a_radicle_slug_is_the_project_name ... ok
[INFO] [stdout] test tui::app::clone::tests::a_repo_falls_back_to_the_protocol_it_has ... ok
[INFO] [stdout] test tui::app::clone::tests::a_slug_is_everything_after_the_host ... ok
[INFO] [stdout] test tui::app::clone::tests::a_stop_is_only_asked_of_a_clone_that_is_running ... ok
[INFO] [stdout] test tui::app::clone::tests::a_typed_url_wins_over_the_selection_and_the_destination_follows ... ok
[INFO] [stdout] test tui::app::clone::tests::an_existing_destination_is_refused ... ok
[INFO] [stdout] test tui::app::clone::tests::the_destination_follows_the_caret_until_it_is_edited ... ok
[INFO] [stdout] test tui::app::clone::tests::radicle_needs_no_token_and_is_on_the_menu ... ok
[INFO] [stdout] test cmd::stats::tests::the_history_buckets_commits_by_week_and_ranks_authors ... ok
[INFO] [stdout] test tui::app::dashboard::tree_rows_tests::collapsing_a_folder_hides_its_children ... ok
[INFO] [stdout] test tui::app::clone::tests::the_filter_reads_the_slug_and_the_description ... ok
[INFO] [stdout] test tui::app::clone::tests::the_directory_comes_off_the_end_of_the_url ... ok
[INFO] [stdout] test tui::app::dashboard::tree_rows_tests::folders_start_collapsed ... ok
[INFO] [stdout] test tui::app::dashboard::tree_rows_tests::empty_paths_are_an_empty_tree ... ok
[INFO] [stdout] test tui::app::clone::tests::the_protocol_switch_picks_the_other_url ... ok
[INFO] [stdout] test tui::app::dashboard::tree_rows_tests::folders_come_before_files ... ok
[INFO] [stdout] test tui::app::snapshot::interval_tests::from_minutes_keeps_values_the_presets_do_not_cover ... ok
[INFO] [stdout] test cmd::stats::tests::churn_counts_the_files_a_commit_touched ... ok
[INFO] [stdout] test tui::app::tests::a_bound_letter_does_not_fire_inside_a_text_field ... ok
[INFO] [stdout] test tui::app::tests::a_bad_regex_keeps_the_text_and_says_why ... ok
[INFO] [stdout] test tui::app::snapshot::interval_tests::picker_rows_surface_the_current_custom ... ok
[INFO] [stdout] test cmd::stats::tests::the_shape_counts_what_git_tracks ... ok
[INFO] [stdout] test tui::app::stats::tests::a_second_load_does_not_stack_another_worker ... ok
[INFO] [stdout] test tui::app::stats::tests::dropping_the_state_leaves_no_worker_running ... ok
[INFO] [stdout] test cmd::stats::tests::an_unsigned_commit_reports_no_signature ... ok
[INFO] [stdout] test tui::app::tests::a_sequence_fires_outside_a_text_field ... ok
[INFO] [stdout] test tui::app::tests::a_finding_carries_the_masked_preview_and_nothing_more ... ok
[INFO] [stdout] test cmd::stats::tests::people_are_keyed_by_email_and_keep_every_spelling_of_their_name ... ok
[INFO] [stdout] test tui::app::tests::a_setting_can_be_taken_back_out ... ok
[INFO] [stdout] test tui::app::tests::a_secret_rule_aims_at_the_private_file_by_default ... ok
[INFO] [stdout] test tui::app::tests::a_clean_scan_does_not_open_the_event_log ... ok
[INFO] [stdout] test tui::app::tests::a_size_the_scanner_cannot_read_is_refused ... ok
[INFO] [stdout] test tui::app::tests::adding_a_rule_writes_it_and_selects_it ... ok
[INFO] [stdout] test tui::app::tests::an_unknown_action_is_reported ... ok
[INFO] [stdout] test tui::app::tests::char_to_byte_idx_handles_multibyte ... ok
[INFO] [stdout] test tui::app::tests::commit_editor_handles_multibyte_input ... ok
[INFO] [stdout] test tui::app::tests::deleting_a_rule_takes_it_out_of_its_own_file ... ok
[INFO] [stdout] test tui::app::tests::files_browse_click_selects_a_row ... ok
[INFO] [stdout] test tui::app::tests::files_browse_fold_hides_children ... ok
[INFO] [stdout] test tui::app::tests::a_clean_scan_produces_no_finding_lines ... ok
[INFO] [stdout] test tui::app::tests::files_browse_move_stays_in_range ... ok
[INFO] [stdout] test tui::app::tests::files_browse_toggles_off_the_status_columns ... ok
[INFO] [stdout] test tui::app::tests::go_to_and_go_back_restore_previous_view ... ok
[INFO] [stdout] test tui::app::tests::hooks_stack_instead_of_replacing_each_other ... ok
[INFO] [stdout] test tui::app::tests::entering_every_view_stays_in_this_process ... ok
[INFO] [stdout] test tui::app::tests::a_scan_reports_each_finding_and_says_how_many_it_hid ... ok
[INFO] [stdout] test tui::app::tests::log_filter_matches_message_author_and_hash ... ok
[INFO] [stdout] test tui::app::tests::move_up_down_never_panics_on_empty_state ... ok
[INFO] [stdout] test tui::app::tests::the_ignore_view_loads_both_files_and_keeps_them_apart ... ok
[INFO] [stdout] test tui::app::tests::sidebar_navigation_stays_in_bounds ... ok
[INFO] [stdout] test tui::app::tests::a_staged_secret_lands_in_the_event_log_and_opens_it ... ok
[INFO] [stdout] test tui::app::tests::the_repo_switcher_needs_a_workspace ... ok
[INFO] [stdout] test tui::app::tests::the_switchers_work_while_typing ... ok
[INFO] [stdout] test tui::app::tests::the_palette_opens_even_while_typing ... ok
[INFO] [stdout] test tui::app::tests::the_palette_runs_what_it_selects ... ok
[INFO] [stdout] test tui::app::tests::refresh_drops_state_pointing_at_the_old_commit_list ... FAILED
[INFO] [stdout] test tui::bindings::tests::a_second_claim_on_the_same_key_is_refused ... ok
[INFO] [stdout] test tui::bindings::tests::aliases_of_one_action_are_fine ... ok
[INFO] [stdout] test tui::bindings::tests::every_view_builds ... ok
[INFO] [stdout] test tui::bindings::tests::files_tree_does_not_take_the_event_log_key ... ok
[INFO] [stdout] test tui::bindings::tests::no_view_claims_a_global_key ... ok
[INFO] [stdout] test tui::events::log::ops_prompt_tests::a_and_esc_both_close_the_menu_without_filtering ... ok
[INFO] [stdout] test tui::app::tests::a_size_limit_can_be_set_from_the_scanner_tab ... ok
[INFO] [stdout] test tui::events::log::ops_prompt_tests::half_an_identity_does_not_advance_the_reauthor_prompt ... ok
[INFO] [stdout] test tui::events::log::ops_prompt_tests::reauthor_asks_for_both_identities_before_it_runs_anything ... ok
[INFO] [stdout] test tui::events::log::ops_prompt_tests::rewrite_dates_asks_for_the_dates_before_it_runs_anything ... ok
[INFO] [stdout] test tui::events::log::ops_prompt_tests::shifted_characters_reach_the_identity_prompts ... ok
[INFO] [stdout] test tui::events::log::ops_prompt_tests::a_log_with_no_prompt_open_still_handles_its_own_keys ... ok
[INFO] [stdout] test tui::events::log::ops_prompt_tests::a_bare_author_prefix_keeps_the_list_whole ... ok
[INFO] [stdout] test tui::events::log::ops_prompt_tests::both_dates_are_typed_through_the_log_handler ... ok
[INFO] [stdout] test tui::events::log::ops_prompt_tests::emptying_the_selection_releases_the_identity ... ok
[INFO] [stdout] test tui::events::log::ops_prompt_tests::the_all_authors_row_lifts_the_filter ... ok
[INFO] [stdout] test tui::events::log::ops_prompt_tests::the_argument_free_operations_kept_their_indices ... ok
[INFO] [stdout] test tui::events::log::ops_prompt_tests::the_author_term_matches_either_half_of_the_identity ... ok
[INFO] [stdout] test tui::events::log::ops_prompt_tests::the_menu_cursor_stops_at_both_ends ... ok
[INFO] [stdout] test tui::events::log::ops_prompt_tests::the_authors_menu_lists_each_identity_once_with_its_count ... ok
[INFO] [stdout] test tui::events::log::ops_prompt_tests::the_authors_menu_opens_on_the_author_under_the_caret ... ok
[INFO] [stdout] test tui::events::log::ops_prompt_tests::the_bottom_of_a_filtered_list_holds_when_all_is_loaded ... ok
[INFO] [stdout] test tui::events::log::ops_prompt_tests::the_picked_menu_can_drop_the_picks ... ok
[INFO] [stdout] test tui::events::log::ops_prompt_tests::the_picked_menu_cannot_reach_the_whole_history_ops ... ok
[INFO] [stdout] test tui::events::log::ops_prompt_tests::the_picked_menu_prefills_the_old_identity ... ok
[INFO] [stdout] test tui::events::log::ops_prompt_tests::the_new_identity_is_held_to_the_same_form ... ok
[INFO] [stdout] test tui::events::log::ops_prompt_tests::the_menu_does_not_open_on_an_empty_log ... ok
[INFO] [stdout] test tui::events::log::ops_prompt_tests::the_plain_search_reaches_the_email ... ok
[INFO] [stdout] test tui::events::log::ops_prompt_tests::the_qualifier_is_parsed_off_the_front_only ... ok
[INFO] [stdout] test tui::hit::tests::empty_space_below_a_short_list_is_not_a_row ... ok
[INFO] [stdout] test tui::events::log::ops_prompt_tests::the_other_prompting_operations_are_reachable_too ... ok
[INFO] [stdout] test tui::events::log::ops_prompt_tests::the_menu_opens_on_the_identity_already_filtered_in ... ok
[INFO] [stdout] test tui::hit::tests::headers_do_not_shift_the_rows_below_them ... ok
[INFO] [stdout] test tui::hit::tests::rows_count_from_the_first_visible_item ... ok
[INFO] [stdout] test tui::hit::tests::a_cell_finds_the_zone_drawn_there ... ok
[INFO] [stdout] test tui::hit::tests::what_was_drawn_last_wins ... ok
[INFO] [stdout] test tui::keys::file_tests::the_catalogue_has_no_duplicate_ids ... ok
[INFO] [stdout] test tui::keys::tests::a_binding_holds_one_action ... ok
[INFO] [stdout] test tui::keys::tests::a_binding_reads_the_way_it_is_written ... ok
[INFO] [stdout] test tui::keys::tests::a_letter_stays_a_letter_while_typing ... ok
[INFO] [stdout] test tui::keys::tests::a_prefix_never_steals_a_longer_binding ... ok
[INFO] [stdout] test tui::events::log::ops_prompt_tests::the_selection_locks_onto_one_identity ... ok
[INFO] [stdout] test tui::keys::tests::a_sequence_waits_for_its_second_key ... ok
[INFO] [stdout] test tui::keys::tests::binding_an_action_moves_it_rather_than_duplicating_it ... ok
[INFO] [stdout] test tui::app::tests::a_refused_checkout_is_reported ... ok
[INFO] [stdout] test tui::keys::file_tests::no_label_looks_truncated ... ok
[INFO] [stdout] test tui::keys::file_tests::a_file_survives_a_round_trip ... ok
[INFO] [stdout] test tui::keys::file_tests::a_broken_line_is_skipped_not_fatal ... ok
[INFO] [stdout] test tui::theme::tests::an_address_breaks_at_a_boundary ... ok
[INFO] [stdout] test tui::keys::tests::nonsense_is_refused_with_a_reason ... ok
[INFO] [stdout] test tui::theme::tests::an_unbreakable_word_is_carried_over ... ok
[INFO] [stdout] test tui::theme::tests::the_selection_is_the_accent_washed_down ... ok
[INFO] [stdout] test tui::theme::tests::the_wash_follows_whatever_accent_is_set ... ok
[INFO] [stdout] test tui::keys::tests::shadowing_the_leader_is_reported ... ok
[INFO] [stdout] test tui::theme::tests::a_value_that_fits_is_left_alone ... ok
[INFO] [stdout] test tui::keys::tests::shift_lives_in_the_character_not_in_the_modifiers ... ok
[INFO] [stdout] test tui::ui::tests::a_click_on_a_list_row_resolves_to_that_row ... FAILED
[INFO] [stdout] test tui::ui::tests::a_click_on_the_sidebar_finds_the_row_it_names ... FAILED
[INFO] [stdout] test tui::ui::tests::a_word_wider_than_the_panel_is_broken ... ok
[INFO] [stdout] test tui::ui::tests::an_author_filter_says_so_in_the_heading ... FAILED
[INFO] [stdout] test tui::ui::tests::an_empty_message_still_yields_a_line ... ok
[INFO] [stdout] test tui::ui::tests::brackets_are_stripped_from_key_hints ... FAILED
[INFO] [stdout] test tui::ui::tests::a_group_header_does_not_shift_the_rows_under_it ... FAILED
[INFO] [stdout] test tui::ui::tests::chrome_draws_a_single_window ... FAILED
[INFO] [stdout] test tui::ui::tests::event_messages_wrap_instead_of_being_clipped ... ok
[INFO] [stdout] test tui::keys::tests::a_single_chord_fires_on_its_own ... ok
[INFO] [stdout] test tui::ui::tests::look_at_the_keys ... FAILED
[INFO] [stdout] test tui::ui::tests::every_list_view_registers_its_rows ... FAILED
[INFO] [stdout] test tui::ui::tests::look_at_the_safety_view ... FAILED
[INFO] [stdout] test tui::ui::tests::rules_never_cross_without_a_junction ... FAILED
[INFO] [stdout] test tui::ui::tests::sidebar_rule_meets_both_rules ... FAILED
[INFO] [stdout] test tui::ui::tests::no_action_id_is_ever_clipped ... FAILED
[INFO] [stdout] test tui::ui::tests::look_at_the_stats ... FAILED
[INFO] [stdout] test tui::ui::tests::look_at_it ... FAILED
[INFO] [stdout] test tui::ui::tests::the_log_survives_an_index_past_the_end ... FAILED
[INFO] [stdout] test tui::ui::tests::the_palette_keeps_whole_labels ... FAILED
[INFO] [stdout] test tui::ui::tests::the_events_popup_wears_the_window_chrome ... FAILED
[INFO] [stdout] test tui::ui::tests::the_hint_keys_are_clickable ... FAILED
[INFO] [stdout] test tui::ui::tests::the_people_screen_never_cuts_a_name_or_an_address ... FAILED
[INFO] [stdout] test tui::ui::tests::the_lists_register_the_rows_a_click_can_reach ... FAILED
[INFO] [stdout] test tui::ui::tests::rules_tie_into_the_frame ... FAILED
[INFO] [stdout] test tui::ui::tests::the_selected_row_wears_the_accent ... FAILED
[INFO] [stdout] test tui::ui::tests::the_tui_tab_carries_the_mouse_switch ... FAILED
[INFO] [stdout] test tui::ui::tests::the_sidebar_order_agrees_with_itself ... FAILED
[INFO] [stdout] test tui::ui::tests::the_authors_menu_draws_over_the_log ... FAILED
[INFO] [stdout] test tui::app::tests::the_branch_switcher_checks_out_from_any_view ... ok
[INFO] [stdout] test tui::app::tests::a_tiny_window_does_not_take_the_tui_down ... ok
[INFO] [stdout] 
[INFO] [stdout] failures:
[INFO] [stdout] 
[INFO] [stdout] ---- tui::app::tests::refresh_drops_state_pointing_at_the_old_commit_list stdout ----
[INFO] [stdout] 
[INFO] [stdout] thread 'tui::app::tests::refresh_drops_state_pointing_at_the_old_commit_list' (6198) panicked at src/tui/app/mod.rs:1213:34:
[INFO] [stdout] a repository to look at: Git(Error { code: -3, klass: 6, message: "could not find repository at '.'" })
[INFO] [stdout] stack backtrace:
[INFO] [stdout]    0:     0x5da0f7de8281 - <<std[617be2ca0a6fd877]::sys::backtrace::BacktraceLock>::print::DisplayBacktrace as core[a373ad73a504971]::fmt::Display>::fmt
[INFO] [stdout]    1:     0x5da0f7e01f1a - core[a373ad73a504971]::fmt::write
[INFO] [stdout]    2:     0x5da0f7ded76c - <alloc[2e1b2a31b91974c5]::vec::Vec<u8> as core[a373ad73a504971]::io::write::Write>::write_fmt
[INFO] [stdout]    3:     0x5da0f7dbf3e6 - std[617be2ca0a6fd877]::panicking::default_hook::{closure#0}
[INFO] [stdout]    4:     0x5da0f7ddeb39 - std[617be2ca0a6fd877]::panicking::default_hook
[INFO] [stdout]    5:     0x5da0f77921e0 - test[aada8e7e76ba119b]::test_main_inner::{closure#0}
[INFO] [stdout]    6:     0x5da0f7ddee62 - std[617be2ca0a6fd877]::panicking::panic_with_hook
[INFO] [stdout]    7:     0x5da0f7dbf492 - std[617be2ca0a6fd877]::panicking::panic_handler::{closure#0}
[INFO] [stdout]    8:     0x5da0f7db7789 - std[617be2ca0a6fd877]::sys::backtrace::__rust_end_short_backtrace::<std[617be2ca0a6fd877]::panicking::panic_handler::{closure#0}, !>
[INFO] [stdout]    9:     0x5da0f7dc054d - __rustc[ea4f61d10b84890b]::rust_begin_unwind
[INFO] [stdout]   10:     0x5da0f7e026fc - core[a373ad73a504971]::panicking::panic_fmt
[INFO] [stdout]   11:     0x5da0f7e024d2 - core[a373ad73a504971]::result::unwrap_failed
[INFO] [stdout]   12:     0x5da0f75f19d2 - <torii[d5c3071534f22917]::tui::app::tests::refresh_drops_state_pointing_at_the_old_commit_list::{closure#0} as core[a373ad73a504971]::ops::function::FnOnce<()>>::call_once
[INFO] [stdout]   13:     0x5da0f778562b - test[aada8e7e76ba119b]::__rust_begin_short_backtrace::<core[a373ad73a504971]::result::Result<(), alloc[2e1b2a31b91974c5]::string::String>, fn() -> core[a373ad73a504971]::result::Result<(), alloc[2e1b2a31b91974c5]::string::String>>
[INFO] [stdout]   14:     0x5da0f7792805 - test[aada8e7e76ba119b]::run_test::{closure#0}
[INFO] [stdout]   15:     0x5da0f778c0f4 - std[617be2ca0a6fd877]::sys::backtrace::__rust_begin_short_backtrace::<test[aada8e7e76ba119b]::run_test::{closure#1}, ()>
[INFO] [stdout]   16:     0x5da0f7795892 - <std[617be2ca0a6fd877]::thread::lifecycle::spawn_unchecked<test[aada8e7e76ba119b]::run_test::{closure#1}, ()>::{closure#1} as core[a373ad73a504971]::ops::function::FnOnce<()>>::call_once::{shim:vtable#0}
[INFO] [stdout]   17:     0x5da0f7de703f - <std[617be2ca0a6fd877]::sys::thread::unix::Thread>::new::thread_start
[INFO] [stdout]   18:     0x78f1fa801dfa - <unknown>
[INFO] [stdout]   19:     0x78f1fa8953d4 - clone
[INFO] [stdout]   20:                0x0 - <unknown>
[INFO] [stdout] 
[INFO] [stdout] ---- tui::ui::tests::a_click_on_a_list_row_resolves_to_that_row stdout ----
[INFO] [stdout] 
[INFO] [stdout] thread 'tui::ui::tests::a_click_on_a_list_row_resolves_to_that_row' (6272) panicked at src/tui/ui.rs:2954:34:
[INFO] [stdout] a repository to look at: Git(Error { code: -3, klass: 6, message: "could not find repository at '.'" })
[INFO] [stdout] stack backtrace:
[INFO] [stdout]    0:     0x5da0f7de8281 - <<std[617be2ca0a6fd877]::sys::backtrace::BacktraceLock>::print::DisplayBacktrace as core[a373ad73a504971]::fmt::Display>::fmt
[INFO] [stdout]    1:     0x5da0f7e01f1a - core[a373ad73a504971]::fmt::write
[INFO] [stdout]    2:     0x5da0f7ded76c - <alloc[2e1b2a31b91974c5]::vec::Vec<u8> as core[a373ad73a504971]::io::write::Write>::write_fmt
[INFO] [stdout]    3:     0x5da0f7dbf3e6 - std[617be2ca0a6fd877]::panicking::default_hook::{closure#0}
[INFO] [stdout]    4:     0x5da0f7ddeb39 - std[617be2ca0a6fd877]::panicking::default_hook
[INFO] [stdout]    5:     0x5da0f77921e0 - test[aada8e7e76ba119b]::test_main_inner::{closure#0}
[INFO] [stdout]    6:     0x5da0f7ddee62 - std[617be2ca0a6fd877]::panicking::panic_with_hook
[INFO] [stdout]    7:     0x5da0f7dbf492 - std[617be2ca0a6fd877]::panicking::panic_handler::{closure#0}
[INFO] [stdout]    8:     0x5da0f7db7789 - std[617be2ca0a6fd877]::sys::backtrace::__rust_end_short_backtrace::<std[617be2ca0a6fd877]::panicking::panic_handler::{closure#0}, !>
[INFO] [stdout]    9:     0x5da0f7dc054d - __rustc[ea4f61d10b84890b]::rust_begin_unwind
[INFO] [stdout]   10:     0x5da0f7e026fc - core[a373ad73a504971]::panicking::panic_fmt
[INFO] [stdout]   11:     0x5da0f7e024d2 - core[a373ad73a504971]::result::unwrap_failed
[INFO] [stdout]   12:     0x5da0f76f6936 - <torii[d5c3071534f22917]::tui::ui::tests::a_click_on_a_list_row_resolves_to_that_row::{closure#0} as core[a373ad73a504971]::ops::function::FnOnce<()>>::call_once
[INFO] [stdout]   13:     0x5da0f778562b - test[aada8e7e76ba119b]::__rust_begin_short_backtrace::<core[a373ad73a504971]::result::Result<(), alloc[2e1b2a31b91974c5]::string::String>, fn() -> core[a373ad73a504971]::result::Result<(), alloc[2e1b2a31b91974c5]::string::String>>
[INFO] [stdout]   14:     0x5da0f7792805 - test[aada8e7e76ba119b]::run_test::{closure#0}
[INFO] [stdout]   15:     0x5da0f778c0f4 - std[617be2ca0a6fd877]::sys::backtrace::__rust_begin_short_backtrace::<test[aada8e7e76ba119b]::run_test::{closure#1}, ()>
[INFO] [stdout]   16:     0x5da0f7795892 - <std[617be2ca0a6fd877]::thread::lifecycle::spawn_unchecked<test[aada8e7e76ba119b]::run_test::{closure#1}, ()>::{closure#1} as core[a373ad73a504971]::ops::function::FnOnce<()>>::call_once::{shim:vtable#0}
[INFO] [stdout]   17:     0x5da0f7de703f - <std[617be2ca0a6fd877]::sys::thread::unix::Thread>::new::thread_start
[INFO] [stdout]   18:     0x78f1fa801dfa - <unknown>
[INFO] [stdout]   19:     0x78f1fa8953d4 - clone
[INFO] [stdout]   20:                0x0 - <unknown>
[INFO] [stdout] 
[INFO] [stdout] ---- tui::ui::tests::a_click_on_the_sidebar_finds_the_row_it_names stdout ----
[INFO] [stdout] 
[INFO] [stdout] thread 'tui::ui::tests::a_click_on_the_sidebar_finds_the_row_it_names' (6273) panicked at src/tui/ui.rs:2909:34:
[INFO] [stdout] a repository to look at: Git(Error { code: -3, klass: 6, message: "could not find repository at '.'" })
[INFO] [stdout] stack backtrace:
[INFO] [stdout]    0:     0x5da0f7de8281 - <<std[617be2ca0a6fd877]::sys::backtrace::BacktraceLock>::print::DisplayBacktrace as core[a373ad73a504971]::fmt::Display>::fmt
[INFO] [stdout]    1:     0x5da0f7e01f1a - core[a373ad73a504971]::fmt::write
[INFO] [stdout]    2:     0x5da0f7ded76c - <alloc[2e1b2a31b91974c5]::vec::Vec<u8> as core[a373ad73a504971]::io::write::Write>::write_fmt
[INFO] [stdout]    3:     0x5da0f7dbf3e6 - std[617be2ca0a6fd877]::panicking::default_hook::{closure#0}
[INFO] [stdout]    4:     0x5da0f7ddeb39 - std[617be2ca0a6fd877]::panicking::default_hook
[INFO] [stdout]    5:     0x5da0f77921e0 - test[aada8e7e76ba119b]::test_main_inner::{closure#0}
[INFO] [stdout]    6:     0x5da0f7ddee62 - std[617be2ca0a6fd877]::panicking::panic_with_hook
[INFO] [stdout]    7:     0x5da0f7dbf492 - std[617be2ca0a6fd877]::panicking::panic_handler::{closure#0}
[INFO] [stdout]    8:     0x5da0f7db7789 - std[617be2ca0a6fd877]::sys::backtrace::__rust_end_short_backtrace::<std[617be2ca0a6fd877]::panicking::panic_handler::{closure#0}, !>
[INFO] [stdout]    9:     0x5da0f7dc054d - __rustc[ea4f61d10b84890b]::rust_begin_unwind
[INFO] [stdout]   10:     0x5da0f7e026fc - core[a373ad73a504971]::panicking::panic_fmt
[INFO] [stdout]   11:     0x5da0f7e024d2 - core[a373ad73a504971]::result::unwrap_failed
[INFO] [stdout]   12:     0x5da0f76f709b - <torii[d5c3071534f22917]::tui::ui::tests::a_click_on_the_sidebar_finds_the_row_it_names::{closure#0} as core[a373ad73a504971]::ops::function::FnOnce<()>>::call_once
[INFO] [stdout]   13:     0x5da0f778562b - test[aada8e7e76ba119b]::__rust_begin_short_backtrace::<core[a373ad73a504971]::result::Result<(), alloc[2e1b2a31b91974c5]::string::String>, fn() -> core[a373ad73a504971]::result::Result<(), alloc[2e1b2a31b91974c5]::string::String>>
[INFO] [stdout]   14:     0x5da0f7792805 - test[aada8e7e76ba119b]::run_test::{closure#0}
[INFO] [stdout]   15:     0x5da0f778c0f4 - std[617be2ca0a6fd877]::sys::backtrace::__rust_begin_short_backtrace::<test[aada8e7e76ba119b]::run_test::{closure#1}, ()>
[INFO] [stdout]   16:     0x5da0f7795892 - <std[617be2ca0a6fd877]::thread::lifecycle::spawn_unchecked<test[aada8e7e76ba119b]::run_test::{closure#1}, ()>::{closure#1} as core[a373ad73a504971]::ops::function::FnOnce<()>>::call_once::{shim:vtable#0}
[INFO] [stdout]   17:     0x5da0f7de703f - <std[617be2ca0a6fd877]::sys::thread::unix::Thread>::new::thread_start
[INFO] [stdout]   18:     0x78f1fa801dfa - <unknown>
[INFO] [stdout]   19:     0x78f1fa8953d4 - clone
[INFO] [stdout]   20:                0x0 - <unknown>
[INFO] [stdout] 
[INFO] [stdout] ---- tui::ui::tests::an_author_filter_says_so_in_the_heading stdout ----
[INFO] [stdout] 
[INFO] [stdout] thread 'tui::ui::tests::an_author_filter_says_so_in_the_heading' (6278) panicked at src/tui/ui.rs:2569:34:
[INFO] [stdout] a repository to look at: Git(Error { code: -3, klass: 6, message: "could not find repository at '.'" })
[INFO] [stdout] stack backtrace:
[INFO] [stdout]    0:     0x5da0f7de8281 - <<std[617be2ca0a6fd877]::sys::backtrace::BacktraceLock>::print::DisplayBacktrace as core[a373ad73a504971]::fmt::Display>::fmt
[INFO] [stdout]    1:     0x5da0f7e01f1a - core[a373ad73a504971]::fmt::write
[INFO] [stdout]    2:     0x5da0f7ded76c - <alloc[2e1b2a31b91974c5]::vec::Vec<u8> as core[a373ad73a504971]::io::write::Write>::write_fmt
[INFO] [stdout]    3:     0x5da0f7dbf3e6 - std[617be2ca0a6fd877]::panicking::default_hook::{closure#0}
[INFO] [stdout]    4:     0x5da0f7ddeb39 - std[617be2ca0a6fd877]::panicking::default_hook
[INFO] [stdout]    5:     0x5da0f77921e0 - test[aada8e7e76ba119b]::test_main_inner::{closure#0}
[INFO] [stdout]    6:     0x5da0f7ddee62 - std[617be2ca0a6fd877]::panicking::panic_with_hook
[INFO] [stdout]    7:     0x5da0f7dbf492 - std[617be2ca0a6fd877]::panicking::panic_handler::{closure#0}
[INFO] [stdout]    8:     0x5da0f7db7789 - std[617be2ca0a6fd877]::sys::backtrace::__rust_end_short_backtrace::<std[617be2ca0a6fd877]::panicking::panic_handler::{closure#0}, !>
[INFO] [stdout]    9:     0x5da0f7dc054d - __rustc[ea4f61d10b84890b]::rust_begin_unwind
[INFO] [stdout]   10:     0x5da0f7e026fc - core[a373ad73a504971]::panicking::panic_fmt
[INFO] [stdout]   11:     0x5da0f7e024d2 - core[a373ad73a504971]::result::unwrap_failed
[INFO] [stdout]   12:     0x5da0f76f57a2 - <torii[d5c3071534f22917]::tui::ui::tests::an_author_filter_says_so_in_the_heading::{closure#0} as core[a373ad73a504971]::ops::function::FnOnce<()>>::call_once
[INFO] [stdout]   13:     0x5da0f778562b - test[aada8e7e76ba119b]::__rust_begin_short_backtrace::<core[a373ad73a504971]::result::Result<(), alloc[2e1b2a31b91974c5]::string::String>, fn() -> core[a373ad73a504971]::result::Result<(), alloc[2e1b2a31b91974c5]::string::String>>
[INFO] [stdout]   14:     0x5da0f7792805 - test[aada8e7e76ba119b]::run_test::{closure#0}
[INFO] [stdout]   15:     0x5da0f778c0f4 - std[617be2ca0a6fd877]::sys::backtrace::__rust_begin_short_backtrace::<test[aada8e7e76ba119b]::run_test::{closure#1}, ()>
[INFO] [stdout]   16:     0x5da0f7795892 - <std[617be2ca0a6fd877]::thread::lifecycle::spawn_unchecked<test[aada8e7e76ba119b]::run_test::{closure#1}, ()>::{closure#1} as core[a373ad73a504971]::ops::function::FnOnce<()>>::call_once::{shim:vtable#0}
[INFO] [stdout]   17:     0x5da0f7de703f - <std[617be2ca0a6fd877]::sys::thread::unix::Thread>::new::thread_start
[INFO] [stdout]   18:     0x78f1fa801dfa - <unknown>
[INFO] [stdout]   19:     0x78f1fa8953d4 - clone
[INFO] [stdout]   20:                0x0 - <unknown>
[INFO] [stdout] 
[INFO] [stdout] ---- tui::ui::tests::brackets_are_stripped_from_key_hints stdout ----
[INFO] [stdout] 
[INFO] [stdout] thread 'tui::ui::tests::brackets_are_stripped_from_key_hints' (6280) panicked at src/tui/ui.rs:2438:34:
[INFO] [stdout] a repository to look at: Git(Error { code: -3, klass: 6, message: "could not find repository at '.'" })
[INFO] [stdout] stack backtrace:
[INFO] [stdout]    0:     0x5da0f7de8281 - <<std[617be2ca0a6fd877]::sys::backtrace::BacktraceLock>::print::DisplayBacktrace as core[a373ad73a504971]::fmt::Display>::fmt
[INFO] [stdout]    1:     0x5da0f7e01f1a - core[a373ad73a504971]::fmt::write
[INFO] [stdout]    2:     0x5da0f7ded76c - <alloc[2e1b2a31b91974c5]::vec::Vec<u8> as core[a373ad73a504971]::io::write::Write>::write_fmt
[INFO] [stdout]    3:     0x5da0f7dbf3e6 - std[617be2ca0a6fd877]::panicking::default_hook::{closure#0}
[INFO] [stdout]    4:     0x5da0f7ddeb39 - std[617be2ca0a6fd877]::panicking::default_hook
[INFO] [stdout]    5:     0x5da0f77921e0 - test[aada8e7e76ba119b]::test_main_inner::{closure#0}
[INFO] [stdout]    6:     0x5da0f7ddee62 - std[617be2ca0a6fd877]::panicking::panic_with_hook
[INFO] [stdout]    7:     0x5da0f7dbf492 - std[617be2ca0a6fd877]::panicking::panic_handler::{closure#0}
[INFO] [stdout]    8:     0x5da0f7db7789 - std[617be2ca0a6fd877]::sys::backtrace::__rust_end_short_backtrace::<std[617be2ca0a6fd877]::panicking::panic_handler::{closure#0}, !>
[INFO] [stdout]    9:     0x5da0f7dc054d - __rustc[ea4f61d10b84890b]::rust_begin_unwind
[INFO] [stdout]   10:     0x5da0f7e026fc - core[a373ad73a504971]::panicking::panic_fmt
[INFO] [stdout]   11:     0x5da0f7e024d2 - core[a373ad73a504971]::result::unwrap_failed
[INFO] [stdout]   12:     0x5da0f76e8c26 - torii[d5c3071534f22917]::tui::ui::tests::screen_of
[INFO] [stdout]   13:     0x5da0f76f3e21 - <torii[d5c3071534f22917]::tui::ui::tests::brackets_are_stripped_from_key_hints::{closure#0} as core[a373ad73a504971]::ops::function::FnOnce<()>>::call_once
[INFO] [stdout]   14:     0x5da0f778562b - test[aada8e7e76ba119b]::__rust_begin_short_backtrace::<core[a373ad73a504971]::result::Result<(), alloc[2e1b2a31b91974c5]::string::String>, fn() -> core[a373ad73a504971]::result::Result<(), alloc[2e1b2a31b91974c5]::string::String>>
[INFO] [stdout]   15:     0x5da0f7792805 - test[aada8e7e76ba119b]::run_test::{closure#0}
[INFO] [stdout]   16:     0x5da0f778c0f4 - std[617be2ca0a6fd877]::sys::backtrace::__rust_begin_short_backtrace::<test[aada8e7e76ba119b]::run_test::{closure#1}, ()>
[INFO] [stdout]   17:     0x5da0f7795892 - <std[617be2ca0a6fd877]::thread::lifecycle::spawn_unchecked<test[aada8e7e76ba119b]::run_test::{closure#1}, ()>::{closure#1} as core[a373ad73a504971]::ops::function::FnOnce<()>>::call_once::{shim:vtable#0}
[INFO] [stdout]   18:     0x5da0f7de703f - <std[617be2ca0a6fd877]::sys::thread::unix::Thread>::new::thread_start
[INFO] [stdout]   19:     0x78f1fa801dfa - <unknown>
[INFO] [stdout]   20:     0x78f1fa8953d4 - clone
[INFO] [stdout]   21:                0x0 - <unknown>
[INFO] [stdout] 
[INFO] [stdout] ---- tui::ui::tests::a_group_header_does_not_shift_the_rows_under_it stdout ----
[INFO] [stdout] 
[INFO] [stdout] thread 'tui::ui::tests::a_group_header_does_not_shift_the_rows_under_it' (6276) panicked at src/tui/ui.rs:3079:34:
[INFO] [stdout] a repository to look at: Git(Error { code: -3, klass: 6, message: "could not find repository at '.'" })
[INFO] [stdout] stack backtrace:
[INFO] [stdout]    0:     0x5da0f7de8281 - <<std[617be2ca0a6fd877]::sys::backtrace::BacktraceLock>::print::DisplayBacktrace as core[a373ad73a504971]::fmt::Display>::fmt
[INFO] [stdout]    1:     0x5da0f7e01f1a - core[a373ad73a504971]::fmt::write
[INFO] [stdout]    2:     0x5da0f7ded76c - <alloc[2e1b2a31b91974c5]::vec::Vec<u8> as core[a373ad73a504971]::io::write::Write>::write_fmt
[INFO] [stdout]    3:     0x5da0f7dbf3e6 - std[617be2ca0a6fd877]::panicking::default_hook::{closure#0}
[INFO] [stdout]    4:     0x5da0f7ddeb39 - std[617be2ca0a6fd877]::panicking::default_hook
[INFO] [stdout]    5:     0x5da0f77921e0 - test[aada8e7e76ba119b]::test_main_inner::{closure#0}
[INFO] [stdout]    6:     0x5da0f7ddee62 - std[617be2ca0a6fd877]::panicking::panic_with_hook
[INFO] [stdout]    7:     0x5da0f7dbf492 - std[617be2ca0a6fd877]::panicking::panic_handler::{closure#0}
[INFO] [stdout]    8:     0x5da0f7db7789 - std[617be2ca0a6fd877]::sys::backtrace::__rust_end_short_backtrace::<std[617be2ca0a6fd877]::panicking::panic_handler::{closure#0}, !>
[INFO] [stdout]    9:     0x5da0f7dc054d - __rustc[ea4f61d10b84890b]::rust_begin_unwind
[INFO] [stdout]   10:     0x5da0f7e026fc - core[a373ad73a504971]::panicking::panic_fmt
[INFO] [stdout]   11:     0x5da0f7e024d2 - core[a373ad73a504971]::result::unwrap_failed
[INFO] [stdout]   12:     0x5da0f76f7b81 - <torii[d5c3071534f22917]::tui::ui::tests::a_group_header_does_not_shift_the_rows_under_it::{closure#0} as core[a373ad73a504971]::ops::function::FnOnce<()>>::call_once
[INFO] [stdout]   13:     0x5da0f778562b - test[aada8e7e76ba119b]::__rust_begin_short_backtrace::<core[a373ad73a504971]::result::Result<(), alloc[2e1b2a31b91974c5]::string::String>, fn() -> core[a373ad73a504971]::result::Result<(), alloc[2e1b2a31b91974c5]::string::String>>
[INFO] [stdout]   14:     0x5da0f7792805 - test[aada8e7e76ba119b]::run_test::{closure#0}
[INFO] [stdout]   15:     0x5da0f778c0f4 - std[617be2ca0a6fd877]::sys::backtrace::__rust_begin_short_backtrace::<test[aada8e7e76ba119b]::run_test::{closure#1}, ()>
[INFO] [stdout]   16:     0x5da0f7795892 - <std[617be2ca0a6fd877]::thread::lifecycle::spawn_unchecked<test[aada8e7e76ba119b]::run_test::{closure#1}, ()>::{closure#1} as core[a373ad73a504971]::ops::function::FnOnce<()>>::call_once::{shim:vtable#0}
[INFO] [stdout]   17:     0x5da0f7de703f - <std[617be2ca0a6fd877]::sys::thread::unix::Thread>::new::thread_start
[INFO] [stdout]   18:     0x78f1fa801dfa - <unknown>
[INFO] [stdout]   19:     0x78f1fa8953d4 - clone
[INFO] [stdout]   20:                0x0 - <unknown>
[INFO] [stdout] 
[INFO] [stdout] ---- tui::ui::tests::chrome_draws_a_single_window stdout ----
[INFO] [stdout] 
[INFO] [stdout] thread 'tui::ui::tests::chrome_draws_a_single_window' (6281) panicked at src/tui/ui.rs:2438:34:
[INFO] [stdout] a repository to look at: Git(Error { code: -3, klass: 6, message: "could not find repository at '.'" })
[INFO] [stdout] stack backtrace:
[INFO] [stdout]    0:     0x5da0f7de8281 - <<std[617be2ca0a6fd877]::sys::backtrace::BacktraceLock>::print::DisplayBacktrace as core[a373ad73a504971]::fmt::Display>::fmt
[INFO] [stdout]    1:     0x5da0f7e01f1a - core[a373ad73a504971]::fmt::write
[INFO] [stdout]    2:     0x5da0f7ded76c - <alloc[2e1b2a31b91974c5]::vec::Vec<u8> as core[a373ad73a504971]::io::write::Write>::write_fmt
[INFO] [stdout]    3:     0x5da0f7dbf3e6 - std[617be2ca0a6fd877]::panicking::default_hook::{closure#0}
[INFO] [stdout]    4:     0x5da0f7ddeb39 - std[617be2ca0a6fd877]::panicking::default_hook
[INFO] [stdout]    5:     0x5da0f77921e0 - test[aada8e7e76ba119b]::test_main_inner::{closure#0}
[INFO] [stdout]    6:     0x5da0f7ddee62 - std[617be2ca0a6fd877]::panicking::panic_with_hook
[INFO] [stdout]    7:     0x5da0f7dbf492 - std[617be2ca0a6fd877]::panicking::panic_handler::{closure#0}
[INFO] [stdout]    8:     0x5da0f7db7789 - std[617be2ca0a6fd877]::sys::backtrace::__rust_end_short_backtrace::<std[617be2ca0a6fd877]::panicking::panic_handler::{closure#0}, !>
[INFO] [stdout]    9:     0x5da0f7dc054d - __rustc[ea4f61d10b84890b]::rust_begin_unwind
[INFO] [stdout]   10:     0x5da0f7e026fc - core[a373ad73a504971]::panicking::panic_fmt
[INFO] [stdout]   11:     0x5da0f7e024d2 - core[a373ad73a504971]::result::unwrap_failed
[INFO] [stdout]   12:     0x5da0f76e8c26 - torii[d5c3071534f22917]::tui::ui::tests::screen_of
[INFO] [stdout]   13:     0x5da0f76f16d1 - <torii[d5c3071534f22917]::tui::ui::tests::chrome_draws_a_single_window::{closure#0} as core[a373ad73a504971]::ops::function::FnOnce<()>>::call_once
[INFO] [stdout]   14:     0x5da0f778562b - test[aada8e7e76ba119b]::__rust_begin_short_backtrace::<core[a373ad73a504971]::result::Result<(), alloc[2e1b2a31b91974c5]::string::String>, fn() -> core[a373ad73a504971]::result::Result<(), alloc[2e1b2a31b91974c5]::string::String>>
[INFO] [stdout]   15:     0x5da0f7792805 - test[aada8e7e76ba119b]::run_test::{closure#0}
[INFO] [stdout]   16:     0x5da0f778c0f4 - std[617be2ca0a6fd877]::sys::backtrace::__rust_begin_short_backtrace::<test[aada8e7e76ba119b]::run_test::{closure#1}, ()>
[INFO] [stdout]   17:     0x5da0f7795892 - <std[617be2ca0a6fd877]::thread::lifecycle::spawn_unchecked<test[aada8e7e76ba119b]::run_test::{closure#1}, ()>::{closure#1} as core[a373ad73a504971]::ops::function::FnOnce<()>>::call_once::{shim:vtable#0}
[INFO] [stdout]   18:     0x5da0f7de703f - <std[617be2ca0a6fd877]::sys::thread::unix::Thread>::new::thread_start
[INFO] [stdout]   19:     0x78f1fa801dfa - <unknown>
[INFO] [stdout]   20:     0x78f1fa8953d4 - clone
[INFO] [stdout]   21:                0x0 - <unknown>
[INFO] [stdout] 
[INFO] [stdout] ---- tui::ui::tests::look_at_the_keys stdout ----
[INFO] [stdout] 
[INFO] [stdout] thread 'tui::ui::tests::look_at_the_keys' (6285) panicked at src/tui/ui.rs:2740:34:
[INFO] [stdout] a repository to look at: Git(Error { code: -3, klass: 6, message: "could not find repository at '.'" })
[INFO] [stdout] stack backtrace:
[INFO] [stdout]    0:     0x5da0f7de8281 - <<std[617be2ca0a6fd877]::sys::backtrace::BacktraceLock>::print::DisplayBacktrace as core[a373ad73a504971]::fmt::Display>::fmt
[INFO] [stdout]    1:     0x5da0f7e01f1a - core[a373ad73a504971]::fmt::write
[INFO] [stdout]    2:     0x5da0f7ded76c - <alloc[2e1b2a31b91974c5]::vec::Vec<u8> as core[a373ad73a504971]::io::write::Write>::write_fmt
[INFO] [stdout]    3:     0x5da0f7dbf3e6 - std[617be2ca0a6fd877]::panicking::default_hook::{closure#0}
[INFO] [stdout]    4:     0x5da0f7ddeb39 - std[617be2ca0a6fd877]::panicking::default_hook
[INFO] [stdout]    5:     0x5da0f77921e0 - test[aada8e7e76ba119b]::test_main_inner::{closure#0}
[INFO] [stdout]    6:     0x5da0f7ddee62 - std[617be2ca0a6fd877]::panicking::panic_with_hook
[INFO] [stdout]    7:     0x5da0f7dbf492 - std[617be2ca0a6fd877]::panicking::panic_handler::{closure#0}
[INFO] [stdout]    8:     0x5da0f7db7789 - std[617be2ca0a6fd877]::sys::backtrace::__rust_end_short_backtrace::<std[617be2ca0a6fd877]::panicking::panic_handler::{closure#0}, !>
[INFO] [stdout]    9:     0x5da0f7dc054d - __rustc[ea4f61d10b84890b]::rust_begin_unwind
[INFO] [stdout]   10:     0x5da0f7e026fc - core[a373ad73a504971]::panicking::panic_fmt
[INFO] [stdout]   11:     0x5da0f7e024d2 - core[a373ad73a504971]::result::unwrap_failed
[INFO] [stdout]   12:     0x5da0f76ef96a - <torii[d5c3071534f22917]::tui::ui::tests::look_at_the_keys::{closure#0} as core[a373ad73a504971]::ops::function::FnOnce<()>>::call_once
[INFO] [stdout]   13:     0x5da0f778562b - test[aada8e7e76ba119b]::__rust_begin_short_backtrace::<core[a373ad73a504971]::result::Result<(), alloc[2e1b2a31b91974c5]::string::String>, fn() -> core[a373ad73a504971]::result::Result<(), alloc[2e1b2a31b91974c5]::string::String>>
[INFO] [stdout]   14:     0x5da0f7792805 - test[aada8e7e76ba119b]::run_test::{closure#0}
[INFO] [stdout]   15:     0x5da0f778c0f4 - std[617be2ca0a6fd877]::sys::backtrace::__rust_begin_short_backtrace::<test[aada8e7e76ba119b]::run_test::{closure#1}, ()>
[INFO] [stdout]   16:     0x5da0f7795892 - <std[617be2ca0a6fd877]::thread::lifecycle::spawn_unchecked<test[aada8e7e76ba119b]::run_test::{closure#1}, ()>::{closure#1} as core[a373ad73a504971]::ops::function::FnOnce<()>>::call_once::{shim:vtable#0}
[INFO] [stdout]   17:     0x5da0f7de703f - <std[617be2ca0a6fd877]::sys::thread::unix::Thread>::new::thread_start
[INFO] [stdout]   18:     0x78f1fa801dfa - <unknown>
[INFO] [stdout]   19:     0x78f1fa8953d4 - clone
[INFO] [stdout]   20:                0x0 - <unknown>
[INFO] [stdout] 
[INFO] [stdout] ---- tui::ui::tests::every_list_view_registers_its_rows stdout ----
[INFO] [stdout] 
[INFO] [stdout] thread 'tui::ui::tests::every_list_view_registers_its_rows' (6283) panicked at src/tui/ui.rs:3041:38:
[INFO] [stdout] a repository to look at: Git(Error { code: -3, klass: 6, message: "could not find repository at '.'" })
[INFO] [stdout] stack backtrace:
[INFO] [stdout]    0:     0x5da0f7de8281 - <<std[617be2ca0a6fd877]::sys::backtrace::BacktraceLock>::print::DisplayBacktrace as core[a373ad73a504971]::fmt::Display>::fmt
[INFO] [stdout]    1:     0x5da0f7e01f1a - core[a373ad73a504971]::fmt::write
[INFO] [stdout]    2:     0x5da0f7ded76c - <alloc[2e1b2a31b91974c5]::vec::Vec<u8> as core[a373ad73a504971]::io::write::Write>::write_fmt
[INFO] [stdout]    3:     0x5da0f7dbf3e6 - std[617be2ca0a6fd877]::panicking::default_hook::{closure#0}
[INFO] [stdout]    4:     0x5da0f7ddeb39 - std[617be2ca0a6fd877]::panicking::default_hook
[INFO] [stdout]    5:     0x5da0f77921e0 - test[aada8e7e76ba119b]::test_main_inner::{closure#0}
[INFO] [stdout]    6:     0x5da0f7ddee62 - std[617be2ca0a6fd877]::panicking::panic_with_hook
[INFO] [stdout]    7:     0x5da0f7dbf492 - std[617be2ca0a6fd877]::panicking::panic_handler::{closure#0}
[INFO] [stdout]    8:     0x5da0f7db7789 - std[617be2ca0a6fd877]::sys::backtrace::__rust_end_short_backtrace::<std[617be2ca0a6fd877]::panicking::panic_handler::{closure#0}, !>
[INFO] [stdout]    9:     0x5da0f7dc054d - __rustc[ea4f61d10b84890b]::rust_begin_unwind
[INFO] [stdout]   10:     0x5da0f7e026fc - core[a373ad73a504971]::panicking::panic_fmt
[INFO] [stdout]   11:     0x5da0f7e024d2 - core[a373ad73a504971]::result::unwrap_failed
[INFO] [stdout]   12:     0x5da0f76f35a8 - <torii[d5c3071534f22917]::tui::ui::tests::every_list_view_registers_its_rows::{closure#0} as core[a373ad73a504971]::ops::function::FnOnce<()>>::call_once
[INFO] [stdout]   13:     0x5da0f778562b - test[aada8e7e76ba119b]::__rust_begin_short_backtrace::<core[a373ad73a504971]::result::Result<(), alloc[2e1b2a31b91974c5]::string::String>, fn() -> core[a373ad73a504971]::result::Result<(), alloc[2e1b2a31b91974c5]::string::String>>
[INFO] [stdout]   14:     0x5da0f7792805 - test[aada8e7e76ba119b]::run_test::{closure#0}
[INFO] [stdout]   15:     0x5da0f778c0f4 - std[617be2ca0a6fd877]::sys::backtrace::__rust_begin_short_backtrace::<test[aada8e7e76ba119b]::run_test::{closure#1}, ()>
[INFO] [stdout]   16:     0x5da0f7795892 - <std[617be2ca0a6fd877]::thread::lifecycle::spawn_unchecked<test[aada8e7e76ba119b]::run_test::{closure#1}, ()>::{closure#1} as core[a373ad73a504971]::ops::function::FnOnce<()>>::call_once::{shim:vtable#0}
[INFO] [stdout]   17:     0x5da0f7de703f - <std[617be2ca0a6fd877]::sys::thread::unix::Thread>::new::thread_start
[INFO] [stdout]   18:     0x78f1fa801dfa - <unknown>
[INFO] [stdout]   19:     0x78f1fa8953d4 - clone
[INFO] [stdout]   20:                0x0 - <unknown>
[INFO] [stdout] 
[INFO] [stdout] ---- tui::ui::tests::look_at_the_safety_view stdout ----
[INFO] [stdout] 
[INFO] [stdout] thread 'tui::ui::tests::look_at_the_safety_view' (6286) panicked at src/tui/ui.rs:2690:34:
[INFO] [stdout] a repository to look at: Git(Error { code: -3, klass: 6, message: "could not find repository at '.'" })
[INFO] [stdout] stack backtrace:
[INFO] [stdout]    0:     0x5da0f7de8281 - <<std[617be2ca0a6fd877]::sys::backtrace::BacktraceLock>::print::DisplayBacktrace as core[a373ad73a504971]::fmt::Display>::fmt
[INFO] [stdout]    1:     0x5da0f7e01f1a - core[a373ad73a504971]::fmt::write
[INFO] [stdout]    2:     0x5da0f7ded76c - <alloc[2e1b2a31b91974c5]::vec::Vec<u8> as core[a373ad73a504971]::io::write::Write>::write_fmt
[INFO] [stdout]    3:     0x5da0f7dbf3e6 - std[617be2ca0a6fd877]::panicking::default_hook::{closure#0}
[INFO] [stdout]    4:     0x5da0f7ddeb39 - std[617be2ca0a6fd877]::panicking::default_hook
[INFO] [stdout]    5:     0x5da0f77921e0 - test[aada8e7e76ba119b]::test_main_inner::{closure#0}
[INFO] [stdout]    6:     0x5da0f7ddee62 - std[617be2ca0a6fd877]::panicking::panic_with_hook
[INFO] [stdout]    7:     0x5da0f7dbf492 - std[617be2ca0a6fd877]::panicking::panic_handler::{closure#0}
[INFO] [stdout]    8:     0x5da0f7db7789 - std[617be2ca0a6fd877]::sys::backtrace::__rust_end_short_backtrace::<std[617be2ca0a6fd877]::panicking::panic_handler::{closure#0}, !>
[INFO] [stdout]    9:     0x5da0f7dc054d - __rustc[ea4f61d10b84890b]::rust_begin_unwind
[INFO] [stdout]   10:     0x5da0f7e026fc - core[a373ad73a504971]::panicking::panic_fmt
[INFO] [stdout]   11:     0x5da0f7e024d2 - core[a373ad73a504971]::result::unwrap_failed
[INFO] [stdout]   12:     0x5da0f76f0a7e - <torii[d5c3071534f22917]::tui::ui::tests::look_at_the_safety_view::{closure#0} as core[a373ad73a504971]::ops::function::FnOnce<()>>::call_once
[INFO] [stdout]   13:     0x5da0f778562b - test[aada8e7e76ba119b]::__rust_begin_short_backtrace::<core[a373ad73a504971]::result::Result<(), alloc[2e1b2a31b91974c5]::string::String>, fn() -> core[a373ad73a504971]::result::Result<(), alloc[2e1b2a31b91974c5]::string::String>>
[INFO] [stdout]   14:     0x5da0f7792805 - test[aada8e7e76ba119b]::run_test::{closure#0}
[INFO] [stdout]   15:     0x5da0f778c0f4 - std[617be2ca0a6fd877]::sys::backtrace::__rust_begin_short_backtrace::<test[aada8e7e76ba119b]::run_test::{closure#1}, ()>
[INFO] [stdout]   16:     0x5da0f7795892 - <std[617be2ca0a6fd877]::thread::lifecycle::spawn_unchecked<test[aada8e7e76ba119b]::run_test::{closure#1}, ()>::{closure#1} as core[a373ad73a504971]::ops::function::FnOnce<()>>::call_once::{shim:vtable#0}
[INFO] [stdout]   17:     0x5da0f7de703f - <std[617be2ca0a6fd877]::sys::thread::unix::Thread>::new::thread_start
[INFO] [stdout]   18:     0x78f1fa801dfa - <unknown>
[INFO] [stdout]   19:     0x78f1fa8953d4 - clone
[INFO] [stdout]   20:                0x0 - <unknown>
[INFO] [stdout] 
[INFO] [stdout] ---- tui::ui::tests::rules_never_cross_without_a_junction stdout ----
[INFO] [stdout] 
[INFO] [stdout] thread 'tui::ui::tests::rules_never_cross_without_a_junction' (6289) panicked at src/tui/ui.rs:2438:34:
[INFO] [stdout] a repository to look at: Git(Error { code: -3, klass: 6, message: "could not find repository at '.'" })
[INFO] [stdout] stack backtrace:
[INFO] [stdout]    0:     0x5da0f7de8281 - <<std[617be2ca0a6fd877]::sys::backtrace::BacktraceLock>::print::DisplayBacktrace as core[a373ad73a504971]::fmt::Display>::fmt
[INFO] [stdout]    1:     0x5da0f7e01f1a - core[a373ad73a504971]::fmt::write
[INFO] [stdout]    2:     0x5da0f7ded76c - <alloc[2e1b2a31b91974c5]::vec::Vec<u8> as core[a373ad73a504971]::io::write::Write>::write_fmt
[INFO] [stdout]    3:     0x5da0f7dbf3e6 - std[617be2ca0a6fd877]::panicking::default_hook::{closure#0}
[INFO] [stdout]    4:     0x5da0f7ddeb39 - std[617be2ca0a6fd877]::panicking::default_hook
[INFO] [stdout]    5:     0x5da0f77921e0 - test[aada8e7e76ba119b]::test_main_inner::{closure#0}
[INFO] [stdout]    6:     0x5da0f7ddee62 - std[617be2ca0a6fd877]::panicking::panic_with_hook
[INFO] [stdout]    7:     0x5da0f7dbf492 - std[617be2ca0a6fd877]::panicking::panic_handler::{closure#0}
[INFO] [stdout]    8:     0x5da0f7db7789 - std[617be2ca0a6fd877]::sys::backtrace::__rust_end_short_backtrace::<std[617be2ca0a6fd877]::panicking::panic_handler::{closure#0}, !>
[INFO] [stdout]    9:     0x5da0f7dc054d - __rustc[ea4f61d10b84890b]::rust_begin_unwind
[INFO] [stdout]   10:     0x5da0f7e026fc - core[a373ad73a504971]::panicking::panic_fmt
[INFO] [stdout]   11:     0x5da0f7e024d2 - core[a373ad73a504971]::result::unwrap_failed
[INFO] [stdout]   12:     0x5da0f76e8c26 - torii[d5c3071534f22917]::tui::ui::tests::screen_of
[INFO] [stdout]   13:     0x5da0f76f3fb1 - <torii[d5c3071534f22917]::tui::ui::tests::rules_never_cross_without_a_junction::{closure#0} as core[a373ad73a504971]::ops::function::FnOnce<()>>::call_once
[INFO] [stdout]   14:     0x5da0f778562b - test[aada8e7e76ba119b]::__rust_begin_short_backtrace::<core[a373ad73a504971]::result::Result<(), alloc[2e1b2a31b91974c5]::string::String>, fn() -> core[a373ad73a504971]::result::Result<(), alloc[2e1b2a31b91974c5]::string::String>>
[INFO] [stdout]   15:     0x5da0f7792805 - test[aada8e7e76ba119b]::run_test::{closure#0}
[INFO] [stdout]   16:     0x5da0f778c0f4 - std[617be2ca0a6fd877]::sys::backtrace::__rust_begin_short_backtrace::<test[aada8e7e76ba119b]::run_test::{closure#1}, ()>
[INFO] [stdout]   17:     0x5da0f7795892 - <std[617be2ca0a6fd877]::thread::lifecycle::spawn_unchecked<test[aada8e7e76ba119b]::run_test::{closure#1}, ()>::{closure#1} as core[a373ad73a504971]::ops::function::FnOnce<()>>::call_once::{shim:vtable#0}
[INFO] [stdout]   18:     0x5da0f7de703f - <std[617be2ca0a6fd877]::sys::thread::unix::Thread>::new::thread_start
[INFO] [stdout]   19:     0x78f1fa801dfa - <unknown>
[INFO] [stdout]   20:     0x78f1fa8953d4 - clone
[INFO] [stdout]   21:                0x0 - <unknown>
[INFO] [stdout] 
[INFO] [stdout] ---- tui::ui::tests::sidebar_rule_meets_both_rules stdout ----
[INFO] [stdout] 
[INFO] [stdout] thread 'tui::ui::tests::sidebar_rule_meets_both_rules' (6292) panicked at src/tui/ui.rs:2438:34:
[INFO] [stdout] a repository to look at: Git(Error { code: -3, klass: 6, message: "could not find repository at '.'" })
[INFO] [stdout] stack backtrace:
[INFO] [stdout]    0:     0x5da0f7de8281 - <<std[617be2ca0a6fd877]::sys::backtrace::BacktraceLock>::print::DisplayBacktrace as core[a373ad73a504971]::fmt::Display>::fmt
[INFO] [stdout]    1:     0x5da0f7e01f1a - core[a373ad73a504971]::fmt::write
[INFO] [stdout]    2:     0x5da0f7ded76c - <alloc[2e1b2a31b91974c5]::vec::Vec<u8> as core[a373ad73a504971]::io::write::Write>::write_fmt
[INFO] [stdout]    3:     0x5da0f7dbf3e6 - std[617be2ca0a6fd877]::panicking::default_hook::{closure#0}
[INFO] [stdout]    4:     0x5da0f7ddeb39 - std[617be2ca0a6fd877]::panicking::default_hook
[INFO] [stdout]    5:     0x5da0f77921e0 - test[aada8e7e76ba119b]::test_main_inner::{closure#0}
[INFO] [stdout]    6:     0x5da0f7ddee62 - std[617be2ca0a6fd877]::panicking::panic_with_hook
[INFO] [stdout]    7:     0x5da0f7dbf492 - std[617be2ca0a6fd877]::panicking::panic_handler::{closure#0}
[INFO] [stdout]    8:     0x5da0f7db7789 - std[617be2ca0a6fd877]::sys::backtrace::__rust_end_short_backtrace::<std[617be2ca0a6fd877]::panicking::panic_handler::{closure#0}, !>
[INFO] [stdout]    9:     0x5da0f7dc054d - __rustc[ea4f61d10b84890b]::rust_begin_unwind
[INFO] [stdout]   10:     0x5da0f7e026fc - core[a373ad73a504971]::panicking::panic_fmt
[INFO] [stdout]   11:     0x5da0f7e024d2 - core[a373ad73a504971]::result::unwrap_failed
[INFO] [stdout]   12:     0x5da0f76e8c26 - torii[d5c3071534f22917]::tui::ui::tests::screen_of
[INFO] [stdout]   13:     0x5da0f76f2402 - <torii[d5c3071534f22917]::tui::ui::tests::sidebar_rule_meets_both_rules::{closure#0} as core[a373ad73a504971]::ops::function::FnOnce<()>>::call_once
[INFO] [stdout]   14:     0x5da0f778562b - test[aada8e7e76ba119b]::__rust_begin_short_backtrace::<core[a373ad73a504971]::result::Result<(), alloc[2e1b2a31b91974c5]::string::String>, fn() -> core[a373ad73a504971]::result::Result<(), alloc[2e1b2a31b91974c5]::string::String>>
[INFO] [stdout]   15:     0x5da0f7792805 - test[aada8e7e76ba119b]::run_test::{closure#0}
[INFO] [stdout]   16:     0x5da0f778c0f4 - std[617be2ca0a6fd877]::sys::backtrace::__rust_begin_short_backtrace::<test[aada8e7e76ba119b]::run_test::{closure#1}, ()>
[INFO] [stdout]   17:     0x5da0f7795892 - <std[617be2ca0a6fd877]::thread::lifecycle::spawn_unchecked<test[aada8e7e76ba119b]::run_test::{closure#1}, ()>::{closure#1} as core[a373ad73a504971]::ops::function::FnOnce<()>>::call_once::{shim:vtable#0}
[INFO] [stdout]   18:     0x5da0f7de703f - <std[617be2ca0a6fd877]::sys::thread::unix::Thread>::new::thread_start
[INFO] [stdout]   19:     0x78f1fa801dfa - <unknown>
[INFO] [stdout]   20:     0x78f1fa8953d4 - clone
[INFO] [stdout]   21:                0x0 - <unknown>
[INFO] [stdout] 
[INFO] [stdout] ---- tui::ui::tests::no_action_id_is_ever_clipped stdout ----
[INFO] [stdout] 
[INFO] [stdout] thread 'tui::ui::tests::no_action_id_is_ever_clipped' (6288) panicked at src/tui/ui.rs:3162:38:
[INFO] [stdout] a repository to look at: Git(Error { code: -3, klass: 6, message: "could not find repository at '.'" })
[INFO] [stdout] stack backtrace:
[INFO] [stdout]    0:     0x5da0f7de8281 - <<std[617be2ca0a6fd877]::sys::backtrace::BacktraceLock>::print::DisplayBacktrace as core[a373ad73a504971]::fmt::Display>::fmt
[INFO] [stdout]    1:     0x5da0f7e01f1a - core[a373ad73a504971]::fmt::write
[INFO] [stdout]    2:     0x5da0f7ded76c - <alloc[2e1b2a31b91974c5]::vec::Vec<u8> as core[a373ad73a504971]::io::write::Write>::write_fmt
[INFO] [stdout]    3:     0x5da0f7dbf3e6 - std[617be2ca0a6fd877]::panicking::default_hook::{closure#0}
[INFO] [stdout]    4:     0x5da0f7ddeb39 - std[617be2ca0a6fd877]::panicking::default_hook
[INFO] [stdout]    5:     0x5da0f77921e0 - test[aada8e7e76ba119b]::test_main_inner::{closure#0}
[INFO] [stdout]    6:     0x5da0f7ddee62 - std[617be2ca0a6fd877]::panicking::panic_with_hook
[INFO] [stdout]    7:     0x5da0f7dbf492 - std[617be2ca0a6fd877]::panicking::panic_handler::{closure#0}
[INFO] [stdout]    8:     0x5da0f7db7789 - std[617be2ca0a6fd877]::sys::backtrace::__rust_end_short_backtrace::<std[617be2ca0a6fd877]::panicking::panic_handler::{closure#0}, !>
[INFO] [stdout]    9:     0x5da0f7dc054d - __rustc[ea4f61d10b84890b]::rust_begin_unwind
[INFO] [stdout]   10:     0x5da0f7e026fc - core[a373ad73a504971]::panicking::panic_fmt
[INFO] [stdout]   11:     0x5da0f7e024d2 - core[a373ad73a504971]::result::unwrap_failed
[INFO] [stdout]   12:     0x5da0f76f2253 - <torii[d5c3071534f22917]::tui::ui::tests::no_action_id_is_ever_clipped::{closure#0} as core[a373ad73a504971]::ops::function::FnOnce<()>>::call_once
[INFO] [stdout]   13:     0x5da0f778562b - test[aada8e7e76ba119b]::__rust_begin_short_backtrace::<core[a373ad73a504971]::result::Result<(), alloc[2e1b2a31b91974c5]::string::String>, fn() -> core[a373ad73a504971]::result::Result<(), alloc[2e1b2a31b91974c5]::string::String>>
[INFO] [stdout]   14:     0x5da0f7792805 - test[aada8e7e76ba119b]::run_test::{closure#0}
[INFO] [stdout]   15:     0x5da0f778c0f4 - std[617be2ca0a6fd877]::sys::backtrace::__rust_begin_short_backtrace::<test[aada8e7e76ba119b]::run_test::{closure#1}, ()>
[INFO] [stdout]   16:     0x5da0f7795892 - <std[617be2ca0a6fd877]::thread::lifecycle::spawn_unchecked<test[aada8e7e76ba119b]::run_test::{closure#1}, ()>::{closure#1} as core[a373ad73a504971]::ops::function::FnOnce<()>>::call_once::{shim:vtable#0}
[INFO] [stdout]   17:     0x5da0f7de703f - <std[617be2ca0a6fd877]::sys::thread::unix::Thread>::new::thread_start
[INFO] [stdout]   18:     0x78f1fa801dfa - <unknown>
[INFO] [stdout]   19:     0x78f1fa8953d4 - clone
[INFO] [stdout]   20:                0x0 - <unknown>
[INFO] [stdout] 
[INFO] [stdout] ---- tui::ui::tests::look_at_the_stats stdout ----
[INFO] [stdout] 
[INFO] [stdout] thread 'tui::ui::tests::look_at_the_stats' (6287) panicked at src/tui/ui.rs:2807:34:
[INFO] [stdout] a repository to look at: Git(Error { code: -3, klass: 6, message: "could not find repository at '.'" })
[INFO] [stdout] stack backtrace:
[INFO] [stdout]    0:     0x5da0f7de8281 - <<std[617be2ca0a6fd877]::sys::backtrace::BacktraceLock>::print::DisplayBacktrace as core[a373ad73a504971]::fmt::Display>::fmt
[INFO] [stdout]    1:     0x5da0f7e01f1a - core[a373ad73a504971]::fmt::write
[INFO] [stdout]    2:     0x5da0f7ded76c - <alloc[2e1b2a31b91974c5]::vec::Vec<u8> as core[a373ad73a504971]::io::write::Write>::write_fmt
[INFO] [stdout]    3:     0x5da0f7dbf3e6 - std[617be2ca0a6fd877]::panicking::default_hook::{closure#0}
[INFO] [stdout]    4:     0x5da0f7ddeb39 - std[617be2ca0a6fd877]::panicking::default_hook
[INFO] [stdout]    5:     0x5da0f77921e0 - test[aada8e7e76ba119b]::test_main_inner::{closure#0}
[INFO] [stdout]    6:     0x5da0f7ddee62 - std[617be2ca0a6fd877]::panicking::panic_with_hook
[INFO] [stdout]    7:     0x5da0f7dbf492 - std[617be2ca0a6fd877]::panicking::panic_handler::{closure#0}
[INFO] [stdout]    8:     0x5da0f7db7789 - std[617be2ca0a6fd877]::sys::backtrace::__rust_end_short_backtrace::<std[617be2ca0a6fd877]::panicking::panic_handler::{closure#0}, !>
[INFO] [stdout]    9:     0x5da0f7dc054d - __rustc[ea4f61d10b84890b]::rust_begin_unwind
[INFO] [stdout]   10:     0x5da0f7e026fc - core[a373ad73a504971]::panicking::panic_fmt
[INFO] [stdout]   11:     0x5da0f7e024d2 - core[a373ad73a504971]::result::unwrap_failed
[INFO] [stdout]   12:     0x5da0f76eff74 - <torii[d5c3071534f22917]::tui::ui::tests::look_at_the_stats::{closure#0} as core[a373ad73a504971]::ops::function::FnOnce<()>>::call_once
[INFO] [stdout]   13:     0x5da0f778562b - test[aada8e7e76ba119b]::__rust_begin_short_backtrace::<core[a373ad73a504971]::result::Result<(), alloc[2e1b2a31b91974c5]::string::String>, fn() -> core[a373ad73a504971]::result::Result<(), alloc[2e1b2a31b91974c5]::string::String>>
[INFO] [stdout]   14:     0x5da0f7792805 - test[aada8e7e76ba119b]::run_test::{closure#0}
[INFO] [stdout]   15:     0x5da0f778c0f4 - std[617be2ca0a6fd877]::sys::backtrace::__rust_begin_short_backtrace::<test[aada8e7e76ba119b]::run_test::{closure#1}, ()>
[INFO] [stdout]   16:     0x5da0f7795892 - <std[617be2ca0a6fd877]::thread::lifecycle::spawn_unchecked<test[aada8e7e76ba119b]::run_test::{closure#1}, ()>::{closure#1} as core[a373ad73a504971]::ops::function::FnOnce<()>>::call_once::{shim:vtable#0}
[INFO] [stdout]   17:     0x5da0f7de703f - <std[617be2ca0a6fd877]::sys::thread::unix::Thread>::new::thread_start
[INFO] [stdout]   18:     0x78f1fa801dfa - <unknown>
[INFO] [stdout]   19:     0x78f1fa8953d4 - clone
[INFO] [stdout]   20:                0x0 - <unknown>
[INFO] [stdout] 
[INFO] [stdout] ---- tui::ui::tests::look_at_it stdout ----
[INFO] [stdout] 
[INFO] [stdout] ── files ──
[INFO] [stdout] 
[INFO] [stdout] thread 'tui::ui::tests::look_at_it' (6284) panicked at src/tui/ui.rs:2438:34:
[INFO] [stdout] a repository to look at: Git(Error { code: -3, klass: 6, message: "could not find repository at '.'" })
[INFO] [stdout] stack backtrace:
[INFO] [stdout]    0:     0x5da0f7de8281 - <<std[617be2ca0a6fd877]::sys::backtrace::BacktraceLock>::print::DisplayBacktrace as core[a373ad73a504971]::fmt::Display>::fmt
[INFO] [stdout]    1:     0x5da0f7e01f1a - core[a373ad73a504971]::fmt::write
[INFO] [stdout]    2:     0x5da0f7ded76c - <alloc[2e1b2a31b91974c5]::vec::Vec<u8> as core[a373ad73a504971]::io::write::Write>::write_fmt
[INFO] [stdout]    3:     0x5da0f7dbf3e6 - std[617be2ca0a6fd877]::panicking::default_hook::{closure#0}
[INFO] [stdout]    4:     0x5da0f7ddeb39 - std[617be2ca0a6fd877]::panicking::default_hook
[INFO] [stdout]    5:     0x5da0f77921e0 - test[aada8e7e76ba119b]::test_main_inner::{closure#0}
[INFO] [stdout]    6:     0x5da0f7ddee62 - std[617be2ca0a6fd877]::panicking::panic_with_hook
[INFO] [stdout]    7:     0x5da0f7dbf492 - std[617be2ca0a6fd877]::panicking::panic_handler::{closure#0}
[INFO] [stdout]    8:     0x5da0f7db7789 - std[617be2ca0a6fd877]::sys::backtrace::__rust_end_short_backtrace::<std[617be2ca0a6fd877]::panicking::panic_handler::{closure#0}, !>
[INFO] [stdout]    9:     0x5da0f7dc054d - __rustc[ea4f61d10b84890b]::rust_begin_unwind
[INFO] [stdout]   10:     0x5da0f7e026fc - core[a373ad73a504971]::panicking::panic_fmt
[INFO] [stdout]   11:     0x5da0f7e024d2 - core[a373ad73a504971]::result::unwrap_failed
[INFO] [stdout]   12:     0x5da0f76e8c26 - torii[d5c3071534f22917]::tui::ui::tests::screen_of
[INFO] [stdout]   13:     0x5da0f76ef462 - <torii[d5c3071534f22917]::tui::ui::tests::look_at_it::{closure#0} as core[a373ad73a504971]::ops::function::FnOnce<()>>::call_once
[INFO] [stdout]   14:     0x5da0f778562b - test[aada8e7e76ba119b]::__rust_begin_short_backtrace::<core[a373ad73a504971]::result::Result<(), alloc[2e1b2a31b91974c5]::string::String>, fn() -> core[a373ad73a504971]::result::Result<(), alloc[2e1b2a31b91974c5]::string::String>>
[INFO] [stdout]   15:     0x5da0f7792805 - test[aada8e7e76ba119b]::run_test::{closure#0}
[INFO] [stdout]   16:     0x5da0f778c0f4 - std[617be2ca0a6fd877]::sys::backtrace::__rust_begin_short_backtrace::<test[aada8e7e76ba119b]::run_test::{closure#1}, ()>
[INFO] [stdout]   17:     0x5da0f7795892 - <std[617be2ca0a6fd877]::thread::lifecycle::spawn_unchecked<test[aada8e7e76ba119b]::run_test::{closure#1}, ()>::{closure#1} as core[a373ad73a504971]::ops::function::FnOnce<()>>::call_once::{shim:vtable#0}
[INFO] [stdout]   18:     0x5da0f7de703f - <std[617be2ca0a6fd877]::sys::thread::unix::Thread>::new::thread_start
[INFO] [stdout]   19:     0x78f1fa801dfa - <unknown>
[INFO] [stdout]   20:     0x78f1fa8953d4 - clone
[INFO] [stdout]   21:                0x0 - <unknown>
[INFO] [stdout] 
[INFO] [stdout] ---- tui::ui::tests::the_log_survives_an_index_past_the_end stdout ----
[INFO] [stdout] 
[INFO] [stdout] thread 'tui::ui::tests::the_log_survives_an_index_past_the_end' (6297) panicked at src/tui/ui.rs:2553:34:
[INFO] [stdout] a repository to look at: Git(Error { code: -3, klass: 6, message: "could not find repository at '.'" })
[INFO] [stdout] stack backtrace:
[INFO] [stdout]    0:     0x5da0f7de8281 - <<std[617be2ca0a6fd877]::sys::backtrace::BacktraceLock>::print::DisplayBacktrace as core[a373ad73a504971]::fmt::Display>::fmt
[INFO] [stdout]    1:     0x5da0f7e01f1a - core[a373ad73a504971]::fmt::write
[INFO] [stdout]    2:     0x5da0f7ded76c - <alloc[2e1b2a31b91974c5]::vec::Vec<u8> as core[a373ad73a504971]::io::write::Write>::write_fmt
[INFO] [stdout]    3:     0x5da0f7dbf3e6 - std[617be2ca0a6fd877]::panicking::default_hook::{closure#0}
[INFO] [stdout]    4:     0x5da0f7ddeb39 - std[617be2ca0a6fd877]::panicking::default_hook
[INFO] [stdout]    5:     0x5da0f77921e0 - test[aada8e7e76ba119b]::test_main_inner::{closure#0}
[INFO] [stdout]    6:     0x5da0f7ddee62 - std[617be2ca0a6fd877]::panicking::panic_with_hook
[INFO] [stdout]    7:     0x5da0f7dbf492 - std[617be2ca0a6fd877]::panicking::panic_handler::{closure#0}
[INFO] [stdout]    8:     0x5da0f7db7789 - std[617be2ca0a6fd877]::sys::backtrace::__rust_end_short_backtrace::<std[617be2ca0a6fd877]::panicking::panic_handler::{closure#0}, !>
[INFO] [stdout]    9:     0x5da0f7dc054d - __rustc[ea4f61d10b84890b]::rust_begin_unwind
[INFO] [stdout]   10:     0x5da0f7e026fc - core[a373ad73a504971]::panicking::panic_fmt
[INFO] [stdout]   11:     0x5da0f7e024d2 - core[a373ad73a504971]::result::unwrap_failed
[INFO] [stdout]   12:     0x5da0f76f52b2 - <torii[d5c3071534f22917]::tui::ui::tests::the_log_survives_an_index_past_the_end::{closure#0} as core[a373ad73a504971]::ops::function::FnOnce<()>>::call_once
[INFO] [stdout]   13:     0x5da0f778562b - test[aada8e7e76ba119b]::__rust_begin_short_backtrace::<core[a373ad73a504971]::result::Result<(), alloc[2e1b2a31b91974c5]::string::String>, fn() -> core[a373ad73a504971]::result::Result<(), alloc[2e1b2a31b91974c5]::string::String>>
[INFO] [stdout]   14:     0x5da0f7792805 - test[aada8e7e76ba119b]::run_test::{closure#0}
[INFO] [stdout]   15:     0x5da0f778c0f4 - std[617be2ca0a6fd877]::sys::backtrace::__rust_begin_short_backtrace::<test[aada8e7e76ba119b]::run_test::{closure#1}, ()>
[INFO] [stdout]   16:     0x5da0f7795892 - <std[617be2ca0a6fd877]::thread::lifecycle::spawn_unchecked<test[aada8e7e76ba119b]::run_test::{closure#1}, ()>::{closure#1} as core[a373ad73a504971]::ops::function::FnOnce<()>>::call_once::{shim:vtable#0}
[INFO] [stdout]   17:     0x5da0f7de703f - <std[617be2ca0a6fd877]::sys::thread::unix::Thread>::new::thread_start
[INFO] [stdout]   18:     0x78f1fa801dfa - <unknown>
[INFO] [stdout]   19:     0x78f1fa8953d4 - clone
[INFO] [stdout]   20:                0x0 - <unknown>
[INFO] [stdout] 
[INFO] [stdout] ---- tui::ui::tests::the_palette_keeps_whole_labels stdout ----
[INFO] [stdout] 
[INFO] [stdout] thread 'tui::ui::tests::the_palette_keeps_whole_labels' (6298) panicked at src/tui/ui.rs:3192:34:
[INFO] [stdout] a repository to look at: Git(Error { code: -3, klass: 6, message: "could not find repository at '.'" })
[INFO] [stdout] stack backtrace:
[INFO] [stdout]    0:     0x5da0f7de8281 - <<std[617be2ca0a6fd877]::sys::backtrace::BacktraceLock>::print::DisplayBacktrace as core[a373ad73a504971]::fmt::Display>::fmt
[INFO] [stdout]    1:     0x5da0f7e01f1a - core[a373ad73a504971]::fmt::write
[INFO] [stdout]    2:     0x5da0f7ded76c - <alloc[2e1b2a31b91974c5]::vec::Vec<u8> as core[a373ad73a504971]::io::write::Write>::write_fmt
[INFO] [stdout]    3:     0x5da0f7dbf3e6 - std[617be2ca0a6fd877]::panicking::default_hook::{closure#0}
[INFO] [stdout]    4:     0x5da0f7ddeb39 - std[617be2ca0a6fd877]::panicking::default_hook
[INFO] [stdout]    5:     0x5da0f77921e0 - test[aada8e7e76ba119b]::test_main_inner::{closure#0}
[INFO] [stdout]    6:     0x5da0f7ddee62 - std[617be2ca0a6fd877]::panicking::panic_with_hook
[INFO] [stdout]    7:     0x5da0f7dbf492 - std[617be2ca0a6fd877]::panicking::panic_handler::{closure#0}
[INFO] [stdout]    8:     0x5da0f7db7789 - std[617be2ca0a6fd877]::sys::backtrace::__rust_end_short_backtrace::<std[617be2ca0a6fd877]::panicking::panic_handler::{closure#0}, !>
[INFO] [stdout]    9:     0x5da0f7dc054d - __rustc[ea4f61d10b84890b]::rust_begin_unwind
[INFO] [stdout]   10:     0x5da0f7e026fc - core[a373ad73a504971]::panicking::panic_fmt
[INFO] [stdout]   11:     0x5da0f7e024d2 - core[a373ad73a504971]::result::unwrap_failed
[INFO] [stdout]   12:     0x5da0f76f2835 - <torii[d5c3071534f22917]::tui::ui::tests::the_palette_keeps_whole_labels::{closure#0} as core[a373ad73a504971]::ops::function::FnOnce<()>>::call_once
[INFO] [stdout]   13:     0x5da0f778562b - test[aada8e7e76ba119b]::__rust_begin_short_backtrace::<core[a373ad73a504971]::result::Result<(), alloc[2e1b2a31b91974c5]::string::String>, fn() -> core[a373ad73a504971]::result::Result<(), alloc[2e1b2a31b91974c5]::string::String>>
[INFO] [stdout]   14:     0x5da0f7792805 - test[aada8e7e76ba119b]::run_test::{closure#0}
[INFO] [stdout]   15:     0x5da0f778c0f4 - std[617be2ca0a6fd877]::sys::backtrace::__rust_begin_short_backtrace::<test[aada8e7e76ba119b]::run_test::{closure#1}, ()>
[INFO] [stdout]   16:     0x5da0f7795892 - <std[617be2ca0a6fd877]::thread::lifecycle::spawn_unchecked<test[aada8e7e76ba119b]::run_test::{closure#1}, ()>::{closure#1} as core[a373ad73a504971]::ops::function::FnOnce<()>>::call_once::{shim:vtable#0}
[INFO] [stdout]   17:     0x5da0f7de703f - <std[617be2ca0a6fd877]::sys::thread::unix::Thread>::new::thread_start
[INFO] [stdout]   18:     0x78f1fa801dfa - <unknown>
[INFO] [stdout]   19:     0x78f1fa8953d4 - clone
[INFO] [stdout]   20:                0x0 - <unknown>
[INFO] [stdout] 
[INFO] [stdout] ---- tui::ui::tests::the_events_popup_wears_the_window_chrome stdout ----
[INFO] [stdout] 
[INFO] [stdout] thread 'tui::ui::tests::the_events_popup_wears_the_window_chrome' (6294) panicked at src/tui/ui.rs:2646:34:
[INFO] [stdout] a repository to look at: Git(Error { code: -3, klass: 6, message: "could not find repository at '.'" })
[INFO] [stdout] stack backtrace:
[INFO] [stdout]    0:     0x5da0f7de8281 - <<std[617be2ca0a6fd877]::sys::backtrace::BacktraceLock>::print::DisplayBacktrace as core[a373ad73a504971]::fmt::Display>::fmt
[INFO] [stdout]    1:     0x5da0f7e01f1a - core[a373ad73a504971]::fmt::write
[INFO] [stdout]    2:     0x5da0f7ded76c - <alloc[2e1b2a31b91974c5]::vec::Vec<u8> as core[a373ad73a504971]::io::write::Write>::write_fmt
[INFO] [stdout]    3:     0x5da0f7dbf3e6 - std[617be2ca0a6fd877]::panicking::default_hook::{closure#0}
[INFO] [stdout]    4:     0x5da0f7ddeb39 - std[617be2ca0a6fd877]::panicking::default_hook
[INFO] [stdout]    5:     0x5da0f77921e0 - test[aada8e7e76ba119b]::test_main_inner::{closure#0}
[INFO] [stdout]    6:     0x5da0f7ddee62 - std[617be2ca0a6fd877]::panicking::panic_with_hook
[INFO] [stdout]    7:     0x5da0f7dbf492 - std[617be2ca0a6fd877]::panicking::panic_handler::{closure#0}
[INFO] [stdout]    8:     0x5da0f7db7789 - std[617be2ca0a6fd877]::sys::backtrace::__rust_end_short_backtrace::<std[617be2ca0a6fd877]::panicking::panic_handler::{closure#0}, !>
[INFO] [stdout]    9:     0x5da0f7dc054d - __rustc[ea4f61d10b84890b]::rust_begin_unwind
[INFO] [stdout]   10:     0x5da0f7e026fc - core[a373ad73a504971]::panicking::panic_fmt
[INFO] [stdout]   11:     0x5da0f7e024d2 - core[a373ad73a504971]::result::unwrap_failed
[INFO] [stdout]   12:     0x5da0f76f618e - <torii[d5c3071534f22917]::tui::ui::tests::the_events_popup_wears_the_window_chrome::{closure#0} as core[a373ad73a504971]::ops::function::FnOnce<()>>::call_once
[INFO] [stdout]   13:     0x5da0f778562b - test[aada8e7e76ba119b]::__rust_begin_short_backtrace::<core[a373ad73a504971]::result::Result<(), alloc[2e1b2a31b91974c5]::string::String>, fn() -> core[a373ad73a504971]::result::Result<(), alloc[2e1b2a31b91974c5]::string::String>>
[INFO] [stdout]   14:     0x5da0f7792805 - test[aada8e7e76ba119b]::run_test::{closure#0}
[INFO] [stdout]   15:     0x5da0f778c0f4 - std[617be2ca0a6fd877]::sys::backtrace::__rust_begin_short_backtrace::<test[aada8e7e76ba119b]::run_test::{closure#1}, ()>
[INFO] [stdout]   16:     0x5da0f7795892 - <std[617be2ca0a6fd877]::thread::lifecycle::spawn_unchecked<test[aada8e7e76ba119b]::run_test::{closure#1}, ()>::{closure#1} as core[a373ad73a504971]::ops::function::FnOnce<()>>::call_once::{shim:vtable#0}
[INFO] [stdout]   17:     0x5da0f7de703f - <std[617be2ca0a6fd877]::sys::thread::unix::Thread>::new::thread_start
[INFO] [stdout]   18:     0x78f1fa801dfa - <unknown>
[INFO] [stdout]   19:     0x78f1fa8953d4 - clone
[INFO] [stdout]   20:                0x0 - <unknown>
[INFO] [stdout] 
[INFO] [stdout] ---- tui::ui::tests::the_hint_keys_are_clickable stdout ----
[INFO] [stdout] 
[INFO] [stdout] thread 'tui::ui::tests::the_hint_keys_are_clickable' (6295) panicked at src/tui/ui.rs:2931:30:
[INFO] [stdout] a repository to look at: Git(Error { code: -3, klass: 6, message: "could not find repository at '.'" })
[INFO] [stdout] stack backtrace:
[INFO] [stdout]    0:     0x5da0f7de8281 - <<std[617be2ca0a6fd877]::sys::backtrace::BacktraceLock>::print::DisplayBacktrace as core[a373ad73a504971]::fmt::Display>::fmt
[INFO] [stdout]    1:     0x5da0f7e01f1a - core[a373ad73a504971]::fmt::write
[INFO] [stdout]    2:     0x5da0f7ded76c - <alloc[2e1b2a31b91974c5]::vec::Vec<u8> as core[a373ad73a504971]::io::write::Write>::write_fmt
[INFO] [stdout]    3:     0x5da0f7dbf3e6 - std[617be2ca0a6fd877]::panicking::default_hook::{closure#0}
[INFO] [stdout]    4:     0x5da0f7ddeb39 - std[617be2ca0a6fd877]::panicking::default_hook
[INFO] [stdout]    5:     0x5da0f77921e0 - test[aada8e7e76ba119b]::test_main_inner::{closure#0}
[INFO] [stdout]    6:     0x5da0f7ddee62 - std[617be2ca0a6fd877]::panicking::panic_with_hook
[INFO] [stdout]    7:     0x5da0f7dbf492 - std[617be2ca0a6fd877]::panicking::panic_handler::{closure#0}
[INFO] [stdout]    8:     0x5da0f7db7789 - std[617be2ca0a6fd877]::sys::backtrace::__rust_end_short_backtrace::<std[617be2ca0a6fd877]::panicking::panic_handler::{closure#0}, !>
[INFO] [stdout]    9:     0x5da0f7dc054d - __rustc[ea4f61d10b84890b]::rust_begin_unwind
[INFO] [stdout]   10:     0x5da0f7e026fc - core[a373ad73a504971]::panicking::panic_fmt
[INFO] [stdout]   11:     0x5da0f7e024d2 - core[a373ad73a504971]::result::unwrap_failed
[INFO] [stdout]   12:     0x5da0f76f1526 - <torii[d5c3071534f22917]::tui::ui::tests::the_hint_keys_are_clickable::{closure#0} as core[a373ad73a504971]::ops::function::FnOnce<()>>::call_once
[INFO] [stdout]   13:     0x5da0f778562b - test[aada8e7e76ba119b]::__rust_begin_short_backtrace::<core[a373ad73a504971]::result::Result<(), alloc[2e1b2a31b91974c5]::string::String>, fn() -> core[a373ad73a504971]::result::Result<(), alloc[2e1b2a31b91974c5]::string::String>>
[INFO] [stdout]   14:     0x5da0f7792805 - test[aada8e7e76ba119b]::run_test::{closure#0}
[INFO] [stdout]   15:     0x5da0f778c0f4 - std[617be2ca0a6fd877]::sys::backtrace::__rust_begin_short_backtrace::<test[aada8e7e76ba119b]::run_test::{closure#1}, ()>
[INFO] [stdout]   16:     0x5da0f7795892 - <std[617be2ca0a6fd877]::thread::lifecycle::spawn_unchecked<test[aada8e7e76ba119b]::run_test::{closure#1}, ()>::{closure#1} as core[a373ad73a504971]::ops::function::FnOnce<()>>::call_once::{shim:vtable#0}
[INFO] [stdout]   17:     0x5da0f7de703f - <std[617be2ca0a6fd877]::sys::thread::unix::Thread>::new::thread_start
[INFO] [stdout]   18:     0x78f1fa801dfa - <unknown>
[INFO] [stdout]   19:     0x78f1fa8953d4 - clone
[INFO] [stdout]   20:                0x0 - <unknown>
[INFO] [stdout] 
[INFO] [stdout] ---- tui::ui::tests::the_people_screen_never_cuts_a_name_or_an_address stdout ----
[INFO] [stdout] 
[INFO] [stdout] thread 'tui::ui::tests::the_people_screen_never_cuts_a_name_or_an_address' (6299) panicked at src/tui/ui.rs:2841:38:
[INFO] [stdout] a repository to look at: Git(Error { code: -3, klass: 6, message: "could not find repository at '.'" })
[INFO] [stdout] stack backtrace:
[INFO] [stdout]    0:     0x5da0f7de8281 - <<std[617be2ca0a6fd877]::sys::backtrace::BacktraceLock>::print::DisplayBacktrace as core[a373ad73a504971]::fmt::Display>::fmt
[INFO] [stdout]    1:     0x5da0f7e01f1a - core[a373ad73a504971]::fmt::write
[INFO] [stdout]    2:     0x5da0f7ded76c - <alloc[2e1b2a31b91974c5]::vec::Vec<u8> as core[a373ad73a504971]::io::write::Write>::write_fmt
[INFO] [stdout]    3:     0x5da0f7dbf3e6 - std[617be2ca0a6fd877]::panicking::default_hook::{closure#0}
[INFO] [stdout]    4:     0x5da0f7ddeb39 - std[617be2ca0a6fd877]::panicking::default_hook
[INFO] [stdout]    5:     0x5da0f77921e0 - test[aada8e7e76ba119b]::test_main_inner::{closure#0}
[INFO] [stdout]    6:     0x5da0f7ddee62 - std[617be2ca0a6fd877]::panicking::panic_with_hook
[INFO] [stdout]    7:     0x5da0f7dbf492 - std[617be2ca0a6fd877]::panicking::panic_handler::{closure#0}
[INFO] [stdout]    8:     0x5da0f7db7789 - std[617be2ca0a6fd877]::sys::backtrace::__rust_end_short_backtrace::<std[617be2ca0a6fd877]::panicking::panic_handler::{closure#0}, !>
[INFO] [stdout]    9:     0x5da0f7dc054d - __rustc[ea4f61d10b84890b]::rust_begin_unwind
[INFO] [stdout]   10:     0x5da0f7e026fc - core[a373ad73a504971]::panicking::panic_fmt
[INFO] [stdout]   11:     0x5da0f7e024d2 - core[a373ad73a504971]::result::unwrap_failed
[INFO] [stdout]   12:     0x5da0f76f8aba - <torii[d5c3071534f22917]::tui::ui::tests::the_people_screen_never_cuts_a_name_or_an_address::{closure#0} as core[a373ad73a504971]::ops::function::FnOnce<()>>::call_once
[INFO] [stdout]   13:     0x5da0f778562b - test[aada8e7e76ba119b]::__rust_begin_short_backtrace::<core[a373ad73a504971]::result::Result<(), alloc[2e1b2a31b91974c5]::string::String>, fn() -> core[a373ad73a504971]::result::Result<(), alloc[2e1b2a31b91974c5]::string::String>>
[INFO] [stdout]   14:     0x5da0f7792805 - test[aada8e7e76ba119b]::run_test::{closure#0}
[INFO] [stdout]   15:     0x5da0f778c0f4 - std[617be2ca0a6fd877]::sys::backtrace::__rust_begin_short_backtrace::<test[aada8e7e76ba119b]::run_test::{closure#1}, ()>
[INFO] [stdout]   16:     0x5da0f7795892 - <std[617be2ca0a6fd877]::thread::lifecycle::spawn_unchecked<test[aada8e7e76ba119b]::run_test::{closure#1}, ()>::{closure#1} as core[a373ad73a504971]::ops::function::FnOnce<()>>::call_once::{shim:vtable#0}
[INFO] [stdout]   17:     0x5da0f7de703f - <std[617be2ca0a6fd877]::sys::thread::unix::Thread>::new::thread_start
[INFO] [stdout]   18:     0x78f1fa801dfa - <unknown>
[INFO] [stdout]   19:     0x78f1fa8953d4 - clone
[INFO] [stdout]   20:                0x0 - <unknown>
[INFO] [stdout] 
[INFO] [stdout] ---- tui::ui::tests::the_lists_register_the_rows_a_click_can_reach stdout ----
[INFO] [stdout] 
[INFO] [stdout] thread 'tui::ui::tests::the_lists_register_the_rows_a_click_can_reach' (6296) panicked at src/tui/ui.rs:3116:38:
[INFO] [stdout] a repository to look at: Git(Error { code: -3, klass: 6, message: "could not find repository at '.'" })
[INFO] [stdout] stack backtrace:
[INFO] [stdout]    0:     0x5da0f7de8281 - <<std[617be2ca0a6fd877]::sys::backtrace::BacktraceLock>::print::DisplayBacktrace as core[a373ad73a504971]::fmt::Display>::fmt
[INFO] [stdout]    1:     0x5da0f7e01f1a - core[a373ad73a504971]::fmt::write
[INFO] [stdout]    2:     0x5da0f7ded76c - <alloc[2e1b2a31b91974c5]::vec::Vec<u8> as core[a373ad73a504971]::io::write::Write>::write_fmt
[INFO] [stdout]    3:     0x5da0f7dbf3e6 - std[617be2ca0a6fd877]::panicking::default_hook::{closure#0}
[INFO] [stdout]    4:     0x5da0f7ddeb39 - std[617be2ca0a6fd877]::panicking::default_hook
[INFO] [stdout]    5:     0x5da0f77921e0 - test[aada8e7e76ba119b]::test_main_inner::{closure#0}
[INFO] [stdout]    6:     0x5da0f7ddee62 - std[617be2ca0a6fd877]::panicking::panic_with_hook
[INFO] [stdout]    7:     0x5da0f7dbf492 - std[617be2ca0a6fd877]::panicking::panic_handler::{closure#0}
[INFO] [stdout]    8:     0x5da0f7db7789 - std[617be2ca0a6fd877]::sys::backtrace::__rust_end_short_backtrace::<std[617be2ca0a6fd877]::panicking::panic_handler::{closure#0}, !>
[INFO] [stdout]    9:     0x5da0f7dc054d - __rustc[ea4f61d10b84890b]::rust_begin_unwind
[INFO] [stdout]   10:     0x5da0f7e026fc - core[a373ad73a504971]::panicking::panic_fmt
[INFO] [stdout]   11:     0x5da0f7e024d2 - core[a373ad73a504971]::result::unwrap_failed
[INFO] [stdout]   12:     0x5da0f76f76cf - <torii[d5c3071534f22917]::tui::ui::tests::the_lists_register_the_rows_a_click_can_reach::{closure#0} as core[a373ad73a504971]::ops::function::FnOnce<()>>::call_once
[INFO] [stdout]   13:     0x5da0f778562b - test[aada8e7e76ba119b]::__rust_begin_short_backtrace::<core[a373ad73a504971]::result::Result<(), alloc[2e1b2a31b91974c5]::string::String>, fn() -> core[a373ad73a504971]::result::Result<(), alloc[2e1b2a31b91974c5]::string::String>>
[INFO] [stdout]   14:     0x5da0f7792805 - test[aada8e7e76ba119b]::run_test::{closure#0}
[INFO] [stdout]   15:     0x5da0f778c0f4 - std[617be2ca0a6fd877]::sys::backtrace::__rust_begin_short_backtrace::<test[aada8e7e76ba119b]::run_test::{closure#1}, ()>
[INFO] [stdout]   16:     0x5da0f7795892 - <std[617be2ca0a6fd877]::thread::lifecycle::spawn_unchecked<test[aada8e7e76ba119b]::run_test::{closure#1}, ()>::{closure#1} as core[a373ad73a504971]::ops::function::FnOnce<()>>::call_once::{shim:vtable#0}
[INFO] [stdout]   17:     0x5da0f7de703f - <std[617be2ca0a6fd877]::sys::thread::unix::Thread>::new::thread_start
[INFO] [stdout]   18:     0x78f1fa801dfa - <unknown>
[INFO] [stdout]   19:     0x78f1fa8953d4 - clone
[INFO] [stdout]   20:                0x0 - <unknown>
[INFO] [stdout] 
[INFO] [stdout] ---- tui::ui::tests::rules_tie_into_the_frame stdout ----
[INFO] [stdout] 
[INFO] [stdout] thread 'tui::ui::tests::rules_tie_into_the_frame' (6290) panicked at src/tui/ui.rs:2438:34:
[INFO] [stdout] a repository to look at: Git(Error { code: -3, klass: 6, message: "could not find repository at '.'" })
[INFO] [stdout] stack backtrace:
[INFO] [stdout]    0:     0x5da0f7de8281 - <<std[617be2ca0a6fd877]::sys::backtrace::BacktraceLock>::print::DisplayBacktrace as core[a373ad73a504971]::fmt::Display>::fmt
[INFO] [stdout]    1:     0x5da0f7e01f1a - core[a373ad73a504971]::fmt::write
[INFO] [stdout]    2:     0x5da0f7ded76c - <alloc[2e1b2a31b91974c5]::vec::Vec<u8> as core[a373ad73a504971]::io::write::Write>::write_fmt
[INFO] [stdout]    3:     0x5da0f7dbf3e6 - std[617be2ca0a6fd877]::panicking::default_hook::{closure#0}
[INFO] [stdout]    4:     0x5da0f7ddeb39 - std[617be2ca0a6fd877]::panicking::default_hook
[INFO] [stdout]    5:     0x5da0f77921e0 - test[aada8e7e76ba119b]::test_main_inner::{closure#0}
[INFO] [stdout]    6:     0x5da0f7ddee62 - std[617be2ca0a6fd877]::panicking::panic_with_hook
[INFO] [stdout]    7:     0x5da0f7dbf492 - std[617be2ca0a6fd877]::panicking::panic_handler::{closure#0}
[INFO] [stdout]    8:     0x5da0f7db7789 - std[617be2ca0a6fd877]::sys::backtrace::__rust_end_short_backtrace::<std[617be2ca0a6fd877]::panicking::panic_handler::{closure#0}, !>
[INFO] [stdout]    9:     0x5da0f7dc054d - __rustc[ea4f61d10b84890b]::rust_begin_unwind
[INFO] [stdout]   10:     0x5da0f7e026fc - core[a373ad73a504971]::panicking::panic_fmt
[INFO] [stdout]   11:     0x5da0f7e024d2 - core[a373ad73a504971]::result::unwrap_failed
[INFO] [stdout]   12:     0x5da0f76e8c26 - torii[d5c3071534f22917]::tui::ui::tests::screen_of
[INFO] [stdout]   13:     0x5da0f76f0e02 - <torii[d5c3071534f22917]::tui::ui::tests::rules_tie_into_the_frame::{closure#0} as core[a373ad73a504971]::ops::function::FnOnce<()>>::call_once
[INFO] [stdout]   14:     0x5da0f778562b - test[aada8e7e76ba119b]::__rust_begin_short_backtrace::<core[a373ad73a504971]::result::Result<(), alloc[2e1b2a31b91974c5]::string::String>, fn() -> core[a373ad73a504971]::result::Result<(), alloc[2e1b2a31b91974c5]::string::String>>
[INFO] [stdout]   15:     0x5da0f7792805 - test[aada8e7e76ba119b]::run_test::{closure#0}
[INFO] [stdout]   16:     0x5da0f778c0f4 - std[617be2ca0a6fd877]::sys::backtrace::__rust_begin_short_backtrace::<test[aada8e7e76ba119b]::run_test::{closure#1}, ()>
[INFO] [stdout]   17:     0x5da0f7795892 - <std[617be2ca0a6fd877]::thread::lifecycle::spawn_unchecked<test[aada8e7e76ba119b]::run_test::{closure#1}, ()>::{closure#1} as core[a373ad73a504971]::ops::function::FnOnce<()>>::call_once::{shim:vtable#0}
[INFO] [stdout]   18:     0x5da0f7de703f - <std[617be2ca0a6fd877]::sys::thread::unix::Thread>::new::thread_start
[INFO] [stdout]   19:     0x78f1fa801dfa - <unknown>
[INFO] [stdout]   20:     0x78f1fa8953d4 - clone
[INFO] [stdout]   21:                0x0 - <unknown>
[INFO] [stdout] 
[INFO] [stdout] ---- tui::ui::tests::the_selected_row_wears_the_accent stdout ----
[INFO] [stdout] 
[INFO] [stdout] thread 'tui::ui::tests::the_selected_row_wears_the_accent' (6300) panicked at src/tui/ui.rs:2777:34:
[INFO] [stdout] a repository to look at: Git(Error { code: -3, klass: 6, message: "could not find repository at '.'" })
[INFO] [stdout] stack backtrace:
[INFO] [stdout]    0:     0x5da0f7de8281 - <<std[617be2ca0a6fd877]::sys::backtrace::BacktraceLock>::print::DisplayBacktrace as core[a373ad73a504971]::fmt::Display>::fmt
[INFO] [stdout]    1:     0x5da0f7e01f1a - core[a373ad73a504971]::fmt::write
[INFO] [stdout]    2:     0x5da0f7ded76c - <alloc[2e1b2a31b91974c5]::vec::Vec<u8> as core[a373ad73a504971]::io::write::Write>::write_fmt
[INFO] [stdout]    3:     0x5da0f7dbf3e6 - std[617be2ca0a6fd877]::panicking::default_hook::{closure#0}
[INFO] [stdout]    4:     0x5da0f7ddeb39 - std[617be2ca0a6fd877]::panicking::default_hook
[INFO] [stdout]    5:     0x5da0f77921e0 - test[aada8e7e76ba119b]::test_main_inner::{closure#0}
[INFO] [stdout]    6:     0x5da0f7ddee62 - std[617be2ca0a6fd877]::panicking::panic_with_hook
[INFO] [stdout]    7:     0x5da0f7dbf492 - std[617be2ca0a6fd877]::panicking::panic_handler::{closure#0}
[INFO] [stdout]    8:     0x5da0f7db7789 - std[617be2ca0a6fd877]::sys::backtrace::__rust_end_short_backtrace::<std[617be2ca0a6fd877]::panicking::panic_handler::{closure#0}, !>
[INFO] [stdout]    9:     0x5da0f7dc054d - __rustc[ea4f61d10b84890b]::rust_begin_unwind
[INFO] [stdout]   10:     0x5da0f7e026fc - core[a373ad73a504971]::panicking::panic_fmt
[INFO] [stdout]   11:     0x5da0f7e024d2 - core[a373ad73a504971]::result::unwrap_failed
[INFO] [stdout]   12:     0x5da0f76f2eaa - <torii[d5c3071534f22917]::tui::ui::tests::the_selected_row_wears_the_accent::{closure#0} as core[a373ad73a504971]::ops::function::FnOnce<()>>::call_once
[INFO] [stdout]   13:     0x5da0f778562b - test[aada8e7e76ba119b]::__rust_begin_short_backtrace::<core[a373ad73a504971]::result::Result<(), alloc[2e1b2a31b91974c5]::string::String>, fn() -> core[a373ad73a504971]::result::Result<(), alloc[2e1b2a31b91974c5]::string::String>>
[INFO] [stdout]   14:     0x5da0f7792805 - test[aada8e7e76ba119b]::run_test::{closure#0}
[INFO] [stdout]   15:     0x5da0f778c0f4 - std[617be2ca0a6fd877]::sys::backtrace::__rust_begin_short_backtrace::<test[aada8e7e76ba119b]::run_test::{closure#1}, ()>
[INFO] [stdout]   16:     0x5da0f7795892 - <std[617be2ca0a6fd877]::thread::lifecycle::spawn_unchecked<test[aada8e7e76ba119b]::run_test::{closure#1}, ()>::{closure#1} as core[a373ad73a504971]::ops::function::FnOnce<()>>::call_once::{shim:vtable#0}
[INFO] [stdout]   17:     0x5da0f7de703f - <std[617be2ca0a6fd877]::sys::thread::unix::Thread>::new::thread_start
[INFO] [stdout]   18:     0x78f1fa801dfa - <unknown>
[INFO] [stdout]   19:     0x78f1fa8953d4 - clone
[INFO] [stdout]   20:                0x0 - <unknown>
[INFO] [stdout] 
[INFO] [stdout] ---- tui::ui::tests::the_tui_tab_carries_the_mouse_switch stdout ----
[INFO] [stdout] 
[INFO] [stdout] thread 'tui::ui::tests::the_tui_tab_carries_the_mouse_switch' (6302) panicked at src/tui/ui.rs:2988:34:
[INFO] [stdout] a repository to look at: Git(Error { code: -3, klass: 6, message: "could not find repository at '.'" })
[INFO] [stdout] stack backtrace:
[INFO] [stdout]    0:     0x5da0f7de8281 - <<std[617be2ca0a6fd877]::sys::backtrace::BacktraceLock>::print::DisplayBacktrace as core[a373ad73a504971]::fmt::Display>::fmt
[INFO] [stdout]    1:     0x5da0f7e01f1a - core[a373ad73a504971]::fmt::write
[INFO] [stdout]    2:     0x5da0f7ded76c - <alloc[2e1b2a31b91974c5]::vec::Vec<u8> as core[a373ad73a504971]::io::write::Write>::write_fmt
[INFO] [stdout]    3:     0x5da0f7dbf3e6 - std[617be2ca0a6fd877]::panicking::default_hook::{closure#0}
[INFO] [stdout]    4:     0x5da0f7ddeb39 - std[617be2ca0a6fd877]::panicking::default_hook
[INFO] [stdout]    5:     0x5da0f77921e0 - test[aada8e7e76ba119b]::test_main_inner::{closure#0}
[INFO] [stdout]    6:     0x5da0f7ddee62 - std[617be2ca0a6fd877]::panicking::panic_with_hook
[INFO] [stdout]    7:     0x5da0f7dbf492 - std[617be2ca0a6fd877]::panicking::panic_handler::{closure#0}
[INFO] [stdout]    8:     0x5da0f7db7789 - std[617be2ca0a6fd877]::sys::backtrace::__rust_end_short_backtrace::<std[617be2ca0a6fd877]::panicking::panic_handler::{closure#0}, !>
[INFO] [stdout]    9:     0x5da0f7dc054d - __rustc[ea4f61d10b84890b]::rust_begin_unwind
[INFO] [stdout]   10:     0x5da0f7e026fc - core[a373ad73a504971]::panicking::panic_fmt
[INFO] [stdout]   11:     0x5da0f7e024d2 - core[a373ad73a504971]::result::unwrap_failed
[INFO] [stdout]   12:     0x5da0f76f4b62 - <torii[d5c3071534f22917]::tui::ui::tests::the_tui_tab_carries_the_mouse_switch::{closure#0} as core[a373ad73a504971]::ops::function::FnOnce<()>>::call_once
[INFO] [stdout]   13:     0x5da0f778562b - test[aada8e7e76ba119b]::__rust_begin_short_backtrace::<core[a373ad73a504971]::result::Result<(), alloc[2e1b2a31b91974c5]::string::String>, fn() -> core[a373ad73a504971]::result::Result<(), alloc[2e1b2a31b91974c5]::string::String>>
[INFO] [stdout]   14:     0x5da0f7792805 - test[aada8e7e76ba119b]::run_test::{closure#0}
[INFO] [stdout]   15:     0x5da0f778c0f4 - std[617be2ca0a6fd877]::sys::backtrace::__rust_begin_short_backtrace::<test[aada8e7e76ba119b]::run_test::{closure#1}, ()>
[INFO] [stdout]   16:     0x5da0f7795892 - <std[617be2ca0a6fd877]::thread::lifecycle::spawn_unchecked<test[aada8e7e76ba119b]::run_test::{closure#1}, ()>::{closure#1} as core[a373ad73a504971]::ops::function::FnOnce<()>>::call_once::{shim:vtable#0}
[INFO] [stdout]   17:     0x5da0f7de703f - <std[617be2ca0a6fd877]::sys::thread::unix::Thread>::new::thread_start
[INFO] [stdout]   18:     0x78f1fa801dfa - <unknown>
[INFO] [stdout]   19:     0x78f1fa8953d4 - clone
[INFO] [stdout]   20:                0x0 - <unknown>
[INFO] [stdout] 
[INFO] [stdout] ---- tui::ui::tests::the_sidebar_order_agrees_with_itself stdout ----
[INFO] [stdout] 
[INFO] [stdout] thread 'tui::ui::tests::the_sidebar_order_agrees_with_itself' (6301) panicked at src/tui/ui.rs:2463:34:
[INFO] [stdout] a repository to look at: Git(Error { code: -3, klass: 6, message: "could not find repository at '.'" })
[INFO] [stdout] stack backtrace:
[INFO] [stdout]    0:     0x5da0f7de8281 - <<std[617be2ca0a6fd877]::sys::backtrace::BacktraceLock>::print::DisplayBacktrace as core[a373ad73a504971]::fmt::Display>::fmt
[INFO] [stdout]    1:     0x5da0f7e01f1a - core[a373ad73a504971]::fmt::write
[INFO] [stdout]    2:     0x5da0f7ded76c - <alloc[2e1b2a31b91974c5]::vec::Vec<u8> as core[a373ad73a504971]::io::write::Write>::write_fmt
[INFO] [stdout]    3:     0x5da0f7dbf3e6 - std[617be2ca0a6fd877]::panicking::default_hook::{closure#0}
[INFO] [stdout]    4:     0x5da0f7ddeb39 - std[617be2ca0a6fd877]::panicking::default_hook
[INFO] [stdout]    5:     0x5da0f77921e0 - test[aada8e7e76ba119b]::test_main_inner::{closure#0}
[INFO] [stdout]    6:     0x5da0f7ddee62 - std[617be2ca0a6fd877]::panicking::panic_with_hook
[INFO] [stdout]    7:     0x5da0f7dbf492 - std[617be2ca0a6fd877]::panicking::panic_handler::{closure#0}
[INFO] [stdout]    8:     0x5da0f7db7789 - std[617be2ca0a6fd877]::sys::backtrace::__rust_end_short_backtrace::<std[617be2ca0a6fd877]::panicking::panic_handler::{closure#0}, !>
[INFO] [stdout]    9:     0x5da0f7dc054d - __rustc[ea4f61d10b84890b]::rust_begin_unwind
[INFO] [stderr] error: test failed, to rerun pass `--bin torii`
[INFO] [stdout]   10:     0x5da0f7e026fc - core[a373ad73a504971]::panicking::panic_fmt
[INFO] [stdout]   11:     0x5da0f7e024d2 - core[a373ad73a504971]::result::unwrap_failed
[INFO] [stdout]   12:     0x5da0f76f4689 - <torii[d5c3071534f22917]::tui::ui::tests::the_sidebar_order_agrees_with_itself::{closure#0} as core[a373ad73a504971]::ops::function::FnOnce<()>>::call_once
[INFO] [stdout]   13:     0x5da0f778562b - test[aada8e7e76ba119b]::__rust_begin_short_backtrace::<core[a373ad73a504971]::result::Result<(), alloc[2e1b2a31b91974c5]::string::String>, fn() -> core[a373ad73a504971]::result::Result<(), alloc[2e1b2a31b91974c5]::string::String>>
[INFO] [stdout]   14:     0x5da0f7792805 - test[aada8e7e76ba119b]::run_test::{closure#0}
[INFO] [stdout]   15:     0x5da0f778c0f4 - std[617be2ca0a6fd877]::sys::backtrace::__rust_begin_short_backtrace::<test[aada8e7e76ba119b]::run_test::{closure#1}, ()>
[INFO] [stdout]   16:     0x5da0f7795892 - <std[617be2ca0a6fd877]::thread::lifecycle::spawn_unchecked<test[aada8e7e76ba119b]::run_test::{closure#1}, ()>::{closure#1} as core[a373ad73a504971]::ops::function::FnOnce<()>>::call_once::{shim:vtable#0}
[INFO] [stdout]   17:     0x5da0f7de703f - <std[617be2ca0a6fd877]::sys::thread::unix::Thread>::new::thread_start
[INFO] [stdout]   18:     0x78f1fa801dfa - <unknown>
[INFO] [stdout]   19:     0x78f1fa8953d4 - clone
[INFO] [stdout]   20:                0x0 - <unknown>
[INFO] [stdout] 
[INFO] [stdout] ---- tui::ui::tests::the_authors_menu_draws_over_the_log stdout ----
[INFO] [stdout] 
[INFO] [stdout] thread 'tui::ui::tests::the_authors_menu_draws_over_the_log' (6293) panicked at src/tui/ui.rs:2609:34:
[INFO] [stdout] a repository to look at: Git(Error { code: -3, klass: 6, message: "could not find repository at '.'" })
[INFO] [stdout] stack backtrace:
[INFO] [stdout]    0:     0x5da0f7de8281 - <<std[617be2ca0a6fd877]::sys::backtrace::BacktraceLock>::print::DisplayBacktrace as core[a373ad73a504971]::fmt::Display>::fmt
[INFO] [stdout]    1:     0x5da0f7e01f1a - core[a373ad73a504971]::fmt::write
[INFO] [stdout]    2:     0x5da0f7ded76c - <alloc[2e1b2a31b91974c5]::vec::Vec<u8> as core[a373ad73a504971]::io::write::Write>::write_fmt
[INFO] [stdout]    3:     0x5da0f7dbf3e6 - std[617be2ca0a6fd877]::panicking::default_hook::{closure#0}
[INFO] [stdout]    4:     0x5da0f7ddeb39 - std[617be2ca0a6fd877]::panicking::default_hook
[INFO] [stdout]    5:     0x5da0f77921e0 - test[aada8e7e76ba119b]::test_main_inner::{closure#0}
[INFO] [stdout]    6:     0x5da0f7ddee62 - std[617be2ca0a6fd877]::panicking::panic_with_hook
[INFO] [stdout]    7:     0x5da0f7dbf492 - std[617be2ca0a6fd877]::panicking::panic_handler::{closure#0}
[INFO] [stdout]    8:     0x5da0f7db7789 - std[617be2ca0a6fd877]::sys::backtrace::__rust_end_short_backtrace::<std[617be2ca0a6fd877]::panicking::panic_handler::{closure#0}, !>
[INFO] [stdout]    9:     0x5da0f7dc054d - __rustc[ea4f61d10b84890b]::rust_begin_unwind
[INFO] [stdout]   10:     0x5da0f7e026fc - core[a373ad73a504971]::panicking::panic_fmt
[INFO] [stdout]   11:     0x5da0f7e024d2 - core[a373ad73a504971]::result::unwrap_failed
[INFO] [stdout]   12:     0x5da0f76f3ad2 - <torii[d5c3071534f22917]::tui::ui::tests::the_authors_menu_draws_over_the_log::{closure#0} as core[a373ad73a504971]::ops::function::FnOnce<()>>::call_once
[INFO] [stdout]   13:     0x5da0f778562b - test[aada8e7e76ba119b]::__rust_begin_short_backtrace::<core[a373ad73a504971]::result::Result<(), alloc[2e1b2a31b91974c5]::string::String>, fn() -> core[a373ad73a504971]::result::Result<(), alloc[2e1b2a31b91974c5]::string::String>>
[INFO] [stdout]   14:     0x5da0f7792805 - test[aada8e7e76ba119b]::run_test::{closure#0}
[INFO] [stdout]   15:     0x5da0f778c0f4 - std[617be2ca0a6fd877]::sys::backtrace::__rust_begin_short_backtrace::<test[aada8e7e76ba119b]::run_test::{closure#1}, ()>
[INFO] [stdout]   16:     0x5da0f7795892 - <std[617be2ca0a6fd877]::thread::lifecycle::spawn_unchecked<test[aada8e7e76ba119b]::run_test::{closure#1}, ()>::{closure#1} as core[a373ad73a504971]::ops::function::FnOnce<()>>::call_once::{shim:vtable#0}
[INFO] [stdout]   17:     0x5da0f7de703f - <std[617be2ca0a6fd877]::sys::thread::unix::Thread>::new::thread_start
[INFO] [stdout]   18:     0x78f1fa801dfa - <unknown>
[INFO] [stdout]   19:     0x78f1fa8953d4 - clone
[INFO] [stdout]   20:                0x0 - <unknown>
[INFO] [stdout] 
[INFO] [stdout] 
[INFO] [stdout] failures:
[INFO] [stdout]     tui::app::tests::refresh_drops_state_pointing_at_the_old_commit_list
[INFO] [stdout]     tui::ui::tests::a_click_on_a_list_row_resolves_to_that_row
[INFO] [stdout]     tui::ui::tests::a_click_on_the_sidebar_finds_the_row_it_names
[INFO] [stdout]     tui::ui::tests::a_group_header_does_not_shift_the_rows_under_it
[INFO] [stdout]     tui::ui::tests::an_author_filter_says_so_in_the_heading
[INFO] [stdout]     tui::ui::tests::brackets_are_stripped_from_key_hints
[INFO] [stdout]     tui::ui::tests::chrome_draws_a_single_window
[INFO] [stdout]     tui::ui::tests::every_list_view_registers_its_rows
[INFO] [stdout]     tui::ui::tests::look_at_it
[INFO] [stdout]     tui::ui::tests::look_at_the_keys
[INFO] [stdout]     tui::ui::tests::look_at_the_safety_view
[INFO] [stdout]     tui::ui::tests::look_at_the_stats
[INFO] [stdout]     tui::ui::tests::no_action_id_is_ever_clipped
[INFO] [stdout]     tui::ui::tests::rules_never_cross_without_a_junction
[INFO] [stdout]     tui::ui::tests::rules_tie_into_the_frame
[INFO] [stdout]     tui::ui::tests::sidebar_rule_meets_both_rules
[INFO] [stdout]     tui::ui::tests::the_authors_menu_draws_over_the_log
[INFO] [stdout]     tui::ui::tests::the_events_popup_wears_the_window_chrome
[INFO] [stdout]     tui::ui::tests::the_hint_keys_are_clickable
[INFO] [stdout]     tui::ui::tests::the_lists_register_the_rows_a_click_can_reach
[INFO] [stdout]     tui::ui::tests::the_log_survives_an_index_past_the_end
[INFO] [stdout]     tui::ui::tests::the_palette_keeps_whole_labels
[INFO] [stdout]     tui::ui::tests::the_people_screen_never_cuts_a_name_or_an_address
[INFO] [stdout]     tui::ui::tests::the_selected_row_wears_the_accent
[INFO] [stdout]     tui::ui::tests::the_sidebar_order_agrees_with_itself
[INFO] [stdout]     tui::ui::tests::the_tui_tab_carries_the_mouse_switch
[INFO] [stdout] 
[INFO] [stdout] test result: FAILED. 170 passed; 26 failed; 0 ignored; 0 measured; 0 filtered out; finished in 0.33s
[INFO] [stdout] 
[INFO] running `Command { std: "docker" "inspect" "5d84ecf08bea85ec2cad103dd2b4bd7dace90357a23082ed6cf08982cf0ba32a", kill_on_drop: false }`
[INFO] running `Command { std: "docker" "rm" "-f" "5d84ecf08bea85ec2cad103dd2b4bd7dace90357a23082ed6cf08982cf0ba32a", kill_on_drop: false }`
[INFO] [stdout] 5d84ecf08bea85ec2cad103dd2b4bd7dace90357a23082ed6cf08982cf0ba32a
