[INFO] fetching crate git-selfies 0.0.1...
[INFO] testing git-selfies-0.0.1 against 1.100.0-beta.1+cargoflags=--release for beta-release-1.100-2
[INFO] extracting crate git-selfies 0.0.1 into /workspace/builds/worker-3-tc2/source
[INFO] started tweaking crates.io crate git-selfies 0.0.1
[INFO] finished tweaking crates.io crate git-selfies 0.0.1
[INFO] tweaked toml for crates.io crate git-selfies 0.0.1 written to /workspace/builds/worker-3-tc2/source/Cargo.toml
[INFO] validating manifest of crates.io crate git-selfies 0.0.1 on toolchain 1.100.0-beta.1
[INFO] running `Command { std: CARGO_HOME="/workspace/cargo-home" RUSTUP_HOME="/workspace/rustup-home" "/workspace/cargo-home/bin/cargo" "+1.100.0-beta.1" "metadata" "--manifest-path" "Cargo.toml" "--no-deps", kill_on_drop: false }`
[INFO] crate crates.io crate git-selfies 0.0.1 already has a lockfile, it will not be regenerated
[INFO] running `Command { std: CARGO_HOME="/workspace/cargo-home" RUSTUP_HOME="/workspace/rustup-home" "/workspace/cargo-home/bin/cargo" "+1.100.0-beta.1" "fetch" "--manifest-path" "Cargo.toml", kill_on_drop: false }`
[INFO] running `Command { std: "docker" "create" "-v" "/var/lib/crater-agent-workspace/builds/worker-3-tc2/source:/opt/rustwide/workdir:ro,Z" "-v" "/var/lib/crater-agent-workspace/builds/worker-3-tc2/target:/opt/rustwide/target:rw,Z" "-v" "/var/lib/crater-agent-workspace/cargo-home:/opt/rustwide/cargo-home:ro,Z" "-v" "/var/lib/crater-agent-workspace/rustup-home:/opt/rustwide/rustup-home:ro,Z" "-m" "1610612736" "--network" "none" "ghcr.io/rust-lang/crates-build-env/linux@sha256:77db811e55d90add9212f6832c23229e3de5f1c1f9905e8cb07319ea15df73ac" "sleep" "infinity", kill_on_drop: false }`
[INFO] [stdout] 78f38b32df716fd6f1f695a4ac00ab85041a3368347603dcbe5808e57590494d
[INFO] running `Command { std: "docker" "start" "78f38b32df716fd6f1f695a4ac00ab85041a3368347603dcbe5808e57590494d", kill_on_drop: false }`
[INFO] running `Command { std: "docker" "inspect" "78f38b32df716fd6f1f695a4ac00ab85041a3368347603dcbe5808e57590494d", kill_on_drop: false }`
[INFO] running `Command { std: "docker" "exec" "-e" "SOURCE_DIR=/opt/rustwide/workdir" "-e" "CARGO_HOME=/opt/rustwide/cargo-home" "-e" "RUSTUP_HOME=/opt/rustwide/rustup-home" "-e" "CARGO_TARGET_DIR=/opt/rustwide/target" "-w" "/opt/rustwide/workdir" "--user" "0:0" "78f38b32df716fd6f1f695a4ac00ab85041a3368347603dcbe5808e57590494d" "/opt/rustwide/cargo-home/bin/cargo" "+1.100.0-beta.1" "metadata" "--no-deps" "--format-version=1", kill_on_drop: false }`
[INFO] running `Command { std: "docker" "inspect" "78f38b32df716fd6f1f695a4ac00ab85041a3368347603dcbe5808e57590494d", kill_on_drop: false }`
[INFO] running `Command { std: "docker" "exec" "-e" "SOURCE_DIR=/opt/rustwide/workdir" "-e" "CARGO_HOME=/opt/rustwide/cargo-home" "-e" "RUSTUP_HOME=/opt/rustwide/rustup-home" "-e" "CARGO_TARGET_DIR=/opt/rustwide/target" "-e" "CARGO_INCREMENTAL=0" "-e" "RUST_BACKTRACE=full" "-e" "RUSTFLAGS=--cap-lints=warn" "-e" "RUSTDOCFLAGS=--cap-lints=warn" "-w" "/opt/rustwide/workdir" "--user" "0:0" "78f38b32df716fd6f1f695a4ac00ab85041a3368347603dcbe5808e57590494d" "/opt/rustwide/cargo-home/bin/cargo" "+1.100.0-beta.1" "build" "--frozen" "--message-format=json" "--release", kill_on_drop: false }`
[INFO] [stderr]    Compiling proc-macro2 v1.0.103
[INFO] [stderr]    Compiling quote v1.0.42
[INFO] [stderr]    Compiling unicode-ident v1.0.22
[INFO] [stderr]    Compiling libc v0.2.177
[INFO] [stderr]    Compiling cfg-if v1.0.4
[INFO] [stderr]    Compiling autocfg v1.5.0
[INFO] [stderr]    Compiling libm v0.2.15
[INFO] [stderr]    Compiling crossbeam-utils v0.8.21
[INFO] [stderr]    Compiling zerocopy v0.8.27
[INFO] [stderr]    Compiling log v0.4.28
[INFO] [stderr]    Compiling bytemuck v1.24.0
[INFO] [stderr]    Compiling shlex v1.3.0
[INFO] [stderr]    Compiling rayon-core v1.13.0
[INFO] [stderr]    Compiling simd-adler32 v0.3.7
[INFO] [stderr]    Compiling either v1.15.0
[INFO] [stderr]    Compiling arrayvec v0.7.6
[INFO] [stderr]    Compiling smallvec v1.15.1
[INFO] [stderr]    Compiling anyhow v1.0.100
[INFO] [stderr]    Compiling crc32fast v1.5.0
[INFO] [stderr]    Compiling adler2 v2.0.1
[INFO] [stderr]    Compiling miniz_oxide v0.8.9
[INFO] [stderr]    Compiling thiserror v1.0.69
[INFO] [stderr]    Compiling glob v0.3.3
[INFO] [stderr]    Compiling memchr v2.7.6
[INFO] [stderr]    Compiling built v0.7.7
[INFO] [stderr]    Compiling quick-error v2.0.1
[INFO] [stderr]    Compiling find-msvc-tools v0.1.4
[INFO] [stderr]    Compiling prettyplease v0.2.37
[INFO] [stderr]    Compiling once_cell v1.21.3
[INFO] [stderr]    Compiling rustix v0.38.44
[INFO] [stderr]    Compiling itertools v0.12.1
[INFO] [stderr]    Compiling rgb v0.8.52
[INFO] [stderr]    Compiling num-traits v0.2.19
[INFO] [stderr]    Compiling bitstream-io v2.6.0
[INFO] [stderr]    Compiling rav1e v0.7.1
[INFO] [stderr]    Compiling clang-sys v1.8.1
[INFO] [stderr]    Compiling zune-core v0.4.12
[INFO] [stderr]    Compiling minimal-lexical v0.2.1
[INFO] [stderr]    Compiling crossbeam-epoch v0.9.18
[INFO] [stderr]    Compiling syn v2.0.110
[INFO] [stderr]    Compiling simd_helpers v0.1.0
[INFO] [stderr]    Compiling dunce v1.0.5
[INFO] [stderr]    Compiling bitflags v2.10.0
[INFO] [stderr]    Compiling flate2 v1.1.5
[INFO] [stderr]    Compiling imgref v1.12.0
[INFO] [stderr]    Compiling new_debug_unreachable v1.0.6
[INFO] [stderr]    Compiling nom v8.0.0
[INFO] [stderr]    Compiling regex-syntax v0.8.8
[INFO] [stderr]    Compiling linux-raw-sys v0.4.15
[INFO] [stderr]    Compiling crossbeam-deque v0.8.6
[INFO] [stderr]    Compiling weezl v0.1.12
[INFO] [stderr]    Compiling noop_proc_macro v0.3.0
[INFO] [stderr]    Compiling loop9 v0.1.5
[INFO] [stderr]    Compiling libloading v0.8.9
[INFO] [stderr]    Compiling zune-jpeg v0.4.21
[INFO] [stderr]    Compiling avif-serialize v0.8.6
[INFO] [stderr]    Compiling jobserver v0.1.34
[INFO] [stderr]    Compiling fdeflate v0.3.7
[INFO] [stderr]    Compiling zune-inflate v0.2.54
[INFO] [stderr]    Compiling cc v1.2.45
[INFO] [stderr]    Compiling nasm-rs v0.3.1
[INFO] [stderr]    Compiling getrandom v0.2.16
[INFO] [stderr]    Compiling rayon v1.11.0
[INFO] [stderr]    Compiling nom v7.1.3
[INFO] [stderr]    Compiling color_quant v1.1.0
[INFO] [stderr]    Compiling home v0.5.12
[INFO] [stderr]    Compiling bindgen v0.65.1
[INFO] [stderr]    Compiling bit_field v0.10.3
[INFO] [stderr]    Compiling lebe v0.5.3
[INFO] [stderr]    Compiling byteorder-lite v0.1.0
[INFO] [stderr]    Compiling gif v0.13.3
[INFO] [stderr]    Compiling png v0.18.0
[INFO] [stderr]    Compiling qoi v0.4.1
[INFO] [stderr]    Compiling image-webp v0.2.4
[INFO] [stderr]    Compiling lazycell v1.3.0
[INFO] [stderr]    Compiling rustc-hash v1.1.0
[INFO] [stderr]    Compiling peeking_take_while v0.1.2
[INFO] [stderr]    Compiling thiserror v2.0.17
[INFO] [stderr]    Compiling num-integer v0.1.46
[INFO] [stderr]    Compiling pxfm v0.1.25
[INFO] [stderr]    Compiling which v4.4.2
[INFO] [stderr]    Compiling num-bigint v0.4.6
[INFO] [stderr]    Compiling serde_core v1.0.228
[INFO] [stderr]    Compiling scopeguard v1.2.0
[INFO] [stderr]    Compiling bitflags v1.3.2
[INFO] [stderr]    Compiling lazy_static v1.5.0
[INFO] [stderr]    Compiling lock_api v0.4.14
[INFO] [stderr]    Compiling serde v1.0.228
[INFO] [stderr]    Compiling regex-automata v0.4.13
[INFO] [stderr]    Compiling signal-hook v0.3.18
[INFO] [stderr]    Compiling bytes v1.10.1
[INFO] [stderr]    Compiling parking_lot_core v0.9.12
[INFO] [stderr]    Compiling num-complex v0.4.6
[INFO] [stderr]    Compiling rand_core v0.6.4
[INFO] [stderr]    Compiling mozjpeg-sys v2.2.3
[INFO] [stderr]    Compiling signal-hook-registry v1.4.6
[INFO] [stderr]    Compiling matrixmultiply v0.3.10
[INFO] [stderr]    Compiling safe_arch v0.7.4
[INFO] [stderr]    Compiling typenum v1.19.0
[INFO] [stderr]    Compiling utf8parse v0.2.2
[INFO] [stderr]    Compiling cexpr v0.6.0
[INFO] [stderr]    Compiling anstyle-parse v0.2.7
[INFO] [stderr]    Compiling wide v0.7.33
[INFO] [stderr]    Compiling approx v0.5.1
[INFO] [stderr]    Compiling mio v0.8.11
[INFO] [stderr]    Compiling anstyle v1.0.13
[INFO] [stderr]    Compiling anstyle-query v1.1.5
[INFO] [stderr]    Compiling nokhwa-bindings-macos v0.2.3
[INFO] [stderr]    Compiling is_terminal_polyfill v1.70.2
[INFO] [stderr]    Compiling colorchoice v1.0.4
[INFO] [stderr]    Compiling equivalent v1.0.2
[INFO] [stderr]    Compiling rawpointer v0.2.1
[INFO] [stderr]    Compiling ttf-parser v0.25.1
[INFO] [stderr]    Compiling hashbrown v0.16.0
[INFO] [stderr]    Compiling num-rational v0.4.2
[INFO] [stderr]    Compiling maybe-rayon v0.1.1
[INFO] [stderr]    Compiling signal-hook-mio v0.2.5
[INFO] [stderr]    Compiling anstream v0.6.21
[INFO] [stderr]    Compiling parking_lot v0.12.5
[INFO] [stderr]    Compiling regex v1.12.2
[INFO] [stderr]    Compiling indexmap v2.12.0
[INFO] [stderr]    Compiling spin v0.9.8
[INFO] [stderr]    Compiling num-iter v0.1.45
[INFO] [stderr]    Compiling nanorand v0.7.0
[INFO] [stderr]    Compiling thread_local v1.1.9
[INFO] [stderr]    Compiling futures-sink v0.3.31
[INFO] [stderr]    Compiling winnow v0.7.13
[INFO] [stderr]    Compiling clap_lex v0.7.6
[INFO] [stderr]    Compiling strsim v0.11.1
[INFO] [stderr]    Compiling heck v0.5.0
[INFO] [stderr]    Compiling toml_write v0.1.2
[INFO] [stderr]    Compiling moxcms v0.7.9
[INFO] [stderr]    Compiling byteorder v1.5.0
[INFO] [stderr]    Compiling option-ext v0.2.0
[INFO] [stderr]    Compiling ab_glyph_rasterizer v0.1.10
[INFO] [stderr]    Compiling unicode-segmentation v1.12.0
[INFO] [stderr]    Compiling futures-core v0.3.31
[INFO] [stderr]    Compiling dirs-sys v0.4.1
[INFO] [stderr]    Compiling simba v0.8.1
[INFO] [stderr]    Compiling flume v0.11.1
[INFO] [stderr]    Compiling clap_builder v4.5.51
[INFO] [stderr]    Compiling fxhash v0.2.1
[INFO] [stderr]    Compiling fuzzy-matcher v0.3.7
[INFO] [stderr]    Compiling newline-converter v0.3.0
[INFO] [stderr]    Compiling num v0.4.3
[INFO] [stderr]    Compiling crossterm v0.25.0
[INFO] [stderr]    Compiling dyn-clone v1.0.20
[INFO] [stderr]    Compiling unicode-width v0.1.14
[INFO] [stderr]    Compiling directories v5.0.1
[INFO] [stderr]    Compiling zerocopy-derive v0.8.27
[INFO] [stderr]    Compiling equator-macro v0.4.2
[INFO] [stderr]    Compiling profiling-procmacros v1.0.17
[INFO] [stderr]    Compiling thiserror-impl v1.0.69
[INFO] [stderr]    Compiling arg_enum_proc_macro v0.3.4
[INFO] [stderr]    Compiling fax_derive v0.2.0
[INFO] [stderr]    Compiling profiling v1.0.17
[INFO] [stderr]    Compiling num-derive v0.4.2
[INFO] [stderr]    Compiling thiserror-impl v2.0.17
[INFO] [stderr]    Compiling equator v0.4.2
[INFO] [stderr]    Compiling serde_derive v1.0.228
[INFO] [stderr]    Compiling clap_derive v4.5.49
[INFO] [stderr]    Compiling fax v0.2.6
[INFO] [stderr]    Compiling aligned-vec v0.6.4
[INFO] [stderr]    Compiling v_frame v0.3.9
[INFO] [stderr]    Compiling owned_ttf_parser v0.25.1
[INFO] [stderr]    Compiling ab_glyph v0.2.32
[INFO] [stderr]    Compiling inquire v0.7.5
[INFO] [stderr]    Compiling av1-grain v0.2.5
[INFO] [stderr]    Compiling clap v4.5.51
[INFO] [stderr]    Compiling half v2.7.1
[INFO] [stderr]    Compiling ppv-lite86 v0.2.21
[INFO] [stderr]    Compiling v4l2-sys-mit v0.3.0
[INFO] [stderr]    Compiling rand_chacha v0.3.1
[INFO] [stderr]    Compiling exr v1.74.0
[INFO] [stderr]    Compiling tiff v0.10.3
[INFO] [stderr]    Compiling rand v0.8.5
[INFO] [stderr]    Compiling serde_spanned v0.6.9
[INFO] [stderr]    Compiling toml_datetime v0.6.11
[INFO] [stderr]    Compiling toml_edit v0.22.27
[INFO] [stderr]    Compiling rand_distr v0.4.3
[INFO] [stderr]    Compiling nalgebra v0.32.6
[INFO] [stderr]    Compiling v4l v0.14.0
[INFO] [stderr]    Compiling mozjpeg v0.10.13
[INFO] [stderr]    Compiling ravif v0.11.20
[INFO] [stderr]    Compiling toml v0.8.23
[INFO] [stderr]    Compiling image v0.25.8
[INFO] [stderr]    Compiling nokhwa-core v0.1.8
[INFO] [stderr]    Compiling nokhwa-bindings-linux v0.1.3
[INFO] [stderr]    Compiling nokhwa-bindings-windows v0.4.5
[INFO] [stderr]    Compiling imageproc v0.25.0
[INFO] [stderr]    Compiling nokhwa v0.10.10
[INFO] [stderr]    Compiling git-selfies v0.0.1 (/opt/rustwide/workdir)
[INFO] [stderr] warning: unused dependency `directories`
[INFO] [stderr]   --> Cargo.toml:15:15
[INFO] [stderr]    |
[INFO] [stderr] 15 | [dependencies.directories]
[INFO] [stderr]    |               ^^^^^^^^^^^^
[INFO] [stderr]    |
[INFO] [stderr]    = note: `cargo::unused_dependencies` is set to `warn` by default
[INFO] [stderr] help: consider removing the dependency on `directories`
[INFO] [stderr] warning: `git-selfies` (manifest) generated 1 warning
[INFO] [stderr]     Finished `release` profile [optimized] target(s) in 4m 29s
[INFO] running `Command { std: "docker" "inspect" "78f38b32df716fd6f1f695a4ac00ab85041a3368347603dcbe5808e57590494d", kill_on_drop: false }`
[INFO] running `Command { std: "docker" "exec" "-e" "SOURCE_DIR=/opt/rustwide/workdir" "-e" "CARGO_HOME=/opt/rustwide/cargo-home" "-e" "RUSTUP_HOME=/opt/rustwide/rustup-home" "-e" "CARGO_TARGET_DIR=/opt/rustwide/target" "-e" "CARGO_INCREMENTAL=0" "-e" "RUST_BACKTRACE=full" "-e" "RUSTFLAGS=--cap-lints=warn" "-e" "RUSTDOCFLAGS=--cap-lints=warn" "-w" "/opt/rustwide/workdir" "--user" "0:0" "78f38b32df716fd6f1f695a4ac00ab85041a3368347603dcbe5808e57590494d" "/opt/rustwide/cargo-home/bin/cargo" "+1.100.0-beta.1" "test" "--frozen" "--no-run" "--message-format=json" "--release", kill_on_drop: false }`
[INFO] [stderr]    Compiling git-selfies v0.0.1 (/opt/rustwide/workdir)
[INFO] [stderr] warning: unused dependency `directories`
[INFO] [stderr]   --> Cargo.toml:15:15
[INFO] [stderr]    |
[INFO] [stderr] 15 | [dependencies.directories]
[INFO] [stderr]    |               ^^^^^^^^^^^^
[INFO] [stderr]    |
[INFO] [stderr]    = note: `cargo::unused_dependencies` is set to `warn` by default
[INFO] [stderr] help: consider removing the dependency on `directories`
[INFO] [stderr] warning: `git-selfies` (manifest) generated 1 warning
[INFO] [stderr]     Finished `release` profile [optimized] target(s) in 1m 50s
[INFO] running `Command { std: "docker" "inspect" "78f38b32df716fd6f1f695a4ac00ab85041a3368347603dcbe5808e57590494d", kill_on_drop: false }`
[INFO] running `Command { std: "docker" "exec" "-e" "SOURCE_DIR=/opt/rustwide/workdir" "-e" "CARGO_HOME=/opt/rustwide/cargo-home" "-e" "RUSTUP_HOME=/opt/rustwide/rustup-home" "-e" "CARGO_TARGET_DIR=/opt/rustwide/target" "-e" "CARGO_INCREMENTAL=0" "-e" "RUST_BACKTRACE=full" "-e" "RUSTFLAGS=--cap-lints=warn" "-e" "RUSTDOCFLAGS=--cap-lints=warn" "-w" "/opt/rustwide/workdir" "--user" "0:0" "78f38b32df716fd6f1f695a4ac00ab85041a3368347603dcbe5808e57590494d" "/opt/rustwide/cargo-home/bin/cargo" "+1.100.0-beta.1" "test" "--frozen" "--release", kill_on_drop: false }`
[INFO] [stderr] warning: unused dependency `directories`
[INFO] [stderr]   --> Cargo.toml:15:15
[INFO] [stderr]    |
[INFO] [stderr] 15 | [dependencies.directories]
[INFO] [stderr]    |               ^^^^^^^^^^^^
[INFO] [stderr]    |
[INFO] [stderr]    = note: `cargo::unused_dependencies` is set to `warn` by default
[INFO] [stderr] help: consider removing the dependency on `directories`
[INFO] [stderr] warning: `git-selfies` (manifest) generated 1 warning
[INFO] [stderr]     Finished `release` profile [optimized] target(s) in 0.22s
[INFO] [stderr]      Running unittests src/main.rs (/opt/rustwide/target/release/build/git-selfies/10c2ad2daff84f5d/out/git_selfies-10c2ad2daff84f5d)
[INFO] [stdout] 
[INFO] [stdout] running 65 tests
[INFO] [stdout] test capture::tests::test_determine_camera_index_uses_configured_index ... ok
[INFO] [stdout] test capture::tests::test_mock_camera_empty_camera_list ... ok
[INFO] [stdout] test annotate::tests::test_font_data_is_valid ... ok
[INFO] [stdout] test capture::tests::test_mock_camera_enumerate_error ... ok
[INFO] [stdout] test capture::tests::test_determine_camera_index_defaults_to_zero ... ok
[INFO] [stdout] test capture::tests::test_camera_capture_trait_as_dyn_object ... ok
[INFO] [stdout] test capture::tests::test_mock_camera_capture_error ... ok
[INFO] [stdout] test capture::tests::test_determine_camera_index_prefers_index_over_name ... ok
[INFO] [stdout] test capture::tests::test_determine_camera_index_uses_configured_name ... ok
[INFO] [stdout] test capture::tests::test_mock_camera_returns_configured_cameras ... ok
[INFO] [stdout] test annotate::tests::test_add_text_with_small_image_draws_text ... ok
[INFO] [stdout] test config::tests::test_config_creates_directory ... ok
[INFO] [stdout] test config::tests::test_config_serialization ... ok
[INFO] [stdout] test config::tests::test_config_default ... ok
[INFO] [stdout] test config::tests::test_config_partial_deserialization ... ok
[INFO] [stdout] test capture::tests::test_mock_camera_returns_configured_image ... ok
[INFO] [stdout] test config::tests::test_config_deserialization_with_defaults ... ok
[INFO] [stdout] test config::tests::test_get_global_config_path ... ok
[INFO] [stdout] test capture::tests::test_mock_camera_with_custom_cameras ... ok
[INFO] [stdout] test config::tests::test_get_global_config_dir ... ok
[INFO] [stdout] test config::tests::test_config_deserialization ... ok
[INFO] [stdout] test annotate::tests::test_add_text_returns_image ... ok
[INFO] [stdout] test annotate::tests::test_add_text_with_unicode_draws_text ... ok
[INFO] [stdout] test annotate::tests::test_add_text_with_empty_message_still_draws_sha ... ok
[INFO] [stdout] test annotate::tests::test_add_text_modifies_image ... ok
[INFO] [stdout] test annotate::tests::test_add_text_with_special_characters_draws_text ... ok
[INFO] [stdout] test config::tests::test_save_global_config_writes_correct_content ... ok
[INFO] [stdout] test git::tests::test_not_in_git_repo ... ok
[INFO] [stdout] test annotate::tests::test_add_text_with_newlines_draws_text ... ok
[INFO] [stdout] test config::tests::test_load_config_reads_global_config ... FAILED
[INFO] [stdout] test git::tests::test_get_repo_name ... ok
[INFO] [stdout] test annotate::tests::test_add_text_with_long_message_draws_text ... ok
[INFO] [stdout] test config::tests::test_load_config_defaults_when_no_config_exists ... FAILED
[INFO] [stdout] test hook::tests::test_enable_creates_hook ... ok
[INFO] [stdout] test hook::tests::test_generate_hook_script_contains_marker ... ok
[INFO] [stdout] test hook::tests::test_generate_hook_script_contains_shebang ... ok
[INFO] [stdout] test annotate::tests::test_add_text_preserves_dimensions ... ok
[INFO] [stdout] test hook::tests::test_generate_hook_script_respects_disabled_env ... ok
[INFO] [stdout] test hook::tests::test_generate_hook_script_skips_rebase ... ok
[INFO] [stdout] test hook::tests::test_disable_removes_hook ... ok
[INFO] [stdout] test hook::tests::test_enable_fails_with_existing_non_selfies_hook ... ok
[INFO] [stdout] test git::tests::test_get_repo_root ... ok
[INFO] [stdout] test storage::tests::test_get_base_dir ... ok
[INFO] [stdout] test storage::tests::test_filename_uses_short_sha ... ok
[INFO] [stdout] test hook::tests::test_disable_when_no_hook_exists ... FAILED
[INFO] [stdout] test git::tests::test_get_short_sha ... ok
[INFO] [stdout] test git::tests::test_get_commit_message ... FAILED
[INFO] [stdout] test git::tests::test_short_sha_matches_full_sha_prefix ... FAILED
[INFO] [stdout] test git::tests::test_get_commit_sha ... ok
[INFO] [stdout] test storage::tests::test_get_repo_storage_dir ... ok
[INFO] [stdout] test testutil::tests::test_unique_id_increments ... ok
[INFO] [stdout] test hook::tests::test_enable_hook_content ... FAILED
[INFO] [stdout] test hook::tests::test_disable_fails_with_non_selfies_hook ... FAILED
[INFO] [stdout] test git::tests::test_get_commit_info ... FAILED
[INFO] [stdout] test storage::tests::test_save_image ... FAILED
[INFO] [stdout] test config::tests::test_load_config_local_overrides_global ... FAILED
[INFO] [stdout] test testutil::tests::test_create_test_git_info_sha_length ... ok
[INFO] [stdout] test storage::tests::test_save_image_creates_directories ... ok
[INFO] [stdout] test hook::tests::test_enable_hook_is_executable ... ok
[INFO] [stdout] test testutil::tests::test_with_temp_home_restores_home ... FAILED
[INFO] [stdout] test storage::tests::test_save_multiple_images ... ok
[INFO] [stdout] test hook::tests::test_enable_twice_is_idempotent ... FAILED
[INFO] [stdout] test testutil::tests::test_temp_git_repo_creates_directory ... ok
[INFO] [stdout] test hook::tests::test_hook_path_location ... FAILED
[INFO] [stdout] test testutil::tests::test_temp_git_repo_cleanup ... ok
[INFO] [stdout] 
[INFO] [stdout] failures:
[INFO] [stdout] 
[INFO] [stdout] ---- config::tests::test_load_config_reads_global_config stdout ----
[INFO] [stdout] 
[INFO] [stdout] thread 'config::tests::test_load_config_reads_global_config' (3153) panicked at src/testutil.rs:161:49:
[INFO] [stdout] Failed to restore original directory: Os { code: 2, kind: NotFound, message: "No such file or directory" }
[INFO] [stdout] stack backtrace:
[INFO] [stdout]    0:     0x5e1ef8e20d15 - <unknown>
[INFO] [stdout]    1:     0x5e1ef8c46d7a - <unknown>
[INFO] [stdout]    2:     0x5e1ef8e203ab - <unknown>
[INFO] [stdout]    3:     0x5e1ef8e1fe8f - <unknown>
[INFO] [stdout]    4:     0x5e1ef8e1faba - <unknown>
[INFO] [stdout]    5:     0x5e1ef8e1f5f5 - <unknown>
[INFO] [stdout]    6:     0x5e1ef8e466f1 - <unknown>
[INFO] [stdout]    7:     0x5e1ef8e466a9 - <unknown>
[INFO] [stdout]    8:     0x5e1ef8e46bac - <unknown>
[INFO] [stdout]    9:     0x5e1ef8c46c0b - <unknown>
[INFO] [stdout]   10:     0x5e1ef8c4a881 - <unknown>
[INFO] [stdout]   11:     0x5e1ef8c31e38 - <unknown>
[INFO] [stdout]   12:     0x5e1ef8e64dfb - <unknown>
[INFO] [stdout]   13:     0x5e1ef8e60dc1 - <unknown>
[INFO] [stdout]   14:     0x5e1ef8e605ac - <unknown>
[INFO] [stdout]   15:     0x5e1ef8e7dfbc - <unknown>
[INFO] [stdout]   16:     0x5e1ef8e48494 - <unknown>
[INFO] [stdout]   17:     0x7ba2d5148dfa - <unknown>
[INFO] [stdout]   18:     0x7ba2d51dc3d4 - clone
[INFO] [stdout]   19:                0x0 - <unknown>
[INFO] [stdout] 
[INFO] [stdout] ---- config::tests::test_load_config_defaults_when_no_config_exists stdout ----
[INFO] [stdout] 
[INFO] [stdout] thread 'config::tests::test_load_config_defaults_when_no_config_exists' (3151) panicked at src/config.rs:367:17:
[INFO] [stdout] Default should be enabled=true
[INFO] [stdout] stack backtrace:
[INFO] [stdout]    0:     0x5e1ef8e20d15 - <unknown>
[INFO] [stdout]    1:     0x5e1ef8c46d7a - <unknown>
[INFO] [stdout]    2:     0x5e1ef8e203ab - <unknown>
[INFO] [stdout]    3:     0x5e1ef8e1fe8f - <unknown>
[INFO] [stdout]    4:     0x5e1ef8e1faba - <unknown>
[INFO] [stdout]    5:     0x5e1ef8e1f5f5 - <unknown>
[INFO] [stderr] error: test failed, to rerun pass `--bin git-selfies`
[INFO] [stdout]    6:     0x5e1ef8e46722 - <unknown>
[INFO] [stdout]    7:     0x5e1ef8e466a9 - <unknown>
[INFO] [stdout]    8:     0x5e1ef8e46bac - <unknown>
[INFO] [stdout]    9:     0x5e1ef8c46c0b - <unknown>
[INFO] [stdout]   10:     0x5e1ef8c33cff - <unknown>
[INFO] [stdout]   11:     0x5e1ef8e64dfb - <unknown>
[INFO] [stdout]   12:     0x5e1ef8e60dc1 - <unknown>
[INFO] [stdout]   13:     0x5e1ef8e605ac - <unknown>
[INFO] [stdout]   14:     0x5e1ef8e7dfbc - <unknown>
[INFO] [stdout]   15:     0x5e1ef8e48494 - <unknown>
[INFO] [stdout]   16:     0x7ba2d5148dfa - <unknown>
[INFO] [stdout]   17:     0x7ba2d51dc3d4 - clone
[INFO] [stdout]   18:                0x0 - <unknown>
[INFO] [stdout] 
[INFO] [stdout] ---- hook::tests::test_disable_when_no_hook_exists stdout ----
[INFO] [stdout] 
[INFO] [stdout] thread 'hook::tests::test_disable_when_no_hook_exists' (3186) panicked at src/hook.rs:261:23:
[INFO] [stdout] called `Result::unwrap()` on an `Err` value: Not in a git repository
[INFO] [stdout] 
[INFO] [stdout] Stack backtrace:
[INFO] [stdout]    0: <unknown>
[INFO] [stdout]    1: <unknown>
[INFO] [stdout]    2: <unknown>
[INFO] [stdout]    3: <unknown>
[INFO] [stdout]    4: <unknown>
[INFO] [stdout]    5: <unknown>
[INFO] [stdout]    6: <unknown>
[INFO] [stdout]    7: <unknown>
[INFO] [stdout]    8: <unknown>
[INFO] [stdout]    9: <unknown>
[INFO] [stdout]   10: <unknown>
[INFO] [stdout]   11: clone
[INFO] [stdout] stack backtrace:
[INFO] [stdout]    0:     0x5e1ef8e20d15 - <unknown>
[INFO] [stdout]    1:     0x5e1ef8c46d7a - <unknown>
[INFO] [stdout]    2:     0x5e1ef8e203ab - <unknown>
[INFO] [stdout]    3:     0x5e1ef8e1fe8f - <unknown>
[INFO] [stdout]    4:     0x5e1ef8e1faba - <unknown>
[INFO] [stdout]    5:     0x5e1ef8e1f5f5 - <unknown>
[INFO] [stdout]    6:     0x5e1ef8e466f1 - <unknown>
[INFO] [stdout]    7:     0x5e1ef8e466a9 - <unknown>
[INFO] [stdout]    8:     0x5e1ef8e46bac - <unknown>
[INFO] [stdout]    9:     0x5e1ef8c46c0b - <unknown>
[INFO] [stdout]   10:     0x5e1ef8c4a881 - <unknown>
[INFO] [stdout]   11:     0x5e1ef8c2f24f - <unknown>
[INFO] [stdout]   12:     0x5e1ef8e64dfb - <unknown>
[INFO] [stdout]   13:     0x5e1ef8e60dc1 - <unknown>
[INFO] [stdout]   14:     0x5e1ef8e605ac - <unknown>
[INFO] [stdout]   15:     0x5e1ef8e7dfbc - <unknown>
[INFO] [stdout]   16:     0x5e1ef8e48494 - <unknown>
[INFO] [stdout]   17:     0x7ba2d5148dfa - <unknown>
[INFO] [stdout]   18:     0x7ba2d51dc3d4 - clone
[INFO] [stdout]   19:                0x0 - <unknown>
[INFO] [stdout] 
[INFO] [stdout] ---- git::tests::test_get_commit_message stdout ----
[INFO] [stdout] 
[INFO] [stdout] thread 'git::tests::test_get_commit_message' (3157) panicked at src/testutil.rs:158:52:
[INFO] [stdout] Failed to get current directory: Os { code: 2, kind: NotFound, message: "No such file or directory" }
[INFO] [stdout] stack backtrace:
[INFO] [stdout]    0:     0x5e1ef8e20d15 - <unknown>
[INFO] [stdout]    1:     0x5e1ef8c46d7a - <unknown>
[INFO] [stdout]    2:     0x5e1ef8e203ab - <unknown>
[INFO] [stdout]    3:     0x5e1ef8e1fe8f - <unknown>
[INFO] [stdout]    4:     0x5e1ef8e1faba - <unknown>
[INFO] [stdout]    5:     0x5e1ef8e1f5f5 - <unknown>
[INFO] [stdout]    6:     0x5e1ef8e466f1 - <unknown>
[INFO] [stdout]    7:     0x5e1ef8e466a9 - <unknown>
[INFO] [stdout]    8:     0x5e1ef8e46bac - <unknown>
[INFO] [stdout]    9:     0x5e1ef8c46c0b - <unknown>
[INFO] [stdout]   10:     0x5e1ef8c4a881 - <unknown>
[INFO] [stdout]   11:     0x5e1ef8c2cf46 - <unknown>
[INFO] [stdout]   12:     0x5e1ef8e64dfb - <unknown>
[INFO] [stdout]   13:     0x5e1ef8e60dc1 - <unknown>
[INFO] [stdout]   14:     0x5e1ef8e605ac - <unknown>
[INFO] [stdout]   15:     0x5e1ef8e7dfbc - <unknown>
[INFO] [stdout]   16:     0x5e1ef8e48494 - <unknown>
[INFO] [stdout]   17:     0x7ba2d5148dfa - <unknown>
[INFO] [stdout]   18:     0x7ba2d51dc3d4 - clone
[INFO] [stdout]   19:                0x0 - <unknown>
[INFO] [stdout] 
[INFO] [stdout] ---- git::tests::test_short_sha_matches_full_sha_prefix stdout ----
[INFO] [stdout] 
[INFO] [stdout] thread 'git::tests::test_short_sha_matches_full_sha_prefix' (3165) panicked at src/git.rs:219:13:
[INFO] [stdout] assertion failed: sha.starts_with(&short_sha)
[INFO] [stdout] stack backtrace:
[INFO] [stdout]    0:     0x5e1ef8e20d15 - <unknown>
[INFO] [stdout]    1:     0x5e1ef8c46d7a - <unknown>
[INFO] [stdout]    2:     0x5e1ef8e203ab - <unknown>
[INFO] [stdout]    3:     0x5e1ef8e1fe8f - <unknown>
[INFO] [stdout]    4:     0x5e1ef8e1faba - <unknown>
[INFO] [stdout]    5:     0x5e1ef8e1f5f5 - <unknown>
[INFO] [stdout]    6:     0x5e1ef8e46722 - <unknown>
[INFO] [stdout]    7:     0x5e1ef8e466a9 - <unknown>
[INFO] [stdout]    8:     0x5e1ef8e46bac - <unknown>
[INFO] [stdout]    9:     0x5e1ef8c46c0b - <unknown>
[INFO] [stdout]   10:     0x5e1ef8c484b1 - <unknown>
[INFO] [stdout]   11:     0x5e1ef8c2d357 - <unknown>
[INFO] [stdout]   12:     0x5e1ef8e64dfb - <unknown>
[INFO] [stdout]   13:     0x5e1ef8e60dc1 - <unknown>
[INFO] [stdout]   14:     0x5e1ef8e605ac - <unknown>
[INFO] [stdout]   15:     0x5e1ef8e7dfbc - <unknown>
[INFO] [stdout]   16:     0x5e1ef8e48494 - <unknown>
[INFO] [stdout]   17:     0x7ba2d5148dfa - <unknown>
[INFO] [stdout]   18:     0x7ba2d51dc3d4 - clone
[INFO] [stdout]   19:                0x0 - <unknown>
[INFO] [stdout] 
[INFO] [stdout] ---- hook::tests::test_enable_hook_content stdout ----
[INFO] [stdout] 
[INFO] [stdout] thread 'hook::tests::test_enable_hook_content' (3210) panicked at src/hook.rs:173:22:
[INFO] [stdout] called `Result::unwrap()` on an `Err` value: Not in a git repository
[INFO] [stdout] 
[INFO] [stdout] Stack backtrace:
[INFO] [stdout]    0: <unknown>
[INFO] [stdout]    1: <unknown>
[INFO] [stdout]    2: <unknown>
[INFO] [stdout]    3: <unknown>
[INFO] [stdout]    4: <unknown>
[INFO] [stdout]    5: <unknown>
[INFO] [stdout]    6: <unknown>
[INFO] [stdout]    7: <unknown>
[INFO] [stdout]    8: <unknown>
[INFO] [stdout]    9: <unknown>
[INFO] [stdout]   10: <unknown>
[INFO] [stdout]   11: clone
[INFO] [stdout] stack backtrace:
[INFO] [stdout]    0:     0x5e1ef8e20d15 - <unknown>
[INFO] [stdout]    1:     0x5e1ef8c46d7a - <unknown>
[INFO] [stdout]    2:     0x5e1ef8e203ab - <unknown>
[INFO] [stdout]    3:     0x5e1ef8e1fe8f - <unknown>
[INFO] [stdout]    4:     0x5e1ef8e1faba - <unknown>
[INFO] [stdout]    5:     0x5e1ef8e1f5f5 - <unknown>
[INFO] [stdout]    6:     0x5e1ef8e466f1 - <unknown>
[INFO] [stdout]    7:     0x5e1ef8e466a9 - <unknown>
[INFO] [stdout]    8:     0x5e1ef8e46bac - <unknown>
[INFO] [stdout]    9:     0x5e1ef8c46c0b - <unknown>
[INFO] [stdout]   10:     0x5e1ef8c4a881 - <unknown>
[INFO] [stdout]   11:     0x5e1ef8c2e18f - <unknown>
[INFO] [stdout]   12:     0x5e1ef8e64dfb - <unknown>
[INFO] [stdout]   13:     0x5e1ef8e60dc1 - <unknown>
[INFO] [stdout]   14:     0x5e1ef8e605ac - <unknown>
[INFO] [stdout]   15:     0x5e1ef8e7dfbc - <unknown>
[INFO] [stdout]   16:     0x5e1ef8e48494 - <unknown>
[INFO] [stdout]   17:     0x7ba2d5148dfa - <unknown>
[INFO] [stdout]   18:     0x7ba2d51dc3d4 - clone
[INFO] [stdout]   19:                0x0 - <unknown>
[INFO] [stdout] 
[INFO] [stdout] ---- hook::tests::test_disable_fails_with_non_selfies_hook stdout ----
[INFO] [stdout] ℹ️  No git-selfies hook found
[INFO] [stdout] 
[INFO] [stdout] thread 'hook::tests::test_disable_fails_with_non_selfies_hook' (3184) panicked at src/hook.rs:276:13:
[INFO] [stdout] assertion failed: result.is_err()
[INFO] [stdout] stack backtrace:
[INFO] [stdout]    0:     0x5e1ef8e20d15 - <unknown>
[INFO] [stdout]    1:     0x5e1ef8c46d7a - <unknown>
[INFO] [stdout]    2:     0x5e1ef8e203ab - <unknown>
[INFO] [stdout]    3:     0x5e1ef8e1fe8f - <unknown>
[INFO] [stdout]    4:     0x5e1ef8e1faba - <unknown>
[INFO] [stdout]    5:     0x5e1ef8e1f5f5 - <unknown>
[INFO] [stdout]    6:     0x5e1ef8e46722 - <unknown>
[INFO] [stdout]    7:     0x5e1ef8e466a9 - <unknown>
[INFO] [stdout]    8:     0x5e1ef8e46bac - <unknown>
[INFO] [stdout]    9:     0x5e1ef8c46c0b - <unknown>
[INFO] [stdout]   10:     0x5e1ef8c484b1 - <unknown>
[INFO] [stdout]   11:     0x5e1ef8c2f744 - <unknown>
[INFO] [stdout]   12:     0x5e1ef8e64dfb - <unknown>
[INFO] [stdout]   13:     0x5e1ef8e60dc1 - <unknown>
[INFO] [stdout]   14:     0x5e1ef8e605ac - <unknown>
[INFO] [stdout]   15:     0x5e1ef8e7dfbc - <unknown>
[INFO] [stdout]   16:     0x5e1ef8e48494 - <unknown>
[INFO] [stdout]   17:     0x7ba2d5148dfa - <unknown>
[INFO] [stdout]   18:     0x7ba2d51dc3d4 - clone
[INFO] [stdout]   19:                0x0 - <unknown>
[INFO] [stdout] 
[INFO] [stdout] ---- git::tests::test_get_commit_info stdout ----
[INFO] [stdout] 
[INFO] [stdout] thread 'git::tests::test_get_commit_info' (3156) panicked at src/git.rs:198:42:
[INFO] [stdout] called `Result::unwrap()` on an `Err` value: Failed to get commit SHA - no commits yet?
[INFO] [stdout] 
[INFO] [stdout] Stack backtrace:
[INFO] [stdout]    0: <unknown>
[INFO] [stdout]    1: <unknown>
[INFO] [stdout]    2: <unknown>
[INFO] [stdout]    3: <unknown>
[INFO] [stdout]    4: <unknown>
[INFO] [stdout]    5: <unknown>
[INFO] [stdout]    6: <unknown>
[INFO] [stdout]    7: <unknown>
[INFO] [stdout]    8: <unknown>
[INFO] [stdout]    9: clone
[INFO] [stdout] stack backtrace:
[INFO] [stdout]    0:     0x5e1ef8e20d15 - <unknown>
[INFO] [stdout]    1:     0x5e1ef8c46d7a - <unknown>
[INFO] [stdout]    2:     0x5e1ef8e203ab - <unknown>
[INFO] [stdout]    3:     0x5e1ef8e1fe8f - <unknown>
[INFO] [stdout]    4:     0x5e1ef8e1faba - <unknown>
[INFO] [stdout]    5:     0x5e1ef8e1f5f5 - <unknown>
[INFO] [stdout]    6:     0x5e1ef8e466f1 - <unknown>
[INFO] [stdout]    7:     0x5e1ef8e466a9 - <unknown>
[INFO] [stdout]    8:     0x5e1ef8e46bac - <unknown>
[INFO] [stdout]    9:     0x5e1ef8c46c0b - <unknown>
[INFO] [stdout]   10:     0x5e1ef8c4a881 - <unknown>
[INFO] [stdout]   11:     0x5e1ef8c2c738 - <unknown>
[INFO] [stdout]   12:     0x5e1ef8e64dfb - <unknown>
[INFO] [stdout]   13:     0x5e1ef8e60dc1 - <unknown>
[INFO] [stdout]   14:     0x5e1ef8e605ac - <unknown>
[INFO] [stdout]   15:     0x5e1ef8e7dfbc - <unknown>
[INFO] [stdout]   16:     0x5e1ef8e48494 - <unknown>
[INFO] [stdout]   17:     0x7ba2d5148dfa - <unknown>
[INFO] [stdout]   18:     0x7ba2d51dc3d4 - clone
[INFO] [stdout]   19:                0x0 - <unknown>
[INFO] [stdout] 
[INFO] [stdout] ---- storage::tests::test_save_image stdout ----
[INFO] [stdout] 
[INFO] [stdout] thread 'storage::tests::test_save_image' (3260) panicked at src/storage.rs:190:13:
[INFO] [stdout] assertion `left == right` failed
[INFO] [stdout]   left: "/tmp/git-selfies-home-test-3121-34/.git-selfies/test-repo/abc1234.jpg"
[INFO] [stdout]  right: "/tmp/git-selfies-home-test-3121-30/.git-selfies/test-repo/abc1234.jpg"
[INFO] [stdout] stack backtrace:
[INFO] [stdout]    0:     0x5e1ef8e20d15 - <unknown>
[INFO] [stdout]    1:     0x5e1ef8c46d7a - <unknown>
[INFO] [stdout]    2:     0x5e1ef8e203ab - <unknown>
[INFO] [stdout]    3:     0x5e1ef8e1fe8f - <unknown>
[INFO] [stdout]    4:     0x5e1ef8e1faba - <unknown>
[INFO] [stdout]    5:     0x5e1ef8e1f5f5 - <unknown>
[INFO] [stdout]    6:     0x5e1ef8e466f1 - <unknown>
[INFO] [stdout]    7:     0x5e1ef8e466a9 - <unknown>
[INFO] [stdout]    8:     0x5e1ef8e46bac - <unknown>
[INFO] [stdout]    9:     0x5e1ef8c46c0b - <unknown>
[INFO] [stdout]   10:     0x5e1ef8c46b25 - <unknown>
[INFO] [stdout]   11:     0x5e1ef8ac6930 - <unknown>
[INFO] [stdout]   12:     0x5e1ef8c36666 - <unknown>
[INFO] [stdout]   13:     0x5e1ef8e64dfb - <unknown>
[INFO] [stdout]   14:     0x5e1ef8e60dc1 - <unknown>
[INFO] [stdout]   15:     0x5e1ef8e605ac - <unknown>
[INFO] [stdout]   16:     0x5e1ef8e7dfbc - <unknown>
[INFO] [stdout]   17:     0x5e1ef8e48494 - <unknown>
[INFO] [stdout]   18:     0x7ba2d5148dfa - <unknown>
[INFO] [stdout]   19:     0x7ba2d51dc3d4 - clone
[INFO] [stdout]   20:                0x0 - <unknown>
[INFO] [stdout] 
[INFO] [stdout] ---- config::tests::test_load_config_local_overrides_global stdout ----
[INFO] [stdout] 
[INFO] [stdout] thread 'config::tests::test_load_config_local_overrides_global' (3152) panicked at src/config.rs:342:17:
[INFO] [stdout] Local enabled should override global
[INFO] [stdout] stack backtrace:
[INFO] [stdout]    0:     0x5e1ef8e20d15 - <unknown>
[INFO] [stdout]    1:     0x5e1ef8c46d7a - <unknown>
[INFO] [stdout]    2:     0x5e1ef8e203ab - <unknown>
[INFO] [stdout]    3:     0x5e1ef8e1fe8f - <unknown>
[INFO] [stdout]    4:     0x5e1ef8e1faba - <unknown>
[INFO] [stdout]    5:     0x5e1ef8e1f5f5 - <unknown>
[INFO] [stdout]    6:     0x5e1ef8e46722 - <unknown>
[INFO] [stdout]    7:     0x5e1ef8e466a9 - <unknown>
[INFO] [stdout]    8:     0x5e1ef8e46bac - <unknown>
[INFO] [stdout]    9:     0x5e1ef8c46c0b - <unknown>
[INFO] [stdout]   10:     0x5e1ef8c328f7 - <unknown>
[INFO] [stdout]   11:     0x5e1ef8e64dfb - <unknown>
[INFO] [stdout]   12:     0x5e1ef8e60dc1 - <unknown>
[INFO] [stdout]   13:     0x5e1ef8e605ac - <unknown>
[INFO] [stdout]   14:     0x5e1ef8e7dfbc - <unknown>
[INFO] [stdout]   15:     0x5e1ef8e48494 - <unknown>
[INFO] [stdout]   16:     0x7ba2d5148dfa - <unknown>
[INFO] [stdout]   17:     0x7ba2d51dc3d4 - clone
[INFO] [stdout]   18:                0x0 - <unknown>
[INFO] [stdout] 
[INFO] [stdout] ---- testutil::tests::test_with_temp_home_restores_home stdout ----
[INFO] [stdout] 
[INFO] [stdout] thread 'testutil::tests::test_with_temp_home_restores_home' (3279) panicked at src/testutil.rs:296:9:
[INFO] [stdout] assertion `left == right` failed
[INFO] [stdout]   left: Some("/tmp/git-selfies-home-test-3121-34")
[INFO] [stdout]  right: Some("/tmp/git-selfies-home-test-3121-30")
[INFO] [stdout] stack backtrace:
[INFO] [stdout]    0:     0x5e1ef8e20d15 - <unknown>
[INFO] [stdout]    1:     0x5e1ef8c46d7a - <unknown>
[INFO] [stdout]    2:     0x5e1ef8e203ab - <unknown>
[INFO] [stdout]    3:     0x5e1ef8e1fe8f - <unknown>
[INFO] [stdout]    4:     0x5e1ef8e1faba - <unknown>
[INFO] [stdout]    5:     0x5e1ef8e1f5f5 - <unknown>
[INFO] [stdout]    6:     0x5e1ef8e466f1 - <unknown>
[INFO] [stdout]    7:     0x5e1ef8e466a9 - <unknown>
[INFO] [stdout]    8:     0x5e1ef8e46bac - <unknown>
[INFO] [stdout]    9:     0x5e1ef8c46c0b - <unknown>
[INFO] [stdout]   10:     0x5e1ef8c46b25 - <unknown>
[INFO] [stdout]   11:     0x5e1ef8ac6828 - <unknown>
[INFO] [stdout]   12:     0x5e1ef8c3c3b4 - <unknown>
[INFO] [stdout]   13:     0x5e1ef8e64dfb - <unknown>
[INFO] [stdout]   14:     0x5e1ef8e60dc1 - <unknown>
[INFO] [stdout]   15:     0x5e1ef8e605ac - <unknown>
[INFO] [stdout]   16:     0x5e1ef8e7dfbc - <unknown>
[INFO] [stdout]   17:     0x5e1ef8e48494 - <unknown>
[INFO] [stdout]   18:     0x7ba2d5148dfa - <unknown>
[INFO] [stdout]   19:     0x7ba2d51dc3d4 - clone
[INFO] [stdout]   20:                0x0 - <unknown>
[INFO] [stdout] 
[INFO] [stdout] ---- hook::tests::test_enable_twice_is_idempotent stdout ----
[INFO] [stdout] 
[INFO] [stdout] thread 'hook::tests::test_enable_twice_is_idempotent' (3234) panicked at src/testutil.rs:161:49:
[INFO] [stdout] Failed to restore original directory: Os { code: 2, kind: NotFound, message: "No such file or directory" }
[INFO] [stdout] stack backtrace:
[INFO] [stdout]    0:     0x5e1ef8e20d15 - <unknown>
[INFO] [stdout]    1:     0x5e1ef8c46d7a - <unknown>
[INFO] [stdout]    2:     0x5e1ef8e203ab - <unknown>
[INFO] [stdout]    3:     0x5e1ef8e1fe8f - <unknown>
[INFO] [stdout]    4:     0x5e1ef8e1faba - <unknown>
[INFO] [stdout]    5:     0x5e1ef8e1f5f5 - <unknown>
[INFO] [stdout]    6:     0x5e1ef8e466f1 - <unknown>
[INFO] [stdout]    7:     0x5e1ef8e466a9 - <unknown>
[INFO] [stdout]    8:     0x5e1ef8e46bac - <unknown>
[INFO] [stdout]    9:     0x5e1ef8c46c0b - <unknown>
[INFO] [stdout]   10:     0x5e1ef8c4a881 - <unknown>
[INFO] [stdout]   11:     0x5e1ef8c2ee72 - <unknown>
[INFO] [stdout]   12:     0x5e1ef8e64dfb - <unknown>
[INFO] [stdout]   13:     0x5e1ef8e60dc1 - <unknown>
[INFO] [stdout]   14:     0x5e1ef8e605ac - <unknown>
[INFO] [stdout]   15:     0x5e1ef8e7dfbc - <unknown>
[INFO] [stdout]   16:     0x5e1ef8e48494 - <unknown>
[INFO] [stdout]   17:     0x7ba2d5148dfa - <unknown>
[INFO] [stdout]   18:     0x7ba2d51dc3d4 - clone
[INFO] [stdout]   19:                0x0 - <unknown>
[INFO] [stdout] 
[INFO] [stdout] ---- hook::tests::test_hook_path_location stdout ----
[INFO] [stdout] 
[INFO] [stdout] thread 'hook::tests::test_hook_path_location' (3245) panicked at src/testutil.rs:161:49:
[INFO] [stdout] Failed to restore original directory: Os { code: 2, kind: NotFound, message: "No such file or directory" }
[INFO] [stdout] stack backtrace:
[INFO] [stdout]    0:     0x5e1ef8e20d15 - <unknown>
[INFO] [stdout]    1:     0x5e1ef8c46d7a - <unknown>
[INFO] [stdout]    2:     0x5e1ef8e203ab - <unknown>
[INFO] [stdout]    3:     0x5e1ef8e1fe8f - <unknown>
[INFO] [stdout]    4:     0x5e1ef8e1faba - <unknown>
[INFO] [stdout]    5:     0x5e1ef8e1f5f5 - <unknown>
[INFO] [stdout]    6:     0x5e1ef8e466f1 - <unknown>
[INFO] [stdout]    7:     0x5e1ef8e466a9 - <unknown>
[INFO] [stdout]    8:     0x5e1ef8e46bac - <unknown>
[INFO] [stdout]    9:     0x5e1ef8c46c0b - <unknown>
[INFO] [stdout]   10:     0x5e1ef8c4a881 - <unknown>
[INFO] [stdout]   11:     0x5e1ef8c2da47 - <unknown>
[INFO] [stdout]   12:     0x5e1ef8e64dfb - <unknown>
[INFO] [stdout]   13:     0x5e1ef8e60dc1 - <unknown>
[INFO] [stdout]   14:     0x5e1ef8e605ac - <unknown>
[INFO] [stdout]   15:     0x5e1ef8e7dfbc - <unknown>
[INFO] [stdout]   16:     0x5e1ef8e48494 - <unknown>
[INFO] [stdout]   17:     0x7ba2d5148dfa - <unknown>
[INFO] [stdout]   18:     0x7ba2d51dc3d4 - clone
[INFO] [stdout]   19:                0x0 - <unknown>
[INFO] [stdout] 
[INFO] [stdout] 
[INFO] [stdout] failures:
[INFO] [stdout]     config::tests::test_load_config_defaults_when_no_config_exists
[INFO] [stdout]     config::tests::test_load_config_local_overrides_global
[INFO] [stdout]     config::tests::test_load_config_reads_global_config
[INFO] [stdout]     git::tests::test_get_commit_info
[INFO] [stdout]     git::tests::test_get_commit_message
[INFO] [stdout]     git::tests::test_short_sha_matches_full_sha_prefix
[INFO] [stdout]     hook::tests::test_disable_fails_with_non_selfies_hook
[INFO] [stdout]     hook::tests::test_disable_when_no_hook_exists
[INFO] [stdout]     hook::tests::test_enable_hook_content
[INFO] [stdout]     hook::tests::test_enable_twice_is_idempotent
[INFO] [stdout]     hook::tests::test_hook_path_location
[INFO] [stdout]     storage::tests::test_save_image
[INFO] [stdout]     testutil::tests::test_with_temp_home_restores_home
[INFO] [stdout] 
[INFO] [stdout] test result: FAILED. 52 passed; 13 failed; 0 ignored; 0 measured; 0 filtered out; finished in 0.20s
[INFO] [stdout] 
[INFO] running `Command { std: "docker" "inspect" "78f38b32df716fd6f1f695a4ac00ab85041a3368347603dcbe5808e57590494d", kill_on_drop: false }`
[INFO] running `Command { std: "docker" "rm" "-f" "78f38b32df716fd6f1f695a4ac00ab85041a3368347603dcbe5808e57590494d", kill_on_drop: false }`
[INFO] [stdout] 78f38b32df716fd6f1f695a4ac00ab85041a3368347603dcbe5808e57590494d
