[INFO] fetching crate georaster 0.2.0...
[INFO] testing georaster-0.2.0 against 1.100.0-beta.1+cargoflags=--release for beta-release-1.100-2
[INFO] extracting crate georaster 0.2.0 into /workspace/builds/worker-7-tc2/source
[INFO] started tweaking crates.io crate georaster 0.2.0
[INFO] removed 0 missing examples
[INFO] removed 0 missing tests
[INFO] finished tweaking crates.io crate georaster 0.2.0
[INFO] tweaked toml for crates.io crate georaster 0.2.0 written to /workspace/builds/worker-7-tc2/source/Cargo.toml
[INFO] validating manifest of crates.io crate georaster 0.2.0 on toolchain 1.100.0-beta.1
[INFO] running `Command { std: CARGO_HOME="/workspace/cargo-home" RUSTUP_HOME="/workspace/rustup-home" "/workspace/cargo-home/bin/cargo" "+1.100.0-beta.1" "metadata" "--manifest-path" "Cargo.toml" "--no-deps", kill_on_drop: false }`
[INFO] crate crates.io crate georaster 0.2.0 already has a lockfile, it will not be regenerated
[INFO] running `Command { std: CARGO_HOME="/workspace/cargo-home" RUSTUP_HOME="/workspace/rustup-home" "/workspace/cargo-home/bin/cargo" "+1.100.0-beta.1" "fetch" "--manifest-path" "Cargo.toml", kill_on_drop: false }`
[INFO] [stderr] warning: `package.homepage` is redundant with `package.repository`
[INFO] [stderr]   --> Cargo.toml:65:12
[INFO] [stderr]    |
[INFO] [stderr] 65 | homepage = "https://github.com/pka/georaster"
[INFO] [stderr]    |            ^^^^^^^^^^^^^^^^^^^^^^^^^^^^^^^^^^
[INFO] [stderr] ...
[INFO] [stderr] 70 | repository = "https://github.com/pka/georaster"
[INFO] [stderr]    |              ----------------------------------
[INFO] [stderr]    |
[INFO] [stderr]    = note: `cargo::redundant_homepage` is set to `warn` by default
[INFO] [stderr] help: consider removing `package.homepage`
[INFO] [stderr] warning: `georaster` (manifest) generated 1 warning
[INFO] running `Command { std: "docker" "create" "-v" "/var/lib/crater-agent-workspace/builds/worker-7-tc2/source:/opt/rustwide/workdir:ro,Z" "-v" "/var/lib/crater-agent-workspace/builds/worker-7-tc2/target:/opt/rustwide/target:rw,Z" "-v" "/var/lib/crater-agent-workspace/cargo-home:/opt/rustwide/cargo-home:ro,Z" "-v" "/var/lib/crater-agent-workspace/rustup-home:/opt/rustwide/rustup-home:ro,Z" "-m" "1610612736" "--network" "none" "ghcr.io/rust-lang/crates-build-env/linux@sha256:77db811e55d90add9212f6832c23229e3de5f1c1f9905e8cb07319ea15df73ac" "sleep" "infinity", kill_on_drop: false }`
[INFO] [stdout] a325e5c9bc51bf1146cdcd3960c13e0b4cb5ceee0ca6c12096954ab1f3aa6df8
[INFO] running `Command { std: "docker" "start" "a325e5c9bc51bf1146cdcd3960c13e0b4cb5ceee0ca6c12096954ab1f3aa6df8", kill_on_drop: false }`
[INFO] running `Command { std: "docker" "inspect" "a325e5c9bc51bf1146cdcd3960c13e0b4cb5ceee0ca6c12096954ab1f3aa6df8", kill_on_drop: false }`
[INFO] running `Command { std: "docker" "exec" "-e" "SOURCE_DIR=/opt/rustwide/workdir" "-e" "CARGO_HOME=/opt/rustwide/cargo-home" "-e" "RUSTUP_HOME=/opt/rustwide/rustup-home" "-e" "CARGO_TARGET_DIR=/opt/rustwide/target" "-w" "/opt/rustwide/workdir" "--user" "0:0" "a325e5c9bc51bf1146cdcd3960c13e0b4cb5ceee0ca6c12096954ab1f3aa6df8" "/opt/rustwide/cargo-home/bin/cargo" "+1.100.0-beta.1" "metadata" "--no-deps" "--format-version=1", kill_on_drop: false }`
[INFO] running `Command { std: "docker" "inspect" "a325e5c9bc51bf1146cdcd3960c13e0b4cb5ceee0ca6c12096954ab1f3aa6df8", kill_on_drop: false }`
[INFO] running `Command { std: "docker" "exec" "-e" "SOURCE_DIR=/opt/rustwide/workdir" "-e" "CARGO_HOME=/opt/rustwide/cargo-home" "-e" "RUSTUP_HOME=/opt/rustwide/rustup-home" "-e" "CARGO_TARGET_DIR=/opt/rustwide/target" "-e" "CARGO_INCREMENTAL=0" "-e" "RUST_BACKTRACE=full" "-e" "RUSTFLAGS=--cap-lints=warn" "-e" "RUSTDOCFLAGS=--cap-lints=warn" "-w" "/opt/rustwide/workdir" "--user" "0:0" "a325e5c9bc51bf1146cdcd3960c13e0b4cb5ceee0ca6c12096954ab1f3aa6df8" "/opt/rustwide/cargo-home/bin/cargo" "+1.100.0-beta.1" "build" "--frozen" "--message-format=json" "--release", kill_on_drop: false }`
[INFO] [stderr] warning: `package.homepage` is redundant with `package.repository`
[INFO] [stderr]   --> Cargo.toml:65:12
[INFO] [stderr]    |
[INFO] [stderr] 65 | homepage = "https://github.com/pka/georaster"
[INFO] [stderr]    |            ^^^^^^^^^^^^^^^^^^^^^^^^^^^^^^^^^^
[INFO] [stderr] ...
[INFO] [stderr] 70 | repository = "https://github.com/pka/georaster"
[INFO] [stderr]    |              ----------------------------------
[INFO] [stderr]    |
[INFO] [stderr]    = note: `cargo::redundant_homepage` is set to `warn` by default
[INFO] [stderr] help: consider removing `package.homepage`
[INFO] [stderr] warning: `georaster` (manifest) generated 1 warning
[INFO] [stderr]    Compiling adler2 v2.0.0
[INFO] [stderr]    Compiling crc32fast v1.4.2
[INFO] [stderr]    Compiling jpeg-decoder v0.3.1
[INFO] [stderr]    Compiling weezl v0.1.8
[INFO] [stderr]    Compiling miniz_oxide v0.8.2
[INFO] [stderr]    Compiling flate2 v1.0.35
[INFO] [stderr]    Compiling tiff v0.9.1
[INFO] [stderr]    Compiling georaster v0.2.0 (/opt/rustwide/workdir)
[INFO] [stdout] warning: hiding a lifetime that's elided elsewhere is confusing
[INFO] [stdout]    --> src/geotiff.rs:246:19
[INFO] [stdout]     |
[INFO] [stdout] 246 |     pub fn pixels(&mut self, x: u32, y: u32, width: u32, height: u32) -> Pixels<R> {
[INFO] [stdout]     |                   ^^^^^^^^^ the lifetime is elided here                  ^^^^^^^^^ the same lifetime is hidden here
[INFO] [stdout]     |
[INFO] [stdout]     = help: the same lifetime is referred to in inconsistent ways, making the signature confusing
[INFO] [stdout]     = note: `#[warn(mismatched_lifetime_syntaxes)]` on by default
[INFO] [stdout] help: use `'_` for type paths
[INFO] [stdout]     |
[INFO] [stdout] 246 |     pub fn pixels(&mut self, x: u32, y: u32, width: u32, height: u32) -> Pixels<'_, R> {
[INFO] [stdout]     |                                                                                 +++
[INFO] [stdout] 
[INFO] [stdout] 
[INFO] [stderr]     Finished `release` profile [optimized] target(s) in 4.63s
[INFO] running `Command { std: "docker" "inspect" "a325e5c9bc51bf1146cdcd3960c13e0b4cb5ceee0ca6c12096954ab1f3aa6df8", kill_on_drop: false }`
[INFO] running `Command { std: "docker" "exec" "-e" "SOURCE_DIR=/opt/rustwide/workdir" "-e" "CARGO_HOME=/opt/rustwide/cargo-home" "-e" "RUSTUP_HOME=/opt/rustwide/rustup-home" "-e" "CARGO_TARGET_DIR=/opt/rustwide/target" "-e" "CARGO_INCREMENTAL=0" "-e" "RUST_BACKTRACE=full" "-e" "RUSTFLAGS=--cap-lints=warn" "-e" "RUSTDOCFLAGS=--cap-lints=warn" "-w" "/opt/rustwide/workdir" "--user" "0:0" "a325e5c9bc51bf1146cdcd3960c13e0b4cb5ceee0ca6c12096954ab1f3aa6df8" "/opt/rustwide/cargo-home/bin/cargo" "+1.100.0-beta.1" "test" "--frozen" "--no-run" "--message-format=json" "--release", kill_on_drop: false }`
[INFO] [stderr] warning: `package.homepage` is redundant with `package.repository`
[INFO] [stderr]   --> Cargo.toml:65:12
[INFO] [stderr]    |
[INFO] [stderr] 65 | homepage = "https://github.com/pka/georaster"
[INFO] [stderr]    |            ^^^^^^^^^^^^^^^^^^^^^^^^^^^^^^^^^^
[INFO] [stderr] ...
[INFO] [stderr] 70 | repository = "https://github.com/pka/georaster"
[INFO] [stderr]    |              ----------------------------------
[INFO] [stderr]    |
[INFO] [stderr]    = note: `cargo::redundant_homepage` is set to `warn` by default
[INFO] [stderr] help: consider removing `package.homepage`
[INFO] [stderr] warning: `georaster` (manifest) generated 1 warning
[INFO] [stderr]    Compiling proc-macro2 v1.0.93
[INFO] [stderr]    Compiling libc v0.2.169
[INFO] [stderr]    Compiling log v0.4.24
[INFO] [stderr]    Compiling smallvec v1.13.2
[INFO] [stderr]    Compiling cc v1.2.8
[INFO] [stderr]    Compiling num-traits v0.2.19
[INFO] [stderr]    Compiling futures-sink v0.3.31
[INFO] [stderr]    Compiling simd-adler32 v0.3.7
[INFO] [stderr]    Compiling rayon-core v1.12.1
[INFO] [stderr]    Compiling openssl v0.10.68
[INFO] [stderr]    Compiling crossbeam-epoch v0.9.18
[INFO] [stderr]    Compiling http v1.2.0
[INFO] [stderr]    Compiling anyhow v1.0.95
[INFO] [stderr]    Compiling either v1.13.0
[INFO] [stderr]    Compiling bitflags v2.7.0
[INFO] [stderr]    Compiling arrayvec v0.7.6
[INFO] [stderr]    Compiling futures-util v0.3.31
[INFO] [stderr]    Compiling futures-channel v0.3.31
[INFO] [stderr]    Compiling miniz_oxide v0.8.2
[INFO] [stderr]    Compiling aligned-vec v0.5.0
[INFO] [stderr]    Compiling built v0.7.5
[INFO] [stderr]    Compiling serde v1.0.217
[INFO] [stderr]    Compiling nom v7.1.3
[INFO] [stderr]    Compiling aho-corasick v1.1.3
[INFO] [stderr]    Compiling regex-syntax v0.8.5
[INFO] [stderr]    Compiling itertools v0.12.1
[INFO] [stderr]    Compiling sync_wrapper v1.0.2
[INFO] [stderr]    Compiling rav1e v0.7.1
[INFO] [stderr]    Compiling crossbeam-deque v0.8.6
[INFO] [stderr]    Compiling quick-error v2.0.1
[INFO] [stderr]    Compiling bitstream-io v2.6.0
[INFO] [stderr]    Compiling new_debug_unreachable v1.0.6
[INFO] [stderr]    Compiling quote v1.0.38
[INFO] [stderr]    Compiling num-integer v0.1.46
[INFO] [stderr]    Compiling syn v2.0.96
[INFO] [stderr]    Compiling rayon v1.10.0
[INFO] [stderr]    Compiling flate2 v1.0.35
[INFO] [stderr]    Compiling mio v1.0.3
[INFO] [stderr]    Compiling socket2 v0.5.8
[INFO] [stderr]    Compiling http-body v1.0.1
[INFO] [stderr]    Compiling openssl-sys v0.9.104
[INFO] [stderr]    Compiling tokio v1.43.0
[INFO] [stderr]    Compiling num-bigint v0.4.6
[INFO] [stderr]    Compiling native-tls v0.2.12
[INFO] [stderr]    Compiling v_frame v0.3.8
[INFO] [stderr]    Compiling simd_helpers v0.1.0
[INFO] [stderr]    Compiling noop_proc_macro v0.3.0
[INFO] [stderr]    Compiling regex-automata v0.4.9
[INFO] [stderr]    Compiling rustls-pki-types v1.10.1
[INFO] [stderr]    Compiling imgref v1.11.0
[INFO] [stderr]    Compiling anstyle-parse v0.2.6
[INFO] [stderr]    Compiling loop9 v0.1.5
[INFO] [stderr]    Compiling tiff v0.9.1
[INFO] [stderr]    Compiling avif-serialize v0.8.2
[INFO] [stderr]    Compiling zune-inflate v0.2.54
[INFO] [stderr]    Compiling fdeflate v0.3.7
[INFO] [stderr]    Compiling half v2.4.1
[INFO] [stderr]    Compiling rustls-pemfile v2.2.0
[INFO] [stderr]    Compiling colorchoice v1.0.3
[INFO] [stderr]    Compiling is_terminal_polyfill v1.70.1
[INFO] [stderr]    Compiling anstyle-query v1.1.2
[INFO] [stderr]    Compiling rgb v0.8.50
[INFO] [stderr]    Compiling byteorder-lite v0.1.0
[INFO] [stderr]    Compiling bytemuck v1.21.0
[INFO] [stderr]    Compiling lebe v0.5.2
[INFO] [stderr]    Compiling bit_field v0.10.2
[INFO] [stderr]    Compiling color_quant v1.1.0
[INFO] [stderr]    Compiling num-rational v0.4.2
[INFO] [stderr]    Compiling anstyle v1.0.10
[INFO] [stderr]    Compiling zune-core v0.4.12
[INFO] [stderr]    Compiling exr v1.73.0
[INFO] [stderr]    Compiling image-webp v0.2.0
[INFO] [stderr]    Compiling zune-jpeg v0.4.14
[INFO] [stderr]    Compiling anstream v0.6.18
[INFO] [stderr]    Compiling http-body-util v0.1.2
[INFO] [stderr]    Compiling av1-grain v0.2.3
[INFO] [stderr]    Compiling gif v0.13.1
[INFO] [stderr]    Compiling maybe-rayon v0.1.1
[INFO] [stderr]    Compiling qoi v0.4.1
[INFO] [stderr]    Compiling serde_urlencoded v0.7.1
[INFO] [stderr]    Compiling png v0.17.16
[INFO] [stderr]    Compiling synstructure v0.13.1
[INFO] [stderr]    Compiling read-logger v0.2.0
[INFO] [stderr]    Compiling humantime v2.1.0
[INFO] [stderr]    Compiling georaster v0.2.0 (/opt/rustwide/workdir)
[INFO] [stdout] warning: hiding a lifetime that's elided elsewhere is confusing
[INFO] [stdout]    --> src/geotiff.rs:246:19
[INFO] [stdout]     |
[INFO] [stdout] 246 |     pub fn pixels(&mut self, x: u32, y: u32, width: u32, height: u32) -> Pixels<R> {
[INFO] [stdout]     |                   ^^^^^^^^^ the lifetime is elided here                  ^^^^^^^^^ the same lifetime is hidden here
[INFO] [stdout]     |
[INFO] [stdout]     = help: the same lifetime is referred to in inconsistent ways, making the signature confusing
[INFO] [stdout]     = note: `#[warn(mismatched_lifetime_syntaxes)]` on by default
[INFO] [stdout] help: use `'_` for type paths
[INFO] [stdout]     |
[INFO] [stdout] 246 |     pub fn pixels(&mut self, x: u32, y: u32, width: u32, height: u32) -> Pixels<'_, R> {
[INFO] [stdout]     |                                                                                 +++
[INFO] [stdout] 
[INFO] [stdout] 
[INFO] [stderr]    Compiling zerofrom-derive v0.1.5
[INFO] [stderr]    Compiling yoke-derive v0.7.5
[INFO] [stderr]    Compiling zerovec-derive v0.10.3
[INFO] [stderr]    Compiling displaydoc v0.2.5
[INFO] [stderr]    Compiling icu_provider_macros v1.5.0
[INFO] [stderr]    Compiling openssl-macros v0.1.1
[INFO] [stderr]    Compiling thiserror-impl v1.0.69
[INFO] [stderr]    Compiling profiling-procmacros v1.0.16
[INFO] [stderr]    Compiling num-derive v0.4.2
[INFO] [stderr]    Compiling profiling v1.0.16
[INFO] [stderr]    Compiling arg_enum_proc_macro v0.3.4
[INFO] [stderr]    Compiling regex v1.11.1
[INFO] [stderr]    Compiling async-trait v0.1.85
[INFO] [stderr]    Compiling hyper v1.5.2
[INFO] [stderr]    Compiling tower v0.5.2
[INFO] [stderr]    Compiling zerofrom v0.1.5
[INFO] [stderr]    Compiling thiserror v1.0.69
[INFO] [stderr]    Compiling yoke v0.7.5
[INFO] [stderr]    Compiling env_filter v0.1.3
[INFO] [stderr]    Compiling zerovec v0.10.4
[INFO] [stderr]    Compiling env_logger v0.11.6
[INFO] [stderr]    Compiling hyper-util v0.1.10
[INFO] [stderr]    Compiling tinystr v0.7.6
[INFO] [stderr]    Compiling icu_locid v1.5.0
[INFO] [stderr]    Compiling icu_collections v1.5.0
[INFO] [stderr]    Compiling tokio-native-tls v0.3.1
[INFO] [stderr]    Compiling hyper-tls v0.6.0
[INFO] [stderr]    Compiling icu_provider v1.5.0
[INFO] [stderr]    Compiling icu_locid_transform v1.5.0
[INFO] [stderr]    Compiling icu_properties v1.5.1
[INFO] [stderr]    Compiling ravif v0.11.11
[INFO] [stderr]    Compiling icu_normalizer v1.5.0
[INFO] [stderr]    Compiling idna_adapter v1.2.0
[INFO] [stderr]    Compiling idna v1.0.3
[INFO] [stderr]    Compiling url v2.5.4
[INFO] [stderr]    Compiling image v0.25.5
[INFO] [stderr]    Compiling reqwest v0.12.12
[INFO] [stderr]    Compiling http-range-client v0.8.0
[INFO] [stdout] warning: hiding a lifetime that's elided elsewhere is confusing
[INFO] [stdout]    --> src/geotiff.rs:246:19
[INFO] [stdout]     |
[INFO] [stdout] 246 |     pub fn pixels(&mut self, x: u32, y: u32, width: u32, height: u32) -> Pixels<R> {
[INFO] [stdout]     |                   ^^^^^^^^^ the lifetime is elided here                  ^^^^^^^^^ the same lifetime is hidden here
[INFO] [stdout]     |
[INFO] [stdout]     = help: the same lifetime is referred to in inconsistent ways, making the signature confusing
[INFO] [stdout]     = note: `#[warn(mismatched_lifetime_syntaxes)]` on by default
[INFO] [stdout] help: use `'_` for type paths
[INFO] [stdout]     |
[INFO] [stdout] 246 |     pub fn pixels(&mut self, x: u32, y: u32, width: u32, height: u32) -> Pixels<'_, R> {
[INFO] [stdout]     |                                                                                 +++
[INFO] [stdout] 
[INFO] [stdout] 
[INFO] [stderr]     Finished `release` profile [optimized] target(s) in 2m 28s
[INFO] running `Command { std: "docker" "inspect" "a325e5c9bc51bf1146cdcd3960c13e0b4cb5ceee0ca6c12096954ab1f3aa6df8", kill_on_drop: false }`
[INFO] running `Command { std: "docker" "exec" "-e" "SOURCE_DIR=/opt/rustwide/workdir" "-e" "CARGO_HOME=/opt/rustwide/cargo-home" "-e" "RUSTUP_HOME=/opt/rustwide/rustup-home" "-e" "CARGO_TARGET_DIR=/opt/rustwide/target" "-e" "CARGO_INCREMENTAL=0" "-e" "RUST_BACKTRACE=full" "-e" "RUSTFLAGS=--cap-lints=warn" "-e" "RUSTDOCFLAGS=--cap-lints=warn" "-w" "/opt/rustwide/workdir" "--user" "0:0" "a325e5c9bc51bf1146cdcd3960c13e0b4cb5ceee0ca6c12096954ab1f3aa6df8" "/opt/rustwide/cargo-home/bin/cargo" "+1.100.0-beta.1" "test" "--frozen" "--release", kill_on_drop: false }`
[INFO] [stderr] warning: `package.homepage` is redundant with `package.repository`
[INFO] [stderr]   --> Cargo.toml:65:12
[INFO] [stderr]    |
[INFO] [stderr] 65 | homepage = "https://github.com/pka/georaster"
[INFO] [stderr]    |            ^^^^^^^^^^^^^^^^^^^^^^^^^^^^^^^^^^
[INFO] [stderr] ...
[INFO] [stderr] 70 | repository = "https://github.com/pka/georaster"
[INFO] [stderr]    |              ----------------------------------
[INFO] [stderr]    |
[INFO] [stderr]    = note: `cargo::redundant_homepage` is set to `warn` by default
[INFO] [stderr] help: consider removing `package.homepage`
[INFO] [stderr] warning: `georaster` (manifest) generated 1 warning
[INFO] [stderr] warning: hiding a lifetime that's elided elsewhere is confusing
[INFO] [stderr]    --> src/geotiff.rs:246:19
[INFO] [stderr]     |
[INFO] [stderr] 246 |     pub fn pixels(&mut self, x: u32, y: u32, width: u32, height: u32) -> Pixels<R> {
[INFO] [stderr]     |                   ^^^^^^^^^ the lifetime is elided here                  ^^^^^^^^^ the same lifetime is hidden here
[INFO] [stderr]     |
[INFO] [stderr]     = help: the same lifetime is referred to in inconsistent ways, making the signature confusing
[INFO] [stderr]     = note: `#[warn(mismatched_lifetime_syntaxes)]` on by default
[INFO] [stderr] help: use `'_` for type paths
[INFO] [stderr]     |
[INFO] [stderr] 246 |     pub fn pixels(&mut self, x: u32, y: u32, width: u32, height: u32) -> Pixels<'_, R> {
[INFO] [stderr]     |                                                                                 +++
[INFO] [stderr] 
[INFO] [stderr] warning: `georaster` (lib) generated 1 warning (run `cargo fix --lib -p georaster` to apply 1 suggestion)
[INFO] [stderr] warning: `georaster` (lib test) generated 1 warning (1 duplicate)
[INFO] [stderr]     Finished `release` profile [optimized] target(s) in 0.39s
[INFO] [stderr]      Running unittests src/lib.rs (/opt/rustwide/target/release/build/georaster/9a6ab58f8ea1a763/out/georaster-9a6ab58f8ea1a763)
[INFO] [stderr]      Running tests/geotiff.rs (/opt/rustwide/target/release/build/georaster/dd7243dc73c70f3d/out/geotiff-dd7243dc73c70f3d)
[INFO] [stdout] 
[INFO] [stdout] running 0 tests
[INFO] [stdout] 
[INFO] [stdout] test result: ok. 0 passed; 0 failed; 0 ignored; 0 measured; 0 filtered out; finished in 0.00s
[INFO] [stdout] 
[INFO] [stdout] 
[INFO] [stdout] running 14 tests
[INFO] [stdout] test convert_pixel_coordinates ... FAILED
[INFO] [stdout] test rgbsmall ... FAILED
[INFO] [stdout] test utm ... FAILED
[INFO] [stdout] test single_band ... FAILED
[INFO] [stdout] test read_coord ... FAILED
[INFO] [stdout] test int32 ... FAILED
[INFO] [stdout] test byte ... FAILED
[INFO] [stdout] test incomplete_strips ... FAILED
[INFO] [stdout] test float32 ... FAILED
[INFO] [stdout] test rgb_bands ... FAILED
[INFO] [stdout] test int16 ... FAILED
[INFO] [stdout] test rgb ... FAILED
[INFO] [stdout] test small_world_pct ... FAILED
[INFO] [stdout] test small_world ... FAILED
[INFO] [stdout] 
[INFO] [stdout] failures:
[INFO] [stdout] 
[INFO] [stdout] ---- convert_pixel_coordinates stdout ----
[INFO] [stdout] 
[INFO] [stdout] thread 'convert_pixel_coordinates' (2838) panicked at tests/geotiff.rs:506:64:
[INFO] [stdout] Open image file: Os { code: 2, kind: NotFound, message: "No such file or directory" }
[INFO] [stdout] stack backtrace:
[INFO] [stdout]    0:     0x582f032f4aa1 - <<std[617be2ca0a6fd877]::sys::backtrace::BacktraceLock>::print::DisplayBacktrace as core[a373ad73a504971]::fmt::Display>::fmt
[INFO] [stdout]    1:     0x582f0330a80a - core[a373ad73a504971]::fmt::write
[INFO] [stdout]    2:     0x582f032f8d3c - <alloc[2e1b2a31b91974c5]::vec::Vec<u8> as core[a373ad73a504971]::io::write::Write>::write_fmt
[INFO] [stdout]    3:     0x582f032d0f06 - std[617be2ca0a6fd877]::panicking::default_hook::{closure#0}
[INFO] [stdout]    4:     0x582f032ed139 - std[617be2ca0a6fd877]::panicking::default_hook
[INFO] [stdout]    5:     0x582f032671f0 - test[aada8e7e76ba119b]::test_main_inner::{closure#0}
[INFO] [stdout]    6:     0x582f032ed2f2 - std[617be2ca0a6fd877]::panicking::panic_with_hook
[INFO] [stdout]    7:     0x582f032d0fb2 - std[617be2ca0a6fd877]::panicking::panic_handler::{closure#0}
[INFO] [stdout]    8:     0x582f032c9cc9 - std[617be2ca0a6fd877]::sys::backtrace::__rust_end_short_backtrace::<std[617be2ca0a6fd877]::panicking::panic_handler::{closure#0}, !>
[INFO] [stdout]    9:     0x582f032d1bbd - __rustc[ea4f61d10b84890b]::rust_begin_unwind
[INFO] [stdout]   10:     0x582f0330af3c - core[a373ad73a504971]::panicking::panic_fmt
[INFO] [stdout]   11:     0x582f0330ad12 - core[a373ad73a504971]::result::unwrap_failed
[INFO] [stdout]   12:     0x582f03244219 - <geotiff[4b4891dc63f5b751]::convert_pixel_coordinates::{closure#0} as core[a373ad73a504971]::ops::function::FnOnce<()>>::call_once
[INFO] [stdout]   13:     0x582f0325a63b - test[aada8e7e76ba119b]::__rust_begin_short_backtrace::<core[a373ad73a504971]::result::Result<(), alloc[2e1b2a31b91974c5]::string::String>, fn() -> core[a373ad73a504971]::result::Result<(), alloc[2e1b2a31b91974c5]::string::String>>
[INFO] [stdout]   14:     0x582f03267815 - test[aada8e7e76ba119b]::run_test::{closure#0}
[INFO] [stdout]   15:     0x582f03261104 - std[617be2ca0a6fd877]::sys::backtrace::__rust_begin_short_backtrace::<test[aada8e7e76ba119b]::run_test::{closure#1}, ()>
[INFO] [stdout]   16:     0x582f0326a8a2 - <std[617be2ca0a6fd877]::thread::lifecycle::spawn_unchecked<test[aada8e7e76ba119b]::run_test::{closure#1}, ()>::{closure#1} as core[a373ad73a504971]::ops::function::FnOnce<()>>::call_once::{shim:vtable#0}
[INFO] [stdout]   17:     0x582f032f42ff - <std[617be2ca0a6fd877]::sys::thread::unix::Thread>::new::thread_start
[INFO] [stdout]   18:     0x7406399e0dfa - <unknown>
[INFO] [stdout]   19:     0x740639a743d4 - clone
[INFO] [stdout]   20:                0x0 - <unknown>
[INFO] [stdout] 
[INFO] [stdout] ---- rgbsmall stdout ----
[INFO] [stdout] 
[INFO] [stdout] thread 'rgbsmall' (2846) panicked at tests/geotiff.rs:124:72:
[INFO] [stdout] Open image file: Os { code: 2, kind: NotFound, message: "No such file or directory" }
[INFO] [stdout] stack backtrace:
[INFO] [stdout]    0:     0x582f032f4aa1 - <<std[617be2ca0a6fd877]::sys::backtrace::BacktraceLock>::print::DisplayBacktrace as core[a373ad73a504971]::fmt::Display>::fmt
[INFO] [stdout]    1:     0x582f0330a80a - core[a373ad73a504971]::fmt::write
[INFO] [stdout]    2:     0x582f032f8d3c - <alloc[2e1b2a31b91974c5]::vec::Vec<u8> as core[a373ad73a504971]::io::write::Write>::write_fmt
[INFO] [stdout]    3:     0x582f032d0f06 - std[617be2ca0a6fd877]::panicking::default_hook::{closure#0}
[INFO] [stdout]    4:     0x582f032ed139 - std[617be2ca0a6fd877]::panicking::default_hook
[INFO] [stdout]    5:     0x582f032671f0 - test[aada8e7e76ba119b]::test_main_inner::{closure#0}
[INFO] [stdout]    6:     0x582f032ed2f2 - std[617be2ca0a6fd877]::panicking::panic_with_hook
[INFO] [stdout]    7:     0x582f032d0fb2 - std[617be2ca0a6fd877]::panicking::panic_handler::{closure#0}
[INFO] [stdout]    8:     0x582f032c9cc9 - std[617be2ca0a6fd877]::sys::backtrace::__rust_end_short_backtrace::<std[617be2ca0a6fd877]::panicking::panic_handler::{closure#0}, !>
[INFO] [stdout]    9:     0x582f032d1bbd - __rustc[ea4f61d10b84890b]::rust_begin_unwind
[INFO] [stdout]   10:     0x582f0330af3c - core[a373ad73a504971]::panicking::panic_fmt
[INFO] [stdout]   11:     0x582f0330ad12 - core[a373ad73a504971]::result::unwrap_failed
[INFO] [stdout]   12:     0x582f0324718e - <geotiff[4b4891dc63f5b751]::rgbsmall::{closure#0} as core[a373ad73a504971]::ops::function::FnOnce<()>>::call_once
[INFO] [stdout]   13:     0x582f0325a63b - test[aada8e7e76ba119b]::__rust_begin_short_backtrace::<core[a373ad73a504971]::result::Result<(), alloc[2e1b2a31b91974c5]::string::String>, fn() -> core[a373ad73a504971]::result::Result<(), alloc[2e1b2a31b91974c5]::string::String>>
[INFO] [stdout]   14:     0x582f03267815 - test[aada8e7e76ba119b]::run_test::{closure#0}
[INFO] [stdout]   15:     0x582f03261104 - std[617be2ca0a6fd877]::sys::backtrace::__rust_begin_short_backtrace::<test[aada8e7e76ba119b]::run_test::{closure#1}, ()>
[INFO] [stdout]   16:     0x582f0326a8a2 - <std[617be2ca0a6fd877]::thread::lifecycle::spawn_unchecked<test[aada8e7e76ba119b]::run_test::{closure#1}, ()>::{closure#1} as core[a373ad73a504971]::ops::function::FnOnce<()>>::call_once::{shim:vtable#0}
[INFO] [stdout]   17:     0x582f032f42ff - <std[617be2ca0a6fd877]::sys::thread::unix::Thread>::new::thread_start
[INFO] [stdout]   18:     0x7406399e0dfa - <unknown>
[INFO] [stdout]   19:     0x740639a743d4 - clone
[INFO] [stdout]   20:                0x0 - <unknown>
[INFO] [stdout] 
[INFO] [stdout] ---- utm stdout ----
[INFO] [stdout] 
[INFO] [stdout] thread 'utm' (2850) panicked at tests/geotiff.rs:312:67:
[INFO] [stdout] Open image file: Os { code: 2, kind: NotFound, message: "No such file or directory" }
[INFO] [stdout] stack backtrace:
[INFO] [stdout]    0:     0x582f032f4aa1 - <<std[617be2ca0a6fd877]::sys::backtrace::BacktraceLock>::print::DisplayBacktrace as core[a373ad73a504971]::fmt::Display>::fmt
[INFO] [stdout]    1:     0x582f0330a80a - core[a373ad73a504971]::fmt::write
[INFO] [stdout]    2:     0x582f032f8d3c - <alloc[2e1b2a31b91974c5]::vec::Vec<u8> as core[a373ad73a504971]::io::write::Write>::write_fmt
[INFO] [stdout]    3:     0x582f032d0f06 - std[617be2ca0a6fd877]::panicking::default_hook::{closure#0}
[INFO] [stdout]    4:     0x582f032ed139 - std[617be2ca0a6fd877]::panicking::default_hook
[INFO] [stdout]    5:     0x582f032671f0 - test[aada8e7e76ba119b]::test_main_inner::{closure#0}
[INFO] [stdout]    6:     0x582f032ed2f2 - std[617be2ca0a6fd877]::panicking::panic_with_hook
[INFO] [stdout]    7:     0x582f032d0fb2 - std[617be2ca0a6fd877]::panicking::panic_handler::{closure#0}
[INFO] [stdout]    8:     0x582f032c9cc9 - std[617be2ca0a6fd877]::sys::backtrace::__rust_end_short_backtrace::<std[617be2ca0a6fd877]::panicking::panic_handler::{closure#0}, !>
[INFO] [stdout]    9:     0x582f032d1bbd - __rustc[ea4f61d10b84890b]::rust_begin_unwind
[INFO] [stdout]   10:     0x582f0330af3c - core[a373ad73a504971]::panicking::panic_fmt
[INFO] [stdout]   11:     0x582f0330ad12 - core[a373ad73a504971]::result::unwrap_failed
[INFO] [stdout]   12:     0x582f03245282 - <geotiff[4b4891dc63f5b751]::utm::{closure#0} as core[a373ad73a504971]::ops::function::FnOnce<()>>::call_once
[INFO] [stdout]   13:     0x582f0325a63b - test[aada8e7e76ba119b]::__rust_begin_short_backtrace::<core[a373ad73a504971]::result::Result<(), alloc[2e1b2a31b91974c5]::string::String>, fn() -> core[a373ad73a504971]::result::Result<(), alloc[2e1b2a31b91974c5]::string::String>>
[INFO] [stdout]   14:     0x582f03267815 - test[aada8e7e76ba119b]::run_test::{closure#0}
[INFO] [stdout]   15:     0x582f03261104 - std[617be2ca0a6fd877]::sys::backtrace::__rust_begin_short_backtrace::<test[aada8e7e76ba119b]::run_test::{closure#1}, ()>
[INFO] [stdout]   16:     0x582f0326a8a2 - <std[617be2ca0a6fd877]::thread::lifecycle::spawn_unchecked<test[aada8e7e76ba119b]::run_test::{closure#1}, ()>::{closure#1} as core[a373ad73a504971]::ops::function::FnOnce<()>>::call_once::{shim:vtable#0}
[INFO] [stdout]   17:     0x582f032f42ff - <std[617be2ca0a6fd877]::sys::thread::unix::Thread>::new::thread_start
[INFO] [stdout]   18:     0x7406399e0dfa - <unknown>
[INFO] [stdout]   19:     0x740639a743d4 - clone
[INFO] [stdout]   20:                0x0 - <unknown>
[INFO] [stdout] 
[INFO] [stdout] ---- single_band stdout ----
[INFO] [stdout] 
[INFO] [stdout] thread 'single_band' (2847) panicked at tests/geotiff.rs:12:64:
[INFO] [stdout] Open image file: Os { code: 2, kind: NotFound, message: "No such file or directory" }
[INFO] [stdout] stack backtrace:
[INFO] [stdout]    0:     0x582f032f4aa1 - <<std[617be2ca0a6fd877]::sys::backtrace::BacktraceLock>::print::DisplayBacktrace as core[a373ad73a504971]::fmt::Display>::fmt
[INFO] [stdout]    1:     0x582f0330a80a - core[a373ad73a504971]::fmt::write
[INFO] [stdout]    2:     0x582f032f8d3c - <alloc[2e1b2a31b91974c5]::vec::Vec<u8> as core[a373ad73a504971]::io::write::Write>::write_fmt
[INFO] [stdout]    3:     0x582f032d0f06 - std[617be2ca0a6fd877]::panicking::default_hook::{closure#0}
[INFO] [stdout]    4:     0x582f032ed139 - std[617be2ca0a6fd877]::panicking::default_hook
[INFO] [stdout]    5:     0x582f032671f0 - test[aada8e7e76ba119b]::test_main_inner::{closure#0}
[INFO] [stdout]    6:     0x582f032ed2f2 - std[617be2ca0a6fd877]::panicking::panic_with_hook
[INFO] [stdout]    7:     0x582f032d0fb2 - std[617be2ca0a6fd877]::panicking::panic_handler::{closure#0}
[INFO] [stdout]    8:     0x582f032c9cc9 - std[617be2ca0a6fd877]::sys::backtrace::__rust_end_short_backtrace::<std[617be2ca0a6fd877]::panicking::panic_handler::{closure#0}, !>
[INFO] [stdout]    9:     0x582f032d1bbd - __rustc[ea4f61d10b84890b]::rust_begin_unwind
[INFO] [stdout]   10:     0x582f0330af3c - core[a373ad73a504971]::panicking::panic_fmt
[INFO] [stdout]   11:     0x582f0330ad12 - core[a373ad73a504971]::result::unwrap_failed
[INFO] [stdout]   12:     0x582f03241fa3 - <geotiff[4b4891dc63f5b751]::single_band::{closure#0} as core[a373ad73a504971]::ops::function::FnOnce<()>>::call_once
[INFO] [stdout]   13:     0x582f0325a63b - test[aada8e7e76ba119b]::__rust_begin_short_backtrace::<core[a373ad73a504971]::result::Result<(), alloc[2e1b2a31b91974c5]::string::String>, fn() -> core[a373ad73a504971]::result::Result<(), alloc[2e1b2a31b91974c5]::string::String>>
[INFO] [stdout]   14:     0x582f03267815 - test[aada8e7e76ba119b]::run_test::{closure#0}
[INFO] [stdout]   15:     0x582f03261104 - std[617be2ca0a6fd877]::sys::backtrace::__rust_begin_short_backtrace::<test[aada8e7e76ba119b]::run_test::{closure#1}, ()>
[INFO] [stdout]   16:     0x582f0326a8a2 - <std[617be2ca0a6fd877]::thread::lifecycle::spawn_unchecked<test[aada8e7e76ba119b]::run_test::{closure#1}, ()>::{closure#1} as core[a373ad73a504971]::ops::function::FnOnce<()>>::call_once::{shim:vtable#0}
[INFO] [stdout]   17:     0x582f032f42ff - <std[617be2ca0a6fd877]::sys::thread::unix::Thread>::new::thread_start
[INFO] [stdout]   18:     0x7406399e0dfa - <unknown>
[INFO] [stdout]   19:     0x740639a743d4 - clone
[INFO] [stdout]   20:                0x0 - <unknown>
[INFO] [stdout] 
[INFO] [stdout] ---- read_coord stdout ----
[INFO] [stdout] 
[INFO] [stdout] thread 'read_coord' (2843) panicked at tests/geotiff.rs:490:64:
[INFO] [stdout] Open image file: Os { code: 2, kind: NotFound, message: "No such file or directory" }
[INFO] [stdout] stack backtrace:
[INFO] [stdout]    0:     0x582f032f4aa1 - <<std[617be2ca0a6fd877]::sys::backtrace::BacktraceLock>::print::DisplayBacktrace as core[a373ad73a504971]::fmt::Display>::fmt
[INFO] [stdout]    1:     0x582f0330a80a - core[a373ad73a504971]::fmt::write
[INFO] [stdout]    2:     0x582f032f8d3c - <alloc[2e1b2a31b91974c5]::vec::Vec<u8> as core[a373ad73a504971]::io::write::Write>::write_fmt
[INFO] [stdout]    3:     0x582f032d0f06 - std[617be2ca0a6fd877]::panicking::default_hook::{closure#0}
[INFO] [stdout]    4:     0x582f032ed139 - std[617be2ca0a6fd877]::panicking::default_hook
[INFO] [stdout]    5:     0x582f032671f0 - test[aada8e7e76ba119b]::test_main_inner::{closure#0}
[INFO] [stdout]    6:     0x582f032ed2f2 - std[617be2ca0a6fd877]::panicking::panic_with_hook
[INFO] [stdout]    7:     0x582f032d0fb2 - std[617be2ca0a6fd877]::panicking::panic_handler::{closure#0}
[INFO] [stdout]    8:     0x582f032c9cc9 - std[617be2ca0a6fd877]::sys::backtrace::__rust_end_short_backtrace::<std[617be2ca0a6fd877]::panicking::panic_handler::{closure#0}, !>
[INFO] [stdout]    9:     0x582f032d1bbd - __rustc[ea4f61d10b84890b]::rust_begin_unwind
[INFO] [stdout]   10:     0x582f0330af3c - core[a373ad73a504971]::panicking::panic_fmt
[INFO] [stdout]   11:     0x582f0330ad12 - core[a373ad73a504971]::result::unwrap_failed
[INFO] [stdout]   12:     0x582f032417cb - <geotiff[4b4891dc63f5b751]::read_coord::{closure#0} as core[a373ad73a504971]::ops::function::FnOnce<()>>::call_once
[INFO] [stdout]   13:     0x582f0325a63b - test[aada8e7e76ba119b]::__rust_begin_short_backtrace::<core[a373ad73a504971]::result::Result<(), alloc[2e1b2a31b91974c5]::string::String>, fn() -> core[a373ad73a504971]::result::Result<(), alloc[2e1b2a31b91974c5]::string::String>>
[INFO] [stdout]   14:     0x582f03267815 - test[aada8e7e76ba119b]::run_test::{closure#0}
[INFO] [stdout]   15:     0x582f03261104 - std[617be2ca0a6fd877]::sys::backtrace::__rust_begin_short_backtrace::<test[aada8e7e76ba119b]::run_test::{closure#1}, ()>
[INFO] [stdout]   16:     0x582f0326a8a2 - <std[617be2ca0a6fd877]::thread::lifecycle::spawn_unchecked<test[aada8e7e76ba119b]::run_test::{closure#1}, ()>::{closure#1} as core[a373ad73a504971]::ops::function::FnOnce<()>>::call_once::{shim:vtable#0}
[INFO] [stdout]   17:     0x582f032f42ff - <std[617be2ca0a6fd877]::sys::thread::unix::Thread>::new::thread_start
[INFO] [stdout]   18:     0x7406399e0dfa - <unknown>
[INFO] [stdout]   19:     0x740639a743d4 - clone
[INFO] [stdout]   20:                0x0 - <unknown>
[INFO] [stdout] 
[INFO] [stdout] ---- int32 stdout ----
[INFO] [stdout] 
[INFO] [stdout] thread 'int32' (2842) panicked at tests/geotiff.rs:109:69:
[INFO] [stdout] Open image file: Os { code: 2, kind: NotFound, message: "No such file or directory" }
[INFO] [stdout] stack backtrace:
[INFO] [stdout]    0:     0x582f032f4aa1 - <<std[617be2ca0a6fd877]::sys::backtrace::BacktraceLock>::print::DisplayBacktrace as core[a373ad73a504971]::fmt::Display>::fmt
[INFO] [stdout]    1:     0x582f0330a80a - core[a373ad73a504971]::fmt::write
[INFO] [stdout]    2:     0x582f032f8d3c - <alloc[2e1b2a31b91974c5]::vec::Vec<u8> as core[a373ad73a504971]::io::write::Write>::write_fmt
[INFO] [stdout]    3:     0x582f032d0f06 - std[617be2ca0a6fd877]::panicking::default_hook::{closure#0}
[INFO] [stdout]    4:     0x582f032ed139 - std[617be2ca0a6fd877]::panicking::default_hook
[INFO] [stdout]    5:     0x582f032671f0 - test[aada8e7e76ba119b]::test_main_inner::{closure#0}
[INFO] [stdout]    6:     0x582f032ed2f2 - std[617be2ca0a6fd877]::panicking::panic_with_hook
[INFO] [stdout]    7:     0x582f032d0fb2 - std[617be2ca0a6fd877]::panicking::panic_handler::{closure#0}
[INFO] [stdout]    8:     0x582f032c9cc9 - std[617be2ca0a6fd877]::sys::backtrace::__rust_end_short_backtrace::<std[617be2ca0a6fd877]::panicking::panic_handler::{closure#0}, !>
[INFO] [stdout]    9:     0x582f032d1bbd - __rustc[ea4f61d10b84890b]::rust_begin_unwind
[INFO] [stdout]   10:     0x582f0330af3c - core[a373ad73a504971]::panicking::panic_fmt
[INFO] [stdout]   11:     0x582f0330ad12 - core[a373ad73a504971]::result::unwrap_failed
[INFO] [stdout]   12:     0x582f03246513 - <geotiff[4b4891dc63f5b751]::int32::{closure#0} as core[a373ad73a504971]::ops::function::FnOnce<()>>::call_once
[INFO] [stdout]   13:     0x582f0325a63b - test[aada8e7e76ba119b]::__rust_begin_short_backtrace::<core[a373ad73a504971]::result::Result<(), alloc[2e1b2a31b91974c5]::string::String>, fn() -> core[a373ad73a504971]::result::Result<(), alloc[2e1b2a31b91974c5]::string::String>>
[INFO] [stdout]   14:     0x582f03267815 - test[aada8e7e76ba119b]::run_test::{closure#0}
[INFO] [stdout]   15:     0x582f03261104 - std[617be2ca0a6fd877]::sys::backtrace::__rust_begin_short_backtrace::<test[aada8e7e76ba119b]::run_test::{closure#1}, ()>
[INFO] [stdout]   16:     0x582f0326a8a2 - <std[617be2ca0a6fd877]::thread::lifecycle::spawn_unchecked<test[aada8e7e76ba119b]::run_test::{closure#1}, ()>::{closure#1} as core[a373ad73a504971]::ops::function::FnOnce<()>>::call_once::{shim:vtable#0}
[INFO] [stdout]   17:     0x582f032f42ff - <std[617be2ca0a6fd877]::sys::thread::unix::Thread>::new::thread_start
[INFO] [stdout]   18:     0x7406399e0dfa - <unknown>
[INFO] [stdout]   19:     0x740639a743d4 - clone
[INFO] [stdout]   20:                0x0 - <unknown>
[INFO] [stdout] 
[INFO] [stdout] ---- byte stdout ----
[INFO] [stdout] 
[INFO] [stdout] thread 'byte' (2837) panicked at tests/geotiff.rs:62:68:
[INFO] [stdout] Open image file: Os { code: 2, kind: NotFound, message: "No such file or directory" }
[INFO] [stdout] stack backtrace:
[INFO] [stdout]    0:     0x582f032f4aa1 - <<std[617be2ca0a6fd877]::sys::backtrace::BacktraceLock>::print::DisplayBacktrace as core[a373ad73a504971]::fmt::Display>::fmt
[INFO] [stdout]    1:     0x582f0330a80a - core[a373ad73a504971]::fmt::write
[INFO] [stdout]    2:     0x582f032f8d3c - <alloc[2e1b2a31b91974c5]::vec::Vec<u8> as core[a373ad73a504971]::io::write::Write>::write_fmt
[INFO] [stdout]    3:     0x582f032d0f06 - std[617be2ca0a6fd877]::panicking::default_hook::{closure#0}
[INFO] [stdout]    4:     0x582f032ed139 - std[617be2ca0a6fd877]::panicking::default_hook
[INFO] [stdout]    5:     0x582f032671f0 - test[aada8e7e76ba119b]::test_main_inner::{closure#0}
[INFO] [stdout]    6:     0x582f032ed2f2 - std[617be2ca0a6fd877]::panicking::panic_with_hook
[INFO] [stdout]    7:     0x582f032d0fb2 - std[617be2ca0a6fd877]::panicking::panic_handler::{closure#0}
[INFO] [stdout]    8:     0x582f032c9cc9 - std[617be2ca0a6fd877]::sys::backtrace::__rust_end_short_backtrace::<std[617be2ca0a6fd877]::panicking::panic_handler::{closure#0}, !>
[INFO] [stdout]    9:     0x582f032d1bbd - __rustc[ea4f61d10b84890b]::rust_begin_unwind
[INFO] [stdout]   10:     0x582f0330af3c - core[a373ad73a504971]::panicking::panic_fmt
[INFO] [stdout]   11:     0x582f0330ad12 - core[a373ad73a504971]::result::unwrap_failed
[INFO] [stdout]   12:     0x582f032458b3 - <geotiff[4b4891dc63f5b751]::byte::{closure#0} as core[a373ad73a504971]::ops::function::FnOnce<()>>::call_once
[INFO] [stdout]   13:     0x582f0325a63b - test[aada8e7e76ba119b]::__rust_begin_short_backtrace::<core[a373ad73a504971]::result::Result<(), alloc[2e1b2a31b91974c5]::string::String>, fn() -> core[a373ad73a504971]::result::Result<(), alloc[2e1b2a31b91974c5]::string::String>>
[INFO] [stdout]   14:     0x582f03267815 - test[aada8e7e76ba119b]::run_test::{closure#0}
[INFO] [stdout]   15:     0x582f03261104 - std[617be2ca0a6fd877]::sys::backtrace::__rust_begin_short_backtrace::<test[aada8e7e76ba119b]::run_test::{closure#1}, ()>
[INFO] [stdout]   16:     0x582f0326a8a2 - <std[617be2ca0a6fd877]::thread::lifecycle::spawn_unchecked<test[aada8e7e76ba119b]::run_test::{closure#1}, ()>::{closure#1} as core[a373ad73a504971]::ops::function::FnOnce<()>>::call_once::{shim:vtable#0}
[INFO] [stdout]   17:     0x582f032f42ff - <std[617be2ca0a6fd877]::sys::thread::unix::Thread>::new::thread_start
[INFO] [stdout]   18:     0x7406399e0dfa - <unknown>
[INFO] [stdout]   19:     0x740639a743d4 - clone
[INFO] [stdout]   20:                0x0 - <unknown>
[INFO] [stdout] 
[INFO] [stdout] ---- incomplete_strips stdout ----
[INFO] [stdout] 
[INFO] [stdout] thread 'incomplete_strips' (2840) panicked at tests/geotiff.rs:540:63:
[INFO] [stdout] called `Result::unwrap()` on an `Err` value: Os { code: 2, kind: NotFound, message: "No such file or directory" }
[INFO] [stdout] stack backtrace:
[INFO] [stdout]    0:     0x582f032f4aa1 - <<std[617be2ca0a6fd877]::sys::backtrace::BacktraceLock>::print::DisplayBacktrace as core[a373ad73a504971]::fmt::Display>::fmt
[INFO] [stdout]    1:     0x582f0330a80a - core[a373ad73a504971]::fmt::write
[INFO] [stdout]    2:     0x582f032f8d3c - <alloc[2e1b2a31b91974c5]::vec::Vec<u8> as core[a373ad73a504971]::io::write::Write>::write_fmt
[INFO] [stdout]    3:     0x582f032d0f06 - std[617be2ca0a6fd877]::panicking::default_hook::{closure#0}
[INFO] [stdout]    4:     0x582f032ed139 - std[617be2ca0a6fd877]::panicking::default_hook
[INFO] [stdout]    5:     0x582f032671f0 - test[aada8e7e76ba119b]::test_main_inner::{closure#0}
[INFO] [stdout]    6:     0x582f032ed2f2 - std[617be2ca0a6fd877]::panicking::panic_with_hook
[INFO] [stdout]    7:     0x582f032d0fb2 - std[617be2ca0a6fd877]::panicking::panic_handler::{closure#0}
[INFO] [stdout]    8:     0x582f032c9cc9 - std[617be2ca0a6fd877]::sys::backtrace::__rust_end_short_backtrace::<std[617be2ca0a6fd877]::panicking::panic_handler::{closure#0}, !>
[INFO] [stdout]    9:     0x582f032d1bbd - __rustc[ea4f61d10b84890b]::rust_begin_unwind
[INFO] [stdout]   10:     0x582f0330af3c - core[a373ad73a504971]::panicking::panic_fmt
[INFO] [stdout]   11:     0x582f0330ad12 - core[a373ad73a504971]::result::unwrap_failed
[INFO] [stdout]   12:     0x582f03243aa9 - <geotiff[4b4891dc63f5b751]::incomplete_strips::{closure#0} as core[a373ad73a504971]::ops::function::FnOnce<()>>::call_once
[INFO] [stdout]   13:     0x582f0325a63b - test[aada8e7e76ba119b]::__rust_begin_short_backtrace::<core[a373ad73a504971]::result::Result<(), alloc[2e1b2a31b91974c5]::string::String>, fn() -> core[a373ad73a504971]::result::Result<(), alloc[2e1b2a31b91974c5]::string::String>>
[INFO] [stdout]   14:     0x582f03267815 - test[aada8e7e76ba119b]::run_test::{closure#0}
[INFO] [stdout]   15:     0x582f03261104 - std[617be2ca0a6fd877]::sys::backtrace::__rust_begin_short_backtrace::<test[aada8e7e76ba119b]::run_test::{closure#1}, ()>
[INFO] [stdout]   16:     0x582f0326a8a2 - <std[617be2ca0a6fd877]::thread::lifecycle::spawn_unchecked<test[aada8e7e76ba119b]::run_test::{closure#1}, ()>::{closure#1} as core[a373ad73a504971]::ops::function::FnOnce<()>>::call_once::{shim:vtable#0}
[INFO] [stdout]   17:     0x582f032f42ff - <std[617be2ca0a6fd877]::sys::thread::unix::Thread>::new::thread_start
[INFO] [stdout]   18:     0x7406399e0dfa - <unknown>
[INFO] [stdout]   19:     0x740639a743d4 - clone
[INFO] [stdout]   20:                0x0 - <unknown>
[INFO] [stdout] 
[INFO] [stdout] ---- float32 stdout ----
[INFO] [stdout] 
[INFO] [stdout] thread 'float32' (2839) panicked at tests/geotiff.rs:78:71:
[INFO] [stdout] Open image file: Os { code: 2, kind: NotFound, message: "No such file or directory" }
[INFO] [stdout] stack backtrace:
[INFO] [stdout]    0:     0x582f032f4aa1 - <<std[617be2ca0a6fd877]::sys::backtrace::BacktraceLock>::print::DisplayBacktrace as core[a373ad73a504971]::fmt::Display>::fmt
[INFO] [stdout]    1:     0x582f0330a80a - core[a373ad73a504971]::fmt::write
[INFO] [stdout]    2:     0x582f032f8d3c - <alloc[2e1b2a31b91974c5]::vec::Vec<u8> as core[a373ad73a504971]::io::write::Write>::write_fmt
[INFO] [stdout]    3:     0x582f032d0f06 - std[617be2ca0a6fd877]::panicking::default_hook::{closure#0}
[INFO] [stdout]    4:     0x582f032ed139 - std[617be2ca0a6fd877]::panicking::default_hook
[INFO] [stdout]    5:     0x582f032671f0 - test[aada8e7e76ba119b]::test_main_inner::{closure#0}
[INFO] [stdout]    6:     0x582f032ed2f2 - std[617be2ca0a6fd877]::panicking::panic_with_hook
[INFO] [stdout]    7:     0x582f032d0fb2 - std[617be2ca0a6fd877]::panicking::panic_handler::{closure#0}
[INFO] [stdout]    8:     0x582f032c9cc9 - std[617be2ca0a6fd877]::sys::backtrace::__rust_end_short_backtrace::<std[617be2ca0a6fd877]::panicking::panic_handler::{closure#0}, !>
[INFO] [stdout]    9:     0x582f032d1bbd - __rustc[ea4f61d10b84890b]::rust_begin_unwind
[INFO] [stdout]   10:     0x582f0330af3c - core[a373ad73a504971]::panicking::panic_fmt
[INFO] [stdout]   11:     0x582f0330ad12 - core[a373ad73a504971]::result::unwrap_failed
[INFO] [stdout]   12:     0x582f03246b43 - <geotiff[4b4891dc63f5b751]::float32::{closure#0} as core[a373ad73a504971]::ops::function::FnOnce<()>>::call_once
[INFO] [stdout]   13:     0x582f0325a63b - test[aada8e7e76ba119b]::__rust_begin_short_backtrace::<core[a373ad73a504971]::result::Result<(), alloc[2e1b2a31b91974c5]::string::String>, fn() -> core[a373ad73a504971]::result::Result<(), alloc[2e1b2a31b91974c5]::string::String>>
[INFO] [stdout]   14:     0x582f03267815 - test[aada8e7e76ba119b]::run_test::{closure#0}
[INFO] [stdout]   15:     0x582f03261104 - std[617be2ca0a6fd877]::sys::backtrace::__rust_begin_short_backtrace::<test[aada8e7e76ba119b]::run_test::{closure#1}, ()>
[INFO] [stdout]   16:     0x582f0326a8a2 - <std[617be2ca0a6fd877]::thread::lifecycle::spawn_unchecked<test[aada8e7e76ba119b]::run_test::{closure#1}, ()>::{closure#1} as core[a373ad73a504971]::ops::function::FnOnce<()>>::call_once::{shim:vtable#0}
[INFO] [stdout]   17:     0x582f032f42ff - <std[617be2ca0a6fd877]::sys::thread::unix::Thread>::new::thread_start
[INFO] [stdout]   18:     0x7406399e0dfa - <unknown>
[INFO] [stdout]   19:     0x740639a743d4 - clone
[INFO] [stdout]   20:                0x0 - <unknown>
[INFO] [stdout] 
[INFO] [stdout] ---- rgb_bands stdout ----
[INFO] [stdout] 
[INFO] [stdout] thread 'rgb_bands' (2845) panicked at tests/geotiff.rs:471:66:
[INFO] [stdout] Open image file: Os { code: 2, kind: NotFound, message: "No such file or directory" }
[INFO] [stdout] stack backtrace:
[INFO] [stdout]    0:     0x582f032f4aa1 - <<std[617be2ca0a6fd877]::sys::backtrace::BacktraceLock>::print::DisplayBacktrace as core[a373ad73a504971]::fmt::Display>::fmt
[INFO] [stdout]    1:     0x582f0330a80a - core[a373ad73a504971]::fmt::write
[INFO] [stdout]    2:     0x582f032f8d3c - <alloc[2e1b2a31b91974c5]::vec::Vec<u8> as core[a373ad73a504971]::io::write::Write>::write_fmt
[INFO] [stdout]    3:     0x582f032d0f06 - std[617be2ca0a6fd877]::panicking::default_hook::{closure#0}
[INFO] [stdout]    4:     0x582f032ed139 - std[617be2ca0a6fd877]::panicking::default_hook
[INFO] [stdout]    5:     0x582f032671f0 - test[aada8e7e76ba119b]::test_main_inner::{closure#0}
[INFO] [stdout]    6:     0x582f032ed2f2 - std[617be2ca0a6fd877]::panicking::panic_with_hook
[INFO] [stdout]    7:     0x582f032d0fb2 - std[617be2ca0a6fd877]::panicking::panic_handler::{closure#0}
[INFO] [stdout]    8:     0x582f032c9cc9 - std[617be2ca0a6fd877]::sys::backtrace::__rust_end_short_backtrace::<std[617be2ca0a6fd877]::panicking::panic_handler::{closure#0}, !>
[INFO] [stdout]    9:     0x582f032d1bbd - __rustc[ea4f61d10b84890b]::rust_begin_unwind
[INFO] [stdout]   10:     0x582f0330af3c - core[a373ad73a504971]::panicking::panic_fmt
[INFO] [stdout]   11:     0x582f0330ad12 - core[a373ad73a504971]::result::unwrap_failed
[INFO] [stdout]   12:     0x582f032477cf - <geotiff[4b4891dc63f5b751]::rgb_bands::{closure#0} as core[a373ad73a504971]::ops::function::FnOnce<()>>::call_once
[INFO] [stdout]   13:     0x582f0325a63b - test[aada8e7e76ba119b]::__rust_begin_short_backtrace::<core[a373ad73a504971]::result::Result<(), alloc[2e1b2a31b91974c5]::string::String>, fn() -> core[a373ad73a504971]::result::Result<(), alloc[2e1b2a31b91974c5]::string::String>>
[INFO] [stdout]   14:     0x582f03267815 - test[aada8e7e76ba119b]::run_test::{closure#0}
[INFO] [stdout]   15:     0x582f03261104 - std[617be2ca0a6fd877]::sys::backtrace::__rust_begin_short_backtrace::<test[aada8e7e76ba119b]::run_test::{closure#1}, ()>
[INFO] [stdout]   16:     0x582f0326a8a2 - <std[617be2ca0a6fd877]::thread::lifecycle::spawn_unchecked<test[aada8e7e76ba119b]::run_test::{closure#1}, ()>::{closure#1} as core[a373ad73a504971]::ops::function::FnOnce<()>>::call_once::{shim:vtable#0}
[INFO] [stdout]   17:     0x582f032f42ff - <std[617be2ca0a6fd877]::sys::thread::unix::Thread>::new::thread_start
[INFO] [stdout]   18:     0x7406399e0dfa - <unknown>
[INFO] [stdout]   19:     0x740639a743d4 - clone
[INFO] [stdout]   20:                0x0 - <unknown>
[INFO] [stdout] 
[INFO] [stdout] ---- int16 stdout ----
[INFO] [stdout] 
[INFO] [stdout] thread 'int16' (2841) panicked at tests/geotiff.rs:93:69:
[INFO] [stdout] Open image file: Os { code: 2, kind: NotFound, message: "No such file or directory" }
[INFO] [stdout] stack backtrace:
[INFO] [stdout]    0:     0x582f032f4aa1 - <<std[617be2ca0a6fd877]::sys::backtrace::BacktraceLock>::print::DisplayBacktrace as core[a373ad73a504971]::fmt::Display>::fmt
[INFO] [stdout]    1:     0x582f0330a80a - core[a373ad73a504971]::fmt::write
[INFO] [stdout]    2:     0x582f032f8d3c - <alloc[2e1b2a31b91974c5]::vec::Vec<u8> as core[a373ad73a504971]::io::write::Write>::write_fmt
[INFO] [stdout]    3:     0x582f032d0f06 - std[617be2ca0a6fd877]::panicking::default_hook::{closure#0}
[INFO] [stdout]    4:     0x582f032ed139 - std[617be2ca0a6fd877]::panicking::default_hook
[INFO] [stdout]    5:     0x582f032671f0 - test[aada8e7e76ba119b]::test_main_inner::{closure#0}
[INFO] [stdout]    6:     0x582f032ed2f2 - std[617be2ca0a6fd877]::panicking::panic_with_hook
[INFO] [stdout]    7:     0x582f032d0fb2 - std[617be2ca0a6fd877]::panicking::panic_handler::{closure#0}
[INFO] [stdout]    8:     0x582f032c9cc9 - std[617be2ca0a6fd877]::sys::backtrace::__rust_end_short_backtrace::<std[617be2ca0a6fd877]::panicking::panic_handler::{closure#0}, !>
[INFO] [stdout]    9:     0x582f032d1bbd - __rustc[ea4f61d10b84890b]::rust_begin_unwind
[INFO] [stdout]   10:     0x582f0330af3c - core[a373ad73a504971]::panicking::panic_fmt
[INFO] [stdout]   11:     0x582f0330ad12 - core[a373ad73a504971]::result::unwrap_failed
[INFO] [stdout]   12:     0x582f03245ee3 - <geotiff[4b4891dc63f5b751]::int16::{closure#0} as core[a373ad73a504971]::ops::function::FnOnce<()>>::call_once
[INFO] [stdout]   13:     0x582f0325a63b - test[aada8e7e76ba119b]::__rust_begin_short_backtrace::<core[a373ad73a504971]::result::Result<(), alloc[2e1b2a31b91974c5]::string::String>, fn() -> core[a373ad73a504971]::result::Result<(), alloc[2e1b2a31b91974c5]::string::String>>
[INFO] [stdout]   14:     0x582f03267815 - test[aada8e7e76ba119b]::run_test::{closure#0}
[INFO] [stdout]   15:     0x582f03261104 - std[617be2ca0a6fd877]::sys::backtrace::__rust_begin_short_backtrace::<test[aada8e7e76ba119b]::run_test::{closure#1}, ()>
[INFO] [stdout]   16:     0x582f0326a8a2 - <std[617be2ca0a6fd877]::thread::lifecycle::spawn_unchecked<test[aada8e7e76ba119b]::run_test::{closure#1}, ()>::{closure#1} as core[a373ad73a504971]::ops::function::FnOnce<()>>::call_once::{shim:vtable#0}
[INFO] [stdout]   17:     0x582f032f42ff - <std[617be2ca0a6fd877]::sys::thread::unix::Thread>::new::thread_start
[INFO] [stdout]   18:     0x7406399e0dfa - <unknown>
[INFO] [stdout]   19:     0x740639a743d4 - clone
[INFO] [stdout]   20:                0x0 - <unknown>
[INFO] [stdout] 
[INFO] [stdout] ---- rgb stdout ----
[INFO] [stdout] 
[INFO] [stdout] thread 'rgb' (2844) panicked at tests/geotiff.rs:330:67:
[INFO] [stdout] Open image file: Os { code: 2, kind: NotFound, message: "No such file or directory" }
[INFO] [stdout] stack backtrace:
[INFO] [stdout]    0:     0x582f032f4aa1 - <<std[617be2ca0a6fd877]::sys::backtrace::BacktraceLock>::print::DisplayBacktrace as core[a373ad73a504971]::fmt::Display>::fmt
[INFO] [stdout]    1:     0x582f0330a80a - core[a373ad73a504971]::fmt::write
[INFO] [stdout]    2:     0x582f032f8d3c - <alloc[2e1b2a31b91974c5]::vec::Vec<u8> as core[a373ad73a504971]::io::write::Write>::write_fmt
[INFO] [stdout]    3:     0x582f032d0f06 - std[617be2ca0a6fd877]::panicking::default_hook::{closure#0}
[INFO] [stdout]    4:     0x582f032ed139 - std[617be2ca0a6fd877]::panicking::default_hook
[INFO] [stdout]    5:     0x582f032671f0 - test[aada8e7e76ba119b]::test_main_inner::{closure#0}
[INFO] [stdout]    6:     0x582f032ed2f2 - std[617be2ca0a6fd877]::panicking::panic_with_hook
[INFO] [stdout]    7:     0x582f032d0fb2 - std[617be2ca0a6fd877]::panicking::panic_handler::{closure#0}
[INFO] [stdout]    8:     0x582f032c9cc9 - std[617be2ca0a6fd877]::sys::backtrace::__rust_end_short_backtrace::<std[617be2ca0a6fd877]::panicking::panic_handler::{closure#0}, !>
[INFO] [stdout]    9:     0x582f032d1bbd - __rustc[ea4f61d10b84890b]::rust_begin_unwind
[INFO] [stdout]   10:     0x582f0330af3c - core[a373ad73a504971]::panicking::panic_fmt
[INFO] [stdout]   11:     0x582f0330ad12 - core[a373ad73a504971]::result::unwrap_failed
[INFO] [stdout]   12:     0x582f03244b65 - <geotiff[4b4891dc63f5b751]::rgb::{closure#0} as core[a373ad73a504971]::ops::function::FnOnce<()>>::call_once
[INFO] [stdout]   13:     0x582f0325a63b - test[aada8e7e76ba119b]::__rust_begin_short_backtrace::<core[a373ad73a504971]::result::Result<(), alloc[2e1b2a31b91974c5]::string::String>, fn() -> core[a373ad73a504971]::result::Result<(), alloc[2e1b2a31b91974c5]::string::String>>
[INFO] [stdout]   14:     0x582f03267815 - test[aada8e7e76ba119b]::run_test::{closure#0}
[INFO] [stdout]   15:     0x582f03261104 - std[617be2ca0a6fd877]::sys::backtrace::__rust_begin_short_backtrace::<test[aada8e7e76ba119b]::run_test::{closure#1}, ()>
[INFO] [stdout]   16:     0x582f0326a8a2 - <std[617be2ca0a6fd877]::thread::lifecycle::spawn_unchecked<test[aada8e7e76ba119b]::run_test::{closure#1}, ()>::{closure#1} as core[a373ad73a504971]::ops::function::FnOnce<()>>::call_once::{shim:vtable#0}
[INFO] [stdout]   17:     0x582f032f42ff - <std[617be2ca0a6fd877]::sys::thread::unix::Thread>::new::thread_start
[INFO] [stdout]   18:     0x7406399e0dfa - <unknown>
[INFO] [stdout]   19:     0x740639a743d4 - clone
[INFO] [stdout]   20:                0x0 - <unknown>
[INFO] [stdout] 
[INFO] [stdout] ---- small_world_pct stdout ----
[INFO] [stdout] 
[INFO] [stdout] thread 'small_world_pct' (2849) panicked at tests/geotiff.rs:294:68:
[INFO] [stdout] Open image file: Os { code: 2, kind: NotFound, message: "No such file or directory" }
[INFO] [stdout] stack backtrace:
[INFO] [stdout]    0:     0x582f032f4aa1 - <<std[617be2ca0a6fd877]::sys::backtrace::BacktraceLock>::print::DisplayBacktrace as core[a373ad73a504971]::fmt::Display>::fmt
[INFO] [stdout]    1:     0x582f0330a80a - core[a373ad73a504971]::fmt::write
[INFO] [stdout]    2:     0x582f032f8d3c - <alloc[2e1b2a31b91974c5]::vec::Vec<u8> as core[a373ad73a504971]::io::write::Write>::write_fmt
[INFO] [stdout]    3:     0x582f032d0f06 - std[617be2ca0a6fd877]::panicking::default_hook::{closure#0}
[INFO] [stdout]    4:     0x582f032ed139 - std[617be2ca0a6fd877]::panicking::default_hook
[INFO] [stdout]    5:     0x582f032671f0 - test[aada8e7e76ba119b]::test_main_inner::{closure#0}
[INFO] [stdout]    6:     0x582f032ed2f2 - std[617be2ca0a6fd877]::panicking::panic_with_hook
[INFO] [stdout]    7:     0x582f032d0fb2 - std[617be2ca0a6fd877]::panicking::panic_handler::{closure#0}
[INFO] [stdout]    8:     0x582f032c9cc9 - std[617be2ca0a6fd877]::sys::backtrace::__rust_end_short_backtrace::<std[617be2ca0a6fd877]::panicking::panic_handler::{closure#0}, !>
[INFO] [stdout]    9:     0x582f032d1bbd - __rustc[ea4f61d10b84890b]::rust_begin_unwind
[INFO] [stdout]   10:     0x582f0330af3c - core[a373ad73a504971]::panicking::panic_fmt
[INFO] [stdout]   11:     0x582f0330ad12 - core[a373ad73a504971]::result::unwrap_failed
[INFO] [stdout]   12:     0x582f03243690 - <geotiff[4b4891dc63f5b751]::small_world_pct::{closure#0} as core[a373ad73a504971]::ops::function::FnOnce<()>>::call_once
[INFO] [stdout]   13:     0x582f0325a63b - test[aada8e7e76ba119b]::__rust_begin_short_backtrace::<core[a373ad73a504971]::result::Result<(), alloc[2e1b2a31b91974c5]::string::String>, fn() -> core[a373ad73a504971]::result::Result<(), alloc[2e1b2a31b91974c5]::string::String>>
[INFO] [stdout]   14:     0x582f03267815 - test[aada8e7e76ba119b]::run_test::{closure#0}
[INFO] [stdout]   15:     0x582f03261104 - std[617be2ca0a6fd877]::sys::backtrace::__rust_begin_short_backtrace::<test[aada8e7e76ba119b]::run_test::{closure#1}, ()>
[INFO] [stdout]   16:     0x582f0326a8a2 - <std[617be2ca0a6fd877]::thread::lifecycle::spawn_unchecked<test[aada8e7e76ba119b]::run_test::{closure#1}, ()>::{closure#1} as core[a373ad73a504971]::ops::function::FnOnce<()>>::call_once::{shim:vtable#0}
[INFO] [stdout]   17:     0x582f032f42ff - <std[617be2ca0a6fd877]::sys::thread::unix::Thread>::new::thread_start
[INFO] [stdout]   18:     0x7406399e0dfa - <unknown>
[INFO] [stdout]   19:     0x740639a743d4 - clone
[INFO] [stdout]   20:                0x0 - <unknown>
[INFO] [stdout] 
[INFO] [stdout] ---- small_world stdout ----
[INFO] [stdout] 
[INFO] [stdout] thread 'small_world' (2848) panicked at tests/geotiff.rs:145:64:
[INFO] [stdout] Open image file: Os { code: 2, kind: NotFound, message: "No such file or directory" }
[INFO] [stdout] stack backtrace:
[INFO] [stdout]    0:     0x582f032f4aa1 - <<std[617be2ca0a6fd877]::sys::backtrace::BacktraceLock>::print::DisplayBacktrace as core[a373ad73a504971]::fmt::Display>::fmt
[INFO] [stdout]    1:     0x582f0330a80a - core[a373ad73a504971]::fmt::write
[INFO] [stdout]    2:     0x582f032f8d3c - <alloc[2e1b2a31b91974c5]::vec::Vec<u8> as core[a373ad73a504971]::io::write::Write>::write_fmt
[INFO] [stdout]    3:     0x582f032d0f06 - std[617be2ca0a6fd877]::panicking::default_hook::{closure#0}
[INFO] [stdout]    4:     0x582f032ed139 - std[617be2ca0a6fd877]::panicking::default_hook
[INFO] [stdout]    5:     0x582f032671f0 - test[aada8e7e76ba119b]::test_main_inner::{closure#0}
[INFO] [stdout]    6:     0x582f032ed2f2 - std[617be2ca0a6fd877]::panicking::panic_with_hook
[INFO] [stdout]    7:     0x582f032d0fb2 - std[617be2ca0a6fd877]::panicking::panic_handler::{closure#0}
[INFO] [stdout]    8:     0x582f032c9cc9 - std[617be2ca0a6fd877]::sys::backtrace::__rust_end_short_backtrace::<std[617be2ca0a6fd877]::panicking::panic_handler::{closure#0}, !>
[INFO] [stdout]    9:     0x582f032d1bbd - __rustc[ea4f61d10b84890b]::rust_begin_unwind
[INFO] [stdout]   10:     0x582f0330af3c - core[a373ad73a504971]::panicking::panic_fmt
[INFO] [stdout]   11:     0x582f0330ad12 - core[a373ad73a504971]::result::unwrap_failed
[INFO] [stdout]   12:     0x582f03242d45 - <geotiff[4b4891dc63f5b751]::small_world::{closure#0} as core[a373ad73a504971]::ops::function::FnOnce<()>>::call_once
[INFO] [stdout]   13:     0x582f0325a63b - test[aada8e7e76ba119b]::__rust_begin_short_backtrace::<core[a373ad73a504971]::result::Result<(), alloc[2e1b2a31b91974c5]::string::String>, fn() -> core[a373ad73a504971]::result::Result<(), alloc[2e1b2a31b91974c5]::string::String>>
[INFO] [stdout]   14:     0x582f03267815 - test[aada8e7e76ba119b]::run_test::{closure#0}
[INFO] [stdout]   15:     0x582f03261104 - std[617be2ca0a6fd877]::sys::backtrace::__rust_begin_short_backtrace::<test[aada8e7e76ba119b]::run_test::{closure#1}, ()>
[INFO] [stdout]   16:     0x582f0326a8a2 - <std[617be2ca0a6fd877]::thread::lifecycle::spawn_unchecked<test[aada8e7e76ba119b]::run_test::{closure#1}, ()>::{closure#1} as core[a373ad73a504971]::ops::function::FnOnce<()>>::call_once::{shim:vtable#0}
[INFO] [stdout]   17:     0x582f032f42ff - <std[617be2ca0a6fd877]::sys::thread::unix::Thread>::new::thread_start
[INFO] [stdout]   18:     0x7406399e0dfa - <unknown>
[INFO] [stdout]   19:     0x740639a743d4 - clone
[INFO] [stdout]   20:                0x0 - <unknown>
[INFO] [stdout] 
[INFO] [stdout] 
[INFO] [stdout] failures:
[INFO] [stdout]     byte
[INFO] [stdout]     convert_pixel_coordinates
[INFO] [stdout]     float32
[INFO] [stdout]     incomplete_strips
[INFO] [stdout]     int16
[INFO] [stdout]     int32
[INFO] [stdout]     read_coord
[INFO] [stdout]     rgb
[INFO] [stdout]     rgb_bands
[INFO] [stdout]     rgbsmall
[INFO] [stdout]     single_band
[INFO] [stdout]     small_world
[INFO] [stdout]     small_world_pct
[INFO] [stdout]     utm
[INFO] [stdout] 
[INFO] [stdout] test result: FAILED. 0 passed; 14 failed; 0 ignored; 0 measured; 0 filtered out; finished in 0.01s
[INFO] [stdout] 
[INFO] [stderr] error: test failed, to rerun pass `--test geotiff`
[INFO] running `Command { std: "docker" "inspect" "a325e5c9bc51bf1146cdcd3960c13e0b4cb5ceee0ca6c12096954ab1f3aa6df8", kill_on_drop: false }`
[INFO] running `Command { std: "docker" "rm" "-f" "a325e5c9bc51bf1146cdcd3960c13e0b4cb5ceee0ca6c12096954ab1f3aa6df8", kill_on_drop: false }`
[INFO] [stdout] a325e5c9bc51bf1146cdcd3960c13e0b4cb5ceee0ca6c12096954ab1f3aa6df8
