[INFO] fetching crate genos 0.1.0...
[INFO] testing genos-0.1.0 against 1.100.0-beta.1+cargoflags=--release for beta-release-1.100-2
[INFO] extracting crate genos 0.1.0 into /workspace/builds/worker-4-tc2/source
[INFO] started tweaking crates.io crate genos 0.1.0
[INFO] removed 0 missing tests
[INFO] finished tweaking crates.io crate genos 0.1.0
[INFO] tweaked toml for crates.io crate genos 0.1.0 written to /workspace/builds/worker-4-tc2/source/Cargo.toml
[INFO] validating manifest of crates.io crate genos 0.1.0 on toolchain 1.100.0-beta.1
[INFO] running `Command { std: CARGO_HOME="/workspace/cargo-home" RUSTUP_HOME="/workspace/rustup-home" "/workspace/cargo-home/bin/cargo" "+1.100.0-beta.1" "metadata" "--manifest-path" "Cargo.toml" "--no-deps", kill_on_drop: false }`
[INFO] crate crates.io crate genos 0.1.0 already has a lockfile, it will not be regenerated
[INFO] running `Command { std: CARGO_HOME="/workspace/cargo-home" RUSTUP_HOME="/workspace/rustup-home" "/workspace/cargo-home/bin/cargo" "+1.100.0-beta.1" "fetch" "--manifest-path" "Cargo.toml", kill_on_drop: false }`
[INFO] running `Command { std: "docker" "create" "-v" "/var/lib/crater-agent-workspace/builds/worker-4-tc2/source:/opt/rustwide/workdir:ro,Z" "-v" "/var/lib/crater-agent-workspace/builds/worker-4-tc2/target:/opt/rustwide/target:rw,Z" "-v" "/var/lib/crater-agent-workspace/cargo-home:/opt/rustwide/cargo-home:ro,Z" "-v" "/var/lib/crater-agent-workspace/rustup-home:/opt/rustwide/rustup-home:ro,Z" "-m" "1610612736" "--network" "none" "ghcr.io/rust-lang/crates-build-env/linux@sha256:77db811e55d90add9212f6832c23229e3de5f1c1f9905e8cb07319ea15df73ac" "sleep" "infinity", kill_on_drop: false }`
[INFO] [stdout] 8cd7979adc38ebfbb7fa91fbd3c9f6d2957d2d9be8a3493ffaefe3b2f9c7137f
[INFO] running `Command { std: "docker" "start" "8cd7979adc38ebfbb7fa91fbd3c9f6d2957d2d9be8a3493ffaefe3b2f9c7137f", kill_on_drop: false }`
[INFO] running `Command { std: "docker" "inspect" "8cd7979adc38ebfbb7fa91fbd3c9f6d2957d2d9be8a3493ffaefe3b2f9c7137f", kill_on_drop: false }`
[INFO] running `Command { std: "docker" "exec" "-e" "SOURCE_DIR=/opt/rustwide/workdir" "-e" "CARGO_HOME=/opt/rustwide/cargo-home" "-e" "RUSTUP_HOME=/opt/rustwide/rustup-home" "-e" "CARGO_TARGET_DIR=/opt/rustwide/target" "-w" "/opt/rustwide/workdir" "--user" "0:0" "8cd7979adc38ebfbb7fa91fbd3c9f6d2957d2d9be8a3493ffaefe3b2f9c7137f" "/opt/rustwide/cargo-home/bin/cargo" "+1.100.0-beta.1" "metadata" "--no-deps" "--format-version=1", kill_on_drop: false }`
[INFO] running `Command { std: "docker" "inspect" "8cd7979adc38ebfbb7fa91fbd3c9f6d2957d2d9be8a3493ffaefe3b2f9c7137f", kill_on_drop: false }`
[INFO] running `Command { std: "docker" "exec" "-e" "SOURCE_DIR=/opt/rustwide/workdir" "-e" "CARGO_HOME=/opt/rustwide/cargo-home" "-e" "RUSTUP_HOME=/opt/rustwide/rustup-home" "-e" "CARGO_TARGET_DIR=/opt/rustwide/target" "-e" "CARGO_INCREMENTAL=0" "-e" "RUST_BACKTRACE=full" "-e" "RUSTFLAGS=--cap-lints=warn" "-e" "RUSTDOCFLAGS=--cap-lints=warn" "-w" "/opt/rustwide/workdir" "--user" "0:0" "8cd7979adc38ebfbb7fa91fbd3c9f6d2957d2d9be8a3493ffaefe3b2f9c7137f" "/opt/rustwide/cargo-home/bin/cargo" "+1.100.0-beta.1" "build" "--frozen" "--message-format=json" "--release", kill_on_drop: false }`
[INFO] [stderr]    Compiling serde_core v1.0.228
[INFO] [stderr]    Compiling serde v1.0.228
[INFO] [stderr]    Compiling litemap v0.8.2
[INFO] [stderr]    Compiling digest v0.10.7
[INFO] [stderr]    Compiling writeable v0.6.3
[INFO] [stderr]    Compiling zerofrom v0.1.7
[INFO] [stderr]    Compiling futures-io v0.3.32
[INFO] [stderr]    Compiling crypto-common v0.1.7
[INFO] [stderr]    Compiling icu_normalizer_data v2.2.0
[INFO] [stderr]    Compiling icu_properties_data v2.2.0
[INFO] [stderr]    Compiling subtle v2.6.1
[INFO] [stderr]    Compiling crossbeam-utils v0.8.21
[INFO] [stderr]    Compiling openssl-sys v0.9.112
[INFO] [stderr]    Compiling ppv-lite86 v0.2.21
[INFO] [stderr]    Compiling getrandom v0.2.17
[INFO] [stderr]    Compiling futures-core v0.3.32
[INFO] [stderr]    Compiling zerocopy v0.8.48
[INFO] [stderr]    Compiling parking_lot_core v0.9.12
[INFO] [stderr]    Compiling mio v1.2.0
[INFO] [stderr]    Compiling yoke v0.8.2
[INFO] [stderr]    Compiling futures-util v0.3.32
[INFO] [stderr]    Compiling socket2 v0.6.3
[INFO] [stderr]    Compiling num-traits v0.2.19
[INFO] [stderr]    Compiling bytes v1.11.1
[INFO] [stderr]    Compiling allocator-api2 v0.2.21
[INFO] [stderr]    Compiling futures-sink v0.3.32
[INFO] [stderr]    Compiling foldhash v0.1.5
[INFO] [stderr]    Compiling tinyvec_macros v0.1.1
[INFO] [stderr]    Compiling form_urlencoded v1.2.2
[INFO] [stderr]    Compiling tinyvec v1.11.0
[INFO] [stderr]    Compiling zerovec v0.11.6
[INFO] [stderr]    Compiling zerotrie v0.2.4
[INFO] [stderr]    Compiling concurrent-queue v2.5.0
[INFO] [stderr]    Compiling rand_core v0.6.4
[INFO] [stderr]    Compiling getrandom v0.3.4
[INFO] [stderr]    Compiling tracing-core v0.1.36
[INFO] [stderr]    Compiling serde_json v1.0.149
[INFO] [stderr]    Compiling thiserror v2.0.18
[INFO] [stderr]    Compiling futures-task v0.3.32
[INFO] [stderr]    Compiling parking v2.2.1
[INFO] [stderr]    Compiling hashbrown v0.15.5
[INFO] [stderr]    Compiling openssl v0.10.76
[INFO] [stderr]    Compiling crc-catalog v2.4.0
[INFO] [stderr]    Compiling tracing v0.1.44
[INFO] [stderr]    Compiling sha2 v0.10.9
[INFO] [stderr]    Compiling crc v3.4.0
[INFO] [stderr]    Compiling event-listener v5.4.1
[INFO] [stderr]    Compiling indexmap v2.14.0
[INFO] [stderr]    Compiling rand_core v0.9.5
[INFO] [stderr]    Compiling tokio v1.51.1
[INFO] [stderr]    Compiling unicode-normalization v0.1.25
[INFO] [stderr]    Compiling hmac v0.12.1
[INFO] [stderr]    Compiling crossbeam-queue v0.3.12
[INFO] [stderr]    Compiling openssl-macros v0.1.1
[INFO] [stderr]    Compiling proc-macro-error-attr v1.0.4
[INFO] [stderr]    Compiling uuid v1.23.0
[INFO] [stderr]    Compiling unicode-bidi v0.3.18
[INFO] [stderr]    Compiling tinystr v0.8.3
[INFO] [stderr]    Compiling potential_utf v0.1.5
[INFO] [stderr]    Compiling syn v1.0.109
[INFO] [stderr]    Compiling icu_collections v2.2.0
[INFO] [stderr]    Compiling linkme v0.3.35
[INFO] [stderr]    Compiling base64 v0.22.1
[INFO] [stderr]    Compiling icu_locale_core v2.2.0
[INFO] [stderr]    Compiling hashlink v0.10.0
[INFO] [stderr]    Compiling linkme-impl v0.3.35
[INFO] [stderr]    Compiling darling_core v0.20.11
[INFO] [stderr]    Compiling regex-automata v0.4.14
[INFO] [stderr]    Compiling stringprep v0.1.5
[INFO] [stderr]    Compiling native-tls v0.2.18
[INFO] [stderr]    Compiling hkdf v0.12.4
[INFO] [stderr]    Compiling rand_chacha v0.9.0
[INFO] [stderr]    Compiling md-5 v0.10.6
[INFO] [stderr]    Compiling futures-channel v0.3.32
[INFO] [stderr]    Compiling proc-macro-error v1.0.4
[INFO] [stderr]    Compiling atoi v2.0.0
[INFO] [stderr]    Compiling bitflags v2.11.0
[INFO] [stderr]    Compiling num-conv v0.2.1
[INFO] [stderr]    Compiling dotenvy v0.15.7
[INFO] [stderr]    Compiling whoami v1.6.1
[INFO] [stderr]    Compiling compression-core v0.4.31
[INFO] [stderr]    Compiling byteorder v1.5.0
[INFO] [stderr]    Compiling hex v0.4.3
[INFO] [stderr]    Compiling compression-codecs v0.4.37
[INFO] [stderr]    Compiling time-macros v0.2.27
[INFO] [stderr]    Compiling icu_provider v2.2.0
[INFO] [stderr]    Compiling rand v0.9.2
[INFO] [stderr]    Compiling icu_properties v2.2.0
[INFO] [stderr]    Compiling rand_chacha v0.3.1
[INFO] [stderr]    Compiling sha1 v0.10.6
[INFO] [stderr]    Compiling num-integer v0.1.46
[INFO] [stderr]    Compiling ring v0.17.14
[INFO] [stderr]    Compiling smallvec v1.15.1
[INFO] [stderr]    Compiling either v1.15.0
[INFO] [stderr]    Compiling icu_normalizer v2.2.0
[INFO] [stderr]    Compiling data-encoding v2.10.0
[INFO] [stderr]    Compiling parking_lot v0.12.5
[INFO] [stderr]    Compiling unicode-properties v0.1.4
[INFO] [stderr]    Compiling utf-8 v0.7.6
[INFO] [stderr]    Compiling idna_adapter v1.2.1
[INFO] [stderr]    Compiling serde_urlencoded v0.7.1
[INFO] [stderr]    Compiling futures-intrusive v0.5.0
[INFO] [stderr]    Compiling idna v1.1.0
[INFO] [stderr]    Compiling time v0.3.47
[INFO] [stderr]    Compiling tungstenite v0.28.0
[INFO] [stderr]    Compiling num-bigint v0.4.6
[INFO] [stderr]    Compiling tokio-stream v0.1.18
[INFO] [stderr]    Compiling url v2.5.8
[INFO] [stderr]    Compiling rand v0.8.5
[INFO] [stderr]    Compiling darling_macro v0.20.11
[INFO] [stderr]    Compiling sqlx-core v0.8.6
[INFO] [stderr]    Compiling darling v0.20.11
[INFO] [stderr]    Compiling home v0.5.12
[INFO] [stderr]    Compiling nom v7.1.3
[INFO] [stderr]    Compiling password-hash v0.5.0
[INFO] [stderr]    Compiling validator_derive v0.18.2
[INFO] [stderr]    Compiling simple_asn1 v0.6.4
[INFO] [stderr]    Compiling matchers v0.2.0
[INFO] [stderr]    Compiling regex v1.12.3
[INFO] [stderr]    Compiling axum-core v0.5.6
[INFO] [stderr]    Compiling tracing-serde v0.2.0
[INFO] [stderr]    Compiling serde_path_to_error v0.1.20
[INFO] [stderr]    Compiling idna v0.5.0
[INFO] [stderr]    Compiling blake2 v0.10.6
[INFO] [stderr]    Compiling pem v3.0.6
[INFO] [stderr]    Compiling matchit v0.8.4
[INFO] [stderr]    Compiling tracing-subscriber v0.3.23
[INFO] [stderr]    Compiling dashmap v6.1.0
[INFO] [stderr]    Compiling validator v0.18.1
[INFO] [stderr]    Compiling argon2 v0.5.3
[INFO] [stderr]    Compiling genos-macros v0.1.1
[INFO] [stderr]    Compiling sqlx-postgres v0.8.6
[INFO] [stderr]    Compiling eventsource-stream v0.2.3
[INFO] [stderr]    Compiling tokio-util v0.7.18
[INFO] [stderr]    Compiling tower v0.5.3
[INFO] [stderr]    Compiling async-compression v0.4.41
[INFO] [stderr]    Compiling tokio-native-tls v0.3.1
[INFO] [stderr]    Compiling tokio-tungstenite v0.28.0
[INFO] [stderr]    Compiling h2 v0.4.13
[INFO] [stderr]    Compiling tower-http v0.6.8
[INFO] [stderr]    Compiling sqlx-macros-core v0.8.6
[INFO] [stderr]    Compiling sqlx-macros v0.8.6
[INFO] [stderr]    Compiling jsonwebtoken v9.3.1
[INFO] [stderr]    Compiling hyper v1.9.0
[INFO] [stderr]    Compiling hyper-util v0.1.20
[INFO] [stderr]    Compiling sqlx v0.8.6
[INFO] [stderr]    Compiling hyper-tls v0.6.0
[INFO] [stderr]    Compiling axum v0.8.8
[INFO] [stderr]    Compiling reqwest v0.12.28
[INFO] [stderr]    Compiling genos v0.1.0 (/opt/rustwide/workdir)
[INFO] [stderr]     Finished `release` profile [optimized] target(s) in 2m 36s
[INFO] running `Command { std: "docker" "inspect" "8cd7979adc38ebfbb7fa91fbd3c9f6d2957d2d9be8a3493ffaefe3b2f9c7137f", kill_on_drop: false }`
[INFO] running `Command { std: "docker" "exec" "-e" "SOURCE_DIR=/opt/rustwide/workdir" "-e" "CARGO_HOME=/opt/rustwide/cargo-home" "-e" "RUSTUP_HOME=/opt/rustwide/rustup-home" "-e" "CARGO_TARGET_DIR=/opt/rustwide/target" "-e" "CARGO_INCREMENTAL=0" "-e" "RUST_BACKTRACE=full" "-e" "RUSTFLAGS=--cap-lints=warn" "-e" "RUSTDOCFLAGS=--cap-lints=warn" "-w" "/opt/rustwide/workdir" "--user" "0:0" "8cd7979adc38ebfbb7fa91fbd3c9f6d2957d2d9be8a3493ffaefe3b2f9c7137f" "/opt/rustwide/cargo-home/bin/cargo" "+1.100.0-beta.1" "test" "--frozen" "--no-run" "--message-format=json" "--release", kill_on_drop: false }`
[INFO] [stderr]    Compiling futures-util v0.3.32
[INFO] [stderr]    Compiling rand v0.8.5
[INFO] [stderr]    Compiling thiserror-impl v1.0.69
[INFO] [stderr]    Compiling thiserror v1.0.69
[INFO] [stderr]    Compiling tungstenite v0.24.0
[INFO] [stderr]    Compiling tower v0.5.3
[INFO] [stderr]    Compiling hyper-util v0.1.20
[INFO] [stderr]    Compiling sqlx-core v0.8.6
[INFO] [stderr]    Compiling tokio-tungstenite v0.28.0
[INFO] [stderr]    Compiling tokio-tungstenite v0.24.0
[INFO] [stderr]    Compiling tower-http v0.6.8
[INFO] [stderr]    Compiling hyper-tls v0.6.0
[INFO] [stderr]    Compiling axum v0.8.8
[INFO] [stderr]    Compiling reqwest v0.12.28
[INFO] [stderr]    Compiling sqlx-postgres v0.8.6
[INFO] [stderr]    Compiling sqlx v0.8.6
[INFO] [stderr]    Compiling genos v0.1.0 (/opt/rustwide/workdir)
[INFO] [stderr]     Finished `release` profile [optimized] target(s) in 1m 13s
[INFO] running `Command { std: "docker" "inspect" "8cd7979adc38ebfbb7fa91fbd3c9f6d2957d2d9be8a3493ffaefe3b2f9c7137f", kill_on_drop: false }`
[INFO] running `Command { std: "docker" "exec" "-e" "SOURCE_DIR=/opt/rustwide/workdir" "-e" "CARGO_HOME=/opt/rustwide/cargo-home" "-e" "RUSTUP_HOME=/opt/rustwide/rustup-home" "-e" "CARGO_TARGET_DIR=/opt/rustwide/target" "-e" "CARGO_INCREMENTAL=0" "-e" "RUST_BACKTRACE=full" "-e" "RUSTFLAGS=--cap-lints=warn" "-e" "RUSTDOCFLAGS=--cap-lints=warn" "-w" "/opt/rustwide/workdir" "--user" "0:0" "8cd7979adc38ebfbb7fa91fbd3c9f6d2957d2d9be8a3493ffaefe3b2f9c7137f" "/opt/rustwide/cargo-home/bin/cargo" "+1.100.0-beta.1" "test" "--frozen" "--release", kill_on_drop: false }`
[INFO] [stderr]     Finished `release` profile [optimized] target(s) in 0.35s
[INFO] [stderr]      Running unittests src/lib.rs (/opt/rustwide/target/release/build/genos/1b3610ec5160c10b/out/genos-1b3610ec5160c10b)
[INFO] [stdout] 
[INFO] [stdout] running 70 tests
[INFO] [stdout] test ai::anthropic::tests::content_block_without_cache_control_omits_field ... ok
[INFO] [stdout] test ai::anthropic::tests::user_msg_sets_correct_role ... ok
[INFO] [stdout] test ai::sse::tests::internal_error_is_redacted_in_sse_stream ... ok
[INFO] [stdout] test ai::sse::tests::sse_stream_body_contains_data_lines ... ok
[INFO] [stdout] test ai::sse::tests::sse_stream_error_emits_error_event ... ok
[INFO] [stdout] test ai::anthropic::tests::cache_control_serializes_correctly ... ok
[INFO] [stdout] test ai::anthropic::tests::content_block_with_cache_control_serializes ... ok
[INFO] [stdout] test ai::sse::tests::sse_stream_into_response_has_correct_content_type ... ok
[INFO] [stdout] test ai::sse::tests::sse_stream_into_response_has_x_accel_buffering ... ok
[INFO] [stdout] test ai::sse::tests::sse_stream_into_response_has_cache_control ... ok
[INFO] [stdout] test ai::anthropic::tests::yields_text_deltas_and_stops_on_message_stop ... ok
[INFO] [stdout] test auth::jwt::tests::expired_token_returns_unauthorized ... ok
[INFO] [stdout] test ai::anthropic::tests::debug_redacts_api_key ... ok
[INFO] [stdout] test auth::jwt::tests::invalid_private_key_returns_internal ... ok
[INFO] [stdout] test auth::jwt::tests::invalid_public_key_returns_internal ... ok
[INFO] [stdout] test auth::jwt::tests::hs256_token_rejected ... ok
[INFO] [stdout] test ai::openai::tests::openai_stream_is_compatible_with_sse ... ok
[INFO] [stdout] test auth::jwt::tests::round_trip_issue_and_verify ... ok
[INFO] [stdout] test auth::jwt::tests::missing_iat_returns_unauthorized ... ok
[INFO] [stdout] test ai::anthropic::tests::stream_with_system_none_omits_system_field ... ok
[INFO] [stdout] test ai::openai::tests::yields_text_deltas_and_stops_on_done ... ok
[INFO] [stdout] test ai::openai::tests::non_200_status_yields_ai_error ... ok
[INFO] [stdout] test ai::anthropic::tests::non_200_status_yields_ai_error ... ok
[INFO] [stdout] test ai::openai::tests::debug_redacts_api_key ... ok
[INFO] [stdout] test ai::openai::tests::pre_cancelled_token_stops_stream ... ok
[INFO] [stdout] test auth::jwt::tests::tampered_token_returns_unauthorized ... ok
[INFO] [stdout] test auth::jwt::tests::wrong_issuer_returns_unauthorized ... ok
[INFO] [stdout] test auth::jwt::tests::wrong_key_returns_unauthorized ... ok
[INFO] [stdout] test auth::jwt::tests::malformed_token_returns_unauthorized ... ok
[INFO] [stdout] test ai::anthropic::tests::pre_cancelled_token_stops_stream_before_yielding ... ok
[INFO] [stdout] test db::derive_tests::delete_removes_existing_record ... FAILED
[INFO] [stdout] test extractors::auth::tests::invalid_bearer_token_returns_unauthorized ... ok
[INFO] [stdout] test db::derive_tests::find_all_returns_all_rows ... FAILED
[INFO] [stdout] test db::derive_tests::create_inserts_and_returns_record ... FAILED
[INFO] [stdout] test extractors::auth::tests::non_bearer_scheme_returns_unauthorized ... ok
[INFO] [stdout] test db::derive_tests::update_returns_none_for_unknown_id ... FAILED
[INFO] [stdout] test extractors::auth::tests::option_auth_no_header_returns_none ... ok
[INFO] [stdout] test db::derive_tests::find_by_id_returns_none_for_unknown_id ... FAILED
[INFO] [stdout] test extractors::auth::tests::valid_bearer_token_extracts_auth_user ... ok
[INFO] [stdout] test db::pool::tests::db_extractor_pulls_pool_from_state ... FAILED
[INFO] [stdout] test extractors::auth::tests::option_auth_valid_token_returns_some ... ok
[INFO] [stdout] test db::derive_tests::find_all_returns_empty_for_new_table ... FAILED
[INFO] [stdout] test db::derive_tests::delete_is_noop_for_unknown_id ... FAILED
[INFO] [stdout] test db::derive_tests::find_by_id_returns_record_when_present ... FAILED
[INFO] [stdout] test extractors::json::tests::failed_length_validation_returns_validation_error ... ok
[INFO] [stdout] test extractors::json::tests::valid_body_extracts_correctly ... ok
[INFO] [stdout] test db::derive_tests::update_modifies_existing_record ... FAILED
[INFO] [stdout] test extractors::json::tests::failed_email_validation_returns_validation_error ... ok
[INFO] [stdout] test extractors::json::tests::invalid_json_returns_validation_error ... ok
[INFO] [stdout] test extractors::json::tests::missing_content_type_returns_validation_error ... ok
[INFO] [stdout] test middleware::rate_limit::tests::blocks_requests_over_limit ... ok
[INFO] [stdout] test ai::anthropic::tests::stream_with_system_yields_text_deltas ... ok
[INFO] [stdout] test middleware::rate_limit::tests::allows_requests_within_limit ... ok
[INFO] [stdout] test middleware::rate_limit::tests::different_ips_have_independent_buckets ... ok
[INFO] [stdout] test middleware::rate_limit::tests::no_xff_header_allows_request ... ok
[INFO] [stdout] test middleware::rate_limit::tests::xff_ignored_at_depth_zero ... ok
[INFO] [stdout] test middleware::request_id::tests::request_id_extension_is_injected ... ok
[INFO] [stdout] test extractors::auth::tests::missing_auth_header_returns_unauthorized ... ok
[INFO] [stdout] test middleware::rate_limit::tests::xff_extraction_uses_nth_from_right ... ok
[INFO] [stdout] test middleware::request_id::tests::each_request_gets_a_unique_id ... ok
[INFO] [stdout] test middleware::request_id::tests::x_request_id_header_is_set ... ok
[INFO] [stdout] test response::ws::tests::ws_stream_type_is_into_response ... ok
[INFO] [stdout] test middleware::security_headers::tests::security_headers_are_injected ... ok
[INFO] [stdout] test middleware::security_headers::tests::existing_headers_are_not_overwritten ... ok
[INFO] [stdout] test auth::api_key::tests::hash_produces_argon2id_prefix ... ok
[INFO] [stdout] test auth::api_key::tests::verify_wrong_key_returns_false ... ok
[INFO] [stdout] test auth::api_key::tests::verify_correct_key_returns_true ... ok
[INFO] [stdout] test extractors::auth::tests::x_api_key_with_noop_lookup_returns_unauthorized ... ok
[INFO] [stdout] test auth::api_key::tests::two_hashes_of_same_key_are_different ... ok
[INFO] [stdout] test auth::api_key::tests::verify_is_constant_time ... ok
[INFO] [stdout] 
[INFO] [stdout] failures:
[INFO] [stdout] 
[INFO] [stdout] ---- db::derive_tests::delete_removes_existing_record stdout ----
[INFO] [stdout] 
[INFO] [stdout] thread 'db::derive_tests::delete_removes_existing_record' (3489) panicked at /opt/rustwide/cargo-home/registry/src/index.crates.io-1949cf8c6b5b557f/sqlx-postgres-0.8.6/src/testing/mod.rs:96:44:
[INFO] [stdout] DATABASE_URL must be set: EnvVar(NotPresent)
[INFO] [stdout] stack backtrace:
[INFO] [stdout]    0:     0x5a2755183db1 - <<std[617be2ca0a6fd877]::sys::backtrace::BacktraceLock>::print::DisplayBacktrace as core[a373ad73a504971]::fmt::Display>::fmt
[INFO] [stdout]    1:     0x5a275519c2da - core[a373ad73a504971]::fmt::write
[INFO] [stdout]    2:     0x5a275518901c - <alloc[2e1b2a31b91974c5]::vec::Vec<u8> as core[a373ad73a504971]::io::write::Write>::write_fmt
[INFO] [stdout]    3:     0x5a275515e436 - std[617be2ca0a6fd877]::panicking::default_hook::{closure#0}
[INFO] [stdout]    4:     0x5a275517bb79 - std[617be2ca0a6fd877]::panicking::default_hook
[INFO] [stdout]    5:     0x5a2754dd3a20 - test[aada8e7e76ba119b]::test_main_inner::{closure#0}
[INFO] [stdout]    6:     0x5a275517bea2 - std[617be2ca0a6fd877]::panicking::panic_with_hook
[INFO] [stdout]    7:     0x5a275515e4e2 - std[617be2ca0a6fd877]::panicking::panic_handler::{closure#0}
[INFO] [stdout]    8:     0x5a2755156949 - std[617be2ca0a6fd877]::sys::backtrace::__rust_end_short_backtrace::<std[617be2ca0a6fd877]::panicking::panic_handler::{closure#0}, !>
[INFO] [stdout]    9:     0x5a275515f48d - __rustc[ea4f61d10b84890b]::rust_begin_unwind
[INFO] [stdout]   10:     0x5a275519cabc - core[a373ad73a504971]::panicking::panic_fmt
[INFO] [stdout]   11:     0x5a275519c892 - core[a373ad73a504971]::result::unwrap_failed
[INFO] [stdout]   12:     0x5a2754f2bd6e - <sqlx_postgres[3ec0ad07536e4b2f]::database::Postgres as sqlx_core[2cadfeee1e1d1897]::testing::TestSupport>::test_context::{closure#0}
[INFO] [stdout]   13:     0x5a2754c769db - sqlx_core[2cadfeee1e1d1897]::testing::run_test::<sqlx_postgres[3ec0ad07536e4b2f]::database::Postgres, sqlx_core[2cadfeee1e1d1897]::testing::run_test_with_pool<sqlx_postgres[3ec0ad07536e4b2f]::database::Postgres, fn(sqlx_core[2cadfeee1e1d1897]::pool::Pool<sqlx_postgres[3ec0ad07536e4b2f]::database::Postgres>) -> genos[ac0156aa43520784]::db::derive_tests::delete_removes_existing_record::delete_removes_existing_record::{closure#0}, genos[ac0156aa43520784]::db::derive_tests::delete_removes_existing_record::delete_removes_existing_record::{closure#0}>::{closure#0}, sqlx_core[2cadfeee1e1d1897]::testing::run_test_with_pool<sqlx_postgres[3ec0ad07536e4b2f]::database::Postgres, fn(sqlx_core[2cadfeee1e1d1897]::pool::Pool<sqlx_postgres[3ec0ad07536e4b2f]::database::Postgres>) -> genos[ac0156aa43520784]::db::derive_tests::delete_removes_existing_record::delete_removes_existing_record::{closure#0}, genos[ac0156aa43520784]::db::derive_tests::delete_removes_existing_record::delete_removes_existing_record::{closure#0}>::{closure#0}::{closure#0}>::{closure#0}
[INFO] [stdout]   14:     0x5a2754d6220e - <tokio[1249b97df75196f5]::runtime::scheduler::current_thread::Context>::enter::<core[a373ad73a504971]::task::poll::Poll<()>, <tokio[1249b97df75196f5]::runtime::scheduler::current_thread::CoreGuard>::block_on<core[a373ad73a504971]::pin::Pin<&mut sqlx_core[2cadfeee1e1d1897]::testing::run_test<sqlx_postgres[3ec0ad07536e4b2f]::database::Postgres, sqlx_core[2cadfeee1e1d1897]::testing::run_test_with_pool<sqlx_postgres[3ec0ad07536e4b2f]::database::Postgres, fn(sqlx_core[2cadfeee1e1d1897]::pool::Pool<sqlx_postgres[3ec0ad07536e4b2f]::database::Postgres>) -> genos[ac0156aa43520784]::db::derive_tests::delete_removes_existing_record::delete_removes_existing_record::{closure#0}, genos[ac0156aa43520784]::db::derive_tests::delete_removes_existing_record::delete_removes_existing_record::{closure#0}>::{closure#0}, sqlx_core[2cadfeee1e1d1897]::testing::run_test_with_pool<sqlx_postgres[3ec0ad07536e4b2f]::database::Postgres, fn(sqlx_core[2cadfeee1e1d1897]::pool::Pool<sqlx_postgres[3ec0ad07536e4b2f]::database::Postgres>) -> genos[ac0156aa43520784]::db::derive_tests::delete_removes_existing_record::delete_removes_existing_record::{closure#0}, genos[ac0156aa43520784]::db::derive_tests::delete_removes_existing_record::delete_removes_existing_record::{closure#0}>::{closure#0}::{closure#0}>::{closure#0}>>::{closure#0}::{closure#0}>
[INFO] [stdout]   15:     0x5a2754c5a6dc - <tokio[1249b97df75196f5]::runtime::context::scoped::Scoped<tokio[1249b97df75196f5]::runtime::scheduler::Context>>::set::<<tokio[1249b97df75196f5]::runtime::scheduler::current_thread::CoreGuard>::enter<<tokio[1249b97df75196f5]::runtime::scheduler::current_thread::CoreGuard>::block_on<core[a373ad73a504971]::pin::Pin<&mut sqlx_core[2cadfeee1e1d1897]::testing::run_test<sqlx_postgres[3ec0ad07536e4b2f]::database::Postgres, sqlx_core[2cadfeee1e1d1897]::testing::run_test_with_pool<sqlx_postgres[3ec0ad07536e4b2f]::database::Postgres, fn(sqlx_core[2cadfeee1e1d1897]::pool::Pool<sqlx_postgres[3ec0ad07536e4b2f]::database::Postgres>) -> genos[ac0156aa43520784]::db::derive_tests::delete_removes_existing_record::delete_removes_existing_record::{closure#0}, genos[ac0156aa43520784]::db::derive_tests::delete_removes_existing_record::delete_removes_existing_record::{closure#0}>::{closure#0}, sqlx_core[2cadfeee1e1d1897]::testing::run_test_with_pool<sqlx_postgres[3ec0ad07536e4b2f]::database::Postgres, fn(sqlx_core[2cadfeee1e1d1897]::pool::Pool<sqlx_postgres[3ec0ad07536e4b2f]::database::Postgres>) -> genos[ac0156aa43520784]::db::derive_tests::delete_removes_existing_record::delete_removes_existing_record::{closure#0}, genos[ac0156aa43520784]::db::derive_tests::delete_removes_existing_record::delete_removes_existing_record::{closure#0}>::{closure#0}::{closure#0}>::{closure#0}>>::{closure#0}, core[a373ad73a504971]::option::Option<()>>::{closure#0}, (alloc[2e1b2a31b91974c5]::boxed::Box<tokio[1249b97df75196f5]::runtime::scheduler::current_thread::Core>, core[a373ad73a504971]::option::Option<()>)>
[INFO] [stdout]   16:     0x5a2754d64307 - <tokio[1249b97df75196f5]::runtime::scheduler::current_thread::CoreGuard>::block_on::<core[a373ad73a504971]::pin::Pin<&mut sqlx_core[2cadfeee1e1d1897]::testing::run_test<sqlx_postgres[3ec0ad07536e4b2f]::database::Postgres, sqlx_core[2cadfeee1e1d1897]::testing::run_test_with_pool<sqlx_postgres[3ec0ad07536e4b2f]::database::Postgres, fn(sqlx_core[2cadfeee1e1d1897]::pool::Pool<sqlx_postgres[3ec0ad07536e4b2f]::database::Postgres>) -> genos[ac0156aa43520784]::db::derive_tests::delete_removes_existing_record::delete_removes_existing_record::{closure#0}, genos[ac0156aa43520784]::db::derive_tests::delete_removes_existing_record::delete_removes_existing_record::{closure#0}>::{closure#0}, sqlx_core[2cadfeee1e1d1897]::testing::run_test_with_pool<sqlx_postgres[3ec0ad07536e4b2f]::database::Postgres, fn(sqlx_core[2cadfeee1e1d1897]::pool::Pool<sqlx_postgres[3ec0ad07536e4b2f]::database::Postgres>) -> genos[ac0156aa43520784]::db::derive_tests::delete_removes_existing_record::delete_removes_existing_record::{closure#0}, genos[ac0156aa43520784]::db::derive_tests::delete_removes_existing_record::delete_removes_existing_record::{closure#0}>::{closure#0}::{closure#0}>::{closure#0}>>
[INFO] [stdout]   17:     0x5a2754c65d37 - tokio[1249b97df75196f5]::runtime::context::runtime::enter_runtime::<<tokio[1249b97df75196f5]::runtime::scheduler::current_thread::CurrentThread>::block_on<sqlx_core[2cadfeee1e1d1897]::testing::run_test<sqlx_postgres[3ec0ad07536e4b2f]::database::Postgres, sqlx_core[2cadfeee1e1d1897]::testing::run_test_with_pool<sqlx_postgres[3ec0ad07536e4b2f]::database::Postgres, fn(sqlx_core[2cadfeee1e1d1897]::pool::Pool<sqlx_postgres[3ec0ad07536e4b2f]::database::Postgres>) -> genos[ac0156aa43520784]::db::derive_tests::delete_removes_existing_record::delete_removes_existing_record::{closure#0}, genos[ac0156aa43520784]::db::derive_tests::delete_removes_existing_record::delete_removes_existing_record::{closure#0}>::{closure#0}, sqlx_core[2cadfeee1e1d1897]::testing::run_test_with_pool<sqlx_postgres[3ec0ad07536e4b2f]::database::Postgres, fn(sqlx_core[2cadfeee1e1d1897]::pool::Pool<sqlx_postgres[3ec0ad07536e4b2f]::database::Postgres>) -> genos[ac0156aa43520784]::db::derive_tests::delete_removes_existing_record::delete_removes_existing_record::{closure#0}, genos[ac0156aa43520784]::db::derive_tests::delete_removes_existing_record::delete_removes_existing_record::{closure#0}>::{closure#0}::{closure#0}>::{closure#0}>::{closure#0}, ()>
[INFO] [stdout]   18:     0x5a2754ca47ae - <tokio[1249b97df75196f5]::runtime::runtime::Runtime>::block_on::<sqlx_core[2cadfeee1e1d1897]::testing::run_test<sqlx_postgres[3ec0ad07536e4b2f]::database::Postgres, sqlx_core[2cadfeee1e1d1897]::testing::run_test_with_pool<sqlx_postgres[3ec0ad07536e4b2f]::database::Postgres, fn(sqlx_core[2cadfeee1e1d1897]::pool::Pool<sqlx_postgres[3ec0ad07536e4b2f]::database::Postgres>) -> genos[ac0156aa43520784]::db::derive_tests::delete_removes_existing_record::delete_removes_existing_record::{closure#0}, genos[ac0156aa43520784]::db::derive_tests::delete_removes_existing_record::delete_removes_existing_record::{closure#0}>::{closure#0}, sqlx_core[2cadfeee1e1d1897]::testing::run_test_with_pool<sqlx_postgres[3ec0ad07536e4b2f]::database::Postgres, fn(sqlx_core[2cadfeee1e1d1897]::pool::Pool<sqlx_postgres[3ec0ad07536e4b2f]::database::Postgres>) -> genos[ac0156aa43520784]::db::derive_tests::delete_removes_existing_record::delete_removes_existing_record::{closure#0}, genos[ac0156aa43520784]::db::derive_tests::delete_removes_existing_record::delete_removes_existing_record::{closure#0}>::{closure#0}::{closure#0}>::{closure#0}>
[INFO] [stdout]   19:     0x5a2754d35c9a - <genos[ac0156aa43520784]::db::derive_tests::delete_removes_existing_record::{closure#0} as core[a373ad73a504971]::ops::function::FnOnce<()>>::call_once
[INFO] [stdout]   20:     0x5a2754dc6e6b - test[aada8e7e76ba119b]::__rust_begin_short_backtrace::<core[a373ad73a504971]::result::Result<(), alloc[2e1b2a31b91974c5]::string::String>, fn() -> core[a373ad73a504971]::result::Result<(), alloc[2e1b2a31b91974c5]::string::String>>
[INFO] [stdout]   21:     0x5a2754dd4045 - test[aada8e7e76ba119b]::run_test::{closure#0}
[INFO] [stdout]   22:     0x5a2754dcd934 - std[617be2ca0a6fd877]::sys::backtrace::__rust_begin_short_backtrace::<test[aada8e7e76ba119b]::run_test::{closure#1}, ()>
[INFO] [stdout]   23:     0x5a2754dd70d2 - <std[617be2ca0a6fd877]::thread::lifecycle::spawn_unchecked<test[aada8e7e76ba119b]::run_test::{closure#1}, ()>::{closure#1} as core[a373ad73a504971]::ops::function::FnOnce<()>>::call_once::{shim:vtable#0}
[INFO] [stdout]   24:     0x5a275518325f - <std[617be2ca0a6fd877]::sys::thread::unix::Thread>::new::thread_start
[INFO] [stdout]   25:     0x78e47af73dfa - <unknown>
[INFO] [stdout]   26:     0x78e47b0073d4 - clone
[INFO] [stdout]   27:                0x0 - <unknown>
[INFO] [stdout] 
[INFO] [stdout] ---- db::derive_tests::find_all_returns_all_rows stdout ----
[INFO] [stdout] 
[INFO] [stdout] thread 'db::derive_tests::find_all_returns_all_rows' (3490) panicked at /opt/rustwide/cargo-home/registry/src/index.crates.io-1949cf8c6b5b557f/sqlx-postgres-0.8.6/src/testing/mod.rs:96:44:
[INFO] [stdout] DATABASE_URL must be set: EnvVar(NotPresent)
[INFO] [stdout] stack backtrace:
[INFO] [stdout]    0:     0x5a2755183db1 - <<std[617be2ca0a6fd877]::sys::backtrace::BacktraceLock>::print::DisplayBacktrace as core[a373ad73a504971]::fmt::Display>::fmt
[INFO] [stdout]    1:     0x5a275519c2da - core[a373ad73a504971]::fmt::write
[INFO] [stdout]    2:     0x5a275518901c - <alloc[2e1b2a31b91974c5]::vec::Vec<u8> as core[a373ad73a504971]::io::write::Write>::write_fmt
[INFO] [stdout]    3:     0x5a275515e436 - std[617be2ca0a6fd877]::panicking::default_hook::{closure#0}
[INFO] [stdout]    4:     0x5a275517bb79 - std[617be2ca0a6fd877]::panicking::default_hook
[INFO] [stdout]    5:     0x5a2754dd3a20 - test[aada8e7e76ba119b]::test_main_inner::{closure#0}
[INFO] [stdout]    6:     0x5a275517bea2 - std[617be2ca0a6fd877]::panicking::panic_with_hook
[INFO] [stdout]    7:     0x5a275515e4e2 - std[617be2ca0a6fd877]::panicking::panic_handler::{closure#0}
[INFO] [stdout]    8:     0x5a2755156949 - std[617be2ca0a6fd877]::sys::backtrace::__rust_end_short_backtrace::<std[617be2ca0a6fd877]::panicking::panic_handler::{closure#0}, !>
[INFO] [stdout]    9:     0x5a275515f48d - __rustc[ea4f61d10b84890b]::rust_begin_unwind
[INFO] [stdout]   10:     0x5a275519cabc - core[a373ad73a504971]::panicking::panic_fmt
[INFO] [stdout]   11:     0x5a275519c892 - core[a373ad73a504971]::result::unwrap_failed
[INFO] [stdout]   12:     0x5a2754f2bd6e - <sqlx_postgres[3ec0ad07536e4b2f]::database::Postgres as sqlx_core[2cadfeee1e1d1897]::testing::TestSupport>::test_context::{closure#0}
[INFO] [stdout]   13:     0x5a2754c74e8b - sqlx_core[2cadfeee1e1d1897]::testing::run_test::<sqlx_postgres[3ec0ad07536e4b2f]::database::Postgres, sqlx_core[2cadfeee1e1d1897]::testing::run_test_with_pool<sqlx_postgres[3ec0ad07536e4b2f]::database::Postgres, fn(sqlx_core[2cadfeee1e1d1897]::pool::Pool<sqlx_postgres[3ec0ad07536e4b2f]::database::Postgres>) -> genos[ac0156aa43520784]::db::derive_tests::find_all_returns_all_rows::find_all_returns_all_rows::{closure#0}, genos[ac0156aa43520784]::db::derive_tests::find_all_returns_all_rows::find_all_returns_all_rows::{closure#0}>::{closure#0}, sqlx_core[2cadfeee1e1d1897]::testing::run_test_with_pool<sqlx_postgres[3ec0ad07536e4b2f]::database::Postgres, fn(sqlx_core[2cadfeee1e1d1897]::pool::Pool<sqlx_postgres[3ec0ad07536e4b2f]::database::Postgres>) -> genos[ac0156aa43520784]::db::derive_tests::find_all_returns_all_rows::find_all_returns_all_rows::{closure#0}, genos[ac0156aa43520784]::db::derive_tests::find_all_returns_all_rows::find_all_returns_all_rows::{closure#0}>::{closure#0}::{closure#0}>::{closure#0}
[INFO] [stdout]   14:     0x5a2754d61eee - <tokio[1249b97df75196f5]::runtime::scheduler::current_thread::Context>::enter::<core[a373ad73a504971]::task::poll::Poll<()>, <tokio[1249b97df75196f5]::runtime::scheduler::current_thread::CoreGuard>::block_on<core[a373ad73a504971]::pin::Pin<&mut sqlx_core[2cadfeee1e1d1897]::testing::run_test<sqlx_postgres[3ec0ad07536e4b2f]::database::Postgres, sqlx_core[2cadfeee1e1d1897]::testing::run_test_with_pool<sqlx_postgres[3ec0ad07536e4b2f]::database::Postgres, fn(sqlx_core[2cadfeee1e1d1897]::pool::Pool<sqlx_postgres[3ec0ad07536e4b2f]::database::Postgres>) -> genos[ac0156aa43520784]::db::derive_tests::find_all_returns_all_rows::find_all_returns_all_rows::{closure#0}, genos[ac0156aa43520784]::db::derive_tests::find_all_returns_all_rows::find_all_returns_all_rows::{closure#0}>::{closure#0}, sqlx_core[2cadfeee1e1d1897]::testing::run_test_with_pool<sqlx_postgres[3ec0ad07536e4b2f]::database::Postgres, fn(sqlx_core[2cadfeee1e1d1897]::pool::Pool<sqlx_postgres[3ec0ad07536e4b2f]::database::Postgres>) -> genos[ac0156aa43520784]::db::derive_tests::find_all_returns_all_rows::find_all_returns_all_rows::{closure#0}, genos[ac0156aa43520784]::db::derive_tests::find_all_returns_all_rows::find_all_returns_all_rows::{closure#0}>::{closure#0}::{closure#0}>::{closure#0}>>::{closure#0}::{closure#0}>
[INFO] [stdout]   15:     0x5a2754c5a31c - <tokio[1249b97df75196f5]::runtime::context::scoped::Scoped<tokio[1249b97df75196f5]::runtime::scheduler::Context>>::set::<<tokio[1249b97df75196f5]::runtime::scheduler::current_thread::CoreGuard>::enter<<tokio[1249b97df75196f5]::runtime::scheduler::current_thread::CoreGuard>::block_on<core[a373ad73a504971]::pin::Pin<&mut sqlx_core[2cadfeee1e1d1897]::testing::run_test<sqlx_postgres[3ec0ad07536e4b2f]::database::Postgres, sqlx_core[2cadfeee1e1d1897]::testing::run_test_with_pool<sqlx_postgres[3ec0ad07536e4b2f]::database::Postgres, fn(sqlx_core[2cadfeee1e1d1897]::pool::Pool<sqlx_postgres[3ec0ad07536e4b2f]::database::Postgres>) -> genos[ac0156aa43520784]::db::derive_tests::find_all_returns_all_rows::find_all_returns_all_rows::{closure#0}, genos[ac0156aa43520784]::db::derive_tests::find_all_returns_all_rows::find_all_returns_all_rows::{closure#0}>::{closure#0}, sqlx_core[2cadfeee1e1d1897]::testing::run_test_with_pool<sqlx_postgres[3ec0ad07536e4b2f]::database::Postgres, fn(sqlx_core[2cadfeee1e1d1897]::pool::Pool<sqlx_postgres[3ec0ad07536e4b2f]::database::Postgres>) -> genos[ac0156aa43520784]::db::derive_tests::find_all_returns_all_rows::find_all_returns_all_rows::{closure#0}, genos[ac0156aa43520784]::db::derive_tests::find_all_returns_all_rows::find_all_returns_all_rows::{closure#0}>::{closure#0}::{closure#0}>::{closure#0}>>::{closure#0}, core[a373ad73a504971]::option::Option<()>>::{closure#0}, (alloc[2e1b2a31b91974c5]::boxed::Box<tokio[1249b97df75196f5]::runtime::scheduler::current_thread::Core>, core[a373ad73a504971]::option::Option<()>)>
[INFO] [stdout]   16:     0x5a2754d63f27 - <tokio[1249b97df75196f5]::runtime::scheduler::current_thread::CoreGuard>::block_on::<core[a373ad73a504971]::pin::Pin<&mut sqlx_core[2cadfeee1e1d1897]::testing::run_test<sqlx_postgres[3ec0ad07536e4b2f]::database::Postgres, sqlx_core[2cadfeee1e1d1897]::testing::run_test_with_pool<sqlx_postgres[3ec0ad07536e4b2f]::database::Postgres, fn(sqlx_core[2cadfeee1e1d1897]::pool::Pool<sqlx_postgres[3ec0ad07536e4b2f]::database::Postgres>) -> genos[ac0156aa43520784]::db::derive_tests::find_all_returns_all_rows::find_all_returns_all_rows::{closure#0}, genos[ac0156aa43520784]::db::derive_tests::find_all_returns_all_rows::find_all_returns_all_rows::{closure#0}>::{closure#0}, sqlx_core[2cadfeee1e1d1897]::testing::run_test_with_pool<sqlx_postgres[3ec0ad07536e4b2f]::database::Postgres, fn(sqlx_core[2cadfeee1e1d1897]::pool::Pool<sqlx_postgres[3ec0ad07536e4b2f]::database::Postgres>) -> genos[ac0156aa43520784]::db::derive_tests::find_all_returns_all_rows::find_all_returns_all_rows::{closure#0}, genos[ac0156aa43520784]::db::derive_tests::find_all_returns_all_rows::find_all_returns_all_rows::{closure#0}>::{closure#0}::{closure#0}>::{closure#0}>>
[INFO] [stdout]   17:     0x5a2754c65497 - tokio[1249b97df75196f5]::runtime::context::runtime::enter_runtime::<<tokio[1249b97df75196f5]::runtime::scheduler::current_thread::CurrentThread>::block_on<sqlx_core[2cadfeee1e1d1897]::testing::run_test<sqlx_postgres[3ec0ad07536e4b2f]::database::Postgres, sqlx_core[2cadfeee1e1d1897]::testing::run_test_with_pool<sqlx_postgres[3ec0ad07536e4b2f]::database::Postgres, fn(sqlx_core[2cadfeee1e1d1897]::pool::Pool<sqlx_postgres[3ec0ad07536e4b2f]::database::Postgres>) -> genos[ac0156aa43520784]::db::derive_tests::find_all_returns_all_rows::find_all_returns_all_rows::{closure#0}, genos[ac0156aa43520784]::db::derive_tests::find_all_returns_all_rows::find_all_returns_all_rows::{closure#0}>::{closure#0}, sqlx_core[2cadfeee1e1d1897]::testing::run_test_with_pool<sqlx_postgres[3ec0ad07536e4b2f]::database::Postgres, fn(sqlx_core[2cadfeee1e1d1897]::pool::Pool<sqlx_postgres[3ec0ad07536e4b2f]::database::Postgres>) -> genos[ac0156aa43520784]::db::derive_tests::find_all_returns_all_rows::find_all_returns_all_rows::{closure#0}, genos[ac0156aa43520784]::db::derive_tests::find_all_returns_all_rows::find_all_returns_all_rows::{closure#0}>::{closure#0}::{closure#0}>::{closure#0}>::{closure#0}, ()>
[INFO] [stdout]   18:     0x5a2754ca44ce - <tokio[1249b97df75196f5]::runtime::runtime::Runtime>::block_on::<sqlx_core[2cadfeee1e1d1897]::testing::run_test<sqlx_postgres[3ec0ad07536e4b2f]::database::Postgres, sqlx_core[2cadfeee1e1d1897]::testing::run_test_with_pool<sqlx_postgres[3ec0ad07536e4b2f]::database::Postgres, fn(sqlx_core[2cadfeee1e1d1897]::pool::Pool<sqlx_postgres[3ec0ad07536e4b2f]::database::Postgres>) -> genos[ac0156aa43520784]::db::derive_tests::find_all_returns_all_rows::find_all_returns_all_rows::{closure#0}, genos[ac0156aa43520784]::db::derive_tests::find_all_returns_all_rows::find_all_returns_all_rows::{closure#0}>::{closure#0}, sqlx_core[2cadfeee1e1d1897]::testing::run_test_with_pool<sqlx_postgres[3ec0ad07536e4b2f]::database::Postgres, fn(sqlx_core[2cadfeee1e1d1897]::pool::Pool<sqlx_postgres[3ec0ad07536e4b2f]::database::Postgres>) -> genos[ac0156aa43520784]::db::derive_tests::find_all_returns_all_rows::find_all_returns_all_rows::{closure#0}, genos[ac0156aa43520784]::db::derive_tests::find_all_returns_all_rows::find_all_returns_all_rows::{closure#0}>::{closure#0}::{closure#0}>::{closure#0}>
[INFO] [stdout]   19:     0x5a2754d3591a - <genos[ac0156aa43520784]::db::derive_tests::find_all_returns_all_rows::{closure#0} as core[a373ad73a504971]::ops::function::FnOnce<()>>::call_once
[INFO] [stdout]   20:     0x5a2754dc6e6b - test[aada8e7e76ba119b]::__rust_begin_short_backtrace::<core[a373ad73a504971]::result::Result<(), alloc[2e1b2a31b91974c5]::string::String>, fn() -> core[a373ad73a504971]::result::Result<(), alloc[2e1b2a31b91974c5]::string::String>>
[INFO] [stdout]   21:     0x5a2754dd4045 - test[aada8e7e76ba119b]::run_test::{closure#0}
[INFO] [stdout]   22:     0x5a2754dcd934 - std[617be2ca0a6fd877]::sys::backtrace::__rust_begin_short_backtrace::<test[aada8e7e76ba119b]::run_test::{closure#1}, ()>
[INFO] [stdout]   23:     0x5a2754dd70d2 - <std[617be2ca0a6fd877]::thread::lifecycle::spawn_unchecked<test[aada8e7e76ba119b]::run_test::{closure#1}, ()>::{closure#1} as core[a373ad73a504971]::ops::function::FnOnce<()>>::call_once::{shim:vtable#0}
[INFO] [stdout]   24:     0x5a275518325f - <std[617be2ca0a6fd877]::sys::thread::unix::Thread>::new::thread_start
[INFO] [stdout]   25:     0x78e47af73dfa - <unknown>
[INFO] [stdout]   26:     0x78e47b0073d4 - clone
[INFO] [stdout]   27:                0x0 - <unknown>
[INFO] [stdout] 
[INFO] [stdout] ---- db::derive_tests::create_inserts_and_returns_record stdout ----
[INFO] [stdout] 
[INFO] [stdout] thread 'db::derive_tests::create_inserts_and_returns_record' (3487) panicked at /opt/rustwide/cargo-home/registry/src/index.crates.io-1949cf8c6b5b557f/sqlx-postgres-0.8.6/src/testing/mod.rs:96:44:
[INFO] [stdout] DATABASE_URL must be set: EnvVar(NotPresent)
[INFO] [stdout] stack backtrace:
[INFO] [stdout]    0:     0x5a2755183db1 - <<std[617be2ca0a6fd877]::sys::backtrace::BacktraceLock>::print::DisplayBacktrace as core[a373ad73a504971]::fmt::Display>::fmt
[INFO] [stdout]    1:     0x5a275519c2da - core[a373ad73a504971]::fmt::write
[INFO] [stdout]    2:     0x5a275518901c - <alloc[2e1b2a31b91974c5]::vec::Vec<u8> as core[a373ad73a504971]::io::write::Write>::write_fmt
[INFO] [stdout]    3:     0x5a275515e436 - std[617be2ca0a6fd877]::panicking::default_hook::{closure#0}
[INFO] [stdout]    4:     0x5a275517bb79 - std[617be2ca0a6fd877]::panicking::default_hook
[INFO] [stdout]    5:     0x5a2754dd3a20 - test[aada8e7e76ba119b]::test_main_inner::{closure#0}
[INFO] [stdout]    6:     0x5a275517bea2 - std[617be2ca0a6fd877]::panicking::panic_with_hook
[INFO] [stdout]    7:     0x5a275515e4e2 - std[617be2ca0a6fd877]::panicking::panic_handler::{closure#0}
[INFO] [stdout]    8:     0x5a2755156949 - std[617be2ca0a6fd877]::sys::backtrace::__rust_end_short_backtrace::<std[617be2ca0a6fd877]::panicking::panic_handler::{closure#0}, !>
[INFO] [stdout]    9:     0x5a275515f48d - __rustc[ea4f61d10b84890b]::rust_begin_unwind
[INFO] [stdout]   10:     0x5a275519cabc - core[a373ad73a504971]::panicking::panic_fmt
[INFO] [stdout]   11:     0x5a275519c892 - core[a373ad73a504971]::result::unwrap_failed
[INFO] [stdout]   12:     0x5a2754f2bd6e - <sqlx_postgres[3ec0ad07536e4b2f]::database::Postgres as sqlx_core[2cadfeee1e1d1897]::testing::TestSupport>::test_context::{closure#0}
[INFO] [stdout]   13:     0x5a2754c78924 - sqlx_core[2cadfeee1e1d1897]::testing::run_test::<sqlx_postgres[3ec0ad07536e4b2f]::database::Postgres, sqlx_core[2cadfeee1e1d1897]::testing::run_test_with_pool<sqlx_postgres[3ec0ad07536e4b2f]::database::Postgres, fn(sqlx_core[2cadfeee1e1d1897]::pool::Pool<sqlx_postgres[3ec0ad07536e4b2f]::database::Postgres>) -> genos[ac0156aa43520784]::db::derive_tests::create_inserts_and_returns_record::create_inserts_and_returns_record::{closure#0}, genos[ac0156aa43520784]::db::derive_tests::create_inserts_and_returns_record::create_inserts_and_returns_record::{closure#0}>::{closure#0}, sqlx_core[2cadfeee1e1d1897]::testing::run_test_with_pool<sqlx_postgres[3ec0ad07536e4b2f]::database::Postgres, fn(sqlx_core[2cadfeee1e1d1897]::pool::Pool<sqlx_postgres[3ec0ad07536e4b2f]::database::Postgres>) -> genos[ac0156aa43520784]::db::derive_tests::create_inserts_and_returns_record::create_inserts_and_returns_record::{closure#0}, genos[ac0156aa43520784]::db::derive_tests::create_inserts_and_returns_record::create_inserts_and_returns_record::{closure#0}>::{closure#0}::{closure#0}>::{closure#0}
[INFO] [stdout]   14:     0x5a2754d6252e - <tokio[1249b97df75196f5]::runtime::scheduler::current_thread::Context>::enter::<core[a373ad73a504971]::task::poll::Poll<()>, <tokio[1249b97df75196f5]::runtime::scheduler::current_thread::CoreGuard>::block_on<core[a373ad73a504971]::pin::Pin<&mut sqlx_core[2cadfeee1e1d1897]::testing::run_test<sqlx_postgres[3ec0ad07536e4b2f]::database::Postgres, sqlx_core[2cadfeee1e1d1897]::testing::run_test_with_pool<sqlx_postgres[3ec0ad07536e4b2f]::database::Postgres, fn(sqlx_core[2cadfeee1e1d1897]::pool::Pool<sqlx_postgres[3ec0ad07536e4b2f]::database::Postgres>) -> genos[ac0156aa43520784]::db::derive_tests::create_inserts_and_returns_record::create_inserts_and_returns_record::{closure#0}, genos[ac0156aa43520784]::db::derive_tests::create_inserts_and_returns_record::create_inserts_and_returns_record::{closure#0}>::{closure#0}, sqlx_core[2cadfeee1e1d1897]::testing::run_test_with_pool<sqlx_postgres[3ec0ad07536e4b2f]::database::Postgres, fn(sqlx_core[2cadfeee1e1d1897]::pool::Pool<sqlx_postgres[3ec0ad07536e4b2f]::database::Postgres>) -> genos[ac0156aa43520784]::db::derive_tests::create_inserts_and_returns_record::create_inserts_and_returns_record::{closure#0}, genos[ac0156aa43520784]::db::derive_tests::create_inserts_and_returns_record::create_inserts_and_returns_record::{closure#0}>::{closure#0}::{closure#0}>::{closure#0}>>::{closure#0}::{closure#0}>
[INFO] [stdout]   15:     0x5a2754c5aa9c - <tokio[1249b97df75196f5]::runtime::context::scoped::Scoped<tokio[1249b97df75196f5]::runtime::scheduler::Context>>::set::<<tokio[1249b97df75196f5]::runtime::scheduler::current_thread::CoreGuard>::enter<<tokio[1249b97df75196f5]::runtime::scheduler::current_thread::CoreGuard>::block_on<core[a373ad73a504971]::pin::Pin<&mut sqlx_core[2cadfeee1e1d1897]::testing::run_test<sqlx_postgres[3ec0ad07536e4b2f]::database::Postgres, sqlx_core[2cadfeee1e1d1897]::testing::run_test_with_pool<sqlx_postgres[3ec0ad07536e4b2f]::database::Postgres, fn(sqlx_core[2cadfeee1e1d1897]::pool::Pool<sqlx_postgres[3ec0ad07536e4b2f]::database::Postgres>) -> genos[ac0156aa43520784]::db::derive_tests::create_inserts_and_returns_record::create_inserts_and_returns_record::{closure#0}, genos[ac0156aa43520784]::db::derive_tests::create_inserts_and_returns_record::create_inserts_and_returns_record::{closure#0}>::{closure#0}, sqlx_core[2cadfeee1e1d1897]::testing::run_test_with_pool<sqlx_postgres[3ec0ad07536e4b2f]::database::Postgres, fn(sqlx_core[2cadfeee1e1d1897]::pool::Pool<sqlx_postgres[3ec0ad07536e4b2f]::database::Postgres>) -> genos[ac0156aa43520784]::db::derive_tests::create_inserts_and_returns_record::create_inserts_and_returns_record::{closure#0}, genos[ac0156aa43520784]::db::derive_tests::create_inserts_and_returns_record::create_inserts_and_returns_record::{closure#0}>::{closure#0}::{closure#0}>::{closure#0}>>::{closure#0}, core[a373ad73a504971]::option::Option<()>>::{closure#0}, (alloc[2e1b2a31b91974c5]::boxed::Box<tokio[1249b97df75196f5]::runtime::scheduler::current_thread::Core>, core[a373ad73a504971]::option::Option<()>)>
[INFO] [stdout]   16:     0x5a2754d646e7 - <tokio[1249b97df75196f5]::runtime::scheduler::current_thread::CoreGuard>::block_on::<core[a373ad73a504971]::pin::Pin<&mut sqlx_core[2cadfeee1e1d1897]::testing::run_test<sqlx_postgres[3ec0ad07536e4b2f]::database::Postgres, sqlx_core[2cadfeee1e1d1897]::testing::run_test_with_pool<sqlx_postgres[3ec0ad07536e4b2f]::database::Postgres, fn(sqlx_core[2cadfeee1e1d1897]::pool::Pool<sqlx_postgres[3ec0ad07536e4b2f]::database::Postgres>) -> genos[ac0156aa43520784]::db::derive_tests::create_inserts_and_returns_record::create_inserts_and_returns_record::{closure#0}, genos[ac0156aa43520784]::db::derive_tests::create_inserts_and_returns_record::create_inserts_and_returns_record::{closure#0}>::{closure#0}, sqlx_core[2cadfeee1e1d1897]::testing::run_test_with_pool<sqlx_postgres[3ec0ad07536e4b2f]::database::Postgres, fn(sqlx_core[2cadfeee1e1d1897]::pool::Pool<sqlx_postgres[3ec0ad07536e4b2f]::database::Postgres>) -> genos[ac0156aa43520784]::db::derive_tests::create_inserts_and_returns_record::create_inserts_and_returns_record::{closure#0}, genos[ac0156aa43520784]::db::derive_tests::create_inserts_and_returns_record::create_inserts_and_returns_record::{closure#0}>::{closure#0}::{closure#0}>::{closure#0}>>
[INFO] [stdout]   17:     0x5a2754c665d7 - tokio[1249b97df75196f5]::runtime::context::runtime::enter_runtime::<<tokio[1249b97df75196f5]::runtime::scheduler::current_thread::CurrentThread>::block_on<sqlx_core[2cadfeee1e1d1897]::testing::run_test<sqlx_postgres[3ec0ad07536e4b2f]::database::Postgres, sqlx_core[2cadfeee1e1d1897]::testing::run_test_with_pool<sqlx_postgres[3ec0ad07536e4b2f]::database::Postgres, fn(sqlx_core[2cadfeee1e1d1897]::pool::Pool<sqlx_postgres[3ec0ad07536e4b2f]::database::Postgres>) -> genos[ac0156aa43520784]::db::derive_tests::create_inserts_and_returns_record::create_inserts_and_returns_record::{closure#0}, genos[ac0156aa43520784]::db::derive_tests::create_inserts_and_returns_record::create_inserts_and_returns_record::{closure#0}>::{closure#0}, sqlx_core[2cadfeee1e1d1897]::testing::run_test_with_pool<sqlx_postgres[3ec0ad07536e4b2f]::database::Postgres, fn(sqlx_core[2cadfeee1e1d1897]::pool::Pool<sqlx_postgres[3ec0ad07536e4b2f]::database::Postgres>) -> genos[ac0156aa43520784]::db::derive_tests::create_inserts_and_returns_record::create_inserts_and_returns_record::{closure#0}, genos[ac0156aa43520784]::db::derive_tests::create_inserts_and_returns_record::create_inserts_and_returns_record::{closure#0}>::{closure#0}::{closure#0}>::{closure#0}>::{closure#0}, ()>
[INFO] [stdout]   18:     0x5a2754ca4a8e - <tokio[1249b97df75196f5]::runtime::runtime::Runtime>::block_on::<sqlx_core[2cadfeee1e1d1897]::testing::run_test<sqlx_postgres[3ec0ad07536e4b2f]::database::Postgres, sqlx_core[2cadfeee1e1d1897]::testing::run_test_with_pool<sqlx_postgres[3ec0ad07536e4b2f]::database::Postgres, fn(sqlx_core[2cadfeee1e1d1897]::pool::Pool<sqlx_postgres[3ec0ad07536e4b2f]::database::Postgres>) -> genos[ac0156aa43520784]::db::derive_tests::create_inserts_and_returns_record::create_inserts_and_returns_record::{closure#0}, genos[ac0156aa43520784]::db::derive_tests::create_inserts_and_returns_record::create_inserts_and_returns_record::{closure#0}>::{closure#0}, sqlx_core[2cadfeee1e1d1897]::testing::run_test_with_pool<sqlx_postgres[3ec0ad07536e4b2f]::database::Postgres, fn(sqlx_core[2cadfeee1e1d1897]::pool::Pool<sqlx_postgres[3ec0ad07536e4b2f]::database::Postgres>) -> genos[ac0156aa43520784]::db::derive_tests::create_inserts_and_returns_record::create_inserts_and_returns_record::{closure#0}, genos[ac0156aa43520784]::db::derive_tests::create_inserts_and_returns_record::create_inserts_and_returns_record::{closure#0}>::{closure#0}::{closure#0}>::{closure#0}>
[INFO] [stdout]   19:     0x5a2754d3601a - <genos[ac0156aa43520784]::db::derive_tests::create_inserts_and_returns_record::{closure#0} as core[a373ad73a504971]::ops::function::FnOnce<()>>::call_once
[INFO] [stdout]   20:     0x5a2754dc6e6b - test[aada8e7e76ba119b]::__rust_begin_short_backtrace::<core[a373ad73a504971]::result::Result<(), alloc[2e1b2a31b91974c5]::string::String>, fn() -> core[a373ad73a504971]::result::Result<(), alloc[2e1b2a31b91974c5]::string::String>>
[INFO] [stdout]   21:     0x5a2754dd4045 - test[aada8e7e76ba119b]::run_test::{closure#0}
[INFO] [stdout]   22:     0x5a2754dcd934 - std[617be2ca0a6fd877]::sys::backtrace::__rust_begin_short_backtrace::<test[aada8e7e76ba119b]::run_test::{closure#1}, ()>
[INFO] [stdout]   23:     0x5a2754dd70d2 - <std[617be2ca0a6fd877]::thread::lifecycle::spawn_unchecked<test[aada8e7e76ba119b]::run_test::{closure#1}, ()>::{closure#1} as core[a373ad73a504971]::ops::function::FnOnce<()>>::call_once::{shim:vtable#0}
[INFO] [stdout]   24:     0x5a275518325f - <std[617be2ca0a6fd877]::sys::thread::unix::Thread>::new::thread_start
[INFO] [stdout]   25:     0x78e47af73dfa - <unknown>
[INFO] [stdout]   26:     0x78e47b0073d4 - clone
[INFO] [stdout]   27:                0x0 - <unknown>
[INFO] [stdout] 
[INFO] [stdout] ---- db::derive_tests::update_returns_none_for_unknown_id stdout ----
[INFO] [stdout] 
[INFO] [stdout] thread 'db::derive_tests::update_returns_none_for_unknown_id' (3495) panicked at /opt/rustwide/cargo-home/registry/src/index.crates.io-1949cf8c6b5b557f/sqlx-postgres-0.8.6/src/testing/mod.rs:96:44:
[INFO] [stdout] DATABASE_URL must be set: EnvVar(NotPresent)
[INFO] [stdout] stack backtrace:
[INFO] [stdout]    0:     0x5a2755183db1 - <<std[617be2ca0a6fd877]::sys::backtrace::BacktraceLock>::print::DisplayBacktrace as core[a373ad73a504971]::fmt::Display>::fmt
[INFO] [stdout]    1:     0x5a275519c2da - core[a373ad73a504971]::fmt::write
[INFO] [stdout]    2:     0x5a275518901c - <alloc[2e1b2a31b91974c5]::vec::Vec<u8> as core[a373ad73a504971]::io::write::Write>::write_fmt
[INFO] [stdout]    3:     0x5a275515e436 - std[617be2ca0a6fd877]::panicking::default_hook::{closure#0}
[INFO] [stdout]    4:     0x5a275517bb79 - std[617be2ca0a6fd877]::panicking::default_hook
[INFO] [stdout]    5:     0x5a2754dd3a20 - test[aada8e7e76ba119b]::test_main_inner::{closure#0}
[INFO] [stdout]    6:     0x5a275517bea2 - std[617be2ca0a6fd877]::panicking::panic_with_hook
[INFO] [stdout]    7:     0x5a275515e4e2 - std[617be2ca0a6fd877]::panicking::panic_handler::{closure#0}
[INFO] [stdout]    8:     0x5a2755156949 - std[617be2ca0a6fd877]::sys::backtrace::__rust_end_short_backtrace::<std[617be2ca0a6fd877]::panicking::panic_handler::{closure#0}, !>
[INFO] [stdout]    9:     0x5a275515f48d - __rustc[ea4f61d10b84890b]::rust_begin_unwind
[INFO] [stdout]   10:     0x5a275519cabc - core[a373ad73a504971]::panicking::panic_fmt
[INFO] [stdout]   11:     0x5a275519c892 - core[a373ad73a504971]::result::unwrap_failed
[INFO] [stdout]   12:     0x5a2754f2bd6e - <sqlx_postgres[3ec0ad07536e4b2f]::database::Postgres as sqlx_core[2cadfeee1e1d1897]::testing::TestSupport>::test_context::{closure#0}
[INFO] [stdout]   13:     0x5a2754c79714 - sqlx_core[2cadfeee1e1d1897]::testing::run_test::<sqlx_postgres[3ec0ad07536e4b2f]::database::Postgres, sqlx_core[2cadfeee1e1d1897]::testing::run_test_with_pool<sqlx_postgres[3ec0ad07536e4b2f]::database::Postgres, fn(sqlx_core[2cadfeee1e1d1897]::pool::Pool<sqlx_postgres[3ec0ad07536e4b2f]::database::Postgres>) -> genos[ac0156aa43520784]::db::derive_tests::update_returns_none_for_unknown_id::update_returns_none_for_unknown_id::{closure#0}, genos[ac0156aa43520784]::db::derive_tests::update_returns_none_for_unknown_id::update_returns_none_for_unknown_id::{closure#0}>::{closure#0}, sqlx_core[2cadfeee1e1d1897]::testing::run_test_with_pool<sqlx_postgres[3ec0ad07536e4b2f]::database::Postgres, fn(sqlx_core[2cadfeee1e1d1897]::pool::Pool<sqlx_postgres[3ec0ad07536e4b2f]::database::Postgres>) -> genos[ac0156aa43520784]::db::derive_tests::update_returns_none_for_unknown_id::update_returns_none_for_unknown_id::{closure#0}, genos[ac0156aa43520784]::db::derive_tests::update_returns_none_for_unknown_id::update_returns_none_for_unknown_id::{closure#0}>::{closure#0}::{closure#0}>::{closure#0}
[INFO] [stdout]   14:     0x5a2754d626be - <tokio[1249b97df75196f5]::runtime::scheduler::current_thread::Context>::enter::<core[a373ad73a504971]::task::poll::Poll<()>, <tokio[1249b97df75196f5]::runtime::scheduler::current_thread::CoreGuard>::block_on<core[a373ad73a504971]::pin::Pin<&mut sqlx_core[2cadfeee1e1d1897]::testing::run_test<sqlx_postgres[3ec0ad07536e4b2f]::database::Postgres, sqlx_core[2cadfeee1e1d1897]::testing::run_test_with_pool<sqlx_postgres[3ec0ad07536e4b2f]::database::Postgres, fn(sqlx_core[2cadfeee1e1d1897]::pool::Pool<sqlx_postgres[3ec0ad07536e4b2f]::database::Postgres>) -> genos[ac0156aa43520784]::db::derive_tests::update_returns_none_for_unknown_id::update_returns_none_for_unknown_id::{closure#0}, genos[ac0156aa43520784]::db::derive_tests::update_returns_none_for_unknown_id::update_returns_none_for_unknown_id::{closure#0}>::{closure#0}, sqlx_core[2cadfeee1e1d1897]::testing::run_test_with_pool<sqlx_postgres[3ec0ad07536e4b2f]::database::Postgres, fn(sqlx_core[2cadfeee1e1d1897]::pool::Pool<sqlx_postgres[3ec0ad07536e4b2f]::database::Postgres>) -> genos[ac0156aa43520784]::db::derive_tests::update_returns_none_for_unknown_id::update_returns_none_for_unknown_id::{closure#0}, genos[ac0156aa43520784]::db::derive_tests::update_returns_none_for_unknown_id::update_returns_none_for_unknown_id::{closure#0}>::{closure#0}::{closure#0}>::{closure#0}>>::{closure#0}::{closure#0}>
[INFO] [stdout]   15:     0x5a2754c5ac7c - <tokio[1249b97df75196f5]::runtime::context::scoped::Scoped<tokio[1249b97df75196f5]::runtime::scheduler::Context>>::set::<<tokio[1249b97df75196f5]::runtime::scheduler::current_thread::CoreGuard>::enter<<tokio[1249b97df75196f5]::runtime::scheduler::current_thread::CoreGuard>::block_on<core[a373ad73a504971]::pin::Pin<&mut sqlx_core[2cadfeee1e1d1897]::testing::run_test<sqlx_postgres[3ec0ad07536e4b2f]::database::Postgres, sqlx_core[2cadfeee1e1d1897]::testing::run_test_with_pool<sqlx_postgres[3ec0ad07536e4b2f]::database::Postgres, fn(sqlx_core[2cadfeee1e1d1897]::pool::Pool<sqlx_postgres[3ec0ad07536e4b2f]::database::Postgres>) -> genos[ac0156aa43520784]::db::derive_tests::update_returns_none_for_unknown_id::update_returns_none_for_unknown_id::{closure#0}, genos[ac0156aa43520784]::db::derive_tests::update_returns_none_for_unknown_id::update_returns_none_for_unknown_id::{closure#0}>::{closure#0}, sqlx_core[2cadfeee1e1d1897]::testing::run_test_with_pool<sqlx_postgres[3ec0ad07536e4b2f]::database::Postgres, fn(sqlx_core[2cadfeee1e1d1897]::pool::Pool<sqlx_postgres[3ec0ad07536e4b2f]::database::Postgres>) -> genos[ac0156aa43520784]::db::derive_tests::update_returns_none_for_unknown_id::update_returns_none_for_unknown_id::{closure#0}, genos[ac0156aa43520784]::db::derive_tests::update_returns_none_for_unknown_id::update_returns_none_for_unknown_id::{closure#0}>::{closure#0}::{closure#0}>::{closure#0}>>::{closure#0}, core[a373ad73a504971]::option::Option<()>>::{closure#0}, (alloc[2e1b2a31b91974c5]::boxed::Box<tokio[1249b97df75196f5]::runtime::scheduler::current_thread::Core>, core[a373ad73a504971]::option::Option<()>)>
[INFO] [stdout]   16:     0x5a2754d648d7 - <tokio[1249b97df75196f5]::runtime::scheduler::current_thread::CoreGuard>::block_on::<core[a373ad73a504971]::pin::Pin<&mut sqlx_core[2cadfeee1e1d1897]::testing::run_test<sqlx_postgres[3ec0ad07536e4b2f]::database::Postgres, sqlx_core[2cadfeee1e1d1897]::testing::run_test_with_pool<sqlx_postgres[3ec0ad07536e4b2f]::database::Postgres, fn(sqlx_core[2cadfeee1e1d1897]::pool::Pool<sqlx_postgres[3ec0ad07536e4b2f]::database::Postgres>) -> genos[ac0156aa43520784]::db::derive_tests::update_returns_none_for_unknown_id::update_returns_none_for_unknown_id::{closure#0}, genos[ac0156aa43520784]::db::derive_tests::update_returns_none_for_unknown_id::update_returns_none_for_unknown_id::{closure#0}>::{closure#0}, sqlx_core[2cadfeee1e1d1897]::testing::run_test_with_pool<sqlx_postgres[3ec0ad07536e4b2f]::database::Postgres, fn(sqlx_core[2cadfeee1e1d1897]::pool::Pool<sqlx_postgres[3ec0ad07536e4b2f]::database::Postgres>) -> genos[ac0156aa43520784]::db::derive_tests::update_returns_none_for_unknown_id::update_returns_none_for_unknown_id::{closure#0}, genos[ac0156aa43520784]::db::derive_tests::update_returns_none_for_unknown_id::update_returns_none_for_unknown_id::{closure#0}>::{closure#0}::{closure#0}>::{closure#0}>>
[INFO] [stdout]   17:     0x5a2754c66a27 - tokio[1249b97df75196f5]::runtime::context::runtime::enter_runtime::<<tokio[1249b97df75196f5]::runtime::scheduler::current_thread::CurrentThread>::block_on<sqlx_core[2cadfeee1e1d1897]::testing::run_test<sqlx_postgres[3ec0ad07536e4b2f]::database::Postgres, sqlx_core[2cadfeee1e1d1897]::testing::run_test_with_pool<sqlx_postgres[3ec0ad07536e4b2f]::database::Postgres, fn(sqlx_core[2cadfeee1e1d1897]::pool::Pool<sqlx_postgres[3ec0ad07536e4b2f]::database::Postgres>) -> genos[ac0156aa43520784]::db::derive_tests::update_returns_none_for_unknown_id::update_returns_none_for_unknown_id::{closure#0}, genos[ac0156aa43520784]::db::derive_tests::update_returns_none_for_unknown_id::update_returns_none_for_unknown_id::{closure#0}>::{closure#0}, sqlx_core[2cadfeee1e1d1897]::testing::run_test_with_pool<sqlx_postgres[3ec0ad07536e4b2f]::database::Postgres, fn(sqlx_core[2cadfeee1e1d1897]::pool::Pool<sqlx_postgres[3ec0ad07536e4b2f]::database::Postgres>) -> genos[ac0156aa43520784]::db::derive_tests::update_returns_none_for_unknown_id::update_returns_none_for_unknown_id::{closure#0}, genos[ac0156aa43520784]::db::derive_tests::update_returns_none_for_unknown_id::update_returns_none_for_unknown_id::{closure#0}>::{closure#0}::{closure#0}>::{closure#0}>::{closure#0}, ()>
[INFO] [stdout]   18:     0x5a2754ca4bfe - <tokio[1249b97df75196f5]::runtime::runtime::Runtime>::block_on::<sqlx_core[2cadfeee1e1d1897]::testing::run_test<sqlx_postgres[3ec0ad07536e4b2f]::database::Postgres, sqlx_core[2cadfeee1e1d1897]::testing::run_test_with_pool<sqlx_postgres[3ec0ad07536e4b2f]::database::Postgres, fn(sqlx_core[2cadfeee1e1d1897]::pool::Pool<sqlx_postgres[3ec0ad07536e4b2f]::database::Postgres>) -> genos[ac0156aa43520784]::db::derive_tests::update_returns_none_for_unknown_id::update_returns_none_for_unknown_id::{closure#0}, genos[ac0156aa43520784]::db::derive_tests::update_returns_none_for_unknown_id::update_returns_none_for_unknown_id::{closure#0}>::{closure#0}, sqlx_core[2cadfeee1e1d1897]::testing::run_test_with_pool<sqlx_postgres[3ec0ad07536e4b2f]::database::Postgres, fn(sqlx_core[2cadfeee1e1d1897]::pool::Pool<sqlx_postgres[3ec0ad07536e4b2f]::database::Postgres>) -> genos[ac0156aa43520784]::db::derive_tests::update_returns_none_for_unknown_id::update_returns_none_for_unknown_id::{closure#0}, genos[ac0156aa43520784]::db::derive_tests::update_returns_none_for_unknown_id::update_returns_none_for_unknown_id::{closure#0}>::{closure#0}::{closure#0}>::{closure#0}>
[INFO] [stdout]   19:     0x5a2754d361da - <genos[ac0156aa43520784]::db::derive_tests::update_returns_none_for_unknown_id::{closure#0} as core[a373ad73a504971]::ops::function::FnOnce<()>>::call_once
[INFO] [stdout]   20:     0x5a2754dc6e6b - test[aada8e7e76ba119b]::__rust_begin_short_backtrace::<core[a373ad73a504971]::result::Result<(), alloc[2e1b2a31b91974c5]::string::String>, fn() -> core[a373ad73a504971]::result::Result<(), alloc[2e1b2a31b91974c5]::string::String>>
[INFO] [stdout]   21:     0x5a2754dd4045 - test[aada8e7e76ba119b]::run_test::{closure#0}
[INFO] [stdout]   22:     0x5a2754dcd934 - std[617be2ca0a6fd877]::sys::backtrace::__rust_begin_short_backtrace::<test[aada8e7e76ba119b]::run_test::{closure#1}, ()>
[INFO] [stdout]   23:     0x5a2754dd70d2 - <std[617be2ca0a6fd877]::thread::lifecycle::spawn_unchecked<test[aada8e7e76ba119b]::run_test::{closure#1}, ()>::{closure#1} as core[a373ad73a504971]::ops::function::FnOnce<()>>::call_once::{shim:vtable#0}
[INFO] [stdout]   24:     0x5a275518325f - <std[617be2ca0a6fd877]::sys::thread::unix::Thread>::new::thread_start
[INFO] [stdout]   25:     0x78e47af73dfa - <unknown>
[INFO] [stdout]   26:     0x78e47b0073d4 - clone
[INFO] [stdout]   27:                0x0 - <unknown>
[INFO] [stdout] 
[INFO] [stdout] ---- db::derive_tests::find_by_id_returns_none_for_unknown_id stdout ----
[INFO] [stdout] 
[INFO] [stdout] thread 'db::derive_tests::find_by_id_returns_none_for_unknown_id' (3492) panicked at /opt/rustwide/cargo-home/registry/src/index.crates.io-1949cf8c6b5b557f/sqlx-postgres-0.8.6/src/testing/mod.rs:96:44:
[INFO] [stdout] DATABASE_URL must be set: EnvVar(NotPresent)
[INFO] [stdout] stack backtrace:
[INFO] [stdout]    0:     0x5a2755183db1 - <<std[617be2ca0a6fd877]::sys::backtrace::BacktraceLock>::print::DisplayBacktrace as core[a373ad73a504971]::fmt::Display>::fmt
[INFO] [stdout]    1:     0x5a275519c2da - core[a373ad73a504971]::fmt::write
[INFO] [stdout]    2:     0x5a275518901c - <alloc[2e1b2a31b91974c5]::vec::Vec<u8> as core[a373ad73a504971]::io::write::Write>::write_fmt
[INFO] [stdout]    3:     0x5a275515e436 - std[617be2ca0a6fd877]::panicking::default_hook::{closure#0}
[INFO] [stdout]    4:     0x5a275517bb79 - std[617be2ca0a6fd877]::panicking::default_hook
[INFO] [stdout]    5:     0x5a2754dd3a20 - test[aada8e7e76ba119b]::test_main_inner::{closure#0}
[INFO] [stdout]    6:     0x5a275517bea2 - std[617be2ca0a6fd877]::panicking::panic_with_hook
[INFO] [stdout]    7:     0x5a275515e4e2 - std[617be2ca0a6fd877]::panicking::panic_handler::{closure#0}
[INFO] [stdout]    8:     0x5a2755156949 - std[617be2ca0a6fd877]::sys::backtrace::__rust_end_short_backtrace::<std[617be2ca0a6fd877]::panicking::panic_handler::{closure#0}, !>
[INFO] [stdout]    9:     0x5a275515f48d - __rustc[ea4f61d10b84890b]::rust_begin_unwind
[INFO] [stdout]   10:     0x5a275519cabc - core[a373ad73a504971]::panicking::panic_fmt
[INFO] [stdout]   11:     0x5a275519c892 - core[a373ad73a504971]::result::unwrap_failed
[INFO] [stdout]   12:     0x5a2754f2bd6e - <sqlx_postgres[3ec0ad07536e4b2f]::database::Postgres as sqlx_core[2cadfeee1e1d1897]::testing::TestSupport>::test_context::{closure#0}
[INFO] [stdout]   13:     0x5a2754c7b0a4 - sqlx_core[2cadfeee1e1d1897]::testing::run_test::<sqlx_postgres[3ec0ad07536e4b2f]::database::Postgres, sqlx_core[2cadfeee1e1d1897]::testing::run_test_with_pool<sqlx_postgres[3ec0ad07536e4b2f]::database::Postgres, fn(sqlx_core[2cadfeee1e1d1897]::pool::Pool<sqlx_postgres[3ec0ad07536e4b2f]::database::Postgres>) -> genos[ac0156aa43520784]::db::derive_tests::find_by_id_returns_none_for_unknown_id::find_by_id_returns_none_for_unknown_id::{closure#0}, genos[ac0156aa43520784]::db::derive_tests::find_by_id_returns_none_for_unknown_id::find_by_id_returns_none_for_unknown_id::{closure#0}>::{closure#0}, sqlx_core[2cadfeee1e1d1897]::testing::run_test_with_pool<sqlx_postgres[3ec0ad07536e4b2f]::database::Postgres, fn(sqlx_core[2cadfeee1e1d1897]::pool::Pool<sqlx_postgres[3ec0ad07536e4b2f]::database::Postgres>) -> genos[ac0156aa43520784]::db::derive_tests::find_by_id_returns_none_for_unknown_id::find_by_id_returns_none_for_unknown_id::{closure#0}, genos[ac0156aa43520784]::db::derive_tests::find_by_id_returns_none_for_unknown_id::find_by_id_returns_none_for_unknown_id::{closure#0}>::{closure#0}::{closure#0}>::{closure#0}
[INFO] [stdout]   14:     0x5a2754d629de - <tokio[1249b97df75196f5]::runtime::scheduler::current_thread::Context>::enter::<core[a373ad73a504971]::task::poll::Poll<()>, <tokio[1249b97df75196f5]::runtime::scheduler::current_thread::CoreGuard>::block_on<core[a373ad73a504971]::pin::Pin<&mut sqlx_core[2cadfeee1e1d1897]::testing::run_test<sqlx_postgres[3ec0ad07536e4b2f]::database::Postgres, sqlx_core[2cadfeee1e1d1897]::testing::run_test_with_pool<sqlx_postgres[3ec0ad07536e4b2f]::database::Postgres, fn(sqlx_core[2cadfeee1e1d1897]::pool::Pool<sqlx_postgres[3ec0ad07536e4b2f]::database::Postgres>) -> genos[ac0156aa43520784]::db::derive_tests::find_by_id_returns_none_for_unknown_id::find_by_id_returns_none_for_unknown_id::{closure#0}, genos[ac0156aa43520784]::db::derive_tests::find_by_id_returns_none_for_unknown_id::find_by_id_returns_none_for_unknown_id::{closure#0}>::{closure#0}, sqlx_core[2cadfeee1e1d1897]::testing::run_test_with_pool<sqlx_postgres[3ec0ad07536e4b2f]::database::Postgres, fn(sqlx_core[2cadfeee1e1d1897]::pool::Pool<sqlx_postgres[3ec0ad07536e4b2f]::database::Postgres>) -> genos[ac0156aa43520784]::db::derive_tests::find_by_id_returns_none_for_unknown_id::find_by_id_returns_none_for_unknown_id::{closure#0}, genos[ac0156aa43520784]::db::derive_tests::find_by_id_returns_none_for_unknown_id::find_by_id_returns_none_for_unknown_id::{closure#0}>::{closure#0}::{closure#0}>::{closure#0}>>::{closure#0}::{closure#0}>
[INFO] [stdout]   15:     0x5a2754c5b03c - <tokio[1249b97df75196f5]::runtime::context::scoped::Scoped<tokio[1249b97df75196f5]::runtime::scheduler::Context>>::set::<<tokio[1249b97df75196f5]::runtime::scheduler::current_thread::CoreGuard>::enter<<tokio[1249b97df75196f5]::runtime::scheduler::current_thread::CoreGuard>::block_on<core[a373ad73a504971]::pin::Pin<&mut sqlx_core[2cadfeee1e1d1897]::testing::run_test<sqlx_postgres[3ec0ad07536e4b2f]::database::Postgres, sqlx_core[2cadfeee1e1d1897]::testing::run_test_with_pool<sqlx_postgres[3ec0ad07536e4b2f]::database::Postgres, fn(sqlx_core[2cadfeee1e1d1897]::pool::Pool<sqlx_postgres[3ec0ad07536e4b2f]::database::Postgres>) -> genos[ac0156aa43520784]::db::derive_tests::find_by_id_returns_none_for_unknown_id::find_by_id_returns_none_for_unknown_id::{closure#0}, genos[ac0156aa43520784]::db::derive_tests::find_by_id_returns_none_for_unknown_id::find_by_id_returns_none_for_unknown_id::{closure#0}>::{closure#0}, sqlx_core[2cadfeee1e1d1897]::testing::run_test_with_pool<sqlx_postgres[3ec0ad07536e4b2f]::database::Postgres, fn(sqlx_core[2cadfeee1e1d1897]::pool::Pool<sqlx_postgres[3ec0ad07536e4b2f]::database::Postgres>) -> genos[ac0156aa43520784]::db::derive_tests::find_by_id_returns_none_for_unknown_id::find_by_id_returns_none_for_unknown_id::{closure#0}, genos[ac0156aa43520784]::db::derive_tests::find_by_id_returns_none_for_unknown_id::find_by_id_returns_none_for_unknown_id::{closure#0}>::{closure#0}::{closure#0}>::{closure#0}>>::{closure#0}, core[a373ad73a504971]::option::Option<()>>::{closure#0}, (alloc[2e1b2a31b91974c5]::boxed::Box<tokio[1249b97df75196f5]::runtime::scheduler::current_thread::Core>, core[a373ad73a504971]::option::Option<()>)>
[INFO] [stdout]   16:     0x5a2754d64cb7 - <tokio[1249b97df75196f5]::runtime::scheduler::current_thread::CoreGuard>::block_on::<core[a373ad73a504971]::pin::Pin<&mut sqlx_core[2cadfeee1e1d1897]::testing::run_test<sqlx_postgres[3ec0ad07536e4b2f]::database::Postgres, sqlx_core[2cadfeee1e1d1897]::testing::run_test_with_pool<sqlx_postgres[3ec0ad07536e4b2f]::database::Postgres, fn(sqlx_core[2cadfeee1e1d1897]::pool::Pool<sqlx_postgres[3ec0ad07536e4b2f]::database::Postgres>) -> genos[ac0156aa43520784]::db::derive_tests::find_by_id_returns_none_for_unknown_id::find_by_id_returns_none_for_unknown_id::{closure#0}, genos[ac0156aa43520784]::db::derive_tests::find_by_id_returns_none_for_unknown_id::find_by_id_returns_none_for_unknown_id::{closure#0}>::{closure#0}, sqlx_core[2cadfeee1e1d1897]::testing::run_test_with_pool<sqlx_postgres[3ec0ad07536e4b2f]::database::Postgres, fn(sqlx_core[2cadfeee1e1d1897]::pool::Pool<sqlx_postgres[3ec0ad07536e4b2f]::database::Postgres>) -> genos[ac0156aa43520784]::db::derive_tests::find_by_id_returns_none_for_unknown_id::find_by_id_returns_none_for_unknown_id::{closure#0}, genos[ac0156aa43520784]::db::derive_tests::find_by_id_returns_none_for_unknown_id::find_by_id_returns_none_for_unknown_id::{closure#0}>::{closure#0}::{closure#0}>::{closure#0}>>
[INFO] [stdout]   17:     0x5a2754c672c7 - tokio[1249b97df75196f5]::runtime::context::runtime::enter_runtime::<<tokio[1249b97df75196f5]::runtime::scheduler::current_thread::CurrentThread>::block_on<sqlx_core[2cadfeee1e1d1897]::testing::run_test<sqlx_postgres[3ec0ad07536e4b2f]::database::Postgres, sqlx_core[2cadfeee1e1d1897]::testing::run_test_with_pool<sqlx_postgres[3ec0ad07536e4b2f]::database::Postgres, fn(sqlx_core[2cadfeee1e1d1897]::pool::Pool<sqlx_postgres[3ec0ad07536e4b2f]::database::Postgres>) -> genos[ac0156aa43520784]::db::derive_tests::find_by_id_returns_none_for_unknown_id::find_by_id_returns_none_for_unknown_id::{closure#0}, genos[ac0156aa43520784]::db::derive_tests::find_by_id_returns_none_for_unknown_id::find_by_id_returns_none_for_unknown_id::{closure#0}>::{closure#0}, sqlx_core[2cadfeee1e1d1897]::testing::run_test_with_pool<sqlx_postgres[3ec0ad07536e4b2f]::database::Postgres, fn(sqlx_core[2cadfeee1e1d1897]::pool::Pool<sqlx_postgres[3ec0ad07536e4b2f]::database::Postgres>) -> genos[ac0156aa43520784]::db::derive_tests::find_by_id_returns_none_for_unknown_id::find_by_id_returns_none_for_unknown_id::{closure#0}, genos[ac0156aa43520784]::db::derive_tests::find_by_id_returns_none_for_unknown_id::find_by_id_returns_none_for_unknown_id::{closure#0}>::{closure#0}::{closure#0}>::{closure#0}>::{closure#0}, ()>
[INFO] [stdout]   18:     0x5a2754ca4ede - <tokio[1249b97df75196f5]::runtime::runtime::Runtime>::block_on::<sqlx_core[2cadfeee1e1d1897]::testing::run_test<sqlx_postgres[3ec0ad07536e4b2f]::database::Postgres, sqlx_core[2cadfeee1e1d1897]::testing::run_test_with_pool<sqlx_postgres[3ec0ad07536e4b2f]::database::Postgres, fn(sqlx_core[2cadfeee1e1d1897]::pool::Pool<sqlx_postgres[3ec0ad07536e4b2f]::database::Postgres>) -> genos[ac0156aa43520784]::db::derive_tests::find_by_id_returns_none_for_unknown_id::find_by_id_returns_none_for_unknown_id::{closure#0}, genos[ac0156aa43520784]::db::derive_tests::find_by_id_returns_none_for_unknown_id::find_by_id_returns_none_for_unknown_id::{closure#0}>::{closure#0}, sqlx_core[2cadfeee1e1d1897]::testing::run_test_with_pool<sqlx_postgres[3ec0ad07536e4b2f]::database::Postgres, fn(sqlx_core[2cadfeee1e1d1897]::pool::Pool<sqlx_postgres[3ec0ad07536e4b2f]::database::Postgres>) -> genos[ac0156aa43520784]::db::derive_tests::find_by_id_returns_none_for_unknown_id::find_by_id_returns_none_for_unknown_id::{closure#0}, genos[ac0156aa43520784]::db::derive_tests::find_by_id_returns_none_for_unknown_id::find_by_id_returns_none_for_unknown_id::{closure#0}>::{closure#0}::{closure#0}>::{closure#0}>
[INFO] [stdout]   19:     0x5a2754d3655a - <genos[ac0156aa43520784]::db::derive_tests::find_by_id_returns_none_for_unknown_id::{closure#0} as core[a373ad73a504971]::ops::function::FnOnce<()>>::call_once
[INFO] [stdout]   20:     0x5a2754dc6e6b - test[aada8e7e76ba119b]::__rust_begin_short_backtrace::<core[a373ad73a504971]::result::Result<(), alloc[2e1b2a31b91974c5]::string::String>, fn() -> core[a373ad73a504971]::result::Result<(), alloc[2e1b2a31b91974c5]::string::String>>
[INFO] [stdout]   21:     0x5a2754dd4045 - test[aada8e7e76ba119b]::run_test::{closure#0}
[INFO] [stdout]   22:     0x5a2754dcd934 - std[617be2ca0a6fd877]::sys::backtrace::__rust_begin_short_backtrace::<test[aada8e7e76ba119b]::run_test::{closure#1}, ()>
[INFO] [stdout]   23:     0x5a2754dd70d2 - <std[617be2ca0a6fd877]::thread::lifecycle::spawn_unchecked<test[aada8e7e76ba119b]::run_test::{closure#1}, ()>::{closure#1} as core[a373ad73a504971]::ops::function::FnOnce<()>>::call_once::{shim:vtable#0}
[INFO] [stdout]   24:     0x5a275518325f - <std[617be2ca0a6fd877]::sys::thread::unix::Thread>::new::thread_start
[INFO] [stdout]   25:     0x78e47af73dfa - <unknown>
[INFO] [stdout]   26:     0x78e47b0073d4 - clone
[INFO] [stdout]   27:                0x0 - <unknown>
[INFO] [stdout] 
[INFO] [stdout] ---- db::pool::tests::db_extractor_pulls_pool_from_state stdout ----
[INFO] [stdout] 
[INFO] [stdout] thread 'db::pool::tests::db_extractor_pulls_pool_from_state' (3496) panicked at /opt/rustwide/cargo-home/registry/src/index.crates.io-1949cf8c6b5b557f/sqlx-postgres-0.8.6/src/testing/mod.rs:96:44:
[INFO] [stdout] DATABASE_URL must be set: EnvVar(NotPresent)
[INFO] [stdout] stack backtrace:
[INFO] [stdout]    0:     0x5a2755183db1 - <<std[617be2ca0a6fd877]::sys::backtrace::BacktraceLock>::print::DisplayBacktrace as core[a373ad73a504971]::fmt::Display>::fmt
[INFO] [stdout]    1:     0x5a275519c2da - core[a373ad73a504971]::fmt::write
[INFO] [stdout]    2:     0x5a275518901c - <alloc[2e1b2a31b91974c5]::vec::Vec<u8> as core[a373ad73a504971]::io::write::Write>::write_fmt
[INFO] [stdout]    3:     0x5a275515e436 - std[617be2ca0a6fd877]::panicking::default_hook::{closure#0}
[INFO] [stdout]    4:     0x5a275517bb79 - std[617be2ca0a6fd877]::panicking::default_hook
[INFO] [stdout]    5:     0x5a2754dd3a20 - test[aada8e7e76ba119b]::test_main_inner::{closure#0}
[INFO] [stdout]    6:     0x5a275517bea2 - std[617be2ca0a6fd877]::panicking::panic_with_hook
[INFO] [stdout]    7:     0x5a275515e4e2 - std[617be2ca0a6fd877]::panicking::panic_handler::{closure#0}
[INFO] [stdout]    8:     0x5a2755156949 - std[617be2ca0a6fd877]::sys::backtrace::__rust_end_short_backtrace::<std[617be2ca0a6fd877]::panicking::panic_handler::{closure#0}, !>
[INFO] [stdout]    9:     0x5a275515f48d - __rustc[ea4f61d10b84890b]::rust_begin_unwind
[INFO] [stdout]   10:     0x5a275519cabc - core[a373ad73a504971]::panicking::panic_fmt
[INFO] [stdout]   11:     0x5a275519c892 - core[a373ad73a504971]::result::unwrap_failed
[INFO] [stdout]   12:     0x5a2754f2bd6e - <sqlx_postgres[3ec0ad07536e4b2f]::database::Postgres as sqlx_core[2cadfeee1e1d1897]::testing::TestSupport>::test_context::{closure#0}
[INFO] [stdout]   13:     0x5a2754c7ccc8 - sqlx_core[2cadfeee1e1d1897]::testing::run_test::<sqlx_postgres[3ec0ad07536e4b2f]::database::Postgres, sqlx_core[2cadfeee1e1d1897]::testing::run_test_with_pool<sqlx_postgres[3ec0ad07536e4b2f]::database::Postgres, fn(sqlx_core[2cadfeee1e1d1897]::pool::Pool<sqlx_postgres[3ec0ad07536e4b2f]::database::Postgres>) -> genos[ac0156aa43520784]::db::pool::tests::db_extractor_pulls_pool_from_state::db_extractor_pulls_pool_from_state::{closure#0}, genos[ac0156aa43520784]::db::pool::tests::db_extractor_pulls_pool_from_state::db_extractor_pulls_pool_from_state::{closure#0}>::{closure#0}, sqlx_core[2cadfeee1e1d1897]::testing::run_test_with_pool<sqlx_postgres[3ec0ad07536e4b2f]::database::Postgres, fn(sqlx_core[2cadfeee1e1d1897]::pool::Pool<sqlx_postgres[3ec0ad07536e4b2f]::database::Postgres>) -> genos[ac0156aa43520784]::db::pool::tests::db_extractor_pulls_pool_from_state::db_extractor_pulls_pool_from_state::{closure#0}, genos[ac0156aa43520784]::db::pool::tests::db_extractor_pulls_pool_from_state::db_extractor_pulls_pool_from_state::{closure#0}>::{closure#0}::{closure#0}>::{closure#0}
[INFO] [stdout]   14:     0x5a2754d62cfe - <tokio[1249b97df75196f5]::runtime::scheduler::current_thread::Context>::enter::<core[a373ad73a504971]::task::poll::Poll<()>, <tokio[1249b97df75196f5]::runtime::scheduler::current_thread::CoreGuard>::block_on<core[a373ad73a504971]::pin::Pin<&mut sqlx_core[2cadfeee1e1d1897]::testing::run_test<sqlx_postgres[3ec0ad07536e4b2f]::database::Postgres, sqlx_core[2cadfeee1e1d1897]::testing::run_test_with_pool<sqlx_postgres[3ec0ad07536e4b2f]::database::Postgres, fn(sqlx_core[2cadfeee1e1d1897]::pool::Pool<sqlx_postgres[3ec0ad07536e4b2f]::database::Postgres>) -> genos[ac0156aa43520784]::db::pool::tests::db_extractor_pulls_pool_from_state::db_extractor_pulls_pool_from_state::{closure#0}, genos[ac0156aa43520784]::db::pool::tests::db_extractor_pulls_pool_from_state::db_extractor_pulls_pool_from_state::{closure#0}>::{closure#0}, sqlx_core[2cadfeee1e1d1897]::testing::run_test_with_pool<sqlx_postgres[3ec0ad07536e4b2f]::database::Postgres, fn(sqlx_core[2cadfeee1e1d1897]::pool::Pool<sqlx_postgres[3ec0ad07536e4b2f]::database::Postgres>) -> genos[ac0156aa43520784]::db::pool::tests::db_extractor_pulls_pool_from_state::db_extractor_pulls_pool_from_state::{closure#0}, genos[ac0156aa43520784]::db::pool::tests::db_extractor_pulls_pool_from_state::db_extractor_pulls_pool_from_state::{closure#0}>::{closure#0}::{closure#0}>::{closure#0}>>::{closure#0}::{closure#0}>
[INFO] [stdout]   15:     0x5a2754c5b3fc - <tokio[1249b97df75196f5]::runtime::context::scoped::Scoped<tokio[1249b97df75196f5]::runtime::scheduler::Context>>::set::<<tokio[1249b97df75196f5]::runtime::scheduler::current_thread::CoreGuard>::enter<<tokio[1249b97df75196f5]::runtime::scheduler::current_thread::CoreGuard>::block_on<core[a373ad73a504971]::pin::Pin<&mut sqlx_core[2cadfeee1e1d1897]::testing::run_test<sqlx_postgres[3ec0ad07536e4b2f]::database::Postgres, sqlx_core[2cadfeee1e1d1897]::testing::run_test_with_pool<sqlx_postgres[3ec0ad07536e4b2f]::database::Postgres, fn(sqlx_core[2cadfeee1e1d1897]::pool::Pool<sqlx_postgres[3ec0ad07536e4b2f]::database::Postgres>) -> genos[ac0156aa43520784]::db::pool::tests::db_extractor_pulls_pool_from_state::db_extractor_pulls_pool_from_state::{closure#0}, genos[ac0156aa43520784]::db::pool::tests::db_extractor_pulls_pool_from_state::db_extractor_pulls_pool_from_state::{closure#0}>::{closure#0}, sqlx_core[2cadfeee1e1d1897]::testing::run_test_with_pool<sqlx_postgres[3ec0ad07536e4b2f]::database::Postgres, fn(sqlx_core[2cadfeee1e1d1897]::pool::Pool<sqlx_postgres[3ec0ad07536e4b2f]::database::Postgres>) -> genos[ac0156aa43520784]::db::pool::tests::db_extractor_pulls_pool_from_state::db_extractor_pulls_pool_from_state::{closure#0}, genos[ac0156aa43520784]::db::pool::tests::db_extractor_pulls_pool_from_state::db_extractor_pulls_pool_from_state::{closure#0}>::{closure#0}::{closure#0}>::{closure#0}>>::{closure#0}, core[a373ad73a504971]::option::Option<()>>::{closure#0}, (alloc[2e1b2a31b91974c5]::boxed::Box<tokio[1249b97df75196f5]::runtime::scheduler::current_thread::Core>, core[a373ad73a504971]::option::Option<()>)>
[INFO] [stdout]   16:     0x5a2754d65097 - <tokio[1249b97df75196f5]::runtime::scheduler::current_thread::CoreGuard>::block_on::<core[a373ad73a504971]::pin::Pin<&mut sqlx_core[2cadfeee1e1d1897]::testing::run_test<sqlx_postgres[3ec0ad07536e4b2f]::database::Postgres, sqlx_core[2cadfeee1e1d1897]::testing::run_test_with_pool<sqlx_postgres[3ec0ad07536e4b2f]::database::Postgres, fn(sqlx_core[2cadfeee1e1d1897]::pool::Pool<sqlx_postgres[3ec0ad07536e4b2f]::database::Postgres>) -> genos[ac0156aa43520784]::db::pool::tests::db_extractor_pulls_pool_from_state::db_extractor_pulls_pool_from_state::{closure#0}, genos[ac0156aa43520784]::db::pool::tests::db_extractor_pulls_pool_from_state::db_extractor_pulls_pool_from_state::{closure#0}>::{closure#0}, sqlx_core[2cadfeee1e1d1897]::testing::run_test_with_pool<sqlx_postgres[3ec0ad07536e4b2f]::database::Postgres, fn(sqlx_core[2cadfeee1e1d1897]::pool::Pool<sqlx_postgres[3ec0ad07536e4b2f]::database::Postgres>) -> genos[ac0156aa43520784]::db::pool::tests::db_extractor_pulls_pool_from_state::db_extractor_pulls_pool_from_state::{closure#0}, genos[ac0156aa43520784]::db::pool::tests::db_extractor_pulls_pool_from_state::db_extractor_pulls_pool_from_state::{closure#0}>::{closure#0}::{closure#0}>::{closure#0}>>
[INFO] [stdout]   17:     0x5a2754c67b67 - tokio[1249b97df75196f5]::runtime::context::runtime::enter_runtime::<<tokio[1249b97df75196f5]::runtime::scheduler::current_thread::CurrentThread>::block_on<sqlx_core[2cadfeee1e1d1897]::testing::run_test<sqlx_postgres[3ec0ad07536e4b2f]::database::Postgres, sqlx_core[2cadfeee1e1d1897]::testing::run_test_with_pool<sqlx_postgres[3ec0ad07536e4b2f]::database::Postgres, fn(sqlx_core[2cadfeee1e1d1897]::pool::Pool<sqlx_postgres[3ec0ad07536e4b2f]::database::Postgres>) -> genos[ac0156aa43520784]::db::pool::tests::db_extractor_pulls_pool_from_state::db_extractor_pulls_pool_from_state::{closure#0}, genos[ac0156aa43520784]::db::pool::tests::db_extractor_pulls_pool_from_state::db_extractor_pulls_pool_from_state::{closure#0}>::{closure#0}, sqlx_core[2cadfeee1e1d1897]::testing::run_test_with_pool<sqlx_postgres[3ec0ad07536e4b2f]::database::Postgres, fn(sqlx_core[2cadfeee1e1d1897]::pool::Pool<sqlx_postgres[3ec0ad07536e4b2f]::database::Postgres>) -> genos[ac0156aa43520784]::db::pool::tests::db_extractor_pulls_pool_from_state::db_extractor_pulls_pool_from_state::{closure#0}, genos[ac0156aa43520784]::db::pool::tests::db_extractor_pulls_pool_from_state::db_extractor_pulls_pool_from_state::{closure#0}>::{closure#0}::{closure#0}>::{closure#0}>::{closure#0}, ()>
[INFO] [stdout]   18:     0x5a2754ca51be - <tokio[1249b97df75196f5]::runtime::runtime::Runtime>::block_on::<sqlx_core[2cadfeee1e1d1897]::testing::run_test<sqlx_postgres[3ec0ad07536e4b2f]::database::Postgres, sqlx_core[2cadfeee1e1d1897]::testing::run_test_with_pool<sqlx_postgres[3ec0ad07536e4b2f]::database::Postgres, fn(sqlx_core[2cadfeee1e1d1897]::pool::Pool<sqlx_postgres[3ec0ad07536e4b2f]::database::Postgres>) -> genos[ac0156aa43520784]::db::pool::tests::db_extractor_pulls_pool_from_state::db_extractor_pulls_pool_from_state::{closure#0}, genos[ac0156aa43520784]::db::pool::tests::db_extractor_pulls_pool_from_state::db_extractor_pulls_pool_from_state::{closure#0}>::{closure#0}, sqlx_core[2cadfeee1e1d1897]::testing::run_test_with_pool<sqlx_postgres[3ec0ad07536e4b2f]::database::Postgres, fn(sqlx_core[2cadfeee1e1d1897]::pool::Pool<sqlx_postgres[3ec0ad07536e4b2f]::database::Postgres>) -> genos[ac0156aa43520784]::db::pool::tests::db_extractor_pulls_pool_from_state::db_extractor_pulls_pool_from_state::{closure#0}, genos[ac0156aa43520784]::db::pool::tests::db_extractor_pulls_pool_from_state::db_extractor_pulls_pool_from_state::{closure#0}>::{closure#0}::{closure#0}>::{closure#0}>
[INFO] [stdout]   19:     0x5a2754d37a4a - <genos[ac0156aa43520784]::db::pool::tests::db_extractor_pulls_pool_from_state::{closure#0} as core[a373ad73a504971]::ops::function::FnOnce<()>>::call_once
[INFO] [stdout]   20:     0x5a2754dc6e6b - test[aada8e7e76ba119b]::__rust_begin_short_backtrace::<core[a373ad73a504971]::result::Result<(), alloc[2e1b2a31b91974c5]::string::String>, fn() -> core[a373ad73a504971]::result::Result<(), alloc[2e1b2a31b91974c5]::string::String>>
[INFO] [stdout]   21:     0x5a2754dd4045 - test[aada8e7e76ba119b]::run_test::{closure#0}
[INFO] [stdout]   22:     0x5a2754dcd934 - std[617be2ca0a6fd877]::sys::backtrace::__rust_begin_short_backtrace::<test[aada8e7e76ba119b]::run_test::{closure#1}, ()>
[INFO] [stdout]   23:     0x5a2754dd70d2 - <std[617be2ca0a6fd877]::thread::lifecycle::spawn_unchecked<test[aada8e7e76ba119b]::run_test::{closure#1}, ()>::{closure#1} as core[a373ad73a504971]::ops::function::FnOnce<()>>::call_once::{shim:vtable#0}
[INFO] [stdout]   24:     0x5a275518325f - <std[617be2ca0a6fd877]::sys::thread::unix::Thread>::new::thread_start
[INFO] [stdout]   25:     0x78e47af73dfa - <unknown>
[INFO] [stdout]   26:     0x78e47b0073d4 - clone
[INFO] [stdout]   27:                0x0 - <unknown>
[INFO] [stdout] 
[INFO] [stdout] ---- db::derive_tests::find_all_returns_empty_for_new_table stdout ----
[INFO] [stdout] 
[INFO] [stdout] thread 'db::derive_tests::find_all_returns_empty_for_new_table' (3491) panicked at /opt/rustwide/cargo-home/registry/src/index.crates.io-1949cf8c6b5b557f/sqlx-postgres-0.8.6/src/testing/mod.rs:96:44:
[INFO] [stdout] DATABASE_URL must be set: EnvVar(NotPresent)
[INFO] [stdout] stack backtrace:
[INFO] [stdout]    0:     0x5a2755183db1 - <<std[617be2ca0a6fd877]::sys::backtrace::BacktraceLock>::print::DisplayBacktrace as core[a373ad73a504971]::fmt::Display>::fmt
[INFO] [stdout]    1:     0x5a275519c2da - core[a373ad73a504971]::fmt::write
[INFO] [stdout]    2:     0x5a275518901c - <alloc[2e1b2a31b91974c5]::vec::Vec<u8> as core[a373ad73a504971]::io::write::Write>::write_fmt
[INFO] [stdout]    3:     0x5a275515e436 - std[617be2ca0a6fd877]::panicking::default_hook::{closure#0}
[INFO] [stdout]    4:     0x5a275517bb79 - std[617be2ca0a6fd877]::panicking::default_hook
[INFO] [stdout]    5:     0x5a2754dd3a20 - test[aada8e7e76ba119b]::test_main_inner::{closure#0}
[INFO] [stdout]    6:     0x5a275517bea2 - std[617be2ca0a6fd877]::panicking::panic_with_hook
[INFO] [stdout]    7:     0x5a275515e4e2 - std[617be2ca0a6fd877]::panicking::panic_handler::{closure#0}
[INFO] [stdout]    8:     0x5a2755156949 - std[617be2ca0a6fd877]::sys::backtrace::__rust_end_short_backtrace::<std[617be2ca0a6fd877]::panicking::panic_handler::{closure#0}, !>
[INFO] [stdout]    9:     0x5a275515f48d - __rustc[ea4f61d10b84890b]::rust_begin_unwind
[INFO] [stdout]   10:     0x5a275519cabc - core[a373ad73a504971]::panicking::panic_fmt
[INFO] [stdout]   11:     0x5a275519c892 - core[a373ad73a504971]::result::unwrap_failed
[INFO] [stdout]   12:     0x5a2754f2bd6e - <sqlx_postgres[3ec0ad07536e4b2f]::database::Postgres as sqlx_core[2cadfeee1e1d1897]::testing::TestSupport>::test_context::{closure#0}
[INFO] [stdout]   13:     0x5a2754c7a404 - sqlx_core[2cadfeee1e1d1897]::testing::run_test::<sqlx_postgres[3ec0ad07536e4b2f]::database::Postgres, sqlx_core[2cadfeee1e1d1897]::testing::run_test_with_pool<sqlx_postgres[3ec0ad07536e4b2f]::database::Postgres, fn(sqlx_core[2cadfeee1e1d1897]::pool::Pool<sqlx_postgres[3ec0ad07536e4b2f]::database::Postgres>) -> genos[ac0156aa43520784]::db::derive_tests::find_all_returns_empty_for_new_table::find_all_returns_empty_for_new_table::{closure#0}, genos[ac0156aa43520784]::db::derive_tests::find_all_returns_empty_for_new_table::find_all_returns_empty_for_new_table::{closure#0}>::{closure#0}, sqlx_core[2cadfeee1e1d1897]::testing::run_test_with_pool<sqlx_postgres[3ec0ad07536e4b2f]::database::Postgres, fn(sqlx_core[2cadfeee1e1d1897]::pool::Pool<sqlx_postgres[3ec0ad07536e4b2f]::database::Postgres>) -> genos[ac0156aa43520784]::db::derive_tests::find_all_returns_empty_for_new_table::find_all_returns_empty_for_new_table::{closure#0}, genos[ac0156aa43520784]::db::derive_tests::find_all_returns_empty_for_new_table::find_all_returns_empty_for_new_table::{closure#0}>::{closure#0}::{closure#0}>::{closure#0}
[INFO] [stdout]   14:     0x5a2754d6284e - <tokio[1249b97df75196f5]::runtime::scheduler::current_thread::Context>::enter::<core[a373ad73a504971]::task::poll::Poll<()>, <tokio[1249b97df75196f5]::runtime::scheduler::current_thread::CoreGuard>::block_on<core[a373ad73a504971]::pin::Pin<&mut sqlx_core[2cadfeee1e1d1897]::testing::run_test<sqlx_postgres[3ec0ad07536e4b2f]::database::Postgres, sqlx_core[2cadfeee1e1d1897]::testing::run_test_with_pool<sqlx_postgres[3ec0ad07536e4b2f]::database::Postgres, fn(sqlx_core[2cadfeee1e1d1897]::pool::Pool<sqlx_postgres[3ec0ad07536e4b2f]::database::Postgres>) -> genos[ac0156aa43520784]::db::derive_tests::find_all_returns_empty_for_new_table::find_all_returns_empty_for_new_table::{closure#0}, genos[ac0156aa43520784]::db::derive_tests::find_all_returns_empty_for_new_table::find_all_returns_empty_for_new_table::{closure#0}>::{closure#0}, sqlx_core[2cadfeee1e1d1897]::testing::run_test_with_pool<sqlx_postgres[3ec0ad07536e4b2f]::database::Postgres, fn(sqlx_core[2cadfeee1e1d1897]::pool::Pool<sqlx_postgres[3ec0ad07536e4b2f]::database::Postgres>) -> genos[ac0156aa43520784]::db::derive_tests::find_all_returns_empty_for_new_table::find_all_returns_empty_for_new_table::{closure#0}, genos[ac0156aa43520784]::db::derive_tests::find_all_returns_empty_for_new_table::find_all_returns_empty_for_new_table::{closure#0}>::{closure#0}::{closure#0}>::{closure#0}>>::{closure#0}::{closure#0}>
[INFO] [stdout]   15:     0x5a2754c5ae5c - <tokio[1249b97df75196f5]::runtime::context::scoped::Scoped<tokio[1249b97df75196f5]::runtime::scheduler::Context>>::set::<<tokio[1249b97df75196f5]::runtime::scheduler::current_thread::CoreGuard>::enter<<tokio[1249b97df75196f5]::runtime::scheduler::current_thread::CoreGuard>::block_on<core[a373ad73a504971]::pin::Pin<&mut sqlx_core[2cadfeee1e1d1897]::testing::run_test<sqlx_postgres[3ec0ad07536e4b2f]::database::Postgres, sqlx_core[2cadfeee1e1d1897]::testing::run_test_with_pool<sqlx_postgres[3ec0ad07536e4b2f]::database::Postgres, fn(sqlx_core[2cadfeee1e1d1897]::pool::Pool<sqlx_postgres[3ec0ad07536e4b2f]::database::Postgres>) -> genos[ac0156aa43520784]::db::derive_tests::find_all_returns_empty_for_new_table::find_all_returns_empty_for_new_table::{closure#0}, genos[ac0156aa43520784]::db::derive_tests::find_all_returns_empty_for_new_table::find_all_returns_empty_for_new_table::{closure#0}>::{closure#0}, sqlx_core[2cadfeee1e1d1897]::testing::run_test_with_pool<sqlx_postgres[3ec0ad07536e4b2f]::database::Postgres, fn(sqlx_core[2cadfeee1e1d1897]::pool::Pool<sqlx_postgres[3ec0ad07536e4b2f]::database::Postgres>) -> genos[ac0156aa43520784]::db::derive_tests::find_all_returns_empty_for_new_table::find_all_returns_empty_for_new_table::{closure#0}, genos[ac0156aa43520784]::db::derive_tests::find_all_returns_empty_for_new_table::find_all_returns_empty_for_new_table::{closure#0}>::{closure#0}::{closure#0}>::{closure#0}>>::{closure#0}, core[a373ad73a504971]::option::Option<()>>::{closure#0}, (alloc[2e1b2a31b91974c5]::boxed::Box<tokio[1249b97df75196f5]::runtime::scheduler::current_thread::Core>, core[a373ad73a504971]::option::Option<()>)>
[INFO] [stdout]   16:     0x5a2754d64ac7 - <tokio[1249b97df75196f5]::runtime::scheduler::current_thread::CoreGuard>::block_on::<core[a373ad73a504971]::pin::Pin<&mut sqlx_core[2cadfeee1e1d1897]::testing::run_test<sqlx_postgres[3ec0ad07536e4b2f]::database::Postgres, sqlx_core[2cadfeee1e1d1897]::testing::run_test_with_pool<sqlx_postgres[3ec0ad07536e4b2f]::database::Postgres, fn(sqlx_core[2cadfeee1e1d1897]::pool::Pool<sqlx_postgres[3ec0ad07536e4b2f]::database::Postgres>) -> genos[ac0156aa43520784]::db::derive_tests::find_all_returns_empty_for_new_table::find_all_returns_empty_for_new_table::{closure#0}, genos[ac0156aa43520784]::db::derive_tests::find_all_returns_empty_for_new_table::find_all_returns_empty_for_new_table::{closure#0}>::{closure#0}, sqlx_core[2cadfeee1e1d1897]::testing::run_test_with_pool<sqlx_postgres[3ec0ad07536e4b2f]::database::Postgres, fn(sqlx_core[2cadfeee1e1d1897]::pool::Pool<sqlx_postgres[3ec0ad07536e4b2f]::database::Postgres>) -> genos[ac0156aa43520784]::db::derive_tests::find_all_returns_empty_for_new_table::find_all_returns_empty_for_new_table::{closure#0}, genos[ac0156aa43520784]::db::derive_tests::find_all_returns_empty_for_new_table::find_all_returns_empty_for_new_table::{closure#0}>::{closure#0}::{closure#0}>::{closure#0}>>
[INFO] [stdout]   17:     0x5a2754c66e77 - tokio[1249b97df75196f5]::runtime::context::runtime::enter_runtime::<<tokio[1249b97df75196f5]::runtime::scheduler::current_thread::CurrentThread>::block_on<sqlx_core[2cadfeee1e1d1897]::testing::run_test<sqlx_postgres[3ec0ad07536e4b2f]::database::Postgres, sqlx_core[2cadfeee1e1d1897]::testing::run_test_with_pool<sqlx_postgres[3ec0ad07536e4b2f]::database::Postgres, fn(sqlx_core[2cadfeee1e1d1897]::pool::Pool<sqlx_postgres[3ec0ad07536e4b2f]::database::Postgres>) -> genos[ac0156aa43520784]::db::derive_tests::find_all_returns_empty_for_new_table::find_all_returns_empty_for_new_table::{closure#0}, genos[ac0156aa43520784]::db::derive_tests::find_all_returns_empty_for_new_table::find_all_returns_empty_for_new_table::{closure#0}>::{closure#0}, sqlx_core[2cadfeee1e1d1897]::testing::run_test_with_pool<sqlx_postgres[3ec0ad07536e4b2f]::database::Postgres, fn(sqlx_core[2cadfeee1e1d1897]::pool::Pool<sqlx_postgres[3ec0ad07536e4b2f]::database::Postgres>) -> genos[ac0156aa43520784]::db::derive_tests::find_all_returns_empty_for_new_table::find_all_returns_empty_for_new_table::{closure#0}, genos[ac0156aa43520784]::db::derive_tests::find_all_returns_empty_for_new_table::find_all_returns_empty_for_new_table::{closure#0}>::{closure#0}::{closure#0}>::{closure#0}>::{closure#0}, ()>
[INFO] [stdout]   18:     0x5a2754ca4d6e - <tokio[1249b97df75196f5]::runtime::runtime::Runtime>::block_on::<sqlx_core[2cadfeee1e1d1897]::testing::run_test<sqlx_postgres[3ec0ad07536e4b2f]::database::Postgres, sqlx_core[2cadfeee1e1d1897]::testing::run_test_with_pool<sqlx_postgres[3ec0ad07536e4b2f]::database::Postgres, fn(sqlx_core[2cadfeee1e1d1897]::pool::Pool<sqlx_postgres[3ec0ad07536e4b2f]::database::Postgres>) -> genos[ac0156aa43520784]::db::derive_tests::find_all_returns_empty_for_new_table::find_all_returns_empty_for_new_table::{closure#0}, genos[ac0156aa43520784]::db::derive_tests::find_all_returns_empty_for_new_table::find_all_returns_empty_for_new_table::{closure#0}>::{closure#0}, sqlx_core[2cadfeee1e1d1897]::testing::run_test_with_pool<sqlx_postgres[3ec0ad07536e4b2f]::database::Postgres, fn(sqlx_core[2cadfeee1e1d1897]::pool::Pool<sqlx_postgres[3ec0ad07536e4b2f]::database::Postgres>) -> genos[ac0156aa43520784]::db::derive_tests::find_all_returns_empty_for_new_table::find_all_returns_empty_for_new_table::{closure#0}, genos[ac0156aa43520784]::db::derive_tests::find_all_returns_empty_for_new_table::find_all_returns_empty_for_new_table::{closure#0}>::{closure#0}::{closure#0}>::{closure#0}>
[INFO] [stdout]   19:     0x5a2754d3639a - <genos[ac0156aa43520784]::db::derive_tests::find_all_returns_empty_for_new_table::{closure#0} as core[a373ad73a504971]::ops::function::FnOnce<()>>::call_once
[INFO] [stdout]   20:     0x5a2754dc6e6b - test[aada8e7e76ba119b]::__rust_begin_short_backtrace::<core[a373ad73a504971]::result::Result<(), alloc[2e1b2a31b91974c5]::string::String>, fn() -> core[a373ad73a504971]::result::Result<(), alloc[2e1b2a31b91974c5]::string::String>>
[INFO] [stdout]   21:     0x5a2754dd4045 - test[aada8e7e76ba119b]::run_test::{closure#0}
[INFO] [stdout]   22:     0x5a2754dcd934 - std[617be2ca0a6fd877]::sys::backtrace::__rust_begin_short_backtrace::<test[aada8e7e76ba119b]::run_test::{closure#1}, ()>
[INFO] [stdout]   23:     0x5a2754dd70d2 - <std[617be2ca0a6fd877]::thread::lifecycle::spawn_unchecked<test[aada8e7e76ba119b]::run_test::{closure#1}, ()>::{closure#1} as core[a373ad73a504971]::ops::function::FnOnce<()>>::call_once::{shim:vtable#0}
[INFO] [stdout]   24:     0x5a275518325f - <std[617be2ca0a6fd877]::sys::thread::unix::Thread>::new::thread_start
[INFO] [stdout]   25:     0x78e47af73dfa - <unknown>
[INFO] [stdout]   26:     0x78e47b0073d4 - clone
[INFO] [stdout]   27:                0x0 - <unknown>
[INFO] [stdout] 
[INFO] [stdout] ---- db::derive_tests::delete_is_noop_for_unknown_id stdout ----
[INFO] [stdout] 
[INFO] [stdout] thread 'db::derive_tests::delete_is_noop_for_unknown_id' (3488) panicked at /opt/rustwide/cargo-home/registry/src/index.crates.io-1949cf8c6b5b557f/sqlx-postgres-0.8.6/src/testing/mod.rs:96:44:
[INFO] [stdout] DATABASE_URL must be set: EnvVar(NotPresent)
[INFO] [stdout] stack backtrace:
[INFO] [stdout]    0:     0x5a2755183db1 - <<std[617be2ca0a6fd877]::sys::backtrace::BacktraceLock>::print::DisplayBacktrace as core[a373ad73a504971]::fmt::Display>::fmt
[INFO] [stdout]    1:     0x5a275519c2da - core[a373ad73a504971]::fmt::write
[INFO] [stdout]    2:     0x5a275518901c - <alloc[2e1b2a31b91974c5]::vec::Vec<u8> as core[a373ad73a504971]::io::write::Write>::write_fmt
[INFO] [stdout]    3:     0x5a275515e436 - std[617be2ca0a6fd877]::panicking::default_hook::{closure#0}
[INFO] [stdout]    4:     0x5a275517bb79 - std[617be2ca0a6fd877]::panicking::default_hook
[INFO] [stdout]    5:     0x5a2754dd3a20 - test[aada8e7e76ba119b]::test_main_inner::{closure#0}
[INFO] [stdout]    6:     0x5a275517bea2 - std[617be2ca0a6fd877]::panicking::panic_with_hook
[INFO] [stdout]    7:     0x5a275515e4e2 - std[617be2ca0a6fd877]::panicking::panic_handler::{closure#0}
[INFO] [stdout]    8:     0x5a2755156949 - std[617be2ca0a6fd877]::sys::backtrace::__rust_end_short_backtrace::<std[617be2ca0a6fd877]::panicking::panic_handler::{closure#0}, !>
[INFO] [stdout]    9:     0x5a275515f48d - __rustc[ea4f61d10b84890b]::rust_begin_unwind
[INFO] [stdout]   10:     0x5a275519cabc - core[a373ad73a504971]::panicking::panic_fmt
[INFO] [stdout]   11:     0x5a275519c892 - core[a373ad73a504971]::result::unwrap_failed
[INFO] [stdout]   12:     0x5a2754f2bd6e - <sqlx_postgres[3ec0ad07536e4b2f]::database::Postgres as sqlx_core[2cadfeee1e1d1897]::testing::TestSupport>::test_context::{closure#0}
[INFO] [stdout]   13:     0x5a2754c75d14 - sqlx_core[2cadfeee1e1d1897]::testing::run_test::<sqlx_postgres[3ec0ad07536e4b2f]::database::Postgres, sqlx_core[2cadfeee1e1d1897]::testing::run_test_with_pool<sqlx_postgres[3ec0ad07536e4b2f]::database::Postgres, fn(sqlx_core[2cadfeee1e1d1897]::pool::Pool<sqlx_postgres[3ec0ad07536e4b2f]::database::Postgres>) -> genos[ac0156aa43520784]::db::derive_tests::delete_is_noop_for_unknown_id::delete_is_noop_for_unknown_id::{closure#0}, genos[ac0156aa43520784]::db::derive_tests::delete_is_noop_for_unknown_id::delete_is_noop_for_unknown_id::{closure#0}>::{closure#0}, sqlx_core[2cadfeee1e1d1897]::testing::run_test_with_pool<sqlx_postgres[3ec0ad07536e4b2f]::database::Postgres, fn(sqlx_core[2cadfeee1e1d1897]::pool::Pool<sqlx_postgres[3ec0ad07536e4b2f]::database::Postgres>) -> genos[ac0156aa43520784]::db::derive_tests::delete_is_noop_for_unknown_id::delete_is_noop_for_unknown_id::{closure#0}, genos[ac0156aa43520784]::db::derive_tests::delete_is_noop_for_unknown_id::delete_is_noop_for_unknown_id::{closure#0}>::{closure#0}::{closure#0}>::{closure#0}
[INFO] [stdout]   14:     0x5a2754d6207e - <tokio[1249b97df75196f5]::runtime::scheduler::current_thread::Context>::enter::<core[a373ad73a504971]::task::poll::Poll<()>, <tokio[1249b97df75196f5]::runtime::scheduler::current_thread::CoreGuard>::block_on<core[a373ad73a504971]::pin::Pin<&mut sqlx_core[2cadfeee1e1d1897]::testing::run_test<sqlx_postgres[3ec0ad07536e4b2f]::database::Postgres, sqlx_core[2cadfeee1e1d1897]::testing::run_test_with_pool<sqlx_postgres[3ec0ad07536e4b2f]::database::Postgres, fn(sqlx_core[2cadfeee1e1d1897]::pool::Pool<sqlx_postgres[3ec0ad07536e4b2f]::database::Postgres>) -> genos[ac0156aa43520784]::db::derive_tests::delete_is_noop_for_unknown_id::delete_is_noop_for_unknown_id::{closure#0}, genos[ac0156aa43520784]::db::derive_tests::delete_is_noop_for_unknown_id::delete_is_noop_for_unknown_id::{closure#0}>::{closure#0}, sqlx_core[2cadfeee1e1d1897]::testing::run_test_with_pool<sqlx_postgres[3ec0ad07536e4b2f]::database::Postgres, fn(sqlx_core[2cadfeee1e1d1897]::pool::Pool<sqlx_postgres[3ec0ad07536e4b2f]::database::Postgres>) -> genos[ac0156aa43520784]::db::derive_tests::delete_is_noop_for_unknown_id::delete_is_noop_for_unknown_id::{closure#0}, genos[ac0156aa43520784]::db::derive_tests::delete_is_noop_for_unknown_id::delete_is_noop_for_unknown_id::{closure#0}>::{closure#0}::{closure#0}>::{closure#0}>>::{closure#0}::{closure#0}>
[INFO] [stdout]   15:     0x5a2754c5a4fc - <tokio[1249b97df75196f5]::runtime::context::scoped::Scoped<tokio[1249b97df75196f5]::runtime::scheduler::Context>>::set::<<tokio[1249b97df75196f5]::runtime::scheduler::current_thread::CoreGuard>::enter<<tokio[1249b97df75196f5]::runtime::scheduler::current_thread::CoreGuard>::block_on<core[a373ad73a504971]::pin::Pin<&mut sqlx_core[2cadfeee1e1d1897]::testing::run_test<sqlx_postgres[3ec0ad07536e4b2f]::database::Postgres, sqlx_core[2cadfeee1e1d1897]::testing::run_test_with_pool<sqlx_postgres[3ec0ad07536e4b2f]::database::Postgres, fn(sqlx_core[2cadfeee1e1d1897]::pool::Pool<sqlx_postgres[3ec0ad07536e4b2f]::database::Postgres>) -> genos[ac0156aa43520784]::db::derive_tests::delete_is_noop_for_unknown_id::delete_is_noop_for_unknown_id::{closure#0}, genos[ac0156aa43520784]::db::derive_tests::delete_is_noop_for_unknown_id::delete_is_noop_for_unknown_id::{closure#0}>::{closure#0}, sqlx_core[2cadfeee1e1d1897]::testing::run_test_with_pool<sqlx_postgres[3ec0ad07536e4b2f]::database::Postgres, fn(sqlx_core[2cadfeee1e1d1897]::pool::Pool<sqlx_postgres[3ec0ad07536e4b2f]::database::Postgres>) -> genos[ac0156aa43520784]::db::derive_tests::delete_is_noop_for_unknown_id::delete_is_noop_for_unknown_id::{closure#0}, genos[ac0156aa43520784]::db::derive_tests::delete_is_noop_for_unknown_id::delete_is_noop_for_unknown_id::{closure#0}>::{closure#0}::{closure#0}>::{closure#0}>>::{closure#0}, core[a373ad73a504971]::option::Option<()>>::{closure#0}, (alloc[2e1b2a31b91974c5]::boxed::Box<tokio[1249b97df75196f5]::runtime::scheduler::current_thread::Core>, core[a373ad73a504971]::option::Option<()>)>
[INFO] [stdout]   16:     0x5a2754d64117 - <tokio[1249b97df75196f5]::runtime::scheduler::current_thread::CoreGuard>::block_on::<core[a373ad73a504971]::pin::Pin<&mut sqlx_core[2cadfeee1e1d1897]::testing::run_test<sqlx_postgres[3ec0ad07536e4b2f]::database::Postgres, sqlx_core[2cadfeee1e1d1897]::testing::run_test_with_pool<sqlx_postgres[3ec0ad07536e4b2f]::database::Postgres, fn(sqlx_core[2cadfeee1e1d1897]::pool::Pool<sqlx_postgres[3ec0ad07536e4b2f]::database::Postgres>) -> genos[ac0156aa43520784]::db::derive_tests::delete_is_noop_for_unknown_id::delete_is_noop_for_unknown_id::{closure#0}, genos[ac0156aa43520784]::db::derive_tests::delete_is_noop_for_unknown_id::delete_is_noop_for_unknown_id::{closure#0}>::{closure#0}, sqlx_core[2cadfeee1e1d1897]::testing::run_test_with_pool<sqlx_postgres[3ec0ad07536e4b2f]::database::Postgres, fn(sqlx_core[2cadfeee1e1d1897]::pool::Pool<sqlx_postgres[3ec0ad07536e4b2f]::database::Postgres>) -> genos[ac0156aa43520784]::db::derive_tests::delete_is_noop_for_unknown_id::delete_is_noop_for_unknown_id::{closure#0}, genos[ac0156aa43520784]::db::derive_tests::delete_is_noop_for_unknown_id::delete_is_noop_for_unknown_id::{closure#0}>::{closure#0}::{closure#0}>::{closure#0}>>
[INFO] [stdout]   17:     0x5a2754c658e7 - tokio[1249b97df75196f5]::runtime::context::runtime::enter_runtime::<<tokio[1249b97df75196f5]::runtime::scheduler::current_thread::CurrentThread>::block_on<sqlx_core[2cadfeee1e1d1897]::testing::run_test<sqlx_postgres[3ec0ad07536e4b2f]::database::Postgres, sqlx_core[2cadfeee1e1d1897]::testing::run_test_with_pool<sqlx_postgres[3ec0ad07536e4b2f]::database::Postgres, fn(sqlx_core[2cadfeee1e1d1897]::pool::Pool<sqlx_postgres[3ec0ad07536e4b2f]::database::Postgres>) -> genos[ac0156aa43520784]::db::derive_tests::delete_is_noop_for_unknown_id::delete_is_noop_for_unknown_id::{closure#0}, genos[ac0156aa43520784]::db::derive_tests::delete_is_noop_for_unknown_id::delete_is_noop_for_unknown_id::{closure#0}>::{closure#0}, sqlx_core[2cadfeee1e1d1897]::testing::run_test_with_pool<sqlx_postgres[3ec0ad07536e4b2f]::database::Postgres, fn(sqlx_core[2cadfeee1e1d1897]::pool::Pool<sqlx_postgres[3ec0ad07536e4b2f]::database::Postgres>) -> genos[ac0156aa43520784]::db::derive_tests::delete_is_noop_for_unknown_id::delete_is_noop_for_unknown_id::{closure#0}, genos[ac0156aa43520784]::db::derive_tests::delete_is_noop_for_unknown_id::delete_is_noop_for_unknown_id::{closure#0}>::{closure#0}::{closure#0}>::{closure#0}>::{closure#0}, ()>
[INFO] [stdout]   18:     0x5a2754ca463e - <tokio[1249b97df75196f5]::runtime::runtime::Runtime>::block_on::<sqlx_core[2cadfeee1e1d1897]::testing::run_test<sqlx_postgres[3ec0ad07536e4b2f]::database::Postgres, sqlx_core[2cadfeee1e1d1897]::testing::run_test_with_pool<sqlx_postgres[3ec0ad07536e4b2f]::database::Postgres, fn(sqlx_core[2cadfeee1e1d1897]::pool::Pool<sqlx_postgres[3ec0ad07536e4b2f]::database::Postgres>) -> genos[ac0156aa43520784]::db::derive_tests::delete_is_noop_for_unknown_id::delete_is_noop_for_unknown_id::{closure#0}, genos[ac0156aa43520784]::db::derive_tests::delete_is_noop_for_unknown_id::delete_is_noop_for_unknown_id::{closure#0}>::{closure#0}, sqlx_core[2cadfeee1e1d1897]::testing::run_test_with_pool<sqlx_postgres[3ec0ad07536e4b2f]::database::Postgres, fn(sqlx_core[2cadfeee1e1d1897]::pool::Pool<sqlx_postgres[3ec0ad07536e4b2f]::database::Postgres>) -> genos[ac0156aa43520784]::db::derive_tests::delete_is_noop_for_unknown_id::delete_is_noop_for_unknown_id::{closure#0}, genos[ac0156aa43520784]::db::derive_tests::delete_is_noop_for_unknown_id::delete_is_noop_for_unknown_id::{closure#0}>::{closure#0}::{closure#0}>::{closure#0}>
[INFO] [stdout]   19:     0x5a2754d35ada - <genos[ac0156aa43520784]::db::derive_tests::delete_is_noop_for_unknown_id::{closure#0} as core[a373ad73a504971]::ops::function::FnOnce<()>>::call_once
[INFO] [stdout]   20:     0x5a2754dc6e6b - test[aada8e7e76ba119b]::__rust_begin_short_backtrace::<core[a373ad73a504971]::result::Result<(), alloc[2e1b2a31b91974c5]::string::String>, fn() -> core[a373ad73a504971]::result::Result<(), alloc[2e1b2a31b91974c5]::string::String>>
[INFO] [stdout]   21:     0x5a2754dd4045 - test[aada8e7e76ba119b]::run_test::{closure#0}
[INFO] [stdout]   22:     0x5a2754dcd934 - std[617be2ca0a6fd877]::sys::backtrace::__rust_begin_short_backtrace::<test[aada8e7e76ba119b]::run_test::{closure#1}, ()>
[INFO] [stdout]   23:     0x5a2754dd70d2 - <std[617be2ca0a6fd877]::thread::lifecycle::spawn_unchecked<test[aada8e7e76ba119b]::run_test::{closure#1}, ()>::{closure#1} as core[a373ad73a504971]::ops::function::FnOnce<()>>::call_once::{shim:vtable#0}
[INFO] [stdout]   24:     0x5a275518325f - <std[617be2ca0a6fd877]::sys::thread::unix::Thread>::new::thread_start
[INFO] [stdout]   25:     0x78e47af73dfa - <unknown>
[INFO] [stdout]   26:     0x78e47b0073d4 - clone
[INFO] [stdout]   27:                0x0 - <unknown>
[INFO] [stdout] 
[INFO] [stdout] ---- db::derive_tests::find_by_id_returns_record_when_present stdout ----
[INFO] [stdout] 
[INFO] [stdout] thread 'db::derive_tests::find_by_id_returns_record_when_present' (3493) panicked at /opt/rustwide/cargo-home/registry/src/index.crates.io-1949cf8c6b5b557f/sqlx-postgres-0.8.6/src/testing/mod.rs:96:44:
[INFO] [stdout] DATABASE_URL must be set: EnvVar(NotPresent)
[INFO] [stdout] stack backtrace:
[INFO] [stdout]    0:     0x5a2755183db1 - <<std[617be2ca0a6fd877]::sys::backtrace::BacktraceLock>::print::DisplayBacktrace as core[a373ad73a504971]::fmt::Display>::fmt
[INFO] [stdout]    1:     0x5a275519c2da - core[a373ad73a504971]::fmt::write
[INFO] [stdout]    2:     0x5a275518901c - <alloc[2e1b2a31b91974c5]::vec::Vec<u8> as core[a373ad73a504971]::io::write::Write>::write_fmt
[INFO] [stdout]    3:     0x5a275515e436 - std[617be2ca0a6fd877]::panicking::default_hook::{closure#0}
[INFO] [stdout]    4:     0x5a275517bb79 - std[617be2ca0a6fd877]::panicking::default_hook
[INFO] [stdout]    5:     0x5a2754dd3a20 - test[aada8e7e76ba119b]::test_main_inner::{closure#0}
[INFO] [stdout]    6:     0x5a275517bea2 - std[617be2ca0a6fd877]::panicking::panic_with_hook
[INFO] [stdout]    7:     0x5a275515e4e2 - std[617be2ca0a6fd877]::panicking::panic_handler::{closure#0}
[INFO] [stdout]    8:     0x5a2755156949 - std[617be2ca0a6fd877]::sys::backtrace::__rust_end_short_backtrace::<std[617be2ca0a6fd877]::panicking::panic_handler::{closure#0}, !>
[INFO] [stdout]    9:     0x5a275515f48d - __rustc[ea4f61d10b84890b]::rust_begin_unwind
[INFO] [stdout]   10:     0x5a275519cabc - core[a373ad73a504971]::panicking::panic_fmt
[INFO] [stdout]   11:     0x5a275519c892 - core[a373ad73a504971]::result::unwrap_failed
[INFO] [stdout]   12:     0x5a2754f2bd6e - <sqlx_postgres[3ec0ad07536e4b2f]::database::Postgres as sqlx_core[2cadfeee1e1d1897]::testing::TestSupport>::test_context::{closure#0}
[INFO] [stdout]   13:     0x5a2754c7be1b - sqlx_core[2cadfeee1e1d1897]::testing::run_test::<sqlx_postgres[3ec0ad07536e4b2f]::database::Postgres, sqlx_core[2cadfeee1e1d1897]::testing::run_test_with_pool<sqlx_postgres[3ec0ad07536e4b2f]::database::Postgres, fn(sqlx_core[2cadfeee1e1d1897]::pool::Pool<sqlx_postgres[3ec0ad07536e4b2f]::database::Postgres>) -> genos[ac0156aa43520784]::db::derive_tests::find_by_id_returns_record_when_present::find_by_id_returns_record_when_present::{closure#0}, genos[ac0156aa43520784]::db::derive_tests::find_by_id_returns_record_when_present::find_by_id_returns_record_when_present::{closure#0}>::{closure#0}, sqlx_core[2cadfeee1e1d1897]::testing::run_test_with_pool<sqlx_postgres[3ec0ad07536e4b2f]::database::Postgres, fn(sqlx_core[2cadfeee1e1d1897]::pool::Pool<sqlx_postgres[3ec0ad07536e4b2f]::database::Postgres>) -> genos[ac0156aa43520784]::db::derive_tests::find_by_id_returns_record_when_present::find_by_id_returns_record_when_present::{closure#0}, genos[ac0156aa43520784]::db::derive_tests::find_by_id_returns_record_when_present::find_by_id_returns_record_when_present::{closure#0}>::{closure#0}::{closure#0}>::{closure#0}
[INFO] [stdout]   14:     0x5a2754d62b6e - <tokio[1249b97df75196f5]::runtime::scheduler::current_thread::Context>::enter::<core[a373ad73a504971]::task::poll::Poll<()>, <tokio[1249b97df75196f5]::runtime::scheduler::current_thread::CoreGuard>::block_on<core[a373ad73a504971]::pin::Pin<&mut sqlx_core[2cadfeee1e1d1897]::testing::run_test<sqlx_postgres[3ec0ad07536e4b2f]::database::Postgres, sqlx_core[2cadfeee1e1d1897]::testing::run_test_with_pool<sqlx_postgres[3ec0ad07536e4b2f]::database::Postgres, fn(sqlx_core[2cadfeee1e1d1897]::pool::Pool<sqlx_postgres[3ec0ad07536e4b2f]::database::Postgres>) -> genos[ac0156aa43520784]::db::derive_tests::find_by_id_returns_record_when_present::find_by_id_returns_record_when_present::{closure#0}, genos[ac0156aa43520784]::db::derive_tests::find_by_id_returns_record_when_present::find_by_id_returns_record_when_present::{closure#0}>::{closure#0}, sqlx_core[2cadfeee1e1d1897]::testing::run_test_with_pool<sqlx_postgres[3ec0ad07536e4b2f]::database::Postgres, fn(sqlx_core[2cadfeee1e1d1897]::pool::Pool<sqlx_postgres[3ec0ad07536e4b2f]::database::Postgres>) -> genos[ac0156aa43520784]::db::derive_tests::find_by_id_returns_record_when_present::find_by_id_returns_record_when_present::{closure#0}, genos[ac0156aa43520784]::db::derive_tests::find_by_id_returns_record_when_present::find_by_id_returns_record_when_present::{closure#0}>::{closure#0}::{closure#0}>::{closure#0}>>::{closure#0}::{closure#0}>
[INFO] [stdout]   15:     0x5a2754c5b21c - <tokio[1249b97df75196f5]::runtime::context::scoped::Scoped<tokio[1249b97df75196f5]::runtime::scheduler::Context>>::set::<<tokio[1249b97df75196f5]::runtime::scheduler::current_thread::CoreGuard>::enter<<tokio[1249b97df75196f5]::runtime::scheduler::current_thread::CoreGuard>::block_on<core[a373ad73a504971]::pin::Pin<&mut sqlx_core[2cadfeee1e1d1897]::testing::run_test<sqlx_postgres[3ec0ad07536e4b2f]::database::Postgres, sqlx_core[2cadfeee1e1d1897]::testing::run_test_with_pool<sqlx_postgres[3ec0ad07536e4b2f]::database::Postgres, fn(sqlx_core[2cadfeee1e1d1897]::pool::Pool<sqlx_postgres[3ec0ad07536e4b2f]::database::Postgres>) -> genos[ac0156aa43520784]::db::derive_tests::find_by_id_returns_record_when_present::find_by_id_returns_record_when_present::{closure#0}, genos[ac0156aa43520784]::db::derive_tests::find_by_id_returns_record_when_present::find_by_id_returns_record_when_present::{closure#0}>::{closure#0}, sqlx_core[2cadfeee1e1d1897]::testing::run_test_with_pool<sqlx_postgres[3ec0ad07536e4b2f]::database::Postgres, fn(sqlx_core[2cadfeee1e1d1897]::pool::Pool<sqlx_postgres[3ec0ad07536e4b2f]::database::Postgres>) -> genos[ac0156aa43520784]::db::derive_tests::find_by_id_returns_record_when_present::find_by_id_returns_record_when_present::{closure#0}, genos[ac0156aa43520784]::db::derive_tests::find_by_id_returns_record_when_present::find_by_id_returns_record_when_present::{closure#0}>::{closure#0}::{closure#0}>::{closure#0}>>::{closure#0}, core[a373ad73a504971]::option::Option<()>>::{closure#0}, (alloc[2e1b2a31b91974c5]::boxed::Box<tokio[1249b97df75196f5]::runtime::scheduler::current_thread::Core>, core[a373ad73a504971]::option::Option<()>)>
[INFO] [stdout]   16:     0x5a2754d64ea7 - <tokio[1249b97df75196f5]::runtime::scheduler::current_thread::CoreGuard>::block_on::<core[a373ad73a504971]::pin::Pin<&mut sqlx_core[2cadfeee1e1d1897]::testing::run_test<sqlx_postgres[3ec0ad07536e4b2f]::database::Postgres, sqlx_core[2cadfeee1e1d1897]::testing::run_test_with_pool<sqlx_postgres[3ec0ad07536e4b2f]::database::Postgres, fn(sqlx_core[2cadfeee1e1d1897]::pool::Pool<sqlx_postgres[3ec0ad07536e4b2f]::database::Postgres>) -> genos[ac0156aa43520784]::db::derive_tests::find_by_id_returns_record_when_present::find_by_id_returns_record_when_present::{closure#0}, genos[ac0156aa43520784]::db::derive_tests::find_by_id_returns_record_when_present::find_by_id_returns_record_when_present::{closure#0}>::{closure#0}, sqlx_core[2cadfeee1e1d1897]::testing::run_test_with_pool<sqlx_postgres[3ec0ad07536e4b2f]::database::Postgres, fn(sqlx_core[2cadfeee1e1d1897]::pool::Pool<sqlx_postgres[3ec0ad07536e4b2f]::database::Postgres>) -> genos[ac0156aa43520784]::db::derive_tests::find_by_id_returns_record_when_present::find_by_id_returns_record_when_present::{closure#0}, genos[ac0156aa43520784]::db::derive_tests::find_by_id_returns_record_when_present::find_by_id_returns_record_when_present::{closure#0}>::{closure#0}::{closure#0}>::{closure#0}>>
[INFO] [stdout]   17:     0x5a2754c67717 - tokio[1249b97df75196f5]::runtime::context::runtime::enter_runtime::<<tokio[1249b97df75196f5]::runtime::scheduler::current_thread::CurrentThread>::block_on<sqlx_core[2cadfeee1e1d1897]::testing::run_test<sqlx_postgres[3ec0ad07536e4b2f]::database::Postgres, sqlx_core[2cadfeee1e1d1897]::testing::run_test_with_pool<sqlx_postgres[3ec0ad07536e4b2f]::database::Postgres, fn(sqlx_core[2cadfeee1e1d1897]::pool::Pool<sqlx_postgres[3ec0ad07536e4b2f]::database::Postgres>) -> genos[ac0156aa43520784]::db::derive_tests::find_by_id_returns_record_when_present::find_by_id_returns_record_when_present::{closure#0}, genos[ac0156aa43520784]::db::derive_tests::find_by_id_returns_record_when_present::find_by_id_returns_record_when_present::{closure#0}>::{closure#0}, sqlx_core[2cadfeee1e1d1897]::testing::run_test_with_pool<sqlx_postgres[3ec0ad07536e4b2f]::database::Postgres, fn(sqlx_core[2cadfeee1e1d1897]::pool::Pool<sqlx_postgres[3ec0ad07536e4b2f]::database::Postgres>) -> genos[ac0156aa43520784]::db::derive_tests::find_by_id_returns_record_when_present::find_by_id_returns_record_when_present::{closure#0}, genos[ac0156aa43520784]::db::derive_tests::find_by_id_returns_record_when_present::find_by_id_returns_record_when_present::{closure#0}>::{closure#0}::{closure#0}>::{closure#0}>::{closure#0}, ()>
[INFO] [stdout]   18:     0x5a2754ca504e - <tokio[1249b97df75196f5]::runtime::runtime::Runtime>::block_on::<sqlx_core[2cadfeee1e1d1897]::testing::run_test<sqlx_postgres[3ec0ad07536e4b2f]::database::Postgres, sqlx_core[2cadfeee1e1d1897]::testing::run_test_with_pool<sqlx_postgres[3ec0ad07536e4b2f]::database::Postgres, fn(sqlx_core[2cadfeee1e1d1897]::pool::Pool<sqlx_postgres[3ec0ad07536e4b2f]::database::Postgres>) -> genos[ac0156aa43520784]::db::derive_tests::find_by_id_returns_record_when_present::find_by_id_returns_record_when_present::{closure#0}, genos[ac0156aa43520784]::db::derive_tests::find_by_id_returns_record_when_present::find_by_id_returns_record_when_present::{closure#0}>::{closure#0}, sqlx_core[2cadfeee1e1d1897]::testing::run_test_with_pool<sqlx_postgres[3ec0ad07536e4b2f]::database::Postgres, fn(sqlx_core[2cadfeee1e1d1897]::pool::Pool<sqlx_postgres[3ec0ad07536e4b2f]::database::Postgres>) -> genos[ac0156aa43520784]::db::derive_tests::find_by_id_returns_record_when_present::find_by_id_returns_record_when_present::{closure#0}, genos[ac0156aa43520784]::db::derive_tests::find_by_id_returns_record_when_present::find_by_id_returns_record_when_present::{closure#0}>::{closure#0}::{closure#0}>::{closure#0}>
[INFO] [stdout]   19:     0x5a2754d3671a - <genos[ac0156aa43520784]::db::derive_tests::find_by_id_returns_record_when_present::{closure#0} as core[a373ad73a504971]::ops::function::FnOnce<()>>::call_once
[INFO] [stdout]   20:     0x5a2754dc6e6b - test[aada8e7e76ba119b]::__rust_begin_short_backtrace::<core[a373ad73a504971]::result::Result<(), alloc[2e1b2a31b91974c5]::string::String>, fn() -> core[a373ad73a504971]::result::Result<(), alloc[2e1b2a31b91974c5]::string::String>>
[INFO] [stdout]   21:     0x5a2754dd4045 - test[aada8e7e76ba119b]::run_test::{closure#0}
[INFO] [stdout]   22:     0x5a2754dcd934 - std[617be2ca0a6fd877]::sys::backtrace::__rust_begin_short_backtrace::<test[aada8e7e76ba119b]::run_test::{closure#1}, ()>
[INFO] [stdout]   23:     0x5a2754dd70d2 - <std[617be2ca0a6fd877]::thread::lifecycle::spawn_unchecked<test[aada8e7e76ba119b]::run_test::{closure#1}, ()>::{closure#1} as core[a373ad73a504971]::ops::function::FnOnce<()>>::call_once::{shim:vtable#0}
[INFO] [stdout]   24:     0x5a275518325f - <std[617be2ca0a6fd877]::sys::thread::unix::Thread>::new::thread_start
[INFO] [stdout]   25:     0x78e47af73dfa - <unknown>
[INFO] [stdout]   26:     0x78e47b0073d4 - clone
[INFO] [stdout]   27:                0x0 - <unknown>
[INFO] [stdout] 
[INFO] [stdout] ---- db::derive_tests::update_modifies_existing_record stdout ----
[INFO] [stdout] 
[INFO] [stdout] thread 'db::derive_tests::update_modifies_existing_record' (3494) panicked at /opt/rustwide/cargo-home/registry/src/index.crates.io-1949cf8c6b5b557f/sqlx-postgres-0.8.6/src/testing/mod.rs:96:44:
[INFO] [stdout] DATABASE_URL must be set: EnvVar(NotPresent)
[INFO] [stdout] stack backtrace:
[INFO] [stdout]    0:     0x5a2755183db1 - <<std[617be2ca0a6fd877]::sys::backtrace::BacktraceLock>::print::DisplayBacktrace as core[a373ad73a504971]::fmt::Display>::fmt
[INFO] [stdout]    1:     0x5a275519c2da - core[a373ad73a504971]::fmt::write
[INFO] [stdout]    2:     0x5a275518901c - <alloc[2e1b2a31b91974c5]::vec::Vec<u8> as core[a373ad73a504971]::io::write::Write>::write_fmt
[INFO] [stdout]    3:     0x5a275515e436 - std[617be2ca0a6fd877]::panicking::default_hook::{closure#0}
[INFO] [stdout]    4:     0x5a275517bb79 - std[617be2ca0a6fd877]::panicking::default_hook
[INFO] [stdout]    5:     0x5a2754dd3a20 - test[aada8e7e76ba119b]::test_main_inner::{closure#0}
[INFO] [stdout]    6:     0x5a275517bea2 - std[617be2ca0a6fd877]::panicking::panic_with_hook
[INFO] [stdout]    7:     0x5a275515e4e2 - std[617be2ca0a6fd877]::panicking::panic_handler::{closure#0}
[INFO] [stdout]    8:     0x5a2755156949 - std[617be2ca0a6fd877]::sys::backtrace::__rust_end_short_backtrace::<std[617be2ca0a6fd877]::panicking::panic_handler::{closure#0}, !>
[INFO] [stdout]    9:     0x5a275515f48d - __rustc[ea4f61d10b84890b]::rust_begin_unwind
[INFO] [stdout]   10:     0x5a275519cabc - core[a373ad73a504971]::panicking::panic_fmt
[INFO] [stdout]   11:     0x5a275519c892 - core[a373ad73a504971]::result::unwrap_failed
[INFO] [stdout]   12:     0x5a2754f2bd6e - <sqlx_postgres[3ec0ad07536e4b2f]::database::Postgres as sqlx_core[2cadfeee1e1d1897]::testing::TestSupport>::test_context::{closure#0}
[INFO] [stdout]   13:     0x5a2754c7795b - sqlx_core[2cadfeee1e1d1897]::testing::run_test::<sqlx_postgres[3ec0ad07536e4b2f]::database::Postgres, sqlx_core[2cadfeee1e1d1897]::testing::run_test_with_pool<sqlx_postgres[3ec0ad07536e4b2f]::database::Postgres, fn(sqlx_core[2cadfeee1e1d1897]::pool::Pool<sqlx_postgres[3ec0ad07536e4b2f]::database::Postgres>) -> genos[ac0156aa43520784]::db::derive_tests::update_modifies_existing_record::update_modifies_existing_record::{closure#0}, genos[ac0156aa43520784]::db::derive_tests::update_modifies_existing_record::update_modifies_existing_record::{closure#0}>::{closure#0}, sqlx_core[2cadfeee1e1d1897]::testing::run_test_with_pool<sqlx_postgres[3ec0ad07536e4b2f]::database::Postgres, fn(sqlx_core[2cadfeee1e1d1897]::pool::Pool<sqlx_postgres[3ec0ad07536e4b2f]::database::Postgres>) -> genos[ac0156aa43520784]::db::derive_tests::update_modifies_existing_record::update_modifies_existing_record::{closure#0}, genos[ac0156aa43520784]::db::derive_tests::update_modifies_existing_record::update_modifies_existing_record::{closure#0}>::{closure#0}::{closure#0}>::{closure#0}
[INFO] [stdout]   14:     0x5a2754d6239e - <tokio[1249b97df75196f5]::runtime::scheduler::current_thread::Context>::enter::<core[a373ad73a504971]::task::poll::Poll<()>, <tokio[1249b97df75196f5]::runtime::scheduler::current_thread::CoreGuard>::block_on<core[a373ad73a504971]::pin::Pin<&mut sqlx_core[2cadfeee1e1d1897]::testing::run_test<sqlx_postgres[3ec0ad07536e4b2f]::database::Postgres, sqlx_core[2cadfeee1e1d1897]::testing::run_test_with_pool<sqlx_postgres[3ec0ad07536e4b2f]::database::Postgres, fn(sqlx_core[2cadfeee1e1d1897]::pool::Pool<sqlx_postgres[3ec0ad07536e4b2f]::database::Postgres>) -> genos[ac0156aa43520784]::db::derive_tests::update_modifies_existing_record::update_modifies_existing_record::{closure#0}, genos[ac0156aa43520784]::db::derive_tests::update_modifies_existing_record::update_modifies_existing_record::{closure#0}>::{closure#0}, sqlx_core[2cadfeee1e1d1897]::testing::run_test_with_pool<sqlx_postgres[3ec0ad07536e4b2f]::database::Postgres, fn(sqlx_core[2cadfeee1e1d1897]::pool::Pool<sqlx_postgres[3ec0ad07536e4b2f]::database::Postgres>) -> genos[ac0156aa43520784]::db::derive_tests::update_modifies_existing_record::update_modifies_existing_record::{closure#0}, genos[ac0156aa43520784]::db::derive_tests::update_modifies_existing_record::update_modifies_existing_record::{closure#0}>::{closure#0}::{closure#0}>::{closure#0}>>::{closure#0}::{closure#0}>
[INFO] [stdout]   15:     0x5a2754c5a8bc - <tokio[1249b97df75196f5]::runtime::context::scoped::Scoped<tokio[1249b97df75196f5]::runtime::scheduler::Context>>::set::<<tokio[1249b97df75196f5]::runtime::scheduler::current_thread::CoreGuard>::enter<<tokio[1249b97df75196f5]::runtime::scheduler::current_thread::CoreGuard>::block_on<core[a373ad73a504971]::pin::Pin<&mut sqlx_core[2cadfeee1e1d1897]::testing::run_test<sqlx_postgres[3ec0ad07536e4b2f]::database::Postgres, sqlx_core[2cadfeee1e1d1897]::testing::run_test_with_pool<sqlx_postgres[3ec0ad07536e4b2f]::database::Postgres, fn(sqlx_core[2cadfeee1e1d1897]::pool::Pool<sqlx_postgres[3ec0ad07536e4b2f]::database::Postgres>) -> genos[ac0156aa43520784]::db::derive_tests::update_modifies_existing_record::update_modifies_existing_record::{closure#0}, genos[ac0156aa43520784]::db::derive_tests::update_modifies_existing_record::update_modifies_existing_record::{closure#0}>::{closure#0}, sqlx_core[2cadfeee1e1d1897]::testing::run_test_with_pool<sqlx_postgres[3ec0ad07536e4b2f]::database::Postgres, fn(sqlx_core[2cadfeee1e1d1897]::pool::Pool<sqlx_postgres[3ec0ad07536e4b2f]::database::Postgres>) -> genos[ac0156aa43520784]::db::derive_tests::update_modifies_existing_record::update_modifies_existing_record::{closure#0}, genos[ac0156aa43520784]::db::derive_tests::update_modifies_existing_record::update_modifies_existing_record::{closure#0}>::{closure#0}::{closure#0}>::{closure#0}>>::{closure#0}, core[a373ad73a504971]::option::Option<()>>::{closure#0}, (alloc[2e1b2a31b91974c5]::boxed::Box<tokio[1249b97df75196f5]::runtime::scheduler::current_thread::Core>, core[a373ad73a504971]::option::Option<()>)>
[INFO] [stdout]   16:     0x5a2754d644f7 - <tokio[1249b97df75196f5]::runtime::scheduler::current_thread::CoreGuard>::block_on::<core[a373ad73a504971]::pin::Pin<&mut sqlx_core[2cadfeee1e1d1897]::testing::run_test<sqlx_postgres[3ec0ad07536e4b2f]::database::Postgres, sqlx_core[2cadfeee1e1d1897]::testing::run_test_with_pool<sqlx_postgres[3ec0ad07536e4b2f]::database::Postgres, fn(sqlx_core[2cadfeee1e1d1897]::pool::Pool<sqlx_postgres[3ec0ad07536e4b2f]::database::Postgres>) -> genos[ac0156aa43520784]::db::derive_tests::update_modifies_existing_record::update_modifies_existing_record::{closure#0}, genos[ac0156aa43520784]::db::derive_tests::update_modifies_existing_record::update_modifies_existing_record::{closure#0}>::{closure#0}, sqlx_core[2cadfeee1e1d1897]::testing::run_test_with_pool<sqlx_postgres[3ec0ad07536e4b2f]::database::Postgres, fn(sqlx_core[2cadfeee1e1d1897]::pool::Pool<sqlx_postgres[3ec0ad07536e4b2f]::database::Postgres>) -> genos[ac0156aa43520784]::db::derive_tests::update_modifies_existing_record::update_modifies_existing_record::{closure#0}, genos[ac0156aa43520784]::db::derive_tests::update_modifies_existing_record::update_modifies_existing_record::{closure#0}>::{closure#0}::{closure#0}>::{closure#0}>>
[INFO] [stdout]   17:     0x5a2754c66187 - tokio[1249b97df75196f5]::runtime::context::runtime::enter_runtime::<<tokio[1249b97df75196f5]::runtime::scheduler::current_thread::CurrentThread>::block_on<sqlx_core[2cadfeee1e1d1897]::testing::run_test<sqlx_postgres[3ec0ad07536e4b2f]::database::Postgres, sqlx_core[2cadfeee1e1d1897]::testing::run_test_with_pool<sqlx_postgres[3ec0ad07536e4b2f]::database::Postgres, fn(sqlx_core[2cadfeee1e1d1897]::pool::Pool<sqlx_postgres[3ec0ad07536e4b2f]::database::Postgres>) -> genos[ac0156aa43520784]::db::derive_tests::update_modifies_existing_record::update_modifies_existing_record::{closure#0}, genos[ac0156aa43520784]::db::derive_tests::update_modifies_existing_record::update_modifies_existing_record::{closure#0}>::{closure#0}, sqlx_core[2cadfeee1e1d1897]::testing::run_test_with_pool<sqlx_postgres[3ec0ad07536e4b2f]::database::Postgres, fn(sqlx_core[2cadfeee1e1d1897]::pool::Pool<sqlx_postgres[3ec0ad07536e4b2f]::database::Postgres>) -> genos[ac0156aa43520784]::db::derive_tests::update_modifies_existing_record::update_modifies_existing_record::{closure#0}, genos[ac0156aa43520784]::db::derive_tests::update_modifies_existing_record::update_modifies_existing_record::{closure#0}>::{closure#0}::{closure#0}>::{closure#0}>::{closure#0}, ()>
[INFO] [stdout]   18:     0x5a2754ca491e - <tokio[1249b97df75196f5]::runtime::runtime::Runtime>::block_on::<sqlx_core[2cadfeee1e1d1897]::testing::run_test<sqlx_postgres[3ec0ad07536e4b2f]::database::Postgres, sqlx_core[2cadfeee1e1d1897]::testing::run_test_with_pool<sqlx_postgres[3ec0ad07536e4b2f]::database::Postgres, fn(sqlx_core[2cadfeee1e1d1897]::pool::Pool<sqlx_postgres[3ec0ad07536e4b2f]::database::Postgres>) -> genos[ac0156aa43520784]::db::derive_tests::update_modifies_existing_record::update_modifies_existing_record::{closure#0}, genos[ac0156aa43520784]::db::derive_tests::update_modifies_existing_record::update_modifies_existing_record::{closure#0}>::{closure#0}, sqlx_core[2cadfeee1e1d1897]::testing::run_test_with_pool<sqlx_postgres[3ec0ad07536e4b2f]::database::Postgres, fn(sqlx_core[2cadfeee1e1d1897]::pool::Pool<sqlx_postgres[3ec0ad07536e4b2f]::database::Postgres>) -> genos[ac0156aa43520784]::db::derive_tests::update_modifies_existing_record::update_modifies_existing_record::{closure#0}, genos[ac0156aa43520784]::db::derive_tests::update_modifies_existing_record::update_modifies_existing_record::{closure#0}>::{closure#0}::{closure#0}>::{closure#0}>
[INFO] [stdout]   19:     0x5a2754d35e5a - <genos[ac0156aa43520784]::db::derive_tests::update_modifies_existing_record::{closure#0} as core[a373ad73a504971]::ops::function::FnOnce<()>>::call_once
[INFO] [stdout]   20:     0x5a2754dc6e6b - test[aada8e7e76ba119b]::__rust_begin_short_backtrace::<core[a373ad73a504971]::result::Result<(), alloc[2e1b2a31b91974c5]::string::String>, fn() -> core[a373ad73a504971]::result::Result<(), alloc[2e1b2a31b91974c5]::string::String>>
[INFO] [stdout]   21:     0x5a2754dd4045 - test[aada8e7e76ba119b]::run_test::{closure#0}
[INFO] [stdout]   22:     0x5a2754dcd934 - std[617be2ca0a6fd877]::sys::backtrace::__rust_begin_short_backtrace::<test[aada8e7e76ba119b]::run_test::{closure#1}, ()>
[INFO] [stdout]   23:     0x5a2754dd70d2 - <std[617be2ca0a6fd877]::thread::lifecycle::spawn_unchecked<test[aada8e7e76ba119b]::run_test::{closure#1}, ()>::{closure#1} as core[a373ad73a504971]::ops::function::FnOnce<()>>::call_once::{shim:vtable#0}
[INFO] [stdout]   24:     0x5a275518325f - <std[617be2ca0a6fd877]::sys::thread::unix::Thread>::new::thread_start
[INFO] [stdout]   25:     0x78e47af73dfa - <unknown>
[INFO] [stdout]   26:     0x78e47b0073d4 - clone
[INFO] [stdout]   27:                0x0 - <unknown>
[INFO] [stdout] 
[INFO] [stdout] 
[INFO] [stdout] failures:
[INFO] [stdout]     db::derive_tests::create_inserts_and_returns_record
[INFO] [stdout]     db::derive_tests::delete_is_noop_for_unknown_id
[INFO] [stdout]     db::derive_tests::delete_removes_existing_record
[INFO] [stdout]     db::derive_tests::find_all_returns_all_rows
[INFO] [stdout]     db::derive_tests::find_all_returns_empty_for_new_table
[INFO] [stdout]     db::derive_tests::find_by_id_returns_none_for_unknown_id
[INFO] [stdout]     db::derive_tests::find_by_id_returns_record_when_present
[INFO] [stdout]     db::derive_tests::update_modifies_existing_record
[INFO] [stdout]     db::derive_tests::update_returns_none_for_unknown_id
[INFO] [stdout]     db::pool::tests::db_extractor_pulls_pool_from_state
[INFO] [stdout] 
[INFO] [stdout] test result: FAILED. 60 passed; 10 failed; 0 ignored; 0 measured; 0 filtered out; finished in 0.53s
[INFO] [stdout] 
[INFO] [stderr] error: test failed, to rerun pass `--lib`
[INFO] running `Command { std: "docker" "inspect" "8cd7979adc38ebfbb7fa91fbd3c9f6d2957d2d9be8a3493ffaefe3b2f9c7137f", kill_on_drop: false }`
[INFO] running `Command { std: "docker" "rm" "-f" "8cd7979adc38ebfbb7fa91fbd3c9f6d2957d2d9be8a3493ffaefe3b2f9c7137f", kill_on_drop: false }`
[INFO] [stdout] 8cd7979adc38ebfbb7fa91fbd3c9f6d2957d2d9be8a3493ffaefe3b2f9c7137f
