[INFO] fetching crate everruns-cli 0.48.0...
[INFO] testing everruns-cli-0.48.0 against 1.100.0-beta.1+cargoflags=--release for beta-release-1.100-2
[INFO] extracting crate everruns-cli 0.48.0 into /workspace/builds/worker-6-tc2/source
[INFO] started tweaking crates.io crate everruns-cli 0.48.0
[INFO] removed 0 missing tests
[INFO] finished tweaking crates.io crate everruns-cli 0.48.0
[INFO] tweaked toml for crates.io crate everruns-cli 0.48.0 written to /workspace/builds/worker-6-tc2/source/Cargo.toml
[INFO] validating manifest of crates.io crate everruns-cli 0.48.0 on toolchain 1.100.0-beta.1
[INFO] running `Command { std: CARGO_HOME="/workspace/cargo-home" RUSTUP_HOME="/workspace/rustup-home" "/workspace/cargo-home/bin/cargo" "+1.100.0-beta.1" "metadata" "--manifest-path" "Cargo.toml" "--no-deps", kill_on_drop: false }`
[INFO] crate crates.io crate everruns-cli 0.48.0 already has a lockfile, it will not be regenerated
[INFO] running `Command { std: CARGO_HOME="/workspace/cargo-home" RUSTUP_HOME="/workspace/rustup-home" "/workspace/cargo-home/bin/cargo" "+1.100.0-beta.1" "fetch" "--manifest-path" "Cargo.toml", kill_on_drop: false }`
[INFO] running `Command { std: "docker" "create" "-v" "/var/lib/crater-agent-workspace/builds/worker-6-tc2/source:/opt/rustwide/workdir:ro,Z" "-v" "/var/lib/crater-agent-workspace/builds/worker-6-tc2/target:/opt/rustwide/target:rw,Z" "-v" "/var/lib/crater-agent-workspace/cargo-home:/opt/rustwide/cargo-home:ro,Z" "-v" "/var/lib/crater-agent-workspace/rustup-home:/opt/rustwide/rustup-home:ro,Z" "-m" "1610612736" "--network" "none" "ghcr.io/rust-lang/crates-build-env/linux@sha256:77db811e55d90add9212f6832c23229e3de5f1c1f9905e8cb07319ea15df73ac" "sleep" "infinity", kill_on_drop: false }`
[INFO] [stdout] b38238b496ca556c4ee5fbcd4875c2b7bc87ed988ccfab8463862fefebee44d0
[INFO] running `Command { std: "docker" "start" "b38238b496ca556c4ee5fbcd4875c2b7bc87ed988ccfab8463862fefebee44d0", kill_on_drop: false }`
[INFO] running `Command { std: "docker" "inspect" "b38238b496ca556c4ee5fbcd4875c2b7bc87ed988ccfab8463862fefebee44d0", kill_on_drop: false }`
[INFO] running `Command { std: "docker" "exec" "-e" "SOURCE_DIR=/opt/rustwide/workdir" "-e" "CARGO_HOME=/opt/rustwide/cargo-home" "-e" "RUSTUP_HOME=/opt/rustwide/rustup-home" "-e" "CARGO_TARGET_DIR=/opt/rustwide/target" "-w" "/opt/rustwide/workdir" "--user" "0:0" "b38238b496ca556c4ee5fbcd4875c2b7bc87ed988ccfab8463862fefebee44d0" "/opt/rustwide/cargo-home/bin/cargo" "+1.100.0-beta.1" "metadata" "--no-deps" "--format-version=1", kill_on_drop: false }`
[INFO] running `Command { std: "docker" "inspect" "b38238b496ca556c4ee5fbcd4875c2b7bc87ed988ccfab8463862fefebee44d0", kill_on_drop: false }`
[INFO] running `Command { std: "docker" "exec" "-e" "SOURCE_DIR=/opt/rustwide/workdir" "-e" "CARGO_HOME=/opt/rustwide/cargo-home" "-e" "RUSTUP_HOME=/opt/rustwide/rustup-home" "-e" "CARGO_TARGET_DIR=/opt/rustwide/target" "-e" "CARGO_INCREMENTAL=0" "-e" "RUST_BACKTRACE=full" "-e" "RUSTFLAGS=--cap-lints=warn" "-e" "RUSTDOCFLAGS=--cap-lints=warn" "-w" "/opt/rustwide/workdir" "--user" "0:0" "b38238b496ca556c4ee5fbcd4875c2b7bc87ed988ccfab8463862fefebee44d0" "/opt/rustwide/cargo-home/bin/cargo" "+1.100.0-beta.1" "build" "--frozen" "--message-format=json" "--release", kill_on_drop: false }`
[INFO] [stderr]    Compiling libc v0.2.190
[INFO] [stderr]    Compiling smallvec v1.16.2
[INFO] [stderr]    Compiling find-msvc-tools v0.1.14
[INFO] [stderr]    Compiling num-traits v0.2.19
[INFO] [stderr]    Compiling yoke-derive v0.8.4
[INFO] [stderr]    Compiling serde v1.0.229
[INFO] [stderr]    Compiling futures-util v0.3.34
[INFO] [stderr]    Compiling serde_json v1.0.151
[INFO] [stderr]    Compiling aho-corasick v1.1.5
[INFO] [stderr]    Compiling zerocopy v0.8.59
[INFO] [stderr]    Compiling hashbrown v0.17.1
[INFO] [stderr]    Compiling ahash v0.8.12
[INFO] [stderr]    Compiling yoke v0.8.3
[INFO] [stderr]    Compiling num-integer v0.1.47
[INFO] [stderr]    Compiling zerovec v0.11.8
[INFO] [stderr]    Compiling zerotrie v0.2.5
[INFO] [stderr]    Compiling num-bigint v0.4.8
[INFO] [stderr]    Compiling regex-automata v0.4.18
[INFO] [stderr]    Compiling jobserver v0.1.35
[INFO] [stderr]    Compiling parking_lot_core v0.9.12
[INFO] [stderr]    Compiling cc v1.5.1
[INFO] [stderr]    Compiling parking_lot v0.12.5
[INFO] [stderr]    Compiling mio v1.2.3
[INFO] [stderr]    Compiling errno v0.3.14
[INFO] [stderr]    Compiling signal-hook-registry v1.4.8
[INFO] [stderr]    Compiling tinystr v0.8.4
[INFO] [stderr]    Compiling cmake v0.1.58
[INFO] [stderr]    Compiling socket2 v0.6.5
[INFO] [stderr]    Compiling icu_locale_core v2.3.0
[INFO] [stderr]    Compiling potential_utf v0.1.6
[INFO] [stderr]    Compiling icu_collections v2.3.0
[INFO] [stderr]    Compiling aws-lc-sys v0.45.0
[INFO] [stderr]    Compiling tokio v1.53.2
[INFO] [stderr]    Compiling rand_core v0.6.4
[INFO] [stderr]    Compiling siphasher v1.0.4
[INFO] [stderr]    Compiling hybrid-array v0.4.15
[INFO] [stderr]    Compiling icu_provider v2.3.1
[INFO] [stderr]    Compiling icu_normalizer v2.3.0
[INFO] [stderr]    Compiling icu_properties v2.3.0
[INFO] [stderr]    Compiling phf_shared v0.11.3
[INFO] [stderr]    Compiling rand v0.8.8
[INFO] [stderr]    Compiling num-rational v0.4.2
[INFO] [stderr]    Compiling getrandom v0.3.4
[INFO] [stderr]    Compiling idna_adapter v1.2.2
[INFO] [stderr]    Compiling getrandom v0.4.3
[INFO] [stderr]    Compiling num-iter v0.1.46
[INFO] [stderr]    Compiling num-complex v0.4.6
[INFO] [stderr]    Compiling ref-cast-impl v1.0.27
[INFO] [stderr]    Compiling phf_generator v0.11.3
[INFO] [stderr]    Compiling num v0.4.3
[INFO] [stderr]    Compiling idna v1.1.0
[INFO] [stderr]    Compiling crc32fast v1.5.2
[INFO] [stderr]    Compiling ref-cast v1.0.27
[INFO] [stderr]    Compiling jsonschema-value v0.58.6
[INFO] [stderr]    Compiling borrow-or-share v0.2.4
[INFO] [stderr]    Compiling crossbeam-utils v0.8.23
[INFO] [stderr]    Compiling fluent-uri v0.4.1
[INFO] [stderr]    Compiling fraction v0.17.0
[INFO] [stderr]    Compiling url v2.5.8
[INFO] [stderr]    Compiling phf_macros v0.11.3
[INFO] [stderr]    Compiling crypto-common v0.2.2
[INFO] [stderr]    Compiling block-buffer v0.12.1
[INFO] [stderr]    Compiling indexmap v2.14.2
[INFO] [stderr]    Compiling strum_macros v0.28.0
[INFO] [stderr]    Compiling bstr v1.13.1
[INFO] [stderr]    Compiling winnow v1.0.4
[INFO] [stderr]    Compiling micromap v0.3.0
[INFO] [stderr]    Compiling num-cmp v0.1.0
[INFO] [stderr]    Compiling vsimd v0.8.0
[INFO] [stderr]    Compiling bytecount v0.6.9
[INFO] [stderr]    Compiling inotify-sys v0.1.8
[INFO] [stderr]    Compiling outref v0.5.2
[INFO] [stderr]    Compiling chrono v0.4.45
[INFO] [stderr]    Compiling uuid-simd v0.8.0
[INFO] [stderr]    Compiling toml_parser v1.1.3+spec-1.1.0
[INFO] [stderr]    Compiling strum v0.28.0
[INFO] [stderr]    Compiling globset v0.4.20
[INFO] [stderr]    Compiling referencing v0.58.6
[INFO] [stderr]    Compiling digest v0.11.3
[INFO] [stderr]    Compiling hyper v1.11.1
[INFO] [stderr]    Compiling tokio-util v0.7.19
[INFO] [stderr]    Compiling phf v0.11.3
[INFO] [stderr]    Compiling fancy-regex v0.19.2
[INFO] [stderr]    Compiling chacha20 v0.10.2
[INFO] [stderr]    Compiling regex v1.13.1
[INFO] [stderr]    Compiling futures-executor v0.3.34
[INFO] [stderr]    Compiling email_address v0.2.9
[INFO] [stderr]    Compiling jsonschema-regex v0.58.6
[INFO] [stderr]    Compiling serde_spanned v1.1.1
[INFO] [stderr]    Compiling toml_datetime v1.1.1+spec-1.1.0
[INFO] [stderr]    Compiling simd-adler32 v0.3.10
[INFO] [stderr]    Compiling sha1_smol v1.0.1
[INFO] [stderr]    Compiling data-encoding v2.11.1
[INFO] [stderr]    Compiling toml_writer v1.1.2+spec-1.1.0
[INFO] [stderr]    Compiling zlib-rs v0.6.8
[INFO] [stderr]    Compiling serde_yaml v0.9.34+deprecated
[INFO] [stderr]    Compiling jsonschema v0.58.5
[INFO] [stderr]    Compiling zopfli v0.8.3
[INFO] [stderr]    Compiling toml v1.1.6+spec-1.1.0
[INFO] [stderr]    Compiling flate2 v1.1.10
[INFO] [stderr]    Compiling clap_builder v4.6.7
[INFO] [stderr]    Compiling uuid v1.27.0
[INFO] [stderr]    Compiling cron v0.17.0
[INFO] [stderr]    Compiling hyper-util v0.1.21
[INFO] [stderr]    Compiling tower v0.5.3
[INFO] [stderr]    Compiling futures v0.3.34
[INFO] [stderr]    Compiling rand v0.10.3
[INFO] [stderr]    Compiling crossbeam-epoch v0.9.21
[INFO] [stderr]    Compiling sha2 v0.11.0
[INFO] [stderr]    Compiling clap_derive v4.6.7
[INFO] [stderr]    Compiling typed-path v0.12.3
[INFO] [stderr]    Compiling everruns-core v0.48.0
[INFO] [stderr]    Compiling inventory v0.3.24
[INFO] [stderr]    Compiling web-time v1.1.0
[INFO] [stderr]    Compiling tempfile v3.27.0
[INFO] [stderr]    Compiling nom v7.1.3
[INFO] [stderr]    Compiling clap v4.6.7
[INFO] [stderr]    Compiling console v0.16.6
[INFO] [stderr]    Compiling inotify v0.11.5
[INFO] [stderr]    Compiling crossbeam-deque v0.8.8
[INFO] [stderr]    Compiling tower-http v0.6.11
[INFO] [stderr]    Compiling zip v8.6.0
[INFO] [stderr]    Compiling serde_urlencoded v0.7.1
[INFO] [stderr]    Compiling notify-types v2.1.0
[INFO] [stderr]    Compiling shell-words v1.1.1
[INFO] [stderr]    Compiling eventsource-stream v0.2.3
[INFO] [stderr]    Compiling notify v8.2.0
[INFO] [stderr]    Compiling dialoguer v0.12.0
[INFO] [stderr]    Compiling ignore v0.4.33
[INFO] [stderr]    Compiling everruns-cli-contract v0.48.0
[INFO] [stderr]    Compiling hostname v0.4.2
[INFO] [stderr]    Compiling aws-lc-rs v1.18.1
[INFO] [stderr]    Compiling rustls v0.23.45
[INFO] [stderr]    Compiling rustls-webpki v0.103.15
[INFO] [stderr]    Compiling tokio-rustls v0.26.6
[INFO] [stderr]    Compiling everruns-contracts v0.48.0
[INFO] [stderr]    Compiling rustls-platform-verifier v0.7.1
[INFO] [stderr]    Compiling hyper-rustls v0.27.10
[INFO] [stderr]    Compiling reqwest v0.13.5
[INFO] [stderr]    Compiling everruns-cli v0.48.0 (/opt/rustwide/workdir)
[INFO] [stderr]     Finished `release` profile [optimized] target(s) in 10m 49s
[INFO] running `Command { std: "docker" "inspect" "b38238b496ca556c4ee5fbcd4875c2b7bc87ed988ccfab8463862fefebee44d0", kill_on_drop: false }`
[INFO] running `Command { std: "docker" "exec" "-e" "SOURCE_DIR=/opt/rustwide/workdir" "-e" "CARGO_HOME=/opt/rustwide/cargo-home" "-e" "RUSTUP_HOME=/opt/rustwide/rustup-home" "-e" "CARGO_TARGET_DIR=/opt/rustwide/target" "-e" "CARGO_INCREMENTAL=0" "-e" "RUST_BACKTRACE=full" "-e" "RUSTFLAGS=--cap-lints=warn" "-e" "RUSTDOCFLAGS=--cap-lints=warn" "-w" "/opt/rustwide/workdir" "--user" "0:0" "b38238b496ca556c4ee5fbcd4875c2b7bc87ed988ccfab8463862fefebee44d0" "/opt/rustwide/cargo-home/bin/cargo" "+1.100.0-beta.1" "test" "--frozen" "--no-run" "--message-format=json" "--release", kill_on_drop: false }`
[INFO] [stderr]    Compiling everruns-cli v0.48.0 (/opt/rustwide/workdir)
[INFO] [stderr]     Finished `release` profile [optimized] target(s) in 47.15s
[INFO] running `Command { std: "docker" "inspect" "b38238b496ca556c4ee5fbcd4875c2b7bc87ed988ccfab8463862fefebee44d0", kill_on_drop: false }`
[INFO] running `Command { std: "docker" "exec" "-e" "SOURCE_DIR=/opt/rustwide/workdir" "-e" "CARGO_HOME=/opt/rustwide/cargo-home" "-e" "RUSTUP_HOME=/opt/rustwide/rustup-home" "-e" "CARGO_TARGET_DIR=/opt/rustwide/target" "-e" "CARGO_INCREMENTAL=0" "-e" "RUST_BACKTRACE=full" "-e" "RUSTFLAGS=--cap-lints=warn" "-e" "RUSTDOCFLAGS=--cap-lints=warn" "-w" "/opt/rustwide/workdir" "--user" "0:0" "b38238b496ca556c4ee5fbcd4875c2b7bc87ed988ccfab8463862fefebee44d0" "/opt/rustwide/cargo-home/bin/cargo" "+1.100.0-beta.1" "test" "--frozen" "--release", kill_on_drop: false }`
[INFO] [stderr]     Finished `release` profile [optimized] target(s) in 0.33s
[INFO] [stdout] 
[INFO] [stderr]      Running unittests src/main.rs (/opt/rustwide/target/release/build/everruns-cli/47a22aaac06fc91f/out/everruns-47a22aaac06fc91f)
[INFO] [stdout] running 219 tests
[INFO] [stdout] test auth::tests::test_credentials_path ... ok
[INFO] [stdout] test auth::tests::test_resolve_credentials_explicit_flags ... ok
[INFO] [stdout] test browser::tests::rejects_non_http_urls ... ok
[INFO] [stdout] test commands::agents::tests::a_json_array_tag_becomes_the_strings_inside_it ... ok
[INFO] [stdout] test commands::agents::tests::an_update_from_flags_is_an_upsert_by_id ... ok
[INFO] [stdout] test commands::agents::tests::test_apply_harness_keeps_prefix_names_as_name ... ok
[INFO] [stdout] test auth::tests::test_credential_store_roundtrip ... ok
[INFO] [stdout] test commands::agents::tests::test_apply_harness_none_sets_nothing ... ok
[INFO] [stdout] test commands::agents::tests::test_apply_harness_treats_bare_name_as_name ... ok
[INFO] [stdout] test auth::tests::test_credential_store_set_org ... ok
[INFO] [stdout] test commands::agents::tests::test_expand_initial_files_globs_deduplicates ... ok
[INFO] [stdout] test commands::agents::tests::test_expand_initial_files_globs_directory ... ok
[INFO] [stdout] test commands::agents::tests::test_collect_dir_files_rejects_nested_denied_under_allowed_root ... ok
[INFO] [stdout] test commands::agents::tests::test_apply_harness_detects_strict_id ... ok
[INFO] [stdout] test auth::tests::test_credential_store_remove_profile ... ok
[INFO] [stdout] test commands::agents::tests::test_expand_initial_files_globs_nonexistent_errors ... ok
[INFO] [stdout] test commands::agents::tests::test_expand_initial_files_globs_single_file ... ok
[INFO] [stdout] test commands::agents::tests::test_expand_initial_files_globs_subdirectory ... ok
[INFO] [stdout] test commands::agents::tests::test_expand_initial_files_globs_with_wildcard ... ok
[INFO] [stdout] test commands::agents::tests::test_expand_initial_files_globs_writable ... ok
[INFO] [stdout] test commands::agents::tests::test_expand_initial_files_hard_deny_blocks_opt_in ... ok
[INFO] [stdout] test commands::agents::tests::test_extract_allow_hidden_extras_filters ... ok
[INFO] [stdout] test commands::agents::tests::test_extract_allow_hidden_extras_rejects_path_separators ... ok
[INFO] [stdout] test commands::agents::tests::test_glob_base_dir ... ok
[INFO] [stdout] test commands::agents::tests::test_expand_initial_files_rejects_hidden_directory ... ok
[INFO] [stdout] test commands::agents::tests::test_expand_initial_files_rejects_hidden_single_file ... ok
[INFO] [stdout] test commands::agents::tests::test_expand_initial_files_user_opt_in_extras ... ok
[INFO] [stdout] test commands::agents::tests::test_glob_initial_files_empty_dir ... ok
[INFO] [stdout] test commands::agents::tests::test_glob_initial_files_includes_dot_agents ... ok
[INFO] [stdout] test commands::agents::tests::test_glob_initial_files_not_a_dir ... ok
[INFO] [stdout] test commands::agents::tests::test_expand_initial_files_includes_default_dev_dot_dirs ... ok
[INFO] [stdout] test commands::agents::tests::test_glob_initial_files ... ok
[INFO] [stdout] test commands::agents::tests::test_glob_initial_files_extras_walks_user_dot_dir ... ok
[INFO] [stdout] test commands::agents::tests::test_has_initial_files_globs_toml ... ok
[INFO] [stdout] test commands::agents::tests::test_has_initial_files_globs_with_strings ... ok
[INFO] [stdout] test commands::agents::tests::test_has_initial_files_globs_without_strings ... ok
[INFO] [stdout] test commands::agents::tests::test_is_disallowed_hidden_with_extras_and_deny ... ok
[INFO] [stdout] test commands::agents::tests::test_glob_initial_files_skips_symlinks_outside_base ... ok
[INFO] [stdout] test commands::agents::tests::test_is_valid_basename_extra_rejects_paths ... ok
[INFO] [stdout] test commands::agents::tests::test_parse_agent_file_json ... ok
[INFO] [stdout] test commands::agents::tests::test_glob_initial_files_writable ... ok
[INFO] [stdout] test commands::agents::tests::test_parse_agent_file_markdown ... ok
[INFO] [stdout] test commands::agents::tests::test_parse_agent_file_markdown_with_system_prompt ... ok
[INFO] [stdout] test commands::agents::tests::test_parse_agent_file_non_object_errors ... ok
[INFO] [stdout] test commands::agents::tests::test_parse_agent_file_toml ... ok
[INFO] [stdout] test commands::agents::tests::test_parse_agent_file_yaml ... ok
[INFO] [stdout] test commands::agents::tests::update_from_flags_without_a_reason_sends_none ... ok
[INFO] [stdout] test commands::agents::tests::create_from_flags_puts_the_reason_in_the_envelope ... ok
[INFO] [stdout] test commands::api::tests::a_scope_refusal_is_explained_in_one_line ... ok
[INFO] [stdout] test commands::agents::tests::create_from_a_file_sends_the_reason_header ... ok
[INFO] [stdout] test commands::agents::tests::update_with_initial_files_sends_the_reason_header ... ok
[INFO] [stdout] test commands::api::tests::other_failures_are_reported_unchanged ... ok
[INFO] [stdout] test commands::connections::tests::test_connection_response_deserialization ... ok
[INFO] [stdout] test commands::connections::tests::test_connection_response_deserialization_no_username ... ok
[INFO] [stdout] test commands::connections::tests::test_create_api_key_request_serialization ... ok
[INFO] [stdout] test commands::files::ls::tests::test_format_size_bytes ... ok
[INFO] [stdout] test commands::files::ls::tests::test_format_size_kilobytes ... ok
[INFO] [stdout] test commands::files::ls::tests::test_format_size_megabytes ... ok
[INFO] [stdout] test commands::api::tests::a_reason_is_sent_percent_encoded_in_the_header ... ok
[INFO] [stdout] test commands::files::remote::tests::test_decode_content_base64 ... ok
[INFO] [stdout] test commands::api::tests::no_reason_sends_no_header ... ok
[INFO] [stdout] test commands::files::remote::tests::test_decode_content_text ... ok
[INFO] [stdout] test commands::files::remote::tests::test_decode_content_invalid_base64 ... ok
[INFO] [stdout] test commands::api::tests::retries_lost_responses_with_the_same_key ... ok
[INFO] [stdout] test commands::api::tests::does_not_retry_a_rejected_command ... ok
[INFO] [stdout] test commands::api::tests::a_scope_refusal_on_a_rest_route_is_explained_through_context ... ok
[INFO] [stdout] test commands::files::remote::tests::test_auth_header_uses_bearer_scheme ... ok
[INFO] [stdout] test commands::files::remote::tests::test_remote_file_content_deserialize ... ok
[INFO] [stdout] test commands::files::remote::tests::test_remote_file_entry_deserialize ... ok
[INFO] [stdout] test commands::files::remote::tests::test_remote_file_entry_deserialize_minimal ... ok
[INFO] [stdout] test commands::files::state::tests::test_content_hash_binary ... ok
[INFO] [stdout] test commands::files::state::tests::test_content_hash_deterministic ... ok
[INFO] [stdout] test commands::files::state::tests::test_content_hash_different_content ... ok
[INFO] [stdout] test commands::files::state::tests::test_content_hash_empty ... ok
[INFO] [stdout] test commands::files::state::tests::test_hex_encode ... ok
[INFO] [stdout] test commands::files::state::tests::test_state_dir_path ... ok
[INFO] [stdout] test commands::files::state::tests::test_state_load_corrupt_returns_fresh ... ok
[INFO] [stdout] test commands::files::state::tests::test_state_load_missing_returns_fresh ... ok
[INFO] [stdout] test commands::files::state::tests::test_state_load_session_mismatch_returns_fresh ... ok
[INFO] [stdout] test commands::files::state::tests::test_state_new ... ok
[INFO] [stdout] test commands::files::state::tests::test_state_save_and_load ... ok
[INFO] [stdout] test commands::files::remote::tests::test_fs_url_nested ... ok
[INFO] [stdout] test commands::files::sync_engine::tests::symlink_upload::live_sync_ignores_symlink_added_after_start ... ok
[INFO] [stdout] test commands::files::remote::tests::test_fs_url_root ... ok
[INFO] [stdout] test commands::files::sync_engine::tests::symlink_upload::read_rejects_final_symlink_swapped_in_after_scan ... ok
[INFO] [stdout] test commands::files::sync_engine::tests::symlink_upload::read_rejects_parent_dir_swapped_for_symlink_after_scan ... ok
[INFO] [stdout] test commands::files::sync_engine::tests::symlink_upload::scan_local_skips_symlink_to_inside_file ... ok
[INFO] [stdout] test commands::files::sync_engine::tests::symlink_upload::scan_local_skips_symlink_to_outside_file ... ok
[INFO] [stdout] test commands::files::sync_engine::tests::symlink_upload::scan_local_skips_symlinked_directory ... ok
[INFO] [stdout] test commands::files::sync_engine::tests::test_conflict_parse ... ok
[INFO] [stdout] test commands::files::sync_engine::tests::test_normalize_path_nested ... ok
[INFO] [stdout] test commands::files::sync_engine::tests::test_resolve_conflict_local_wins ... ok
[INFO] [stdout] test commands::api::tests::gives_up_after_the_last_attempt ... ok
[INFO] [stdout] test commands::files::sync_engine::tests::test_resolve_conflict_remote_wins ... ok
[INFO] [stdout] test commands::files::remote::tests::test_fs_url_empty ... ok
[INFO] [stdout] test commands::files::remote::tests::test_fs_url_file ... ok
[INFO] [stdout] test commands::files::remote::tests::test_fs_url_trailing_slash_stripped ... ok
[INFO] [stdout] test commands::files::sync_engine::tests::test_safe_local_path_rejects_symlink_component ... ok
[INFO] [stdout] test commands::files::sync_engine::tests::test_safe_local_path_rejects_traversal ... ok
[INFO] [stdout] test commands::files::sync_engine::tests::test_scan_local_empty_dir ... ok
[INFO] [stdout] test commands::files::sync_engine::tests::test_scan_local_basic ... ok
[INFO] [stdout] test commands::files::sync_engine::tests::test_scan_local_everrunsignore ... ok
[INFO] [stdout] test commands::files::sync_engine::tests::test_scan_local_everrunsignore_takes_precedence ... ok
[INFO] [stdout] test commands::files::sync_engine::tests::test_scan_local_excludes_default_dirs ... ok
[INFO] [stdout] test commands::files::sync_engine::tests::test_scan_local_extra_excludes ... ok
[INFO] [stdout] test commands::agents::tests::import_sends_the_reason_header_only_when_given ... ok
[INFO] [stdout] test commands::files::sync_engine::tests::test_scan_local_legacy_syncignore_fallback ... ok
[INFO] [stdout] test commands::files::sync_engine::tests::test_safe_local_path_normal ... ok
[INFO] [stdout] test commands::files::sync_engine::tests::test_scan_local_no_gitignore_flag_disables_gitignore ... ok
[INFO] [stdout] test commands::files::sync_engine::tests::test_safe_local_path_rejects_absolute ... ok
[INFO] [stdout] test commands::files::sync_engine::tests::symlink_upload::read_returns_regular_file_bytes ... ok
[INFO] [stdout] test commands::files::sync_engine::tests::test_update_state_partial_update ... ok
[INFO] [stdout] test commands::files::sync_engine::tests::test_sync_stats_display_minimal ... ok
[INFO] [stdout] test commands::files::sync_engine::tests::test_sync_stats_display_with_deletes ... ok
[INFO] [stdout] test commands::files::sync_engine::tests::test_sync_stats_display_full ... ok
[INFO] [stdout] test commands::login::tests::matching_state_yields_code ... ok
[INFO] [stdout] test commands::login::tests::empty_expected_state_does_not_accept_missing_state ... ok
[INFO] [stdout] test commands::login::tests::mismatched_state_is_rejected ... ok
[INFO] [stdout] test commands::login::tests::missing_state_is_rejected ... ok
[INFO] [stdout] test commands::files::sync_engine::tests::test_scan_local_gitignore_respected ... ok
[INFO] [stdout] test commands::files::sync_engine::tests::test_sync_stats_display_zero ... ok
[INFO] [stdout] test commands::files::sync_engine::tests::test_update_state_new_entry ... ok
[INFO] [stdout] test commands::login::tests::missing_code_is_rejected ... ok
[INFO] [stdout] test commands::login::tests::no_query_string_yields_empty_params ... ok
[INFO] [stdout] test commands::login::tests::parses_code_and_state ... ok
[INFO] [stdout] test commands::sessions::tests::a_json_array_session_tag_becomes_the_strings_inside_it ... ok
[INFO] [stdout] test commands::sessions::tests::export_command_parses_format_flag_and_defaults_to_jsonl ... ok
[INFO] [stdout] test commands::sessions::tests::task_message_lines_render_direction_and_preview ... ok
[INFO] [stdout] test commands::sessions::tests::task_created_line_uses_created_verb_and_snapshot_fields ... ok
[INFO] [stdout] test commands::sessions::tests::task_event_line_tolerates_missing_snapshot ... ok
[INFO] [stdout] test commands::sessions::tests::task_message_line_truncates_long_text ... ok
[INFO] [stdout] test commands::sessions::tests::task_updated_line_includes_state_detail ... ok
[INFO] [stdout] test commands::sessions::tests::test_build_create_session_body_keeps_harness_prefix_names ... ok
[INFO] [stdout] test commands::sessions::tests::test_build_create_session_body_new_fields ... ok
[INFO] [stdout] test commands::sessions::tests::test_format_budget_amount ... ok
[INFO] [stdout] test commands::sessions::tests::test_parse_budget_limits_duplicate_currency_fails ... ok
[INFO] [stdout] test commands::sessions::tests::test_parse_budget_limits_empty ... ok
[INFO] [stdout] test commands::sessions::tests::test_parse_budget_limits_explicit_currency ... ok
[INFO] [stdout] test commands::sessions::tests::test_parse_budget_limits_multiple ... ok
[INFO] [stdout] test commands::sessions::tests::test_parse_budget_limits_non_numeric_fails ... ok
[INFO] [stdout] test commands::sessions::tests::test_parse_budget_limits_soft_equals_limit_ok ... ok
[INFO] [stdout] test commands::sessions::tests::test_parse_budget_limits_soft_exceeds_limit_fails ... ok
[INFO] [stdout] test commands::sessions::tests::test_parse_budget_limits_soft_no_matching_limit_fails ... ok
[INFO] [stdout] test commands::sessions::tests::export_format_maps_to_api_query_value ... ok
[INFO] [stdout] test commands::sessions::tests::test_build_create_session_body_detects_agent_id_vs_name ... ok
[INFO] [stdout] test commands::sessions::tests::test_parse_budget_limits_usd_default ... ok
[INFO] [stdout] test commands::sessions::tests::test_build_create_session_body_detects_harness_id_strictly ... ok
[INFO] [stdout] test commands::sessions::tests::test_parse_budget_limits_soft_default_currency ... ok
[INFO] [stdout] test commands::sessions::tests::test_parse_hints_merges_json_and_flags ... ok
[INFO] [stdout] test commands::sessions::tests::test_parse_capabilities_plain_and_configured ... ok
[INFO] [stdout] test commands::sessions::tests::test_parse_capabilities_rejects_invalid_json ... ok
[INFO] [stdout] test commands::sessions::tests::test_parse_hints_rejects_duplicate ... ok
[INFO] [stdout] test commands::sessions::tests::test_parse_secrets_duplicate_key ... ok
[INFO] [stdout] test commands::sessions::tests::test_parse_secrets_empty ... ok
[INFO] [stdout] test commands::sessions::tests::test_parse_secrets_missing_equals ... ok
[INFO] [stdout] test commands::files::sync_engine::tests::symlink_upload::push_does_not_upload_symlink_target ... ok
[INFO] [stdout] test commands::sessions::tests::test_parse_secrets_valid ... ok
[INFO] [stdout] test commands::whoami::tests::a_read_token_shows_read_only_access ... ok
[INFO] [stdout] test commands::sessions::tests::test_parse_secrets_empty_value_allowed ... ok
[INFO] [stdout] test commands::whoami::tests::a_session_without_a_token_scope_shows_no_access_line ... ok
[INFO] [stdout] test commands::whoami::tests::a_full_token_shows_full_access ... ok
[INFO] [stdout] test contract::tests::a_doubled_at_is_a_literal_and_plain_text_is_untouched ... ok
[INFO] [stdout] test commands::sessions::tests::test_parse_budget_limits_with_soft_limit ... ok
[INFO] [stdout] test commands::sessions::tests::test_parse_budget_limits_zero_fails ... ok
[INFO] [stdout] test contract::tests::a_missing_file_names_the_path ... ok
[INFO] [stdout] test contract::tests::an_at_path_reads_the_file ... ok
[INFO] [stdout] test commands::sessions::tests::test_parse_secrets_empty_key ... ok
[INFO] [stdout] test contract::tests::with_reason_sets_the_field_only_when_given ... ok
[INFO] [stdout] test contract::tests::no_reason_param_sends_no_reason ... ok
[INFO] [stdout] test commands::sessions::tests::create_puts_the_reason_in_the_envelope ... ok
[INFO] [stdout] test commands::sessions::tests::create_without_a_reason_sends_none ... ok
[INFO] [stdout] test output::tests::test_format_table_row_exact_width ... ok
[INFO] [stdout] test output::tests::test_format_table_row_normal ... ok
[INFO] [stdout] test commands::whoami::tests::asks_the_server_with_the_credential ... ok
[INFO] [stdout] test contract_golden::the_shipped_command_line_has_not_changed ... ok
[INFO] [stdout] test output::tests::test_format_table_row_truncation ... ok
[INFO] [stdout] test events::tests::a_dropped_stream_resumes_after_the_last_event_and_skips_lifecycle_frames ... ok
[INFO] [stdout] test output::tests::test_output_format_is_text ... ok
[INFO] [stdout] test output::tests::test_format_table_row_truncates_on_char_boundary ... ok
[INFO] [stdout] test output::tests::test_format_table_row_truncates_when_boundary_is_inside_char ... ok
[INFO] [stdout] test contract::tests::every_mounted_leaf_is_the_shared_trees_parser ... ok
[INFO] [stdout] test tests::connections_set_rejects_legacy_api_key_flag ... ok
[INFO] [stdout] test tests::connections_set_defaults_api_key_stdin_to_false_for_interactive_prompt ... ok
[INFO] [stdout] test output::tests::test_output_format_from_str ... ok
[INFO] [stdout] test tests::connections_set_rejects_positional_api_key_after_provider ... ok
[INFO] [stdout] test tests::test_cli_help_available ... ok
[INFO] [stdout] test tests::sessions_export_writes_stdout_unless_out_is_given ... ok
[INFO] [stdout] test tests::connections_set_requires_provider ... ok
[INFO] [stdout] test tests::test_cli_parse_chat ... ok
[INFO] [stdout] test tests::test_cli_invalid_output_format ... ok
[INFO] [stdout] test tests::test_cli_parse_chat_with_options ... ok
[INFO] [stdout] test tests::test_cli_missing_required_args ... ok
[INFO] [stdout] test tests::test_cli_parse_connections_remove ... ok
[INFO] [stdout] test tests::test_cli_parse_connections_set ... ok
[INFO] [stdout] test tests::test_cli_parse_files_pull ... ok
[INFO] [stdout] test tests::test_cli_parse_files_push ... ok
[INFO] [stdout] test tests::test_cli_parse_files_sync ... ok
[INFO] [stdout] test tests::test_cli_parse_login ... ok
[INFO] [stdout] test tests::test_cli_parse_login_token ... ok
[INFO] [stdout] test tests::test_cli_parse_logout ... ok
[INFO] [stdout] test tests::test_cli_parse_orgs ... ok
[INFO] [stdout] test contract::tests::a_reason_param_moves_to_the_envelope ... ok
[INFO] [stdout] test tests::test_cli_parse_output_format ... ok
[INFO] [stdout] test tests::test_cli_parse_profile ... ok
[INFO] [stdout] test tests::test_cli_parse_sessions_create ... ok
[INFO] [stdout] test tests::test_cli_parse_sessions_create_new_fields ... ok
[INFO] [stdout] test tests::test_cli_parse_quiet_flag ... ok
[INFO] [stdout] test tests::test_cli_parse_sessions_create_no_harness ... ok
[INFO] [stdout] test tests::test_cli_parse_sessions_create_with_secrets ... ok
[INFO] [stdout] test tests::test_cli_parse_status ... ok
[INFO] [stdout] test tests::test_cli_parse_whoami ... ok
[INFO] [stdout] test tests::test_cli_parse_orgs_select ... ok
[INFO] [stdout] test tests::test_cli_parse_sessions_watch ... ok
[INFO] [stdout] test contract::tests::a_mounted_command_is_selected_and_a_hand_written_one_is_not ... ok
[INFO] [stdout] test user_dirs::tests::home_dir_reads_the_environment ... ok
[INFO] [stdout] test tests::test_cli_parse_files_ls ... ok
[INFO] [stdout] test events::tests::a_refused_stream_is_an_error_once_retries_are_spent ... ok
[INFO] [stdout] test user_dirs::tests::config_dir_falls_back_to_dot_config ... ok
[INFO] [stdout] test reference_pages::the_cli_reference_pages_are_current ... FAILED
[INFO] [stdout] 
[INFO] [stdout] failures:
[INFO] [stdout] 
[INFO] [stdout] ---- reference_pages::the_cli_reference_pages_are_current stdout ----
[INFO] [stdout] 
[INFO] [stdout] thread 'reference_pages::the_cli_reference_pages_are_current' (4092) panicked at src/main.rs:972:9:
[INFO] [stdout] docs/reference/cli is stale (["agents.md", "budgets.md", "capabilities.md", "connections.md", "context.md", "durable.md", "evals.md", "files.md", "harnesses.md", "health-issues.md", "history.md", "images.md", "index.md", "knowledge-bases.md", "knowledge-indexes.md", "mcp-servers.md", "memories.md", "models.md", "notifications.md", "observers.md", "orgs.md", "payments.md", "plugin-marketplaces.md", "plugins.md", "providers.md", "reports.md", "sandbox-targets.md", "sandboxes.md", "sessions.md", "skills.md", "system.md", "tasks.md", "user.md", "users.md", "virtual-users.md", "workspaces.md"]). Run `UPDATE_CLI_REFERENCE=1 cargo test -p everruns-cli the_cli_reference`.
[INFO] [stdout] stack backtrace:
[INFO] [stdout]    0:     0x58a9515813d1 - <<std[617be2ca0a6fd877]::sys::backtrace::BacktraceLock>::print::DisplayBacktrace as core[a373ad73a504971]::fmt::Display>::fmt
[INFO] [stdout]    1:     0x58a95159b9ea - core[a373ad73a504971]::fmt::write
[INFO] [stdout]    2:     0x58a95158774c - <alloc[2e1b2a31b91974c5]::vec::Vec<u8> as core[a373ad73a504971]::io::write::Write>::write_fmt
[INFO] [stdout]    3:     0x58a9515589e6 - std[617be2ca0a6fd877]::panicking::default_hook::{closure#0}
[INFO] [stdout]    4:     0x58a951577a29 - std[617be2ca0a6fd877]::panicking::default_hook
[INFO] [stdout]    5:     0x58a950ec6c10 - test[aada8e7e76ba119b]::test_main_inner::{closure#0}
[INFO] [stdout]    6:     0x58a951577d52 - std[617be2ca0a6fd877]::panicking::panic_with_hook
[INFO] [stdout]    7:     0x58a951558a92 - std[617be2ca0a6fd877]::panicking::panic_handler::{closure#0}
[INFO] [stdout]    8:     0x58a951550d89 - std[617be2ca0a6fd877]::sys::backtrace::__rust_end_short_backtrace::<std[617be2ca0a6fd877]::panicking::panic_handler::{closure#0}, !>
[INFO] [stdout]    9:     0x58a951559a8d - __rustc[ea4f61d10b84890b]::rust_begin_unwind
[INFO] [stdout]   10:     0x58a95159c20c - core[a373ad73a504971]::panicking::panic_fmt
[INFO] [stdout]   11:     0x58a950e3b2e6 - <everruns[df0368c54dc55f39]::reference_pages::the_cli_reference_pages_are_current::{closure#0} as core[a373ad73a504971]::ops::function::FnOnce<()>>::call_once
[INFO] [stdout]   12:     0x58a950eba05b - test[aada8e7e76ba119b]::__rust_begin_short_backtrace::<core[a373ad73a504971]::result::Result<(), alloc[2e1b2a31b91974c5]::string::String>, fn() -> core[a373ad73a504971]::result::Result<(), alloc[2e1b2a31b91974c5]::string::String>>
[INFO] [stdout]   13:     0x58a950ec7235 - test[aada8e7e76ba119b]::run_test::{closure#0}
[INFO] [stdout]   14:     0x58a950ec0b24 - std[617be2ca0a6fd877]::sys::backtrace::__rust_begin_short_backtrace::<test[aada8e7e76ba119b]::run_test::{closure#1}, ()>
[INFO] [stdout]   15:     0x58a950eca2c2 - <std[617be2ca0a6fd877]::thread::lifecycle::spawn_unchecked<test[aada8e7e76ba119b]::run_test::{closure#1}, ()>::{closure#1} as core[a373ad73a504971]::ops::function::FnOnce<()>>::call_once::{shim:vtable#0}
[INFO] [stdout]   16:     0x58a95158033f - <std[617be2ca0a6fd877]::sys::thread::unix::Thread>::new::thread_start
[INFO] [stdout]   17:     0x7ff98fbb0dfa - <unknown>
[INFO] [stdout]   18:     0x7ff98fc443d4 - clone
[INFO] [stdout]   19:                0x0 - <unknown>
[INFO] [stdout] 
[INFO] [stdout] 
[INFO] [stdout] failures:
[INFO] [stdout]     reference_pages::the_cli_reference_pages_are_current
[INFO] [stdout] 
[INFO] [stdout] test result: FAILED. 218 passed; 1 failed; 0 ignored; 0 measured; 0 filtered out; finished in 0.56s
[INFO] [stdout] 
[INFO] [stderr] error: test failed, to rerun pass `--bin everruns`
[INFO] running `Command { std: "docker" "inspect" "b38238b496ca556c4ee5fbcd4875c2b7bc87ed988ccfab8463862fefebee44d0", kill_on_drop: false }`
[INFO] running `Command { std: "docker" "rm" "-f" "b38238b496ca556c4ee5fbcd4875c2b7bc87ed988ccfab8463862fefebee44d0", kill_on_drop: false }`
[INFO] [stdout] b38238b496ca556c4ee5fbcd4875c2b7bc87ed988ccfab8463862fefebee44d0
