[INFO] fetching crate dtn7 0.21.0...
[INFO] testing dtn7-0.21.0 against 1.100.0-beta.1+cargoflags=--release for beta-release-1.100-2
[INFO] extracting crate dtn7 0.21.0 into /workspace/builds/worker-0-tc2/source
[INFO] started tweaking crates.io crate dtn7 0.21.0
[INFO] finished tweaking crates.io crate dtn7 0.21.0
[INFO] tweaked toml for crates.io crate dtn7 0.21.0 written to /workspace/builds/worker-0-tc2/source/Cargo.toml
[INFO] validating manifest of crates.io crate dtn7 0.21.0 on toolchain 1.100.0-beta.1
[INFO] running `Command { std: CARGO_HOME="/workspace/cargo-home" RUSTUP_HOME="/workspace/rustup-home" "/workspace/cargo-home/bin/cargo" "+1.100.0-beta.1" "metadata" "--manifest-path" "Cargo.toml" "--no-deps", kill_on_drop: false }`
[INFO] crate crates.io crate dtn7 0.21.0 already has a lockfile, it will not be regenerated
[INFO] running `Command { std: CARGO_HOME="/workspace/cargo-home" RUSTUP_HOME="/workspace/rustup-home" "/workspace/cargo-home/bin/cargo" "+1.100.0-beta.1" "fetch" "--manifest-path" "Cargo.toml", kill_on_drop: false }`
[INFO] running `Command { std: "docker" "create" "-v" "/var/lib/crater-agent-workspace/builds/worker-0-tc2/source:/opt/rustwide/workdir:ro,Z" "-v" "/var/lib/crater-agent-workspace/builds/worker-0-tc2/target:/opt/rustwide/target:rw,Z" "-v" "/var/lib/crater-agent-workspace/cargo-home:/opt/rustwide/cargo-home:ro,Z" "-v" "/var/lib/crater-agent-workspace/rustup-home:/opt/rustwide/rustup-home:ro,Z" "-m" "1610612736" "--network" "none" "ghcr.io/rust-lang/crates-build-env/linux@sha256:77db811e55d90add9212f6832c23229e3de5f1c1f9905e8cb07319ea15df73ac" "sleep" "infinity", kill_on_drop: false }`
[INFO] [stdout] 06429c932df1f710a8ec870ce1f46eeb4a4b935483a9bd7bd6ffad94f795dcc2
[INFO] running `Command { std: "docker" "start" "06429c932df1f710a8ec870ce1f46eeb4a4b935483a9bd7bd6ffad94f795dcc2", kill_on_drop: false }`
[INFO] running `Command { std: "docker" "inspect" "06429c932df1f710a8ec870ce1f46eeb4a4b935483a9bd7bd6ffad94f795dcc2", kill_on_drop: false }`
[INFO] running `Command { std: "docker" "exec" "-e" "SOURCE_DIR=/opt/rustwide/workdir" "-e" "CARGO_HOME=/opt/rustwide/cargo-home" "-e" "RUSTUP_HOME=/opt/rustwide/rustup-home" "-e" "CARGO_TARGET_DIR=/opt/rustwide/target" "-w" "/opt/rustwide/workdir" "--user" "0:0" "06429c932df1f710a8ec870ce1f46eeb4a4b935483a9bd7bd6ffad94f795dcc2" "/opt/rustwide/cargo-home/bin/cargo" "+1.100.0-beta.1" "metadata" "--no-deps" "--format-version=1", kill_on_drop: false }`
[INFO] running `Command { std: "docker" "inspect" "06429c932df1f710a8ec870ce1f46eeb4a4b935483a9bd7bd6ffad94f795dcc2", kill_on_drop: false }`
[INFO] running `Command { std: "docker" "exec" "-e" "SOURCE_DIR=/opt/rustwide/workdir" "-e" "CARGO_HOME=/opt/rustwide/cargo-home" "-e" "RUSTUP_HOME=/opt/rustwide/rustup-home" "-e" "CARGO_TARGET_DIR=/opt/rustwide/target" "-e" "CARGO_INCREMENTAL=0" "-e" "RUST_BACKTRACE=full" "-e" "RUSTFLAGS=--cap-lints=warn" "-e" "RUSTDOCFLAGS=--cap-lints=warn" "-w" "/opt/rustwide/workdir" "--user" "0:0" "06429c932df1f710a8ec870ce1f46eeb4a4b935483a9bd7bd6ffad94f795dcc2" "/opt/rustwide/cargo-home/bin/cargo" "+1.100.0-beta.1" "build" "--frozen" "--message-format=json" "--release", kill_on_drop: false }`
[INFO] [stderr]    Compiling itoa v1.0.10
[INFO] [stderr]    Compiling memchr v2.7.1
[INFO] [stderr]    Compiling serde v1.0.197
[INFO] [stderr]    Compiling bytes v1.5.0
[INFO] [stderr]    Compiling log v0.4.20
[INFO] [stderr]    Compiling proc-macro2 v1.0.78
[INFO] [stderr]    Compiling slab v0.4.9
[INFO] [stderr]    Compiling futures-io v0.3.30
[INFO] [stderr]    Compiling serde_json v1.0.114
[INFO] [stderr]    Compiling thiserror v1.0.57
[INFO] [stderr]    Compiling smallvec v1.13.1
[INFO] [stderr]    Compiling url v2.5.0
[INFO] [stderr]    Compiling ahash v0.7.8
[INFO] [stderr]    Compiling instant v0.1.12
[INFO] [stderr]    Compiling lock_api v0.4.11
[INFO] [stderr]    Compiling bitflags v2.4.2
[INFO] [stderr]    Compiling tracing v0.1.40
[INFO] [stderr]    Compiling cc v1.0.88
[INFO] [stderr]    Compiling sha-1 v0.10.1
[INFO] [stderr]    Compiling half v1.8.3
[INFO] [stderr]    Compiling regex-syntax v0.8.2
[INFO] [stderr]    Compiling http v0.2.11
[INFO] [stderr]    Compiling unicode-xid v0.2.4
[INFO] [stderr]    Compiling crossbeam-utils v0.8.19
[INFO] [stderr]    Compiling anyhow v1.0.80
[INFO] [stderr]    Compiling hashbrown v0.14.3
[INFO] [stderr]    Compiling parking_lot_core v0.8.6
[INFO] [stderr]    Compiling async-trait v0.1.77
[INFO] [stderr]    Compiling base64 v0.13.1
[INFO] [stderr]    Compiling hashbrown v0.11.2
[INFO] [stderr]    Compiling quote v1.0.35
[INFO] [stderr]    Compiling aho-corasick v1.1.2
[INFO] [stderr]    Compiling winnow v0.6.2
[INFO] [stderr]    Compiling nanorand v0.7.0
[INFO] [stderr]    Compiling crc32fast v1.4.0
[INFO] [stderr]    Compiling rustix v0.38.31
[INFO] [stderr]    Compiling anstream v0.6.12
[INFO] [stderr]    Compiling syn v2.0.51
[INFO] [stderr]    Compiling indexmap v2.2.3
[INFO] [stderr]    Compiling const_format_proc_macros v0.2.32
[INFO] [stderr]    Compiling hashlink v0.7.0
[INFO] [stderr]    Compiling is-terminal v0.4.12
[INFO] [stderr]    Compiling num-traits v0.2.18
[INFO] [stderr]    Compiling http-body v0.4.6
[INFO] [stderr]    Compiling fallible-iterator v0.2.0
[INFO] [stderr]    Compiling strsim v0.11.0
[INFO] [stderr]    Compiling linux-raw-sys v0.4.13
[INFO] [stderr]    Compiling const_format v0.2.32
[INFO] [stderr]    Compiling http-range-header v0.3.1
[INFO] [stderr]    Compiling libsqlite3-sys v0.23.2
[INFO] [stderr]    Compiling clap_builder v4.5.1
[INFO] [stderr]    Compiling crossbeam-epoch v0.9.18
[INFO] [stderr]    Compiling walkdir v2.4.0
[INFO] [stderr]    Compiling sanitize-filename-reader-friendly v2.2.1
[INFO] [stderr]    Compiling nom v7.1.3
[INFO] [stderr]    Compiling attohttpc v0.22.0
[INFO] [stderr]    Compiling parking_lot v0.11.2
[INFO] [stderr]    Compiling parking_lot_core v0.9.9
[INFO] [stderr]    Compiling http v1.0.0
[INFO] [stderr]    Compiling fs2 v0.4.3
[INFO] [stderr]    Compiling lazy_static v1.4.0
[INFO] [stderr]    Compiling fastrand v2.0.1
[INFO] [stderr]    Compiling matchit v0.5.0
[INFO] [stderr]    Compiling sled v0.34.7
[INFO] [stderr]    Compiling parking_lot v0.12.1
[INFO] [stderr]    Compiling humansize v2.1.3
[INFO] [stderr]    Compiling regex-automata v0.4.5
[INFO] [stderr]    Compiling glob-match v0.2.1
[INFO] [stderr]    Compiling attohttpc v0.27.0
[INFO] [stderr]    Compiling tempfile v3.10.1
[INFO] [stderr]    Compiling serde_derive v1.0.197
[INFO] [stderr]    Compiling futures-macro v0.3.30
[INFO] [stderr]    Compiling thiserror-impl v1.0.57
[INFO] [stderr]    Compiling tokio-macros v2.2.0
[INFO] [stderr]    Compiling pin-project-internal v1.1.4
[INFO] [stderr]    Compiling enum-ordinalize-derive v4.3.1
[INFO] [stderr]    Compiling tokio v1.36.0
[INFO] [stderr]    Compiling enum-ordinalize v4.3.0
[INFO] [stderr]    Compiling educe v0.5.11
[INFO] [stderr]    Compiling clap_derive v4.5.0
[INFO] [stderr]    Compiling num-derive v0.4.2
[INFO] [stderr]    Compiling futures-util v0.3.30
[INFO] [stderr]    Compiling pin-project v1.1.4
[INFO] [stderr]    Compiling regex v1.10.3
[INFO] [stderr]    Compiling tungstenite v0.17.3
[INFO] [stderr]    Compiling dtn7-codegen v0.1.2
[INFO] [stderr]    Compiling enum_dispatch v0.3.12
[INFO] [stderr]    Compiling env_logger v0.10.2
[INFO] [stderr]    Compiling pretty_env_logger v0.5.0
[INFO] [stderr]    Compiling clap v4.5.1
[INFO] [stderr]    Compiling futures-executor v0.3.30
[INFO] [stderr]    Compiling axum-core v0.2.9
[INFO] [stderr]    Compiling futures v0.3.30
[INFO] [stderr]    Compiling tower v0.4.13
[INFO] [stderr]    Compiling tokio-tungstenite v0.17.2
[INFO] [stderr]    Compiling hyper v0.14.28
[INFO] [stderr]    Compiling tokio-util v0.7.10
[INFO] [stderr]    Compiling tower-http v0.3.5
[INFO] [stderr]    Compiling serde_spanned v0.6.5
[INFO] [stderr]    Compiling serde_bytes v0.11.14
[INFO] [stderr]    Compiling toml_datetime v0.6.5
[INFO] [stderr]    Compiling serde_cbor v0.11.2
[INFO] [stderr]    Compiling serde_urlencoded v0.7.1
[INFO] [stderr]    Compiling toml_edit v0.22.6
[INFO] [stderr]    Compiling tinytemplate v1.2.1
[INFO] [stderr]    Compiling tokio-serde v0.9.0
[INFO] [stderr]    Compiling bp7 v0.10.6
[INFO] [stderr]    Compiling toml v0.8.10
[INFO] [stderr]    Compiling axum v0.5.17
[INFO] [stderr]    Compiling config v0.14.0
[INFO] [stderr]    Compiling dtn7-plus v0.7.1
[INFO] [stderr]    Compiling rusqlite v0.26.3
[INFO] [stderr]    Compiling d7sneakers v0.3.1
[INFO] [stderr]    Compiling dtn7 v0.21.0 (/opt/rustwide/workdir)
[INFO] [stdout] warning: unused import: `error`
[INFO] [stdout]  --> src/cla/tcp/net.rs:4:18
[INFO] [stdout]   |
[INFO] [stdout] 4 | use log::{debug, error, warn};
[INFO] [stdout]   |                  ^^^^^
[INFO] [stdout]   |
[INFO] [stdout]   = note: `#[warn(unused_imports)]` (part of `#[warn(unused)]`) on by default
[INFO] [stdout] 
[INFO] [stdout] 
[INFO] [stdout] warning: struct `BundleEntry` is never constructed
[INFO] [stdout]    --> src/dtnd/httpd.rs:134:8
[INFO] [stdout]     |
[INFO] [stdout] 134 | struct BundleEntry {
[INFO] [stdout]     |        ^^^^^^^^^^^
[INFO] [stdout]     |
[INFO] [stdout]     = note: `#[warn(dead_code)]` (part of `#[warn(unused)]`) on by default
[INFO] [stdout] 
[INFO] [stdout] 
[INFO] [stderr]     Finished `release` profile [optimized] target(s) in 3m 16s
[INFO] running `Command { std: "docker" "inspect" "06429c932df1f710a8ec870ce1f46eeb4a4b935483a9bd7bd6ffad94f795dcc2", kill_on_drop: false }`
[INFO] running `Command { std: "docker" "exec" "-e" "SOURCE_DIR=/opt/rustwide/workdir" "-e" "CARGO_HOME=/opt/rustwide/cargo-home" "-e" "RUSTUP_HOME=/opt/rustwide/rustup-home" "-e" "CARGO_TARGET_DIR=/opt/rustwide/target" "-e" "CARGO_INCREMENTAL=0" "-e" "RUST_BACKTRACE=full" "-e" "RUSTFLAGS=--cap-lints=warn" "-e" "RUSTDOCFLAGS=--cap-lints=warn" "-w" "/opt/rustwide/workdir" "--user" "0:0" "06429c932df1f710a8ec870ce1f46eeb4a4b935483a9bd7bd6ffad94f795dcc2" "/opt/rustwide/cargo-home/bin/cargo" "+1.100.0-beta.1" "test" "--frozen" "--no-run" "--message-format=json" "--release", kill_on_drop: false }`
[INFO] [stdout] warning: unused import: `error`
[INFO] [stdout]  --> src/cla/tcp/net.rs:4:18
[INFO] [stdout]   |
[INFO] [stdout] 4 | use log::{debug, error, warn};
[INFO] [stdout]   |                  ^^^^^
[INFO] [stdout]   |
[INFO] [stdout]   = note: `#[warn(unused_imports)]` (part of `#[warn(unused)]`) on by default
[INFO] [stdout] 
[INFO] [stdout] 
[INFO] [stderr]    Compiling dtn7 v0.21.0 (/opt/rustwide/workdir)
[INFO] [stdout] warning: struct `BundleEntry` is never constructed
[INFO] [stdout]    --> src/dtnd/httpd.rs:134:8
[INFO] [stdout]     |
[INFO] [stdout] 134 | struct BundleEntry {
[INFO] [stdout]     |        ^^^^^^^^^^^
[INFO] [stdout]     |
[INFO] [stdout]     = note: `#[warn(dead_code)]` (part of `#[warn(unused)]`) on by default
[INFO] [stdout] 
[INFO] [stdout] 
[INFO] [stdout] warning: unused import: `error`
[INFO] [stdout]  --> src/cla/tcp/net.rs:4:18
[INFO] [stdout]   |
[INFO] [stdout] 4 | use log::{debug, error, warn};
[INFO] [stdout]   |                  ^^^^^
[INFO] [stdout]   |
[INFO] [stdout]   = note: `#[warn(unused_imports)]` (part of `#[warn(unused)]`) on by default
[INFO] [stdout] 
[INFO] [stdout] 
[INFO] [stdout] warning: struct `BundleEntry` is never constructed
[INFO] [stdout]    --> src/dtnd/httpd.rs:134:8
[INFO] [stdout]     |
[INFO] [stdout] 134 | struct BundleEntry {
[INFO] [stdout]     |        ^^^^^^^^^^^
[INFO] [stdout]     |
[INFO] [stdout]     = note: `#[warn(dead_code)]` (part of `#[warn(unused)]`) on by default
[INFO] [stdout] 
[INFO] [stdout] 
[INFO] [stderr]     Finished `release` profile [optimized] target(s) in 26.90s
[INFO] running `Command { std: "docker" "inspect" "06429c932df1f710a8ec870ce1f46eeb4a4b935483a9bd7bd6ffad94f795dcc2", kill_on_drop: false }`
[INFO] running `Command { std: "docker" "exec" "-e" "SOURCE_DIR=/opt/rustwide/workdir" "-e" "CARGO_HOME=/opt/rustwide/cargo-home" "-e" "RUSTUP_HOME=/opt/rustwide/rustup-home" "-e" "CARGO_TARGET_DIR=/opt/rustwide/target" "-e" "CARGO_INCREMENTAL=0" "-e" "RUST_BACKTRACE=full" "-e" "RUSTFLAGS=--cap-lints=warn" "-e" "RUSTDOCFLAGS=--cap-lints=warn" "-w" "/opt/rustwide/workdir" "--user" "0:0" "06429c932df1f710a8ec870ce1f46eeb4a4b935483a9bd7bd6ffad94f795dcc2" "/opt/rustwide/cargo-home/bin/cargo" "+1.100.0-beta.1" "test" "--frozen" "--release", kill_on_drop: false }`
[INFO] [stderr] warning: unused import: `error`
[INFO] [stderr]  --> src/cla/tcp/net.rs:4:18
[INFO] [stderr]   |
[INFO] [stderr] 4 | use log::{debug, error, warn};
[INFO] [stderr]   |                  ^^^^^
[INFO] [stderr]   |
[INFO] [stderr]   = note: `#[warn(unused_imports)]` (part of `#[warn(unused)]`) on by default
[INFO] [stderr] 
[INFO] [stderr] warning: struct `BundleEntry` is never constructed
[INFO] [stderr]    --> src/dtnd/httpd.rs:134:8
[INFO] [stderr]     |
[INFO] [stderr] 134 | struct BundleEntry {
[INFO] [stderr]     |        ^^^^^^^^^^^
[INFO] [stderr]     |
[INFO] [stderr]     = note: `#[warn(dead_code)]` (part of `#[warn(unused)]`) on by default
[INFO] [stderr] 
[INFO] [stderr] warning: `dtn7` (lib) generated 2 warnings (run `cargo fix --lib -p dtn7` to apply 1 suggestion)
[INFO] [stderr] warning: `dtn7` (lib test) generated 2 warnings (2 duplicates)
[INFO] [stderr]     Finished `release` profile [optimized] target(s) in 0.21s
[INFO] [stderr]      Running unittests src/lib.rs (/opt/rustwide/target/release/build/dtn7/d04c4e1f4513dea8/out/dtn7-d04c4e1f4513dea8)
[INFO] [stdout] 
[INFO] [stdout] running 6 tests
[INFO] [stdout] test cla::tcp::tests::gen_xfer_segs_seg_edge_case ... ok
[INFO] [stdout] test cla::tcp::tests::gen_xfer_segs_three_segs ... ok
[INFO] [stdout] test cla::tcp::tests::gen_xfer_segs_two_segs ... ok
[INFO] [stdout] test cla::tcp::tests::gen_xfer_segs_single_seg ... ok
[INFO] [stdout] test cla::tcp::tests::gen_xfer_segs_exceeding_t_mru - should panic ... ok
[INFO] [stdout] test cla::tcp::tests::serialize_deserialize ... ok
[INFO] [stdout] 
[INFO] [stdout] test result: ok. 6 passed; 0 failed; 0 ignored; 0 measured; 0 filtered out; finished in 0.01s
[INFO] [stdout] 
[INFO] [stderr]      Running unittests src/bin/dtnd.rs (/opt/rustwide/target/release/build/dtn7/d4bb33ac53830ebb/out/dtnd-d4bb33ac53830ebb)
[INFO] [stdout] 
[INFO] [stdout] running 0 tests
[INFO] [stdout] 
[INFO] [stdout] test result: ok. 0 passed; 0 failed; 0 ignored; 0 measured; 0 filtered out; finished in 0.00s
[INFO] [stdout] 
[INFO] [stderr]      Running unittests src/bin/dtnquery.rs (/opt/rustwide/target/release/build/dtn7/0f63b8c800f9a457/out/dtnquery-0f63b8c800f9a457)
[INFO] [stdout] 
[INFO] [stdout] running 0 tests
[INFO] [stdout] 
[INFO] [stdout] test result: ok. 0 passed; 0 failed; 0 ignored; 0 measured; 0 filtered out; finished in 0.00s
[INFO] [stdout] 
[INFO] [stderr]      Running unittests src/bin/dtnrecv.rs (/opt/rustwide/target/release/build/dtn7/e6ece3e596272ddf/out/dtnrecv-e6ece3e596272ddf)
[INFO] [stdout] 
[INFO] [stdout] running 0 tests
[INFO] [stdout] 
[INFO] [stdout] test result: ok. 0 passed; 0 failed; 0 ignored; 0 measured; 0 filtered out; finished in 0.00s
[INFO] [stdout] 
[INFO] [stderr]      Running unittests src/bin/dtnsend.rs (/opt/rustwide/target/release/build/dtn7/ffe7a2a166218281/out/dtnsend-ffe7a2a166218281)
[INFO] [stdout] 
[INFO] [stdout] running 0 tests
[INFO] [stdout] 
[INFO] [stdout] test result: ok. 0 passed; 0 failed; 0 ignored; 0 measured; 0 filtered out; finished in 0.00s
[INFO] [stdout] 
[INFO] [stderr]      Running unittests src/bin/dtntrigger.rs (/opt/rustwide/target/release/build/dtn7/35578ca43e32e349/out/dtntrigger-35578ca43e32e349)
[INFO] [stdout] 
[INFO] [stdout] running 0 tests
[INFO] [stdout] 
[INFO] [stdout] test result: ok. 0 passed; 0 failed; 0 ignored; 0 measured; 0 filtered out; finished in 0.00s
[INFO] [stdout] 
[INFO] [stderr]      Running tests/beacon-test.rs (/opt/rustwide/target/release/build/dtn7/698f5d2c0b0204e8/out/beacon_test-698f5d2c0b0204e8)
[INFO] [stdout] 
[INFO] [stdout] running 15 tests
[INFO] [stdout] test bsn_overflow ... ok
[INFO] [stdout] test beacon_without_config ... ok
[INFO] [stdout] test peer_validity_with_custom ... ignored
[INFO] [stdout] test peer_validity_with_default_no_period ... ignored
[INFO] [stdout] test peer_validity_with_default_period ... ignored
[INFO] [stdout] test check_generation_time ... ok
[INFO] [stdout] test beacon_with_config ... ok
[INFO] [stdout] test serialization_with_service_block ... ok
[INFO] [stdout] test serialization_with_beacon_period ... ok
[INFO] [stdout] test serialization_with_full_config ... ok
[INFO] [stdout] test check_time_for_generation_of_5000_beacons ... ok
[INFO] [stdout] test plain_serialization ... ok
[INFO] [stdout] test check_time_for_deserialization_of_5000_beacons ... ok
[INFO] [stdout] test check_if_deserialized_is_equal_to_before ... ok
[INFO] [stdout] test check_time_for_serialization_of_5000_beacons ... ok
[INFO] [stdout] 
[INFO] [stdout] test result: ok. 12 passed; 0 failed; 3 ignored; 0 measured; 0 filtered out; finished in 0.04s
[INFO] [stdout] 
[INFO] [stderr]      Running tests/config-test.rs (/opt/rustwide/target/release/build/dtn7/248caf8458ef92f0/out/config_test-248caf8458ef92f0)
[INFO] [stdout] 
[INFO] [stdout] running 1 test
[INFO] [stdout] test config_test ... FAILED
[INFO] [stdout] 
[INFO] [stdout] failures:
[INFO] [stdout] 
[INFO] [stdout] ---- config_test stdout ----
[INFO] [stdout] 
[INFO] [stdout] thread 'config_test' (3130) panicked at tests/config-test.rs:13:10:
[INFO] [stdout] called `Result::unwrap()` on an `Err` value: configuration file "../../examples/dtn7.toml.example" not found
[INFO] [stdout] stack backtrace:
[INFO] [stdout]    0:     0x57424c2eb591 - <<std[617be2ca0a6fd877]::sys::backtrace::BacktraceLock>::print::DisplayBacktrace as core[a373ad73a504971]::fmt::Display>::fmt
[INFO] [stdout]    1:     0x57424c30165a - core[a373ad73a504971]::fmt::write
[INFO] [stdout]    2:     0x57424c2ef7ac - <alloc[2e1b2a31b91974c5]::vec::Vec<u8> as core[a373ad73a504971]::io::write::Write>::write_fmt
[INFO] [stdout]    3:     0x57424c2c7386 - std[617be2ca0a6fd877]::panicking::default_hook::{closure#0}
[INFO] [stdout]    4:     0x57424c2e38c9 - std[617be2ca0a6fd877]::panicking::default_hook
[INFO] [stdout]    5:     0x57424c23cd90 - test[aada8e7e76ba119b]::test_main_inner::{closure#0}
[INFO] [stdout]    6:     0x57424c2e3a82 - std[617be2ca0a6fd877]::panicking::panic_with_hook
[INFO] [stdout]    7:     0x57424c2c7432 - std[617be2ca0a6fd877]::panicking::panic_handler::{closure#0}
[INFO] [stdout]    8:     0x57424c2bffb9 - std[617be2ca0a6fd877]::sys::backtrace::__rust_end_short_backtrace::<std[617be2ca0a6fd877]::panicking::panic_handler::{closure#0}, !>
[INFO] [stdout]    9:     0x57424c2c803d - __rustc[ea4f61d10b84890b]::rust_begin_unwind
[INFO] [stdout]   10:     0x57424c301d8c - core[a373ad73a504971]::panicking::panic_fmt
[INFO] [stdout]   11:     0x57424c301b62 - core[a373ad73a504971]::result::unwrap_failed
[INFO] [stdout]   12:     0x57424c22bf6e - <config_test[59fd8e53d30f2bee]::config_test::{closure#0} as core[a373ad73a504971]::ops::function::FnOnce<()>>::call_once
[INFO] [stdout]   13:     0x57424c2301db - test[aada8e7e76ba119b]::__rust_begin_short_backtrace::<core[a373ad73a504971]::result::Result<(), alloc[2e1b2a31b91974c5]::string::String>, fn() -> core[a373ad73a504971]::result::Result<(), alloc[2e1b2a31b91974c5]::string::String>>
[INFO] [stdout]   14:     0x57424c23d3b5 - test[aada8e7e76ba119b]::run_test::{closure#0}
[INFO] [stdout]   15:     0x57424c236ca4 - std[617be2ca0a6fd877]::sys::backtrace::__rust_begin_short_backtrace::<test[aada8e7e76ba119b]::run_test::{closure#1}, ()>
[INFO] [stdout]   16:     0x57424c240442 - <std[617be2ca0a6fd877]::thread::lifecycle::spawn_unchecked<test[aada8e7e76ba119b]::run_test::{closure#1}, ()>::{closure#1} as core[a373ad73a504971]::ops::function::FnOnce<()>>::call_once::{shim:vtable#0}
[INFO] [stdout]   17:     0x57424c2eaa8f - <std[617be2ca0a6fd877]::sys::thread::unix::Thread>::new::thread_start
[INFO] [stdout]   18:     0x7ca4d4816dfa - <unknown>
[INFO] [stdout]   19:     0x7ca4d48aa3d4 - clone
[INFO] [stdout]   20:                0x0 - <unknown>
[INFO] [stdout] 
[INFO] [stdout] 
[INFO] [stdout] failures:
[INFO] [stdout]     config_test
[INFO] [stdout] 
[INFO] [stdout] test result: FAILED. 0 passed; 1 failed; 0 ignored; 0 measured; 0 filtered out; finished in 0.00s
[INFO] [stdout] 
[INFO] [stderr] error: test failed, to rerun pass `--test config-test`
[INFO] running `Command { std: "docker" "inspect" "06429c932df1f710a8ec870ce1f46eeb4a4b935483a9bd7bd6ffad94f795dcc2", kill_on_drop: false }`
[INFO] running `Command { std: "docker" "rm" "-f" "06429c932df1f710a8ec870ce1f46eeb4a4b935483a9bd7bd6ffad94f795dcc2", kill_on_drop: false }`
[INFO] [stdout] 06429c932df1f710a8ec870ce1f46eeb4a4b935483a9bd7bd6ffad94f795dcc2
