[INFO] fetching crate dfx-core 0.4.0...
[INFO] testing dfx-core-0.4.0 against 1.100.0-beta.1+cargoflags=--release for beta-release-1.100-2
[INFO] extracting crate dfx-core 0.4.0 into /workspace/builds/worker-4-tc2/source
[INFO] started tweaking crates.io crate dfx-core 0.4.0
[INFO] finished tweaking crates.io crate dfx-core 0.4.0
[INFO] tweaked toml for crates.io crate dfx-core 0.4.0 written to /workspace/builds/worker-4-tc2/source/Cargo.toml
[INFO] validating manifest of crates.io crate dfx-core 0.4.0 on toolchain 1.100.0-beta.1
[INFO] running `Command { std: CARGO_HOME="/workspace/cargo-home" RUSTUP_HOME="/workspace/rustup-home" "/workspace/cargo-home/bin/cargo" "+1.100.0-beta.1" "metadata" "--manifest-path" "Cargo.toml" "--no-deps", kill_on_drop: false }`
[INFO] crate crates.io crate dfx-core 0.4.0 already has a lockfile, it will not be regenerated
[INFO] running `Command { std: CARGO_HOME="/workspace/cargo-home" RUSTUP_HOME="/workspace/rustup-home" "/workspace/cargo-home/bin/cargo" "+1.100.0-beta.1" "fetch" "--manifest-path" "Cargo.toml", kill_on_drop: false }`
[INFO] running `Command { std: "docker" "create" "-v" "/var/lib/crater-agent-workspace/builds/worker-4-tc2/source:/opt/rustwide/workdir:ro,Z" "-v" "/var/lib/crater-agent-workspace/builds/worker-4-tc2/target:/opt/rustwide/target:rw,Z" "-v" "/var/lib/crater-agent-workspace/cargo-home:/opt/rustwide/cargo-home:ro,Z" "-v" "/var/lib/crater-agent-workspace/rustup-home:/opt/rustwide/rustup-home:ro,Z" "-m" "1610612736" "--network" "none" "ghcr.io/rust-lang/crates-build-env/linux@sha256:77db811e55d90add9212f6832c23229e3de5f1c1f9905e8cb07319ea15df73ac" "sleep" "infinity", kill_on_drop: false }`
[INFO] [stdout] 5cfc511c9a6d43372b50aca4eac763420222e84ae01a9f466a044605dffdf0b0
[INFO] running `Command { std: "docker" "start" "5cfc511c9a6d43372b50aca4eac763420222e84ae01a9f466a044605dffdf0b0", kill_on_drop: false }`
[INFO] running `Command { std: "docker" "inspect" "5cfc511c9a6d43372b50aca4eac763420222e84ae01a9f466a044605dffdf0b0", kill_on_drop: false }`
[INFO] running `Command { std: "docker" "exec" "-e" "SOURCE_DIR=/opt/rustwide/workdir" "-e" "CARGO_HOME=/opt/rustwide/cargo-home" "-e" "RUSTUP_HOME=/opt/rustwide/rustup-home" "-e" "CARGO_TARGET_DIR=/opt/rustwide/target" "-w" "/opt/rustwide/workdir" "--user" "0:0" "5cfc511c9a6d43372b50aca4eac763420222e84ae01a9f466a044605dffdf0b0" "/opt/rustwide/cargo-home/bin/cargo" "+1.100.0-beta.1" "metadata" "--no-deps" "--format-version=1", kill_on_drop: false }`
[INFO] running `Command { std: "docker" "inspect" "5cfc511c9a6d43372b50aca4eac763420222e84ae01a9f466a044605dffdf0b0", kill_on_drop: false }`
[INFO] running `Command { std: "docker" "exec" "-e" "SOURCE_DIR=/opt/rustwide/workdir" "-e" "CARGO_HOME=/opt/rustwide/cargo-home" "-e" "RUSTUP_HOME=/opt/rustwide/rustup-home" "-e" "CARGO_TARGET_DIR=/opt/rustwide/target" "-e" "CARGO_INCREMENTAL=0" "-e" "RUST_BACKTRACE=full" "-e" "RUSTFLAGS=--cap-lints=warn" "-e" "RUSTDOCFLAGS=--cap-lints=warn" "-w" "/opt/rustwide/workdir" "--user" "0:0" "5cfc511c9a6d43372b50aca4eac763420222e84ae01a9f466a044605dffdf0b0" "/opt/rustwide/cargo-home/bin/cargo" "+1.100.0-beta.1" "build" "--frozen" "--message-format=json" "--release", kill_on_drop: false }`
[INFO] [stderr]    Compiling libc v0.2.183
[INFO] [stderr]    Compiling base64ct v1.8.3
[INFO] [stderr]    Compiling zeroize_derive v1.4.3
[INFO] [stderr]    Compiling zerofrom-derive v0.1.6
[INFO] [stderr]    Compiling yoke-derive v0.8.1
[INFO] [stderr]    Compiling memchr v2.8.0
[INFO] [stderr]    Compiling bytes v1.11.1
[INFO] [stderr]    Compiling zerovec-derive v0.11.2
[INFO] [stderr]    Compiling zeroize v1.8.2
[INFO] [stderr]    Compiling generic-array v0.14.7
[INFO] [stderr]    Compiling pem-rfc7468 v0.7.0
[INFO] [stderr]    Compiling der v0.7.10
[INFO] [stderr]    Compiling zerocopy v0.8.47
[INFO] [stderr]    Compiling thiserror-impl v1.0.69
[INFO] [stderr]    Compiling zerofrom v0.1.6
[INFO] [stderr]    Compiling rustversion v1.0.22
[INFO] [stderr]    Compiling getrandom v0.2.17
[INFO] [stderr]    Compiling block-buffer v0.10.4
[INFO] [stderr]    Compiling yoke v0.8.1
[INFO] [stderr]    Compiling jobserver v0.1.34
[INFO] [stderr]    Compiling socket2 v0.6.3
[INFO] [stderr]    Compiling mio v1.1.1
[INFO] [stderr]    Compiling rand_core v0.6.4
[INFO] [stderr]    Compiling zerovec v0.11.5
[INFO] [stderr]    Compiling crypto-common v0.1.7
[INFO] [stderr]    Compiling cc v1.2.57
[INFO] [stderr]    Compiling digest v0.10.7
[INFO] [stderr]    Compiling sha2 v0.10.9
[INFO] [stderr]    Compiling ff v0.13.1
[INFO] [stderr]    Compiling hmac v0.12.1
[INFO] [stderr]    Compiling object v0.37.3
[INFO] [stderr]    Compiling group v0.13.0
[INFO] [stderr]    Compiling thiserror v1.0.69
[INFO] [stderr]    Compiling spki v0.7.3
[INFO] [stderr]    Compiling tokio v1.50.0
[INFO] [stderr]    Compiling crossbeam-utils v0.8.21
[INFO] [stderr]    Compiling pkcs8 v0.10.2
[INFO] [stderr]    Compiling bitflags v2.11.0
[INFO] [stderr]    Compiling aws-lc-rs v1.16.2
[INFO] [stderr]    Compiling cmake v0.1.57
[INFO] [stderr]    Compiling futures-sink v0.3.32
[INFO] [stderr]    Compiling tinystr v0.8.2
[INFO] [stderr]    Compiling byteorder v1.5.0
[INFO] [stderr]    Compiling aws-lc-sys v0.39.0
[INFO] [stderr]    Compiling icu_locale_core v2.1.1
[INFO] [stderr]    Compiling num-integer v0.1.46
[INFO] [stderr]    Compiling potential_utf v0.1.4
[INFO] [stderr]    Compiling zerotrie v0.2.3
[INFO] [stderr]    Compiling http v1.4.0
[INFO] [stderr]    Compiling rustls-pki-types v1.14.0
[INFO] [stderr]    Compiling concurrent-queue v2.5.0
[INFO] [stderr]    Compiling icu_provider v2.1.1
[INFO] [stderr]    Compiling icu_collections v2.1.1
[INFO] [stderr]    Compiling http-body v1.0.1
[INFO] [stderr]    Compiling signature v2.2.0
[INFO] [stderr]    Compiling hex v0.4.3
[INFO] [stderr]    Compiling futures-macro v0.3.32
[INFO] [stderr]    Compiling futures-io v0.3.32
[INFO] [stderr]    Compiling futures-task v0.3.32
[INFO] [stderr]    Compiling anyhow v1.0.102
[INFO] [stderr]    Compiling semver v1.0.27
[INFO] [stderr]    Compiling keccak v0.1.6
[INFO] [stderr]    Compiling rustls v0.23.37
[INFO] [stderr]    Compiling futures-util v0.3.32
[INFO] [stderr]    Compiling rustc_version v0.4.1
[INFO] [stderr]    Compiling sec1 v0.7.3
[INFO] [stderr]    Compiling syn v1.0.109
[INFO] [stderr]    Compiling ar_archive_writer v0.5.1
[INFO] [stderr]    Compiling stacker v0.1.23
[INFO] [stderr]    Compiling crypto-bigint v0.5.5
[INFO] [stderr]    Compiling ppv-lite86 v0.2.21
[INFO] [stderr]    Compiling digest v0.9.0
[INFO] [stderr]    Compiling pem-rfc7468 v0.6.0
[INFO] [stderr]    Compiling psm v0.1.30
[INFO] [stderr]    Compiling rand_chacha v0.3.1
[INFO] [stderr]    Compiling either v1.15.0
[INFO] [stderr]    Compiling rangemap v1.7.1
[INFO] [stderr]    Compiling getrandom v0.4.2
[INFO] [stderr]    Compiling rand_core v0.10.0
[INFO] [stderr]    Compiling data-encoding v2.10.0
[INFO] [stderr]    Compiling rand v0.8.5
[INFO] [stderr]    Compiling der v0.6.1
[INFO] [stderr]    Compiling ic_principal v0.1.2
[INFO] [stderr]    Compiling elliptic-curve v0.13.8
[INFO] [stderr]    Compiling icu_properties v2.1.2
[INFO] [stderr]    Compiling icu_normalizer v2.1.1
[INFO] [stderr]    Compiling curve25519-dalek v4.1.3
[INFO] [stderr]    Compiling num-bigint v0.4.6
[INFO] [stderr]    Compiling futures-channel v0.3.32
[INFO] [stderr]    Compiling block-buffer v0.9.0
[INFO] [stderr]    Compiling serde_bytes v0.11.19
[INFO] [stderr]    Compiling lazy_static v1.5.0
[INFO] [stderr]    Compiling arrayvec v0.5.2
[INFO] [stderr]    Compiling binread_derive v2.1.0
[INFO] [stderr]    Compiling typed-arena v2.0.2
[INFO] [stderr]    Compiling hyper v1.8.1
[INFO] [stderr]    Compiling pretty v0.12.5
[INFO] [stderr]    Compiling event-listener v5.4.1
[INFO] [stderr]    Compiling candid_derive v0.10.26
[INFO] [stderr]    Compiling sha2 v0.9.9
[INFO] [stderr]    Compiling idna_adapter v1.2.1
[INFO] [stderr]    Compiling serde_json v1.0.149
[INFO] [stderr]    Compiling spki v0.6.0
[INFO] [stderr]    Compiling binread v2.2.0
[INFO] [stderr]    Compiling rfc6979 v0.4.0
[INFO] [stderr]    Compiling curve25519-dalek-derive v0.1.1
[INFO] [stderr]    Compiling ahash v0.8.12
[INFO] [stderr]    Compiling num-conv v0.2.1
[INFO] [stderr]    Compiling time-core v0.1.8
[INFO] [stderr]    Compiling leb128 v0.2.5
[INFO] [stderr]    Compiling libdbus-sys v0.2.7
[INFO] [stderr]    Compiling time-macros v0.2.27
[INFO] [stderr]    Compiling hyper-util v0.1.20
[INFO] [stderr]    Compiling tower v0.5.3
[INFO] [stderr]    Compiling candid v0.10.26
[INFO] [stderr]    Compiling rustls-native-certs v0.8.3
[INFO] [stderr]    Compiling idna v1.1.0
[INFO] [stderr]    Compiling rustix v1.1.4
[INFO] [stderr]    Compiling ecdsa v0.16.9
[INFO] [stderr]    Compiling pkcs8 v0.9.0
[INFO] [stderr]    Compiling event-listener-strategy v0.5.4
[INFO] [stderr]    Compiling merlin v3.0.0
[INFO] [stderr]    Compiling ed25519 v2.2.3
[INFO] [stderr]    Compiling pairing v0.23.0
[INFO] [stderr]    Compiling ff v0.12.1
[INFO] [stderr]    Compiling crypto-bigint v0.4.9
[INFO] [stderr]    Compiling half v1.8.3
[INFO] [stderr]    Compiling subtle-ng v2.5.0
[INFO] [stderr]    Compiling base16ct v0.1.1
[INFO] [stderr]    Compiling iri-string v0.7.11
[INFO] [stderr]    Compiling time v0.3.47
[INFO] [stderr]    Compiling async-channel v1.9.0
[INFO] [stderr]    Compiling chacha20 v0.10.0
[INFO] [stderr]    Compiling pest v2.8.6
[INFO] [stderr]    Compiling sec1 v0.3.0
[INFO] [stderr]    Compiling curve25519-dalek-ng v4.1.1
[INFO] [stderr]    Compiling serde_cbor v0.11.2
[INFO] [stderr]    Compiling group v0.12.1
[INFO] [stderr]    Compiling ic_bls12_381 v0.10.1
[INFO] [stderr]    Compiling tower-http v0.6.8
[INFO] [stderr]    Compiling ed25519-dalek v2.2.0
[INFO] [stderr]    Compiling url v2.5.8
[INFO] [stderr]    Compiling ic-certification v3.1.0
[INFO] [stderr]    Compiling primeorder v0.13.6
[INFO] [stderr]    Compiling tokio-util v0.7.18
[INFO] [stderr]    Compiling http-body-util v0.1.3
[INFO] [stderr]    Compiling libloading v0.5.2
[INFO] [stderr]    Compiling hkdf v0.12.4
[INFO] [stderr]    Compiling inout v0.1.4
[INFO] [stderr]    Compiling num-bigint v0.2.6
[INFO] [stderr]    Compiling serde_repr v0.1.20
[INFO] [stderr]    Compiling instant v0.1.13
[INFO] [stderr]    Compiling web-time v1.1.0
[INFO] [stderr]    Compiling hex-literal v0.4.1
[INFO] [stderr]    Compiling ic-ed25519 v0.6.0
[INFO] [stderr]    Compiling ic-transport-types v0.47.3
[INFO] [stderr]    Compiling cached v0.56.0
[INFO] [stderr]    Compiling anstyle-parse v1.0.0
[INFO] [stderr]    Compiling backoff v0.4.0
[INFO] [stderr]    Compiling cipher v0.4.4
[INFO] [stderr]    Compiling p256 v0.13.2
[INFO] [stderr]    Compiling ic-verify-bls-signature v0.6.0
[INFO] [stderr]    Compiling elliptic-curve v0.12.3
[INFO] [stderr]    Compiling ed25519-consensus v2.1.0
[INFO] [stderr]    Compiling pest_meta v2.8.6
[INFO] [stderr]    Compiling rand v0.10.1
[INFO] [stderr]    Compiling stop-token v0.7.0
[INFO] [stderr]    Compiling rfc6979 v0.3.1
[INFO] [stderr]    Compiling k256 v0.13.4
[INFO] [stderr]    Compiling async-lock v3.4.2
[INFO] [stderr]    Compiling async-channel v2.5.0
[INFO] [stderr]    Compiling arc-swap v1.9.0
[INFO] [stderr]    Compiling signature v1.6.4
[INFO] [stderr]    Compiling universal-hash v0.5.1
[INFO] [stderr]    Compiling async-trait v0.1.89
[INFO] [stderr]    Compiling is_terminal_polyfill v1.70.2
[INFO] [stderr]    Compiling anstyle-query v1.1.5
[INFO] [stderr]    Compiling colorchoice v1.0.5
[INFO] [stderr]    Compiling tinyvec v1.11.0
[INFO] [stderr]    Compiling anstream v1.0.0
[INFO] [stderr]    Compiling polyval v0.6.2
[INFO] [stderr]    Compiling ecdsa v0.14.8
[INFO] [stderr]    Compiling pest_generator v2.8.6
[INFO] [stderr]    Compiling sha3 v0.10.8
[INFO] [stderr]    Compiling slog v2.8.2
[INFO] [stderr]    Compiling ring v0.17.14
[INFO] [stderr]    Compiling pbkdf2 v0.11.0
[INFO] [stderr]    Compiling serde_derive_internals v0.29.1
[INFO] [stderr]    Compiling simd-adler32 v0.3.8
[INFO] [stderr]    Compiling clap_lex v1.1.0
[INFO] [stderr]    Compiling ucd-trie v0.1.7
[INFO] [stderr]    Compiling schemars v0.8.22
[INFO] [stderr]    Compiling tempfile v3.27.0
[INFO] [stderr]    Compiling clap_builder v4.6.0
[INFO] [stderr]    Compiling schemars_derive v0.8.22
[INFO] [stderr]    Compiling pkcs11 v0.5.0
[INFO] [stderr]    Compiling miniz_oxide v0.8.9
[INFO] [stderr]    Compiling pest_derive v2.8.6
[INFO] [stderr]    Compiling k256 v0.11.6
[INFO] [stderr]    Compiling unicode-normalization v0.1.25
[INFO] [stderr]    Compiling ghash v0.5.1
[INFO] [stderr]    Compiling aes v0.8.4
[INFO] [stderr]    Compiling ctr v0.9.2
[INFO] [stderr]    Compiling clap_derive v4.6.0
[INFO] [stderr]    Compiling strum_macros v0.28.0
[INFO] [stderr]    Compiling simple_asn1 v0.6.4
[INFO] [stderr]    Compiling xattr v1.6.1
[INFO] [stderr]    Compiling ic-management-canister-types v0.7.1
[INFO] [stderr]    Compiling bs58 v0.4.0
[INFO] [stderr]    Compiling console v0.15.11
[INFO] [stderr]    Compiling linux-keyutils v0.2.5
[INFO] [stderr]    Compiling ripemd v0.1.3
[INFO] [stderr]    Compiling blake2 v0.10.6
[INFO] [stderr]    Compiling aead v0.5.2
[INFO] [stderr]    Compiling password-hash v0.4.2
[INFO] [stderr]    Compiling dbus v0.9.10
[INFO] [stderr]    Compiling dirs-sys-next v0.1.2
[INFO] [stderr]    Compiling filetime v0.2.27
[INFO] [stderr]    Compiling erased-serde v0.3.31
[INFO] [stderr]    Compiling strum v0.28.0
[INFO] [stderr]    Compiling shell-words v1.1.1
[INFO] [stderr]    Compiling dyn-clone v1.0.20
[INFO] [stderr]    Compiling utf8-width v0.1.8
[INFO] [stderr]    Compiling humantime-serde v1.1.1
[INFO] [stderr]    Compiling tiny-bip39 v1.0.0
[INFO] [stderr]    Compiling byte-unit v4.0.19
[INFO] [stderr]    Compiling itertools v0.10.5
[INFO] [stderr]    Compiling dialoguer v0.11.0
[INFO] [stderr]    Compiling dbus-secret-service v4.1.0
[INFO] [stderr]    Compiling keyring v3.6.3
[INFO] [stderr]    Compiling tar v0.4.45
[INFO] [stderr]    Compiling directories-next v2.0.0
[INFO] [stderr]    Compiling bip32 v0.4.0
[INFO] [stderr]    Compiling argon2 v0.4.1
[INFO] [stderr]    Compiling aes-gcm v0.10.3
[INFO] [stderr]    Compiling clap v4.6.0
[INFO] [stderr]    Compiling handlebars v4.5.0
[INFO] [stderr]    Compiling flate2 v1.1.9
[INFO] [stderr]    Compiling dunce v1.0.5
[INFO] [stderr]    Compiling rustls-webpki v0.103.13
[INFO] [stderr]    Compiling tokio-rustls v0.26.4
[INFO] [stderr]    Compiling rustls-platform-verifier v0.6.2
[INFO] [stderr]    Compiling hyper-rustls v0.27.7
[INFO] [stderr]    Compiling reqwest v0.13.2
[INFO] [stderr]    Compiling ic-agent v0.47.3
[INFO] [stderr]    Compiling ic-identity-hsm v0.47.3
[INFO] [stderr]    Compiling ic-utils v0.47.3
[INFO] [stderr]    Compiling dfx-core v0.4.0 (/opt/rustwide/workdir)
[INFO] [stderr]     Finished `release` profile [optimized] target(s) in 9m 08s
[INFO] running `Command { std: "docker" "inspect" "5cfc511c9a6d43372b50aca4eac763420222e84ae01a9f466a044605dffdf0b0", kill_on_drop: false }`
[INFO] running `Command { std: "docker" "exec" "-e" "SOURCE_DIR=/opt/rustwide/workdir" "-e" "CARGO_HOME=/opt/rustwide/cargo-home" "-e" "RUSTUP_HOME=/opt/rustwide/rustup-home" "-e" "CARGO_TARGET_DIR=/opt/rustwide/target" "-e" "CARGO_INCREMENTAL=0" "-e" "RUST_BACKTRACE=full" "-e" "RUSTFLAGS=--cap-lints=warn" "-e" "RUSTDOCFLAGS=--cap-lints=warn" "-w" "/opt/rustwide/workdir" "--user" "0:0" "5cfc511c9a6d43372b50aca4eac763420222e84ae01a9f466a044605dffdf0b0" "/opt/rustwide/cargo-home/bin/cargo" "+1.100.0-beta.1" "test" "--frozen" "--no-run" "--message-format=json" "--release", kill_on_drop: false }`
[INFO] [stderr]    Compiling parking_lot_core v0.9.12
[INFO] [stderr]    Compiling errno v0.3.14
[INFO] [stderr]    Compiling tokio-macros v2.6.1
[INFO] [stderr]    Compiling futures-util v0.3.32
[INFO] [stderr]    Compiling signal-hook-registry v1.4.8
[INFO] [stderr]    Compiling getrandom v0.3.4
[INFO] [stderr]    Compiling wait-timeout v0.2.1
[INFO] [stderr]    Compiling regex-syntax v0.8.10
[INFO] [stderr]    Compiling rusty-fork v0.3.1
[INFO] [stderr]    Compiling parking_lot v0.12.5
[INFO] [stderr]    Compiling rand_core v0.9.5
[INFO] [stderr]    Compiling rand v0.9.2
[INFO] [stderr]    Compiling rand_xorshift v0.4.0
[INFO] [stderr]    Compiling rand_chacha v0.9.0
[INFO] [stderr]    Compiling tokio v1.50.0
[INFO] [stderr]    Compiling proptest v1.11.0
[INFO] [stderr]    Compiling futures-executor v0.3.32
[INFO] [stderr]    Compiling futures v0.3.32
[INFO] [stderr]    Compiling hyper v1.8.1
[INFO] [stderr]    Compiling tower v0.5.3
[INFO] [stderr]    Compiling tokio-rustls v0.26.4
[INFO] [stderr]    Compiling tokio-util v0.7.18
[INFO] [stderr]    Compiling backoff v0.4.0
[INFO] [stderr]    Compiling tower-http v0.6.8
[INFO] [stderr]    Compiling hyper-util v0.1.20
[INFO] [stderr]    Compiling hyper-rustls v0.27.7
[INFO] [stderr]    Compiling reqwest v0.13.2
[INFO] [stderr]    Compiling ic-agent v0.47.3
[INFO] [stderr]    Compiling ic-identity-hsm v0.47.3
[INFO] [stderr]    Compiling ic-utils v0.47.3
[INFO] [stderr]    Compiling dfx-core v0.4.0 (/opt/rustwide/workdir)
[INFO] [stderr]     Finished `release` profile [optimized] target(s) in 3m 30s
[INFO] running `Command { std: "docker" "inspect" "5cfc511c9a6d43372b50aca4eac763420222e84ae01a9f466a044605dffdf0b0", kill_on_drop: false }`
[INFO] running `Command { std: "docker" "exec" "-e" "SOURCE_DIR=/opt/rustwide/workdir" "-e" "CARGO_HOME=/opt/rustwide/cargo-home" "-e" "RUSTUP_HOME=/opt/rustwide/rustup-home" "-e" "CARGO_TARGET_DIR=/opt/rustwide/target" "-e" "CARGO_INCREMENTAL=0" "-e" "RUST_BACKTRACE=full" "-e" "RUSTFLAGS=--cap-lints=warn" "-e" "RUSTDOCFLAGS=--cap-lints=warn" "-w" "/opt/rustwide/workdir" "--user" "0:0" "5cfc511c9a6d43372b50aca4eac763420222e84ae01a9f466a044605dffdf0b0" "/opt/rustwide/cargo-home/bin/cargo" "+1.100.0-beta.1" "test" "--frozen" "--release", kill_on_drop: false }`
[INFO] [stderr]     Finished `release` profile [optimized] target(s) in 0.64s
[INFO] [stderr]      Running unittests src/lib.rs (/opt/rustwide/target/release/build/dfx-core/f45827d7cfd4c40e/out/dfx_core-f45827d7cfd4c40e)
[INFO] [stdout] 
[INFO] [stdout] running 53 tests
[INFO] [stdout] test config::model::dfinity::tests::find_dfinity_config_parent ... ok
[INFO] [stdout] test config::model::dfinity::tests::find_dfinity_config_current_path ... ok
[INFO] [stdout] test config::model::dfinity::tests::find_dfinity_config_subdir ... ok
[INFO] [stdout] test config::model::dfinity::tests::get_correct_initialization_values ... ok
[INFO] [stdout] test config::model::dfinity::tests::local_defaults_to_ephemeral ... ok
[INFO] [stdout] test config::model::network_descriptor::test::ic_by_provider ... ok
[INFO] [stdout] test config::model::network_descriptor::test::ic_by_provider_fail_string ... ok
[INFO] [stdout] test config::model::dfinity::tests::network_can_override_to_ephemeral ... ok
[INFO] [stdout] test config::model::network_descriptor::test::ic_by_netname ... ok
[INFO] [stdout] test config::model::network_descriptor::test::ic_by_netname_fail ... ok
[INFO] [stdout] About for config command. You're looking at the output of parsing test extension.json.
[INFO] [stdout] 
[INFO] [stdout] Usage: config [COMMAND]
[INFO] [stdout] 
[INFO] [stdout] Commands:
[INFO] [stdout]   create    Command line options for creating an SNS configuration.
[INFO] [stdout]   validate  Command line options for validating an SNS configuration.
[INFO] [stdout]   help      Print this message or the help of the given subcommand(s)
[INFO] [stdout] 
[INFO] [stdout] Options:
[INFO] [stdout]   -h, --help
[INFO] [stdout]           Print help
[INFO] [stdout] About for deploy command. You're looking at the output of parsing test extension.json.
[INFO] [stdout] 
[INFO] [stdout] Usage: deploy
[INFO] [stdout] 
[INFO] [stdout] Options:
[INFO] [stdout]   -h, --help
[INFO] [stdout]           Print help
[INFO] [stdout] About for download command. You're looking at the output of parsing test extension.json.
[INFO] [stdout] 
[INFO] [stdout] Usage: download [OPTIONS]
[INFO] [stdout] 
[INFO] [stdout] Options:
[INFO] [stdout]       --ic-commit <ic_commit>
[INFO] [stdout]           IC commit of SNS canister Wasm binaries to download
[INFO] [stdout] 
[INFO] [stdout]       --wasms-dir <wasms_dir>
[INFO] [stdout]           Path to store downloaded SNS canister Wasm binaries
[INFO] [stdout] 
[INFO] [stdout]   -h, --help
[INFO] [stdout]           Print help
[INFO] [stdout] About for import command. You're looking at the output of parsing test extension.json.
[INFO] [stdout] 
[INFO] [stdout] Usage: import [OPTIONS]
[INFO] [stdout] 
[INFO] [stdout] Options:
[INFO] [stdout]       --network-mapping <network_mapping>
[INFO] [stdout]           Networks to import canisters ids for.
[INFO] [stdout]             --network-mapping <network name in both places>
[INFO] [stdout]             --network-mapping <network name here>=<network name in project being imported>
[INFO] [stdout]           Examples:
[INFO] [stdout]             --network-mapping ic
[INFO] [stdout]             --network-mapping ic=mainnet
[INFO] [stdout] 
[INFO] [stdout]   -h, --help
[INFO] [stdout]           Print help
[INFO] [stdout] About for init-canister command. You're looking at the output of parsing test extension.json.
[INFO] [stdout] 
[INFO] [stdout] Usage: init-canister [canister_id]
[INFO] [stdout] 
[INFO] [stdout] Arguments:
[INFO] [stdout]   [canister_id]
[INFO] [stdout]           some arg that accepts multiple values separated by spaces
[INFO] [stdout] 
[INFO] [stdout] Options:
[INFO] [stdout]   -h, --help
[INFO] [stdout]           Print help
[INFO] [stdout] About for init-canisters command. You're looking at the output of parsing test extension.json.
[INFO] [stdout] 
[INFO] [stdout] Usage: init-canisters [canister_ids]...
[INFO] [stdout] 
[INFO] [stdout] Arguments:
[INFO] [stdout]   [canister_ids]...
[INFO] [stdout]           some arg that accepts multiple values separated by spaces
[INFO] [stdout] 
[INFO] [stdout] Options:
[INFO] [stdout]   -h, --help
[INFO] [stdout]           Print help
[INFO] [stdout] About for init-two-canisters command. You're looking at the output of parsing test extension.json.
[INFO] [stdout] 
[INFO] [stdout] Usage: init-two-canisters [canister_ids] [canister_ids]
[INFO] [stdout] 
[INFO] [stdout] Arguments:
[INFO] [stdout]   [canister_ids] [canister_ids]
[INFO] [stdout]           some arg that accepts multiple values separated by spaces
[INFO] [stdout] 
[INFO] [stdout] Options:
[INFO] [stdout]   -h, --help
[INFO] [stdout]           Print help
[INFO] [stdout] About for init-two-or-three-canisters command. You're looking at the output of parsing test extension.json.
[INFO] [stdout] 
[INFO] [stdout] Usage: init-two-or-three-canisters [canister_ids] [canister_ids]...
[INFO] [stdout] 
[INFO] [stdout] Arguments:
[INFO] [stdout]   [canister_ids] [canister_ids]...
[INFO] [stdout]           some arg that accepts multiple values separated by spaces
[INFO] [stdout] 
[INFO] [stdout] Options:
[INFO] [stdout]   -h, --help
[INFO] [stdout]           Print help
[INFO] [stdout] About for install command. You're looking at the output of parsing test extension.json.
[INFO] [stdout] 
[INFO] [stdout] Usage: install [OPTIONS]
[INFO] [stdout] 
[INFO] [stdout] Options:
[INFO] [stdout]       --account <account>
[INFO] [stdout]           some arg that accepts multiple values separated by spaces
[INFO] [stdout] 
[INFO] [stdout]       --accounts [<accounts>...]
[INFO] [stdout]           some arg that accepts multiple values separated by spaces
[INFO] [stdout] 
[INFO] [stdout]       --two-accounts <two-accounts> <two-accounts>
[INFO] [stdout]           some arg that accepts multiple values separated by spaces
[INFO] [stdout] 
[INFO] [stdout]       --two-or-three-accounts <two-or-three-accounts> <two-or-three-accounts>...
[INFO] [stdout]           some arg that accepts multiple values separated by spaces
[INFO] [stdout] 
[INFO] [stdout]   -h, --help
[INFO] [stdout]           Print help
[INFO] [stdout] Usage: sns [COMMAND]
[INFO] [stdout] 
[INFO] [stdout] Commands:
[INFO] [stdout]   config                       About for config command. You're looking at the output of parsing test extension.json.
[INFO] [stdout]   deploy                       About for deploy command. You're looking at the output of parsing test extension.json.
[INFO] [stdout]   download                     About for download command. You're looking at the output of parsing test extension.json.
[INFO] [stdout]   import                       About for import command. You're looking at the output of parsing test extension.json.
[INFO] [stdout]   init-canister                About for init-canister command. You're looking at the output of parsing test extension.json.
[INFO] [stdout]   init-canisters               About for init-canisters command. You're looking at the output of parsing test extension.json.
[INFO] [stdout]   init-two-canisters           About for init-two-canisters command. You're looking at the output of parsing test extension.json.
[INFO] [stdout]   init-two-or-three-canisters  About for init-two-or-three-canisters command. You're looking at the output of parsing test extension.json.
[INFO] [stdout]   install                      About for install command. You're looking at the output of parsing test extension.json.
[INFO] [stdout]   help                         Print this message or the help of the given subcommand(s)
[INFO] [stdout] 
[INFO] [stdout] Options:
[INFO] [stdout]   -h, --help  Print help
[INFO] [stdout] test extension::manifest::extension::tests::test_arg_number_of_values_number_serialization_deserialization ... ok
[INFO] [stdout] test config::model::dfinity::tests::network_defaults_to_persistent ... ok
[INFO] [stdout] test extension::manifest::extension::parse_test_file ... ok
[INFO] [stdout] test config::model::dfinity::tests::tech_stack_category_deterministic_serialization ... ok
[INFO] [stdout] test config::model::network_descriptor::test::ic_by_provider_fail_unique ... ok
[INFO] [stdout] test extension::manifest::extension::tests::test_arg_number_of_values_range_serialization_deserialization ... ok
[INFO] [stdout] test extension::manifest::extension::tests::test_arg_number_of_values_unlimited_serialization_deserialization ... ok
[INFO] [stdout] test extension::manifest::extension::tests::tolerant_to_no_project_templates ... ok
[INFO] [stdout] test extension::manifest::dependencies::parse_test_file ... ok
[INFO] [stdout] test config::model::dfinity::tests::local_can_override_to_persistent ... ok
[INFO] [stdout] test config::model::network_descriptor::test::playground_canister_id ... ok
[INFO] [stdout] test interface::builder::tests::anonymous ... ok
[INFO] [stdout] test interface::builder::tests::default_identity ... ok
[INFO] [stdout] test interface::builder::tests::local_network ... ok
[INFO] [stdout] test interface::builder::tests::named_network ... ok
[INFO] [stdout] test network::provider::tests::addr_and_port_to_url ... ok
[INFO] [stdout] test network::provider::tests::bitcoin_config_on_local_network ... FAILED
[INFO] [stdout] test network::provider::tests::canister_http_config_on_local_network ... FAILED
[INFO] [stdout] test network::provider::tests::config_returns_local_bind_address_if_no_local_network ... ok
[INFO] [stdout] test network::provider::tests::config_returns_local_bind_address_if_no_networks ... ok
[INFO] [stdout] test network::provider::tests::config_with_invalid_local_bind_addr ... ok
[INFO] [stdout] test network::provider::tests::config_with_local_bind_addr ... FAILED
[INFO] [stdout] test network::provider::tests::extra_whitespace_in_webserver_port_is_ok ... ok
[INFO] [stdout] test network::provider::tests::get_bitcoin_config ... FAILED
[INFO] [stdout] test network::provider::tests::get_bitcoin_config_debug_log_level ... FAILED
[INFO] [stdout] test network::provider::tests::get_bitcoin_config_default_log_level ... FAILED
[INFO] [stdout] test network::provider::tests::ignore_empty_webserver_port_file ... ok
[INFO] [stdout] test network::provider::tests::ignore_port_if_not_requested ... ok
[INFO] [stdout] test interface::builder::tests::mainnet ... ok
[INFO] [stdout] test network::provider::tests::ignore_running_webserver_port_if_not_requested ... ok
[INFO] [stdout] test network::provider::tests::ignore_whitespace_only_webserver_port_file ... ok
[INFO] [stdout] test network::provider::tests::replica_config_on_local_network ... FAILED
[INFO] [stdout] test network::provider::tests::replica_config_on_local_network_overrides_default ... FAILED
[INFO] [stdout] test interface::builder::tests::no_config_does_not_create_default_identity ... ok
[INFO] [stdout] test interface::builder::tests::named_network_not_found ... ok
[INFO] [stdout] test network::provider::tests::url_is_url ... ok
[INFO] [stdout] test network::provider::tests::use_default_if_no_webserver_port_file ... ok
[INFO] [stdout] test network::provider::tests::use_port_if_have_file ... ok
[INFO] [stdout] test network::provider::tests::use_running_webserver_address ... ok
[INFO] [stdout] test interface::builder::tests::select_identity_by_name ... ok
[INFO] [stdout] test interface::builder::tests::selected_non_default ... ok
[INFO] [stdout] test interface::builder::tests::try_to_fetch_root_key_on_mainnet ... ok
[INFO] [stdout] test identity::pem_safekeeping::test::decrypt_reverts_encrypt ... ok
[INFO] [stdout] 
[INFO] [stdout] failures:
[INFO] [stdout] 
[INFO] [stdout] ---- network::provider::tests::bitcoin_config_on_local_network stdout ----
[INFO] [stdout] 
[INFO] [stdout] thread 'network::provider::tests::bitcoin_config_on_local_network' (6202) panicked at src/network/provider.rs:895:10:
[INFO] [stdout] called `Result::unwrap()` on an `Err` value: GetTempPath(CreateDirAll(CreateDirAllError { path: ".dfx", source: Os { code: 30, kind: ReadOnlyFilesystem, message: "Read-only file system" } }))
[INFO] [stdout] stack backtrace:
[INFO] [stdout]    0:     0x62c63e4ad0c1 - <<std[617be2ca0a6fd877]::sys::backtrace::BacktraceLock>::print::DisplayBacktrace as core[a373ad73a504971]::fmt::Display>::fmt
[INFO] [stdout]    1:     0x62c63e4c740a - core[a373ad73a504971]::fmt::write
[INFO] [stdout]    2:     0x62c63e4b371c - <alloc[2e1b2a31b91974c5]::vec::Vec<u8> as core[a373ad73a504971]::io::write::Write>::write_fmt
[INFO] [stdout]    3:     0x62c63e483a96 - std[617be2ca0a6fd877]::panicking::default_hook::{closure#0}
[INFO] [stdout]    4:     0x62c63e4a2669 - std[617be2ca0a6fd877]::panicking::default_hook
[INFO] [stdout]    5:     0x62c63ddcd110 - test[aada8e7e76ba119b]::test_main_inner::{closure#0}
[INFO] [stdout]    6:     0x62c63e4a2992 - std[617be2ca0a6fd877]::panicking::panic_with_hook
[INFO] [stdout]    7:     0x62c63e483b42 - std[617be2ca0a6fd877]::panicking::panic_handler::{closure#0}
[INFO] [stdout]    8:     0x62c63e47bdb9 - std[617be2ca0a6fd877]::sys::backtrace::__rust_end_short_backtrace::<std[617be2ca0a6fd877]::panicking::panic_handler::{closure#0}, !>
[INFO] [stdout]    9:     0x62c63e484c7d - __rustc[ea4f61d10b84890b]::rust_begin_unwind
[INFO] [stdout]   10:     0x62c63e4c7bec - core[a373ad73a504971]::panicking::panic_fmt
[INFO] [stdout]   11:     0x62c63e4c79c2 - core[a373ad73a504971]::result::unwrap_failed
[INFO] [stdout]   12:     0x62c63dd5b63a - <dfx_core[a4acafeb034a3d4]::network::provider::tests::bitcoin_config_on_local_network::{closure#0} as core[a373ad73a504971]::ops::function::FnOnce<()>>::call_once
[INFO] [stdout]   13:     0x62c63ddc055b - test[aada8e7e76ba119b]::__rust_begin_short_backtrace::<core[a373ad73a504971]::result::Result<(), alloc[2e1b2a31b91974c5]::string::String>, fn() -> core[a373ad73a504971]::result::Result<(), alloc[2e1b2a31b91974c5]::string::String>>
[INFO] [stdout]   14:     0x62c63ddcd735 - test[aada8e7e76ba119b]::run_test::{closure#0}
[INFO] [stdout]   15:     0x62c63ddc7024 - std[617be2ca0a6fd877]::sys::backtrace::__rust_begin_short_backtrace::<test[aada8e7e76ba119b]::run_test::{closure#1}, ()>
[INFO] [stdout]   16:     0x62c63ddd07c2 - <std[617be2ca0a6fd877]::thread::lifecycle::spawn_unchecked<test[aada8e7e76ba119b]::run_test::{closure#1}, ()>::{closure#1} as core[a373ad73a504971]::ops::function::FnOnce<()>>::call_once::{shim:vtable#0}
[INFO] [stdout]   17:     0x62c63e4abc5f - <std[617be2ca0a6fd877]::sys::thread::unix::Thread>::new::thread_start
[INFO] [stdout]   18:     0x75282d895dfa - <unknown>
[INFO] [stdout]   19:     0x75282d9293d4 - clone
[INFO] [stdout]   20:                0x0 - <unknown>
[INFO] [stdout] 
[INFO] [stdout] ---- network::provider::tests::canister_http_config_on_local_network stdout ----
[INFO] [stdout] 
[INFO] [stdout] thread 'network::provider::tests::canister_http_config_on_local_network' (6203) panicked at src/network/provider.rs:1027:10:
[INFO] [stdout] called `Result::unwrap()` on an `Err` value: GetTempPath(CreateDirAll(CreateDirAllError { path: ".dfx", source: Os { code: 30, kind: ReadOnlyFilesystem, message: "Read-only file system" } }))
[INFO] [stdout] stack backtrace:
[INFO] [stdout]    0:     0x62c63e4ad0c1 - <<std[617be2ca0a6fd877]::sys::backtrace::BacktraceLock>::print::DisplayBacktrace as core[a373ad73a504971]::fmt::Display>::fmt
[INFO] [stdout]    1:     0x62c63e4c740a - core[a373ad73a504971]::fmt::write
[INFO] [stdout]    2:     0x62c63e4b371c - <alloc[2e1b2a31b91974c5]::vec::Vec<u8> as core[a373ad73a504971]::io::write::Write>::write_fmt
[INFO] [stdout]    3:     0x62c63e483a96 - std[617be2ca0a6fd877]::panicking::default_hook::{closure#0}
[INFO] [stdout]    4:     0x62c63e4a2669 - std[617be2ca0a6fd877]::panicking::default_hook
[INFO] [stdout]    5:     0x62c63ddcd110 - test[aada8e7e76ba119b]::test_main_inner::{closure#0}
[INFO] [stdout]    6:     0x62c63e4a2992 - std[617be2ca0a6fd877]::panicking::panic_with_hook
[INFO] [stdout]    7:     0x62c63e483b42 - std[617be2ca0a6fd877]::panicking::panic_handler::{closure#0}
[INFO] [stdout]    8:     0x62c63e47bdb9 - std[617be2ca0a6fd877]::sys::backtrace::__rust_end_short_backtrace::<std[617be2ca0a6fd877]::panicking::panic_handler::{closure#0}, !>
[INFO] [stdout]    9:     0x62c63e484c7d - __rustc[ea4f61d10b84890b]::rust_begin_unwind
[INFO] [stdout]   10:     0x62c63e4c7bec - core[a373ad73a504971]::panicking::panic_fmt
[INFO] [stdout]   11:     0x62c63e4c79c2 - core[a373ad73a504971]::result::unwrap_failed
[INFO] [stdout]   12:     0x62c63dd5d033 - <dfx_core[a4acafeb034a3d4]::network::provider::tests::canister_http_config_on_local_network::{closure#0} as core[a373ad73a504971]::ops::function::FnOnce<()>>::call_once
[INFO] [stdout]   13:     0x62c63ddc055b - test[aada8e7e76ba119b]::__rust_begin_short_backtrace::<core[a373ad73a504971]::result::Result<(), alloc[2e1b2a31b91974c5]::string::String>, fn() -> core[a373ad73a504971]::result::Result<(), alloc[2e1b2a31b91974c5]::string::String>>
[INFO] [stdout]   14:     0x62c63ddcd735 - test[aada8e7e76ba119b]::run_test::{closure#0}
[INFO] [stdout]   15:     0x62c63ddc7024 - std[617be2ca0a6fd877]::sys::backtrace::__rust_begin_short_backtrace::<test[aada8e7e76ba119b]::run_test::{closure#1}, ()>
[INFO] [stdout]   16:     0x62c63ddd07c2 - <std[617be2ca0a6fd877]::thread::lifecycle::spawn_unchecked<test[aada8e7e76ba119b]::run_test::{closure#1}, ()>::{closure#1} as core[a373ad73a504971]::ops::function::FnOnce<()>>::call_once::{shim:vtable#0}
[INFO] [stdout]   17:     0x62c63e4abc5f - <std[617be2ca0a6fd877]::sys::thread::unix::Thread>::new::thread_start
[INFO] [stdout]   18:     0x75282d895dfa - <unknown>
[INFO] [stdout]   19:     0x75282d9293d4 - clone
[INFO] [stdout]   20:                0x0 - <unknown>
[INFO] [stdout] 
[INFO] [stdout] ---- network::provider::tests::config_with_local_bind_addr stdout ----
[INFO] [stdout] 
[INFO] [stdout] thread 'network::provider::tests::config_with_local_bind_addr' (6207) panicked at src/network/provider.rs:655:10:
[INFO] [stdout] called `Result::unwrap()` on an `Err` value: GetTempPath(CreateDirAll(CreateDirAllError { path: ".dfx", source: Os { code: 30, kind: ReadOnlyFilesystem, message: "Read-only file system" } }))
[INFO] [stdout] stack backtrace:
[INFO] [stdout]    0:     0x62c63e4ad0c1 - <<std[617be2ca0a6fd877]::sys::backtrace::BacktraceLock>::print::DisplayBacktrace as core[a373ad73a504971]::fmt::Display>::fmt
[INFO] [stdout]    1:     0x62c63e4c740a - core[a373ad73a504971]::fmt::write
[INFO] [stdout]    2:     0x62c63e4b371c - <alloc[2e1b2a31b91974c5]::vec::Vec<u8> as core[a373ad73a504971]::io::write::Write>::write_fmt
[INFO] [stdout]    3:     0x62c63e483a96 - std[617be2ca0a6fd877]::panicking::default_hook::{closure#0}
[INFO] [stdout]    4:     0x62c63e4a2669 - std[617be2ca0a6fd877]::panicking::default_hook
[INFO] [stdout]    5:     0x62c63ddcd110 - test[aada8e7e76ba119b]::test_main_inner::{closure#0}
[INFO] [stdout]    6:     0x62c63e4a2992 - std[617be2ca0a6fd877]::panicking::panic_with_hook
[INFO] [stdout]    7:     0x62c63e483b42 - std[617be2ca0a6fd877]::panicking::panic_handler::{closure#0}
[INFO] [stdout]    8:     0x62c63e47bdb9 - std[617be2ca0a6fd877]::sys::backtrace::__rust_end_short_backtrace::<std[617be2ca0a6fd877]::panicking::panic_handler::{closure#0}, !>
[INFO] [stdout]    9:     0x62c63e484c7d - __rustc[ea4f61d10b84890b]::rust_begin_unwind
[INFO] [stdout]   10:     0x62c63e4c7bec - core[a373ad73a504971]::panicking::panic_fmt
[INFO] [stdout]   11:     0x62c63e4c79c2 - core[a373ad73a504971]::result::unwrap_failed
[INFO] [stdout]   12:     0x62c63dd5af46 - <dfx_core[a4acafeb034a3d4]::network::provider::tests::config_with_local_bind_addr::{closure#0} as core[a373ad73a504971]::ops::function::FnOnce<()>>::call_once
[INFO] [stdout]   13:     0x62c63ddc055b - test[aada8e7e76ba119b]::__rust_begin_short_backtrace::<core[a373ad73a504971]::result::Result<(), alloc[2e1b2a31b91974c5]::string::String>, fn() -> core[a373ad73a504971]::result::Result<(), alloc[2e1b2a31b91974c5]::string::String>>
[INFO] [stdout]   14:     0x62c63ddcd735 - test[aada8e7e76ba119b]::run_test::{closure#0}
[INFO] [stdout]   15:     0x62c63ddc7024 - std[617be2ca0a6fd877]::sys::backtrace::__rust_begin_short_backtrace::<test[aada8e7e76ba119b]::run_test::{closure#1}, ()>
[INFO] [stdout]   16:     0x62c63ddd07c2 - <std[617be2ca0a6fd877]::thread::lifecycle::spawn_unchecked<test[aada8e7e76ba119b]::run_test::{closure#1}, ()>::{closure#1} as core[a373ad73a504971]::ops::function::FnOnce<()>>::call_once::{shim:vtable#0}
[INFO] [stdout]   17:     0x62c63e4abc5f - <std[617be2ca0a6fd877]::sys::thread::unix::Thread>::new::thread_start
[INFO] [stdout]   18:     0x75282d895dfa - <unknown>
[INFO] [stdout]   19:     0x75282d9293d4 - clone
[INFO] [stdout]   20:                0x0 - <unknown>
[INFO] [stdout] 
[INFO] [stdout] ---- network::provider::tests::get_bitcoin_config stdout ----
[INFO] [stdout] 
[INFO] [stdout] thread 'network::provider::tests::get_bitcoin_config' (6209) panicked at src/network/provider.rs:768:10:
[INFO] [stdout] called `Result::unwrap()` on an `Err` value: GetTempPath(CreateDirAll(CreateDirAllError { path: ".dfx", source: Os { code: 30, kind: ReadOnlyFilesystem, message: "Read-only file system" } }))
[INFO] [stdout] stack backtrace:
[INFO] [stdout]    0:     0x62c63e4ad0c1 - <<std[617be2ca0a6fd877]::sys::backtrace::BacktraceLock>::print::DisplayBacktrace as core[a373ad73a504971]::fmt::Display>::fmt
[INFO] [stdout]    1:     0x62c63e4c740a - core[a373ad73a504971]::fmt::write
[INFO] [stdout]    2:     0x62c63e4b371c - <alloc[2e1b2a31b91974c5]::vec::Vec<u8> as core[a373ad73a504971]::io::write::Write>::write_fmt
[INFO] [stdout]    3:     0x62c63e483a96 - std[617be2ca0a6fd877]::panicking::default_hook::{closure#0}
[INFO] [stdout]    4:     0x62c63e4a2669 - std[617be2ca0a6fd877]::panicking::default_hook
[INFO] [stdout]    5:     0x62c63ddcd110 - test[aada8e7e76ba119b]::test_main_inner::{closure#0}
[INFO] [stdout]    6:     0x62c63e4a2992 - std[617be2ca0a6fd877]::panicking::panic_with_hook
[INFO] [stdout]    7:     0x62c63e483b42 - std[617be2ca0a6fd877]::panicking::panic_handler::{closure#0}
[INFO] [stdout]    8:     0x62c63e47bdb9 - std[617be2ca0a6fd877]::sys::backtrace::__rust_end_short_backtrace::<std[617be2ca0a6fd877]::panicking::panic_handler::{closure#0}, !>
[INFO] [stdout]    9:     0x62c63e484c7d - __rustc[ea4f61d10b84890b]::rust_begin_unwind
[INFO] [stdout]   10:     0x62c63e4c7bec - core[a373ad73a504971]::panicking::panic_fmt
[INFO] [stdout]   11:     0x62c63e4c79c2 - core[a373ad73a504971]::result::unwrap_failed
[INFO] [stdout]   12:     0x62c63dd5a7ba - <dfx_core[a4acafeb034a3d4]::network::provider::tests::get_bitcoin_config::{closure#0} as core[a373ad73a504971]::ops::function::FnOnce<()>>::call_once
[INFO] [stdout]   13:     0x62c63ddc055b - test[aada8e7e76ba119b]::__rust_begin_short_backtrace::<core[a373ad73a504971]::result::Result<(), alloc[2e1b2a31b91974c5]::string::String>, fn() -> core[a373ad73a504971]::result::Result<(), alloc[2e1b2a31b91974c5]::string::String>>
[INFO] [stdout]   14:     0x62c63ddcd735 - test[aada8e7e76ba119b]::run_test::{closure#0}
[INFO] [stdout]   15:     0x62c63ddc7024 - std[617be2ca0a6fd877]::sys::backtrace::__rust_begin_short_backtrace::<test[aada8e7e76ba119b]::run_test::{closure#1}, ()>
[INFO] [stdout]   16:     0x62c63ddd07c2 - <std[617be2ca0a6fd877]::thread::lifecycle::spawn_unchecked<test[aada8e7e76ba119b]::run_test::{closure#1}, ()>::{closure#1} as core[a373ad73a504971]::ops::function::FnOnce<()>>::call_once::{shim:vtable#0}
[INFO] [stdout]   17:     0x62c63e4abc5f - <std[617be2ca0a6fd877]::sys::thread::unix::Thread>::new::thread_start
[INFO] [stdout]   18:     0x75282d895dfa - <unknown>
[INFO] [stdout]   19:     0x75282d9293d4 - clone
[INFO] [stdout]   20:                0x0 - <unknown>
[INFO] [stdout] 
[INFO] [stdout] ---- network::provider::tests::get_bitcoin_config_debug_log_level stdout ----
[INFO] [stdout] 
[INFO] [stdout] thread 'network::provider::tests::get_bitcoin_config_debug_log_level' (6210) panicked at src/network/provider.rs:854:10:
[INFO] [stdout] called `Result::unwrap()` on an `Err` value: GetTempPath(CreateDirAll(CreateDirAllError { path: ".dfx", source: Os { code: 30, kind: ReadOnlyFilesystem, message: "Read-only file system" } }))
[INFO] [stdout] stack backtrace:
[INFO] [stdout]    0:     0x62c63e4ad0c1 - <<std[617be2ca0a6fd877]::sys::backtrace::BacktraceLock>::print::DisplayBacktrace as core[a373ad73a504971]::fmt::Display>::fmt
[INFO] [stdout]    1:     0x62c63e4c740a - core[a373ad73a504971]::fmt::write
[INFO] [stdout]    2:     0x62c63e4b371c - <alloc[2e1b2a31b91974c5]::vec::Vec<u8> as core[a373ad73a504971]::io::write::Write>::write_fmt
[INFO] [stdout]    3:     0x62c63e483a96 - std[617be2ca0a6fd877]::panicking::default_hook::{closure#0}
[INFO] [stdout]    4:     0x62c63e4a2669 - std[617be2ca0a6fd877]::panicking::default_hook
[INFO] [stdout]    5:     0x62c63ddcd110 - test[aada8e7e76ba119b]::test_main_inner::{closure#0}
[INFO] [stdout]    6:     0x62c63e4a2992 - std[617be2ca0a6fd877]::panicking::panic_with_hook
[INFO] [stdout]    7:     0x62c63e483b42 - std[617be2ca0a6fd877]::panicking::panic_handler::{closure#0}
[INFO] [stdout]    8:     0x62c63e47bdb9 - std[617be2ca0a6fd877]::sys::backtrace::__rust_end_short_backtrace::<std[617be2ca0a6fd877]::panicking::panic_handler::{closure#0}, !>
[INFO] [stdout]    9:     0x62c63e484c7d - __rustc[ea4f61d10b84890b]::rust_begin_unwind
[INFO] [stdout]   10:     0x62c63e4c7bec - core[a373ad73a504971]::panicking::panic_fmt
[INFO] [stdout]   11:     0x62c63e4c79c2 - core[a373ad73a504971]::result::unwrap_failed
[INFO] [stdout]   12:     0x62c63dd5c127 - <dfx_core[a4acafeb034a3d4]::network::provider::tests::get_bitcoin_config_debug_log_level::{closure#0} as core[a373ad73a504971]::ops::function::FnOnce<()>>::call_once
[INFO] [stdout]   13:     0x62c63ddc055b - test[aada8e7e76ba119b]::__rust_begin_short_backtrace::<core[a373ad73a504971]::result::Result<(), alloc[2e1b2a31b91974c5]::string::String>, fn() -> core[a373ad73a504971]::result::Result<(), alloc[2e1b2a31b91974c5]::string::String>>
[INFO] [stdout]   14:     0x62c63ddcd735 - test[aada8e7e76ba119b]::run_test::{closure#0}
[INFO] [stdout]   15:     0x62c63ddc7024 - std[617be2ca0a6fd877]::sys::backtrace::__rust_begin_short_backtrace::<test[aada8e7e76ba119b]::run_test::{closure#1}, ()>
[INFO] [stdout]   16:     0x62c63ddd07c2 - <std[617be2ca0a6fd877]::thread::lifecycle::spawn_unchecked<test[aada8e7e76ba119b]::run_test::{closure#1}, ()>::{closure#1} as core[a373ad73a504971]::ops::function::FnOnce<()>>::call_once::{shim:vtable#0}
[INFO] [stdout]   17:     0x62c63e4abc5f - <std[617be2ca0a6fd877]::sys::thread::unix::Thread>::new::thread_start
[INFO] [stdout]   18:     0x75282d895dfa - <unknown>
[INFO] [stdout]   19:     0x75282d9293d4 - clone
[INFO] [stdout]   20:                0x0 - <unknown>
[INFO] [stdout] 
[INFO] [stdout] ---- network::provider::tests::get_bitcoin_config_default_log_level stdout ----
[INFO] [stdout] 
[INFO] [stdout] thread 'network::provider::tests::get_bitcoin_config_default_log_level' (6211) panicked at src/network/provider.rs:811:10:
[INFO] [stdout] called `Result::unwrap()` on an `Err` value: GetTempPath(CreateDirAll(CreateDirAllError { path: ".dfx", source: Os { code: 30, kind: ReadOnlyFilesystem, message: "Read-only file system" } }))
[INFO] [stdout] stack backtrace:
[INFO] [stdout]    0:     0x62c63e4ad0c1 - <<std[617be2ca0a6fd877]::sys::backtrace::BacktraceLock>::print::DisplayBacktrace as core[a373ad73a504971]::fmt::Display>::fmt
[INFO] [stdout]    1:     0x62c63e4c740a - core[a373ad73a504971]::fmt::write
[INFO] [stdout]    2:     0x62c63e4b371c - <alloc[2e1b2a31b91974c5]::vec::Vec<u8> as core[a373ad73a504971]::io::write::Write>::write_fmt
[INFO] [stdout]    3:     0x62c63e483a96 - std[617be2ca0a6fd877]::panicking::default_hook::{closure#0}
[INFO] [stdout]    4:     0x62c63e4a2669 - std[617be2ca0a6fd877]::panicking::default_hook
[INFO] [stdout]    5:     0x62c63ddcd110 - test[aada8e7e76ba119b]::test_main_inner::{closure#0}
[INFO] [stdout]    6:     0x62c63e4a2992 - std[617be2ca0a6fd877]::panicking::panic_with_hook
[INFO] [stdout]    7:     0x62c63e483b42 - std[617be2ca0a6fd877]::panicking::panic_handler::{closure#0}
[INFO] [stdout]    8:     0x62c63e47bdb9 - std[617be2ca0a6fd877]::sys::backtrace::__rust_end_short_backtrace::<std[617be2ca0a6fd877]::panicking::panic_handler::{closure#0}, !>
[INFO] [stdout]    9:     0x62c63e484c7d - __rustc[ea4f61d10b84890b]::rust_begin_unwind
[INFO] [stdout]   10:     0x62c63e4c7bec - core[a373ad73a504971]::panicking::panic_fmt
[INFO] [stdout]   11:     0x62c63e4c79c2 - core[a373ad73a504971]::result::unwrap_failed
[INFO] [stdout]   12:     0x62c63dd5caea - <dfx_core[a4acafeb034a3d4]::network::provider::tests::get_bitcoin_config_default_log_level::{closure#0} as core[a373ad73a504971]::ops::function::FnOnce<()>>::call_once
[INFO] [stdout]   13:     0x62c63ddc055b - test[aada8e7e76ba119b]::__rust_begin_short_backtrace::<core[a373ad73a504971]::result::Result<(), alloc[2e1b2a31b91974c5]::string::String>, fn() -> core[a373ad73a504971]::result::Result<(), alloc[2e1b2a31b91974c5]::string::String>>
[INFO] [stdout]   14:     0x62c63ddcd735 - test[aada8e7e76ba119b]::run_test::{closure#0}
[INFO] [stdout]   15:     0x62c63ddc7024 - std[617be2ca0a6fd877]::sys::backtrace::__rust_begin_short_backtrace::<test[aada8e7e76ba119b]::run_test::{closure#1}, ()>
[INFO] [stdout]   16:     0x62c63ddd07c2 - <std[617be2ca0a6fd877]::thread::lifecycle::spawn_unchecked<test[aada8e7e76ba119b]::run_test::{closure#1}, ()>::{closure#1} as core[a373ad73a504971]::ops::function::FnOnce<()>>::call_once::{shim:vtable#0}
[INFO] [stdout]   17:     0x62c63e4abc5f - <std[617be2ca0a6fd877]::sys::thread::unix::Thread>::new::thread_start
[INFO] [stdout]   18:     0x75282d895dfa - <unknown>
[INFO] [stdout]   19:     0x75282d9293d4 - clone
[INFO] [stdout]   20:                0x0 - <unknown>
[INFO] [stdout] 
[INFO] [stdout] ---- network::provider::tests::replica_config_on_local_network stdout ----
[INFO] [stdout] 
[INFO] [stdout] thread 'network::provider::tests::replica_config_on_local_network' (6216) panicked at src/network/provider.rs:937:10:
[INFO] [stdout] called `Result::unwrap()` on an `Err` value: GetTempPath(CreateDirAll(CreateDirAllError { path: ".dfx", source: Os { code: 30, kind: ReadOnlyFilesystem, message: "Read-only file system" } }))
[INFO] [stdout] stack backtrace:
[INFO] [stdout]    0:     0x62c63e4ad0c1 - <<std[617be2ca0a6fd877]::sys::backtrace::BacktraceLock>::print::DisplayBacktrace as core[a373ad73a504971]::fmt::Display>::fmt
[INFO] [stdout]    1:     0x62c63e4c740a - core[a373ad73a504971]::fmt::write
[INFO] [stdout]    2:     0x62c63e4b371c - <alloc[2e1b2a31b91974c5]::vec::Vec<u8> as core[a373ad73a504971]::io::write::Write>::write_fmt
[INFO] [stdout]    3:     0x62c63e483a96 - std[617be2ca0a6fd877]::panicking::default_hook::{closure#0}
[INFO] [stdout]    4:     0x62c63e4a2669 - std[617be2ca0a6fd877]::panicking::default_hook
[INFO] [stdout]    5:     0x62c63ddcd110 - test[aada8e7e76ba119b]::test_main_inner::{closure#0}
[INFO] [stdout]    6:     0x62c63e4a2992 - std[617be2ca0a6fd877]::panicking::panic_with_hook
[INFO] [stdout]    7:     0x62c63e483b42 - std[617be2ca0a6fd877]::panicking::panic_handler::{closure#0}
[INFO] [stdout]    8:     0x62c63e47bdb9 - std[617be2ca0a6fd877]::sys::backtrace::__rust_end_short_backtrace::<std[617be2ca0a6fd877]::panicking::panic_handler::{closure#0}, !>
[INFO] [stdout]    9:     0x62c63e484c7d - __rustc[ea4f61d10b84890b]::rust_begin_unwind
[INFO] [stdout]   10:     0x62c63e4c7bec - core[a373ad73a504971]::panicking::panic_fmt
[INFO] [stdout]   11:     0x62c63e4c79c2 - core[a373ad73a504971]::result::unwrap_failed
[INFO] [stdout]   12:     0x62c63dd5bbe9 - <dfx_core[a4acafeb034a3d4]::network::provider::tests::replica_config_on_local_network::{closure#0} as core[a373ad73a504971]::ops::function::FnOnce<()>>::call_once
[INFO] [stdout]   13:     0x62c63ddc055b - test[aada8e7e76ba119b]::__rust_begin_short_backtrace::<core[a373ad73a504971]::result::Result<(), alloc[2e1b2a31b91974c5]::string::String>, fn() -> core[a373ad73a504971]::result::Result<(), alloc[2e1b2a31b91974c5]::string::String>>
[INFO] [stdout]   14:     0x62c63ddcd735 - test[aada8e7e76ba119b]::run_test::{closure#0}
[INFO] [stdout]   15:     0x62c63ddc7024 - std[617be2ca0a6fd877]::sys::backtrace::__rust_begin_short_backtrace::<test[aada8e7e76ba119b]::run_test::{closure#1}, ()>
[INFO] [stdout]   16:     0x62c63ddd07c2 - <std[617be2ca0a6fd877]::thread::lifecycle::spawn_unchecked<test[aada8e7e76ba119b]::run_test::{closure#1}, ()>::{closure#1} as core[a373ad73a504971]::ops::function::FnOnce<()>>::call_once::{shim:vtable#0}
[INFO] [stdout]   17:     0x62c63e4abc5f - <std[617be2ca0a6fd877]::sys::thread::unix::Thread>::new::thread_start
[INFO] [stdout]   18:     0x75282d895dfa - <unknown>
[INFO] [stdout]   19:     0x75282d9293d4 - clone
[INFO] [stdout]   20:                0x0 - <unknown>
[INFO] [stdout] 
[INFO] [stdout] ---- network::provider::tests::replica_config_on_local_network_overrides_default stdout ----
[INFO] [stdout] 
[INFO] [stdout] thread 'network::provider::tests::replica_config_on_local_network_overrides_default' (6217) panicked at src/network/provider.rs:984:10:
[INFO] [stdout] called `Result::unwrap()` on an `Err` value: GetTempPath(CreateDirAll(CreateDirAllError { path: ".dfx", source: Os { code: 30, kind: ReadOnlyFilesystem, message: "Read-only file system" } }))
[INFO] [stdout] stack backtrace:
[INFO] [stdout]    0:     0x62c63e4ad0c1 - <<std[617be2ca0a6fd877]::sys::backtrace::BacktraceLock>::print::DisplayBacktrace as core[a373ad73a504971]::fmt::Display>::fmt
[INFO] [stdout]    1:     0x62c63e4c740a - core[a373ad73a504971]::fmt::write
[INFO] [stdout]    2:     0x62c63e4b371c - <alloc[2e1b2a31b91974c5]::vec::Vec<u8> as core[a373ad73a504971]::io::write::Write>::write_fmt
[INFO] [stdout]    3:     0x62c63e483a96 - std[617be2ca0a6fd877]::panicking::default_hook::{closure#0}
[INFO] [stdout]    4:     0x62c63e4a2669 - std[617be2ca0a6fd877]::panicking::default_hook
[INFO] [stdout]    5:     0x62c63ddcd110 - test[aada8e7e76ba119b]::test_main_inner::{closure#0}
[INFO] [stdout]    6:     0x62c63e4a2992 - std[617be2ca0a6fd877]::panicking::panic_with_hook
[INFO] [stdout]    7:     0x62c63e483b42 - std[617be2ca0a6fd877]::panicking::panic_handler::{closure#0}
[INFO] [stdout]    8:     0x62c63e47bdb9 - std[617be2ca0a6fd877]::sys::backtrace::__rust_end_short_backtrace::<std[617be2ca0a6fd877]::panicking::panic_handler::{closure#0}, !>
[INFO] [stdout]    9:     0x62c63e484c7d - __rustc[ea4f61d10b84890b]::rust_begin_unwind
[INFO] [stdout]   10:     0x62c63e4c7bec - core[a373ad73a504971]::panicking::panic_fmt
[INFO] [stdout]   11:     0x62c63e4c79c2 - core[a373ad73a504971]::result::unwrap_failed
[INFO] [stdout]   12:     0x62c63dd5da98 - <dfx_core[a4acafeb034a3d4]::network::provider::tests::replica_config_on_local_network_overrides_default::{closure#0} as core[a373ad73a504971]::ops::function::FnOnce<()>>::call_once
[INFO] [stdout]   13:     0x62c63ddc055b - test[aada8e7e76ba119b]::__rust_begin_short_backtrace::<core[a373ad73a504971]::result::Result<(), alloc[2e1b2a31b91974c5]::string::String>, fn() -> core[a373ad73a504971]::result::Result<(), alloc[2e1b2a31b91974c5]::string::String>>
[INFO] [stdout]   14:     0x62c63ddcd735 - test[aada8e7e76ba119b]::run_test::{closure#0}
[INFO] [stdout]   15:     0x62c63ddc7024 - std[617be2ca0a6fd877]::sys::backtrace::__rust_begin_short_backtrace::<test[aada8e7e76ba119b]::run_test::{closure#1}, ()>
[INFO] [stdout]   16:     0x62c63ddd07c2 - <std[617be2ca0a6fd877]::thread::lifecycle::spawn_unchecked<test[aada8e7e76ba119b]::run_test::{closure#1}, ()>::{closure#1} as core[a373ad73a504971]::ops::function::FnOnce<()>>::call_once::{shim:vtable#0}
[INFO] [stdout]   17:     0x62c63e4abc5f - <std[617be2ca0a6fd877]::sys::thread::unix::Thread>::new::thread_start
[INFO] [stdout]   18:     0x75282d895dfa - <unknown>
[INFO] [stdout]   19:     0x75282d9293d4 - clone
[INFO] [stdout]   20:                0x0 - <unknown>
[INFO] [stdout] 
[INFO] [stdout] 
[INFO] [stdout] failures:
[INFO] [stdout]     network::provider::tests::bitcoin_config_on_local_network
[INFO] [stdout]     network::provider::tests::canister_http_config_on_local_network
[INFO] [stdout]     network::provider::tests::config_with_local_bind_addr
[INFO] [stdout]     network::provider::tests::get_bitcoin_config
[INFO] [stdout]     network::provider::tests::get_bitcoin_config_debug_log_level
[INFO] [stdout]     network::provider::tests::get_bitcoin_config_default_log_level
[INFO] [stdout]     network::provider::tests::replica_config_on_local_network
[INFO] [stdout]     network::provider::tests::replica_config_on_local_network_overrides_default
[INFO] [stdout] 
[INFO] [stdout] test result: FAILED. 45 passed; 8 failed; 0 ignored; 0 measured; 0 filtered out; finished in 50.37s
[INFO] [stdout] 
[INFO] [stderr] error: test failed, to rerun pass `--lib`
[INFO] running `Command { std: "docker" "inspect" "5cfc511c9a6d43372b50aca4eac763420222e84ae01a9f466a044605dffdf0b0", kill_on_drop: false }`
[INFO] running `Command { std: "docker" "rm" "-f" "5cfc511c9a6d43372b50aca4eac763420222e84ae01a9f466a044605dffdf0b0", kill_on_drop: false }`
[INFO] [stdout] 5cfc511c9a6d43372b50aca4eac763420222e84ae01a9f466a044605dffdf0b0
