[INFO] fetching crate depdive 0.1.0...
[INFO] testing depdive-0.1.0 against 1.100.0-beta.1+cargoflags=--release for beta-release-1.100-2
[INFO] extracting crate depdive 0.1.0 into /workspace/builds/worker-6-tc2/source
[INFO] started tweaking crates.io crate depdive 0.1.0
[INFO] finished tweaking crates.io crate depdive 0.1.0
[INFO] tweaked toml for crates.io crate depdive 0.1.0 written to /workspace/builds/worker-6-tc2/source/Cargo.toml
[INFO] validating manifest of crates.io crate depdive 0.1.0 on toolchain 1.100.0-beta.1
[INFO] running `Command { std: CARGO_HOME="/workspace/cargo-home" RUSTUP_HOME="/workspace/rustup-home" "/workspace/cargo-home/bin/cargo" "+1.100.0-beta.1" "metadata" "--manifest-path" "Cargo.toml" "--no-deps", kill_on_drop: false }`
[INFO] crate crates.io crate depdive 0.1.0 already has a lockfile, it will not be regenerated
[INFO] running `Command { std: CARGO_HOME="/workspace/cargo-home" RUSTUP_HOME="/workspace/rustup-home" "/workspace/cargo-home/bin/cargo" "+1.100.0-beta.1" "fetch" "--manifest-path" "Cargo.toml", kill_on_drop: false }`
[INFO] running `Command { std: "docker" "create" "-v" "/var/lib/crater-agent-workspace/builds/worker-6-tc2/source:/opt/rustwide/workdir:ro,Z" "-v" "/var/lib/crater-agent-workspace/builds/worker-6-tc2/target:/opt/rustwide/target:rw,Z" "-v" "/var/lib/crater-agent-workspace/cargo-home:/opt/rustwide/cargo-home:ro,Z" "-v" "/var/lib/crater-agent-workspace/rustup-home:/opt/rustwide/rustup-home:ro,Z" "-m" "1610612736" "--network" "none" "ghcr.io/rust-lang/crates-build-env/linux@sha256:77db811e55d90add9212f6832c23229e3de5f1c1f9905e8cb07319ea15df73ac" "sleep" "infinity", kill_on_drop: false }`
[INFO] [stdout] f82a58e43bb18bd91064bf0711c108eb0d85c31b2abeb19f567cbec15a8380f6
[INFO] running `Command { std: "docker" "start" "f82a58e43bb18bd91064bf0711c108eb0d85c31b2abeb19f567cbec15a8380f6", kill_on_drop: false }`
[INFO] running `Command { std: "docker" "inspect" "f82a58e43bb18bd91064bf0711c108eb0d85c31b2abeb19f567cbec15a8380f6", kill_on_drop: false }`
[INFO] running `Command { std: "docker" "exec" "-e" "SOURCE_DIR=/opt/rustwide/workdir" "-e" "CARGO_HOME=/opt/rustwide/cargo-home" "-e" "RUSTUP_HOME=/opt/rustwide/rustup-home" "-e" "CARGO_TARGET_DIR=/opt/rustwide/target" "-w" "/opt/rustwide/workdir" "--user" "0:0" "f82a58e43bb18bd91064bf0711c108eb0d85c31b2abeb19f567cbec15a8380f6" "/opt/rustwide/cargo-home/bin/cargo" "+1.100.0-beta.1" "metadata" "--no-deps" "--format-version=1", kill_on_drop: false }`
[INFO] running `Command { std: "docker" "inspect" "f82a58e43bb18bd91064bf0711c108eb0d85c31b2abeb19f567cbec15a8380f6", kill_on_drop: false }`
[INFO] running `Command { std: "docker" "exec" "-e" "SOURCE_DIR=/opt/rustwide/workdir" "-e" "CARGO_HOME=/opt/rustwide/cargo-home" "-e" "RUSTUP_HOME=/opt/rustwide/rustup-home" "-e" "CARGO_TARGET_DIR=/opt/rustwide/target" "-e" "CARGO_INCREMENTAL=0" "-e" "RUST_BACKTRACE=full" "-e" "RUSTFLAGS=--cap-lints=warn" "-e" "RUSTDOCFLAGS=--cap-lints=warn" "-w" "/opt/rustwide/workdir" "--user" "0:0" "f82a58e43bb18bd91064bf0711c108eb0d85c31b2abeb19f567cbec15a8380f6" "/opt/rustwide/cargo-home/bin/cargo" "+1.100.0-beta.1" "build" "--frozen" "--message-format=json" "--release", kill_on_drop: false }`
[INFO] [stderr]    Compiling libc v0.2.99
[INFO] [stderr]    Compiling autocfg v1.0.1
[INFO] [stderr]    Compiling proc-macro2 v1.0.28
[INFO] [stderr]    Compiling syn v1.0.74
[INFO] [stderr]    Compiling unicode-xid v0.2.2
[INFO] [stderr]    Compiling cfg-if v1.0.0
[INFO] [stderr]    Compiling memchr v2.4.0
[INFO] [stderr]    Compiling serde_derive v1.0.127
[INFO] [stderr]    Compiling serde v1.0.127
[INFO] [stderr]    Compiling log v0.4.14
[INFO] [stderr]    Compiling pkg-config v0.3.19
[INFO] [stderr]    Compiling bitflags v1.2.1
[INFO] [stderr]    Compiling ryu v1.0.5
[INFO] [stderr]    Compiling crossbeam-utils v0.8.5
[INFO] [stderr]    Compiling lazy_static v1.4.0
[INFO] [stderr]    Compiling itoa v0.4.7
[INFO] [stderr]    Compiling serde_json v1.0.66
[INFO] [stderr]    Compiling pin-project-lite v0.2.7
[INFO] [stderr]    Compiling matches v0.1.8
[INFO] [stderr]    Compiling regex-syntax v0.6.25
[INFO] [stderr]    Compiling tinyvec_macros v0.1.0
[INFO] [stderr]    Compiling futures-core v0.3.16
[INFO] [stderr]    Compiling proc-macro-hack v0.5.19
[INFO] [stderr]    Compiling tinyvec v1.3.1
[INFO] [stderr]    Compiling percent-encoding v2.1.0
[INFO] [stderr]    Compiling num-traits v0.2.14
[INFO] [stderr]    Compiling num-integer v0.1.44
[INFO] [stderr]    Compiling futures-macro v0.3.16
[INFO] [stderr]    Compiling unicode-bidi v0.3.5
[INFO] [stderr]    Compiling futures-sink v0.3.16
[INFO] [stderr]    Compiling bytes v1.0.1
[INFO] [stderr]    Compiling form_urlencoded v1.0.1
[INFO] [stderr]    Compiling futures-task v0.3.16
[INFO] [stderr]    Compiling fnv v1.0.7
[INFO] [stderr]    Compiling futures-channel v0.3.16
[INFO] [stderr]    Compiling once_cell v1.8.0
[INFO] [stderr]    Compiling proc-macro-nested v0.1.7
[INFO] [stderr]    Compiling indexmap v1.7.0
[INFO] [stderr]    Compiling tokio v1.9.0
[INFO] [stderr]    Compiling futures-util v0.3.16
[INFO] [stderr]    Compiling num_cpus v1.13.0
[INFO] [stderr]    Compiling aho-corasick v0.7.18
[INFO] [stderr]    Compiling mio v0.7.13
[INFO] [stderr]    Compiling quote v1.0.9
[INFO] [stderr]    Compiling futures-io v0.3.16
[INFO] [stderr]    Compiling openssl-probe v0.1.4
[INFO] [stderr]    Compiling hashbrown v0.11.2
[INFO] [stderr]    Compiling ucd-trie v0.1.3
[INFO] [stderr]    Compiling jobserver v0.1.23
[INFO] [stderr]    Compiling version_check v0.9.3
[INFO] [stderr]    Compiling slab v0.4.4
[INFO] [stderr]    Compiling pest v2.1.3
[INFO] [stderr]    Compiling cc v1.0.69
[INFO] [stderr]    Compiling getrandom v0.2.3
[INFO] [stderr]    Compiling bstr v0.2.16
[INFO] [stderr]    Compiling memoffset v0.6.4
[INFO] [stderr]    Compiling openssl v0.10.35
[INFO] [stderr]    Compiling unicode-normalization v0.1.19
[INFO] [stderr]    Compiling either v1.6.1
[INFO] [stderr]    Compiling unic-common v0.9.0
[INFO] [stderr]    Compiling encoding_rs v0.8.28
[INFO] [stderr]    Compiling scopeguard v1.1.0
[INFO] [stderr]    Compiling maplit v1.0.2
[INFO] [stderr]    Compiling unic-char-range v0.9.0
[INFO] [stderr]    Compiling thread_local v1.1.3
[INFO] [stderr]    Compiling unic-char-property v0.9.0
[INFO] [stderr]    Compiling semver-parser v0.10.2
[INFO] [stderr]    Compiling regex v1.5.4
[INFO] [stderr]    Compiling walkdir v2.3.2
[INFO] [stderr]    Compiling unic-ucd-version v0.9.0
[INFO] [stderr]    Compiling rand_core v0.6.3
[INFO] [stderr]    Compiling http v0.2.4
[INFO] [stderr]    Compiling pest_meta v2.1.3
[INFO] [stderr]    Compiling time v0.1.43
[INFO] [stderr]    Compiling tracing-core v0.1.18
[INFO] [stderr]    Compiling httparse v1.4.1
[INFO] [stderr]    Compiling native-tls v0.2.8
[INFO] [stderr]    Compiling openssl-sys v0.9.65
[INFO] [stderr]    Compiling libz-sys v1.1.3
[INFO] [stderr]    Compiling libssh2-sys v0.2.21
[INFO] [stderr]    Compiling ppv-lite86 v0.2.10
[INFO] [stderr]    Compiling smallvec v1.6.1
[INFO] [stderr]    Compiling crossbeam-epoch v0.9.5
[INFO] [stderr]    Compiling libgit2-sys v0.12.21+1.1.0
[INFO] [stderr]    Compiling rand_chacha v0.3.1
[INFO] [stderr]    Compiling unic-ucd-segment v0.9.0
[INFO] [stderr]    Compiling proc-macro-error-attr v1.0.4
[INFO] [stderr]    Compiling semver v1.0.4
[INFO] [stderr]    Compiling idna v0.2.3
[INFO] [stderr]    Compiling deunicode v0.4.3
[INFO] [stderr]    Compiling rayon-core v1.9.1
[INFO] [stderr]    Compiling try-lock v0.2.3
[INFO] [stderr]    Compiling camino v1.0.5
[INFO] [stderr]    Compiling slug v0.1.4
[INFO] [stderr]    Compiling want v0.3.0
[INFO] [stderr]    Compiling unic-segment v0.9.0
[INFO] [stderr]    Compiling rand v0.8.4
[INFO] [stderr]    Compiling proc-macro-error v1.0.4
[INFO] [stderr]    Compiling parse-zoneinfo v0.3.0
[INFO] [stderr]    Compiling globset v0.4.8
[INFO] [stderr]    Compiling atty v0.2.14
[INFO] [stderr]    Compiling pest_generator v2.1.3
[INFO] [stderr]    Compiling ignore v0.4.18
[INFO] [stderr]    Compiling socket2 v0.4.1
[INFO] [stderr]    Compiling httpdate v1.0.1
[INFO] [stderr]    Compiling tower-service v0.3.1
[INFO] [stderr]    Compiling http-body v0.4.3
[INFO] [stderr]    Compiling chrono-tz v0.5.3
[INFO] [stderr]    Compiling unicode-width v0.1.8
[INFO] [stderr]    Compiling humansize v1.1.1
[INFO] [stderr]    Compiling arrayvec v0.4.12
[INFO] [stderr]    Compiling globwalk v0.8.1
[INFO] [stderr]    Compiling humantime v2.1.0
[INFO] [stderr]    Compiling textwrap v0.11.0
[INFO] [stderr]    Compiling crossbeam-deque v0.8.1
[INFO] [stderr]    Compiling crossbeam-channel v0.5.1
[INFO] [stderr]    Compiling tokio-util v0.6.7
[INFO] [stderr]    Compiling itertools v0.8.2
[INFO] [stderr]    Compiling tokio-native-tls v0.3.0
[INFO] [stderr]    Compiling miniz_oxide v0.4.4
[INFO] [stderr]    Compiling rayon v1.5.1
[INFO] [stderr]    Compiling instant v0.1.10
[INFO] [stderr]    Compiling strsim v0.8.0
[INFO] [stderr]    Compiling unicode-segmentation v1.8.0
[INFO] [stderr]    Compiling platforms v1.1.0
[INFO] [stderr]    Compiling ansi_term v0.11.0
[INFO] [stderr]    Compiling nodrop v0.1.14
[INFO] [stderr]    Compiling crc32fast v1.2.1
[INFO] [stderr]    Compiling vec_map v0.8.2
[INFO] [stderr]    Compiling target-spec v0.7.0
[INFO] [stderr]    Compiling clap v2.33.3
[INFO] [stderr]    Compiling tracing-attributes v0.1.15
[INFO] [stderr]    Compiling pest_derive v2.1.0
[INFO] [stderr]    Compiling heck v0.3.3
[INFO] [stderr]    Compiling diffus v0.9.1
[INFO] [stderr]    Compiling thiserror-impl v1.0.26
[INFO] [stderr]    Compiling parking_lot_core v0.8.3
[INFO] [stderr]    Compiling tracing v0.1.26
[INFO] [stderr]    Compiling encoding_rs_io v0.1.7
[INFO] [stderr]    Compiling cfg-expr v0.7.4
[INFO] [stderr]    Compiling lock_api v0.4.4
[INFO] [stderr]    Compiling grep-matcher v0.1.5
[INFO] [stderr]    Compiling dirs-sys v0.3.6
[INFO] [stderr]    Compiling memmap2 v0.3.0
[INFO] [stderr]    Compiling adler v1.0.2
[INFO] [stderr]    Compiling base64 v0.13.0
[INFO] [stderr]    Compiling home v0.5.3
[INFO] [stderr]    Compiling glob v0.3.0
[INFO] [stderr]    Compiling ipnet v2.3.1
[INFO] [stderr]    Compiling fixedbitset v0.2.0
[INFO] [stderr]    Compiling termcolor v1.1.2
[INFO] [stderr]    Compiling anyhow v1.0.42
[INFO] [stderr]    Compiling bytecount v0.6.2
[INFO] [stderr]    Compiling mime v0.3.16
[INFO] [stderr]    Compiling petgraph v0.5.1
[INFO] [stderr]    Compiling grep-searcher v0.1.8
[INFO] [stderr]    Compiling env_logger v0.8.4
[INFO] [stderr]    Compiling dirs v3.0.2
[INFO] [stderr]    Compiling parking_lot v0.11.1
[INFO] [stderr]    Compiling thiserror v1.0.26
[INFO] [stderr]    Compiling structopt-derive v0.4.15
[INFO] [stderr]    Compiling num-format v0.4.0
[INFO] [stderr]    Compiling h2 v0.3.3
[INFO] [stderr]    Compiling futures-executor v0.3.16
[INFO] [stderr]    Compiling itertools v0.10.1
[INFO] [stderr]    Compiling futures v0.3.16
[INFO] [stderr]    Compiling xattr v0.2.2
[INFO] [stderr]    Compiling filetime v0.2.15
[INFO] [stderr]    Compiling term_size v0.3.2
[INFO] [stderr]    Compiling smol_str v0.1.17
[INFO] [stderr]    Compiling supercow v0.1.0
[INFO] [stderr]    Compiling remove_dir_all v0.5.3
[INFO] [stderr]    Compiling fs-err v2.6.0
[INFO] [stderr]    Compiling unindent v0.1.7
[INFO] [stderr]    Compiling pathdiff v0.2.0
[INFO] [stderr]    Compiling nested v0.1.1
[INFO] [stderr]    Compiling indoc v1.0.3
[INFO] [stderr]    Compiling tempfile v3.2.0
[INFO] [stderr]    Compiling structopt v0.3.22
[INFO] [stderr]    Compiling tar v0.4.36
[INFO] [stderr]    Compiling flate2 v1.0.20
[INFO] [stderr]    Compiling twox-hash v1.6.1
[INFO] [stderr]    Compiling separator v0.4.1
[INFO] [stderr]    Compiling url v2.2.2
[INFO] [stderr]    Compiling semver v0.11.0
[INFO] [stderr]    Compiling toml v0.5.8
[INFO] [stderr]    Compiling hex v0.4.3
[INFO] [stderr]    Compiling chrono v0.4.19
[INFO] [stderr]    Compiling serde_urlencoded v0.7.0
[INFO] [stderr]    Compiling cargo-platform v0.1.2
[INFO] [stderr]    Compiling smartstring v0.2.9
[INFO] [stderr]    Compiling cargo-geiger-serde v0.2.0
[INFO] [stderr]    Compiling humantime-serde v1.0.1
[INFO] [stderr]    Compiling dashmap v4.0.2
[INFO] [stderr]    Compiling cvss v1.0.2
[INFO] [stderr]    Compiling cargo_metadata v0.13.1
[INFO] [stderr]    Compiling geiger v0.4.7
[INFO] [stderr]    Compiling guppy-summaries v0.4.0
[INFO] [stderr]    Compiling cargo-lock v7.0.1
[INFO] [stderr]    Compiling guppy v0.9.0
[INFO] [stderr]    Compiling hyper v0.14.11
[INFO] [stderr]    Compiling tera v1.12.1
[INFO] [stderr]    Compiling tokei v12.1.2
[INFO] [stderr]    Compiling hyper-tls v0.5.0
[INFO] [stderr]    Compiling reqwest v0.11.4
[INFO] [stderr]    Compiling crates_io_api v0.7.2
[INFO] [stderr]    Compiling git2 v0.13.20
[INFO] [stderr]    Compiling crates-index v0.17.0
[INFO] [stderr]    Compiling rustsec v0.24.2
[INFO] [stderr]    Compiling depdive v0.1.0 (/opt/rustwide/workdir)
[INFO] [stdout] warning: hiding a lifetime that's elided elsewhere is confusing
[INFO] [stdout]   --> src/guppy_wrapper.rs:18:46
[INFO] [stdout]    |
[INFO] [stdout] 18 | pub(crate) fn get_direct_dependencies(graph: &PackageGraph) -> Vec<PackageMetadata> {
[INFO] [stdout]    |                                              ^^^^^^^^^^^^^         ^^^^^^^^^^^^^^^ the same lifetime is hidden here
[INFO] [stdout]    |                                              |
[INFO] [stdout]    |                                              the lifetime is elided here
[INFO] [stdout]    |
[INFO] [stdout]    = help: the same lifetime is referred to in inconsistent ways, making the signature confusing
[INFO] [stdout]    = note: `#[warn(mismatched_lifetime_syntaxes)]` on by default
[INFO] [stdout] help: use `'_` for type paths
[INFO] [stdout]    |
[INFO] [stdout] 18 | pub(crate) fn get_direct_dependencies(graph: &PackageGraph) -> Vec<PackageMetadata<'_>> {
[INFO] [stdout]    |                                                                                   ++++
[INFO] [stdout] 
[INFO] [stdout] 
[INFO] [stdout] warning: hiding a lifetime that's elided elsewhere is confusing
[INFO] [stdout]   --> src/guppy_wrapper.rs:30:43
[INFO] [stdout]    |
[INFO] [stdout] 30 | pub(crate) fn get_all_dependencies(graph: &PackageGraph) -> Vec<PackageMetadata> {
[INFO] [stdout]    |                                           ^^^^^^^^^^^^^         ^^^^^^^^^^^^^^^ the same lifetime is hidden here
[INFO] [stdout]    |                                           |
[INFO] [stdout]    |                                           the lifetime is elided here
[INFO] [stdout]    |
[INFO] [stdout]    = help: the same lifetime is referred to in inconsistent ways, making the signature confusing
[INFO] [stdout] help: use `'_` for type paths
[INFO] [stdout]    |
[INFO] [stdout] 30 | pub(crate) fn get_all_dependencies(graph: &PackageGraph) -> Vec<PackageMetadata<'_>> {
[INFO] [stdout]    |                                                                                ++++
[INFO] [stdout] 
[INFO] [stdout] 
[INFO] [stdout] warning: hiding a lifetime that's elided elsewhere is confusing
[INFO] [stdout]    --> src/guppy_wrapper.rs:161:46
[INFO] [stdout]     |
[INFO] [stdout] 161 | pub(crate) fn get_normal_dependencies(graph: &PackageGraph) -> Vec<PackageMetadata> {
[INFO] [stdout]     |                                              ^^^^^^^^^^^^^         ^^^^^^^^^^^^^^^ the same lifetime is hidden here
[INFO] [stdout]     |                                              |
[INFO] [stdout]     |                                              the lifetime is elided here
[INFO] [stdout]     |
[INFO] [stdout]     = help: the same lifetime is referred to in inconsistent ways, making the signature confusing
[INFO] [stdout] help: use `'_` for type paths
[INFO] [stdout]     |
[INFO] [stdout] 161 | pub(crate) fn get_normal_dependencies(graph: &PackageGraph) -> Vec<PackageMetadata<'_>> {
[INFO] [stdout]     |                                                                                   ++++
[INFO] [stdout] 
[INFO] [stdout] 
[INFO] [stderr]     Finished `release` profile [optimized] target(s) in 3m 09s
[INFO] [stderr] warning: the following packages contain code that will be rejected by a future version of Rust: cargo-lock v7.0.1, cvss v1.0.2, rustsec v0.24.2
[INFO] [stderr] note: to see what the problems were, use the option `--future-incompat-report`, or run `cargo report future-incompatibilities --id 1`
[INFO] running `Command { std: "docker" "inspect" "f82a58e43bb18bd91064bf0711c108eb0d85c31b2abeb19f567cbec15a8380f6", kill_on_drop: false }`
[INFO] running `Command { std: "docker" "exec" "-e" "SOURCE_DIR=/opt/rustwide/workdir" "-e" "CARGO_HOME=/opt/rustwide/cargo-home" "-e" "RUSTUP_HOME=/opt/rustwide/rustup-home" "-e" "CARGO_TARGET_DIR=/opt/rustwide/target" "-e" "CARGO_INCREMENTAL=0" "-e" "RUST_BACKTRACE=full" "-e" "RUSTFLAGS=--cap-lints=warn" "-e" "RUSTDOCFLAGS=--cap-lints=warn" "-w" "/opt/rustwide/workdir" "--user" "0:0" "f82a58e43bb18bd91064bf0711c108eb0d85c31b2abeb19f567cbec15a8380f6" "/opt/rustwide/cargo-home/bin/cargo" "+1.100.0-beta.1" "test" "--frozen" "--no-run" "--message-format=json" "--release", kill_on_drop: false }`
[INFO] [stderr]    Compiling serial_test_derive v0.5.1
[INFO] [stdout] warning: hiding a lifetime that's elided elsewhere is confusing
[INFO] [stdout]   --> src/guppy_wrapper.rs:18:46
[INFO] [stdout]    |
[INFO] [stdout] 18 | pub(crate) fn get_direct_dependencies(graph: &PackageGraph) -> Vec<PackageMetadata> {
[INFO] [stdout]    |                                              ^^^^^^^^^^^^^         ^^^^^^^^^^^^^^^ the same lifetime is hidden here
[INFO] [stdout]    |                                              |
[INFO] [stdout]    |                                              the lifetime is elided here
[INFO] [stdout]    |
[INFO] [stdout]    = help: the same lifetime is referred to in inconsistent ways, making the signature confusing
[INFO] [stdout]    = note: `#[warn(mismatched_lifetime_syntaxes)]` on by default
[INFO] [stdout] help: use `'_` for type paths
[INFO] [stdout]    |
[INFO] [stdout] 18 | pub(crate) fn get_direct_dependencies(graph: &PackageGraph) -> Vec<PackageMetadata<'_>> {
[INFO] [stdout]    |                                                                                   ++++
[INFO] [stdout] 
[INFO] [stdout] 
[INFO] [stdout] warning: hiding a lifetime that's elided elsewhere is confusing
[INFO] [stdout]   --> src/guppy_wrapper.rs:30:43
[INFO] [stdout]    |
[INFO] [stdout] 30 | pub(crate) fn get_all_dependencies(graph: &PackageGraph) -> Vec<PackageMetadata> {
[INFO] [stdout]    |                                           ^^^^^^^^^^^^^         ^^^^^^^^^^^^^^^ the same lifetime is hidden here
[INFO] [stdout]    |                                           |
[INFO] [stdout]    |                                           the lifetime is elided here
[INFO] [stdout]    |
[INFO] [stdout]    = help: the same lifetime is referred to in inconsistent ways, making the signature confusing
[INFO] [stdout] help: use `'_` for type paths
[INFO] [stdout]    |
[INFO] [stdout] 30 | pub(crate) fn get_all_dependencies(graph: &PackageGraph) -> Vec<PackageMetadata<'_>> {
[INFO] [stdout]    |                                                                                ++++
[INFO] [stdout] 
[INFO] [stdout] 
[INFO] [stdout] warning: hiding a lifetime that's elided elsewhere is confusing
[INFO] [stdout]    --> src/guppy_wrapper.rs:161:46
[INFO] [stdout]     |
[INFO] [stdout] 161 | pub(crate) fn get_normal_dependencies(graph: &PackageGraph) -> Vec<PackageMetadata> {
[INFO] [stdout]     |                                              ^^^^^^^^^^^^^         ^^^^^^^^^^^^^^^ the same lifetime is hidden here
[INFO] [stdout]     |                                              |
[INFO] [stdout]     |                                              the lifetime is elided here
[INFO] [stdout]     |
[INFO] [stdout]     = help: the same lifetime is referred to in inconsistent ways, making the signature confusing
[INFO] [stdout] help: use `'_` for type paths
[INFO] [stdout]     |
[INFO] [stdout] 161 | pub(crate) fn get_normal_dependencies(graph: &PackageGraph) -> Vec<PackageMetadata<'_>> {
[INFO] [stdout]     |                                                                                   ++++
[INFO] [stdout] 
[INFO] [stdout] 
[INFO] [stderr]    Compiling serial_test v0.5.1
[INFO] [stderr]    Compiling depdive v0.1.0 (/opt/rustwide/workdir)
[INFO] [stdout] warning: hiding a lifetime that's elided elsewhere is confusing
[INFO] [stdout]   --> src/guppy_wrapper.rs:18:46
[INFO] [stdout]    |
[INFO] [stdout] 18 | pub(crate) fn get_direct_dependencies(graph: &PackageGraph) -> Vec<PackageMetadata> {
[INFO] [stdout]    |                                              ^^^^^^^^^^^^^         ^^^^^^^^^^^^^^^ the same lifetime is hidden here
[INFO] [stdout]    |                                              |
[INFO] [stdout]    |                                              the lifetime is elided here
[INFO] [stdout]    |
[INFO] [stdout]    = help: the same lifetime is referred to in inconsistent ways, making the signature confusing
[INFO] [stdout]    = note: `#[warn(mismatched_lifetime_syntaxes)]` on by default
[INFO] [stdout] help: use `'_` for type paths
[INFO] [stdout]    |
[INFO] [stdout] 18 | pub(crate) fn get_direct_dependencies(graph: &PackageGraph) -> Vec<PackageMetadata<'_>> {
[INFO] [stdout]    |                                                                                   ++++
[INFO] [stdout] 
[INFO] [stdout] 
[INFO] [stdout] warning: hiding a lifetime that's elided elsewhere is confusing
[INFO] [stdout]   --> src/guppy_wrapper.rs:30:43
[INFO] [stdout]    |
[INFO] [stdout] 30 | pub(crate) fn get_all_dependencies(graph: &PackageGraph) -> Vec<PackageMetadata> {
[INFO] [stdout]    |                                           ^^^^^^^^^^^^^         ^^^^^^^^^^^^^^^ the same lifetime is hidden here
[INFO] [stdout]    |                                           |
[INFO] [stdout]    |                                           the lifetime is elided here
[INFO] [stdout]    |
[INFO] [stdout]    = help: the same lifetime is referred to in inconsistent ways, making the signature confusing
[INFO] [stdout] help: use `'_` for type paths
[INFO] [stdout]    |
[INFO] [stdout] 30 | pub(crate) fn get_all_dependencies(graph: &PackageGraph) -> Vec<PackageMetadata<'_>> {
[INFO] [stdout]    |                                                                                ++++
[INFO] [stdout] 
[INFO] [stdout] 
[INFO] [stdout] warning: hiding a lifetime that's elided elsewhere is confusing
[INFO] [stdout]    --> src/guppy_wrapper.rs:161:46
[INFO] [stdout]     |
[INFO] [stdout] 161 | pub(crate) fn get_normal_dependencies(graph: &PackageGraph) -> Vec<PackageMetadata> {
[INFO] [stdout]     |                                              ^^^^^^^^^^^^^         ^^^^^^^^^^^^^^^ the same lifetime is hidden here
[INFO] [stdout]     |                                              |
[INFO] [stdout]     |                                              the lifetime is elided here
[INFO] [stdout]     |
[INFO] [stdout]     = help: the same lifetime is referred to in inconsistent ways, making the signature confusing
[INFO] [stdout] help: use `'_` for type paths
[INFO] [stdout]     |
[INFO] [stdout] 161 | pub(crate) fn get_normal_dependencies(graph: &PackageGraph) -> Vec<PackageMetadata<'_>> {
[INFO] [stdout]     |                                                                                   ++++
[INFO] [stdout] 
[INFO] [stdout] 
[INFO] [stderr]     Finished `release` profile [optimized] target(s) in 19.43s
[INFO] [stderr] warning: the following packages contain code that will be rejected by a future version of Rust: cargo-lock v7.0.1, cvss v1.0.2, rustsec v0.24.2
[INFO] [stderr] note: to see what the problems were, use the option `--future-incompat-report`, or run `cargo report future-incompatibilities --id 1`
[INFO] running `Command { std: "docker" "inspect" "f82a58e43bb18bd91064bf0711c108eb0d85c31b2abeb19f567cbec15a8380f6", kill_on_drop: false }`
[INFO] running `Command { std: "docker" "exec" "-e" "SOURCE_DIR=/opt/rustwide/workdir" "-e" "CARGO_HOME=/opt/rustwide/cargo-home" "-e" "RUSTUP_HOME=/opt/rustwide/rustup-home" "-e" "CARGO_TARGET_DIR=/opt/rustwide/target" "-e" "CARGO_INCREMENTAL=0" "-e" "RUST_BACKTRACE=full" "-e" "RUSTFLAGS=--cap-lints=warn" "-e" "RUSTDOCFLAGS=--cap-lints=warn" "-w" "/opt/rustwide/workdir" "--user" "0:0" "f82a58e43bb18bd91064bf0711c108eb0d85c31b2abeb19f567cbec15a8380f6" "/opt/rustwide/cargo-home/bin/cargo" "+1.100.0-beta.1" "test" "--frozen" "--release", kill_on_drop: false }`
[INFO] [stderr] warning: hiding a lifetime that's elided elsewhere is confusing
[INFO] [stderr]   --> src/guppy_wrapper.rs:18:46
[INFO] [stderr]    |
[INFO] [stderr] 18 | pub(crate) fn get_direct_dependencies(graph: &PackageGraph) -> Vec<PackageMetadata> {
[INFO] [stderr]    |                                              ^^^^^^^^^^^^^         ^^^^^^^^^^^^^^^ the same lifetime is hidden here
[INFO] [stderr]    |                                              |
[INFO] [stderr]    |                                              the lifetime is elided here
[INFO] [stderr]    |
[INFO] [stderr]    = help: the same lifetime is referred to in inconsistent ways, making the signature confusing
[INFO] [stderr]    = note: `#[warn(mismatched_lifetime_syntaxes)]` on by default
[INFO] [stderr] help: use `'_` for type paths
[INFO] [stderr]    |
[INFO] [stderr] 18 | pub(crate) fn get_direct_dependencies(graph: &PackageGraph) -> Vec<PackageMetadata<'_>> {
[INFO] [stderr]    |                                                                                   ++++
[INFO] [stderr] 
[INFO] [stderr] warning: hiding a lifetime that's elided elsewhere is confusing
[INFO] [stderr]   --> src/guppy_wrapper.rs:30:43
[INFO] [stderr]    |
[INFO] [stderr] 30 | pub(crate) fn get_all_dependencies(graph: &PackageGraph) -> Vec<PackageMetadata> {
[INFO] [stderr]    |                                           ^^^^^^^^^^^^^         ^^^^^^^^^^^^^^^ the same lifetime is hidden here
[INFO] [stderr]    |                                           |
[INFO] [stderr]    |                                           the lifetime is elided here
[INFO] [stderr]    |
[INFO] [stderr]    = help: the same lifetime is referred to in inconsistent ways, making the signature confusing
[INFO] [stderr] help: use `'_` for type paths
[INFO] [stderr]    |
[INFO] [stderr] 30 | pub(crate) fn get_all_dependencies(graph: &PackageGraph) -> Vec<PackageMetadata<'_>> {
[INFO] [stderr]    |                                                                                ++++
[INFO] [stderr] 
[INFO] [stderr] warning: hiding a lifetime that's elided elsewhere is confusing
[INFO] [stderr]    --> src/guppy_wrapper.rs:161:46
[INFO] [stderr]     |
[INFO] [stderr] 161 | pub(crate) fn get_normal_dependencies(graph: &PackageGraph) -> Vec<PackageMetadata> {
[INFO] [stderr]     |                                              ^^^^^^^^^^^^^         ^^^^^^^^^^^^^^^ the same lifetime is hidden here
[INFO] [stderr]     |                                              |
[INFO] [stderr]     |                                              the lifetime is elided here
[INFO] [stderr]     |
[INFO] [stderr]     = help: the same lifetime is referred to in inconsistent ways, making the signature confusing
[INFO] [stderr] help: use `'_` for type paths
[INFO] [stderr]     |
[INFO] [stderr] 161 | pub(crate) fn get_normal_dependencies(graph: &PackageGraph) -> Vec<PackageMetadata<'_>> {
[INFO] [stderr]     |                                                                                   ++++
[INFO] [stderr] 
[INFO] [stderr] warning: `depdive` (lib) generated 3 warnings (run `cargo fix --lib -p depdive` to apply 3 suggestions)
[INFO] [stderr] warning: `depdive` (lib test) generated 3 warnings (3 duplicates)
[INFO] [stderr]     Finished `release` profile [optimized] target(s) in 0.27s
[INFO] [stderr] warning: the following packages contain code that will be rejected by a future version of Rust: cargo-lock v7.0.1, cvss v1.0.2, rustsec v0.24.2
[INFO] [stderr] note: to see what the problems were, use the option `--future-incompat-report`, or run `cargo report future-incompatibilities --id 1`
[INFO] [stderr]      Running unittests src/lib.rs (/opt/rustwide/target/release/build/depdive/d018ed1233f80b63/out/depdive-d018ed1233f80b63)
[INFO] [stdout] 
[INFO] [stdout] running 66 tests
[INFO] [stdout] test code::test::test_code_geiger_report_for_diem ... ignored
[INFO] [stdout] test code::test::test_code_geiger_report_for_package ... ignored
[INFO] [stdout] test code::test::test_code_operator_overloading ... ok
[INFO] [stdout] test diff::test::test_diff_get_all_paths_for_filename ... FAILED
[INFO] [stdout] test code::test::test_loc_report_for_non_rust_directory ... ok
[INFO] [stdout] test code::test::test_loc_report_for_valid_package ... FAILED
[INFO] [stdout] test code::test::test_code_geiger_report_for_workspace ... FAILED
[INFO] [stdout] test diff::test::test_diff_setup_crate_source_diff_analyzer ... FAILED
[INFO] [stdout] test diff::test::test_diff_trim_git_url ... ok
[INFO] [stdout] test diff::test::test_diff_download_file ... FAILED
[INFO] [stdout] test diff::test::test_diff_get_subdirectory_tree ... FAILED
[INFO] [stdout] test diff::test::test_diff_head_commit_oid ... FAILED
[INFO] [stdout] test advisory::test::test_advisory_crate_version_lookup ... FAILED
[INFO] [stdout] test diff::test::test_diff_crate_source_diff_analyzer ... FAILED
[INFO] [stdout] test advisory::test::test_advisory_lookup ... FAILED
[INFO] [stdout] test code::test::test_code_analyzer ... FAILED
[INFO] [stdout] test ghcomment::test::test_ghcomment_code ... ok
[INFO] [stdout] test cratesio::tests::test_cratesio_stats_for_unhosted_crate_name ... ok
[INFO] [stdout] test diff::test::test_diff_head_commit_not_found_error ... FAILED
[INFO] [stdout] test diff::test::test_diff_locate_cargo_toml ... FAILED
[INFO] [stdout] test ghcomment::test::test_ghcomment_bold ... ok
[INFO] [stdout] test ghcomment::test::test_ghcomment_emoji ... ok
[INFO] [stdout] test ghcomment::test::test_ghcomment_html_table ... ok
[INFO] [stdout] test ghcomment::test::test_ghcomment_mutliline ... ok
[INFO] [stdout] test ghcomment::test::test_ghcomment_bulleted_list ... ok
[INFO] [stdout] test ghcomment::test::test_ghcomment_plain ... ok
[INFO] [stdout] test ghcomment::test::test_ghcomment_collapsible_section ... ok
[INFO] [stdout] test github::tests::test_github_recent_activity ... FAILED
[INFO] [stdout] test diff::test::test_diff_git_repo ... FAILED
[INFO] [stdout] test github::tests::test_github_stats_for_gitlab ... FAILED
[INFO] [stdout] test github::tests::test_github_stats_for_libc ... FAILED
[INFO] [stdout] test cratesio::tests::test_cratesio_stats_for_libc ... FAILED
[INFO] [stdout] test ghcomment::test::test_ghcomment_italic ... ok
[INFO] [stdout] test github::tests::test_github_time_since_last_commit ... FAILED
[INFO] [stdout] test github::tests::test_github_time_since_last_open_issue ... FAILED
[INFO] [stdout] test github::tests::test_github_total_open_issue_count_for_label ... FAILED
[INFO] [stdout] test diff::test::test_diff_head_commit_oid_for_version_from_tags ... FAILED
[INFO] [stdout] test ghcomment::test::test_ghcomment_hyperlink ... ok
[INFO] [stdout] test ghcomment::test::test_ghcomment_header ... ok
[INFO] [stdout] test super_toml::test::test_toml_invlaid_cargo_toml ... ok
[INFO] [stdout] test super_toml::test::test_toml_package ... FAILED
[INFO] [stdout] test super_toml::test::test_toml_type ... FAILED
[INFO] [stdout] test super_toml::test::test_toml_parser ... FAILED
[INFO] [stdout] test update::test::test_update_build_script_paths ... FAILED
[INFO] [stdout] test super_toml::test::test_toml_cargo_lock ... FAILED
[INFO] [stdout] test guppy_wrapper::test::test_guppy_wrapper_exclusive_deps ... ok
[INFO] [stdout] test cratesio::tests::test_cratesio_version_downloads ... FAILED
[INFO] [stdout] test guppy_wrapper::test::test_guppy_wrapper_dep_kind ... ok
[INFO] [stdout] test diff::test::test_diff_head_commit_oid_from_cargo_toml ... FAILED
[INFO] [stdout] test diff::test::test_diff_version_diff_from_crates_io ... FAILED
[INFO] [stdout] test diff::test::test_diff_version_diff ... FAILED
[INFO] [stdout] test test::test_lib_update_review_report_from_paths ... FAILED
[INFO] [stdout] test super_toml::test::test_toml_on_diem ... FAILED
[INFO] [stdout] test super_toml::test::test_toml_empty_package ... ok
[INFO] [stdout] test update::test::test_update_get_repository_from_graph ... ok
[INFO] [stdout] test test::test_lib_for_no_updates ... FAILED
[INFO] [stdout] test update::test::test_update_compare_package_graph ... ok
[INFO] [stdout] test test::test_lib_update_review_report_from_repo_commits ... FAILED
[INFO] [stdout] test update::test::test_update_version_conflict ... ok
[INFO] [stdout] test update::test::test_update_review_report_libc ... FAILED
[INFO] [stdout] test update::test::test_update_geiger_file_scanning ... FAILED
[INFO] [stdout] test update::test::test_update_unsafe_change_status ... FAILED
[INFO] [stdout] test update::test::test_update_review_report_guppy ... FAILED
[INFO] [stdout] test update::test::test_update_rustsec ... FAILED
[INFO] [stdout] test super_toml::test::test_toml_feature_map ... ok
[INFO] [stdout] test super_toml::test::test_toml_copy_cargo_lock ... ok
[INFO] [stdout] 
[INFO] [stdout] failures:
[INFO] [stdout] 
[INFO] [stdout] ---- diff::test::test_diff_get_all_paths_for_filename stdout ----
[INFO] [stdout] 
[INFO] [stdout] thread 'diff::test::test_diff_get_all_paths_for_filename' (6087) panicked at src/diff.rs:1026:9:
[INFO] [stdout] assertion `left == right` failed
[INFO] [stdout]   left: 5
[INFO] [stdout]  right: 1
[INFO] [stdout] stack backtrace:
[INFO] [stdout]    0:     0x60a9a91306c1 - <<std[617be2ca0a6fd877]::sys::backtrace::BacktraceLock>::print::DisplayBacktrace as core[a373ad73a504971]::fmt::Display>::fmt
[INFO] [stdout]    1:     0x60a9a9148d8a - core[a373ad73a504971]::fmt::write
[INFO] [stdout]    2:     0x60a9a913539c - <alloc[2e1b2a31b91974c5]::vec::Vec<u8> as core[a373ad73a504971]::io::write::Write>::write_fmt
[INFO] [stdout]    3:     0x60a9a9107e96 - std[617be2ca0a6fd877]::panicking::default_hook::{closure#0}
[INFO] [stdout]    4:     0x60a9a9126379 - std[617be2ca0a6fd877]::panicking::default_hook
[INFO] [stdout]    5:     0x60a9a8b76c80 - test[aada8e7e76ba119b]::test_main_inner::{closure#0}
[INFO] [stdout]    6:     0x60a9a91266a2 - std[617be2ca0a6fd877]::panicking::panic_with_hook
[INFO] [stdout]    7:     0x60a9a9107f42 - std[617be2ca0a6fd877]::panicking::panic_handler::{closure#0}
[INFO] [stdout]    8:     0x60a9a91005c9 - std[617be2ca0a6fd877]::sys::backtrace::__rust_end_short_backtrace::<std[617be2ca0a6fd877]::panicking::panic_handler::{closure#0}, !>
[INFO] [stdout]    9:     0x60a9a910907d - __rustc[ea4f61d10b84890b]::rust_begin_unwind
[INFO] [stdout]   10:     0x60a9a914956c - core[a373ad73a504971]::panicking::panic_fmt
[INFO] [stdout]   11:     0x60a9a9149483 - core[a373ad73a504971]::panicking::assert_failed_inner
[INFO] [stdout]   12:     0x60a9a9143838 - core[a373ad73a504971]::panicking::assert_failed::<usize, usize>
[INFO] [stdout]   13:     0x60a9a8b25fae - <depdive[38fb66dd44768d6]::diff::test::test_diff_get_all_paths_for_filename::{closure#0} as core[a373ad73a504971]::ops::function::FnOnce<()>>::call_once
[INFO] [stdout]   14:     0x60a9a8b6a0cb - test[aada8e7e76ba119b]::__rust_begin_short_backtrace::<core[a373ad73a504971]::result::Result<(), alloc[2e1b2a31b91974c5]::string::String>, fn() -> core[a373ad73a504971]::result::Result<(), alloc[2e1b2a31b91974c5]::string::String>>
[INFO] [stdout]   15:     0x60a9a8b772a5 - test[aada8e7e76ba119b]::run_test::{closure#0}
[INFO] [stdout]   16:     0x60a9a8b70b94 - std[617be2ca0a6fd877]::sys::backtrace::__rust_begin_short_backtrace::<test[aada8e7e76ba119b]::run_test::{closure#1}, ()>
[INFO] [stdout]   17:     0x60a9a8b7a332 - <std[617be2ca0a6fd877]::thread::lifecycle::spawn_unchecked<test[aada8e7e76ba119b]::run_test::{closure#1}, ()>::{closure#1} as core[a373ad73a504971]::ops::function::FnOnce<()>>::call_once::{shim:vtable#0}
[INFO] [stdout]   18:     0x60a9a912f74f - <std[617be2ca0a6fd877]::sys::thread::unix::Thread>::new::thread_start
[INFO] [stdout]   19:     0x7d61d77eadfa - <unknown>
[INFO] [stdout]   20:     0x7d61d787e3d4 - clone
[INFO] [stdout]   21:                0x0 - <unknown>
[INFO] [stdout] 
[INFO] [stdout] ---- code::test::test_loc_report_for_valid_package stdout ----
[INFO] [stdout] 
[INFO] [stdout] thread 'code::test::test_loc_report_for_valid_package' (6079) panicked at src/code.rs:416:14:
[INFO] [stdout] called `Result::unwrap()` on an `Err` value: CommandError(Io(Os { code: 2, kind: NotFound, message: "No such file or directory" }))
[INFO] [stdout] stack backtrace:
[INFO] [stdout]    0:     0x60a9a91306c1 - <<std[617be2ca0a6fd877]::sys::backtrace::BacktraceLock>::print::DisplayBacktrace as core[a373ad73a504971]::fmt::Display>::fmt
[INFO] [stdout]    1:     0x60a9a9148d8a - core[a373ad73a504971]::fmt::write
[INFO] [stdout]    2:     0x60a9a913539c - <alloc[2e1b2a31b91974c5]::vec::Vec<u8> as core[a373ad73a504971]::io::write::Write>::write_fmt
[INFO] [stdout]    3:     0x60a9a9107e96 - std[617be2ca0a6fd877]::panicking::default_hook::{closure#0}
[INFO] [stdout]    4:     0x60a9a9126379 - std[617be2ca0a6fd877]::panicking::default_hook
[INFO] [stdout]    5:     0x60a9a8b76c80 - test[aada8e7e76ba119b]::test_main_inner::{closure#0}
[INFO] [stdout]    6:     0x60a9a91266a2 - std[617be2ca0a6fd877]::panicking::panic_with_hook
[INFO] [stdout]    7:     0x60a9a9107f42 - std[617be2ca0a6fd877]::panicking::panic_handler::{closure#0}
[INFO] [stdout]    8:     0x60a9a91005c9 - std[617be2ca0a6fd877]::sys::backtrace::__rust_end_short_backtrace::<std[617be2ca0a6fd877]::panicking::panic_handler::{closure#0}, !>
[INFO] [stdout]    9:     0x60a9a910907d - __rustc[ea4f61d10b84890b]::rust_begin_unwind
[INFO] [stdout]   10:     0x60a9a914956c - core[a373ad73a504971]::panicking::panic_fmt
[INFO] [stdout]   11:     0x60a9a9149342 - core[a373ad73a504971]::result::unwrap_failed
[INFO] [stdout]   12:     0x60a9a8adf8f7 - <depdive[38fb66dd44768d6]::code::test::VALID_DEP_GRAPH::{closure#0} as core[a373ad73a504971]::ops::function::FnOnce<()>>::call_once
[INFO] [stdout]   13:     0x60a9a8addfeb - <once_cell[d6395c278165383f]::imp::OnceCell<guppy[fdf9b49d13d4b07f]::graph::graph_impl::PackageGraph>>::initialize::<<once_cell[d6395c278165383f]::sync::OnceCell<guppy[fdf9b49d13d4b07f]::graph::graph_impl::PackageGraph>>::get_or_init<<once_cell[d6395c278165383f]::sync::Lazy<guppy[fdf9b49d13d4b07f]::graph::graph_impl::PackageGraph>>::force::{closure#0}>::{closure#0}, <once_cell[d6395c278165383f]::sync::OnceCell<_>>::get_or_init::Void>::{closure#0}
[INFO] [stdout]   14:     0x60a9a8fcb4cf - once_cell[d6395c278165383f]::imp::initialize_inner
[INFO] [stdout]   15:     0x60a9a8ad8de5 - <once_cell[d6395c278165383f]::imp::OnceCell<guppy[fdf9b49d13d4b07f]::graph::graph_impl::PackageGraph>>::initialize::<<once_cell[d6395c278165383f]::sync::OnceCell<guppy[fdf9b49d13d4b07f]::graph::graph_impl::PackageGraph>>::get_or_init<<once_cell[d6395c278165383f]::sync::Lazy<guppy[fdf9b49d13d4b07f]::graph::graph_impl::PackageGraph>>::force::{closure#0}>::{closure#0}, <once_cell[d6395c278165383f]::sync::OnceCell<_>>::get_or_init::Void>
[INFO] [stdout]   16:     0x60a9a8adfdc3 - <depdive[38fb66dd44768d6]::code::test::test_loc_report_for_valid_package::{closure#0} as core[a373ad73a504971]::ops::function::FnOnce<()>>::call_once
[INFO] [stdout]   17:     0x60a9a8b6a0cb - test[aada8e7e76ba119b]::__rust_begin_short_backtrace::<core[a373ad73a504971]::result::Result<(), alloc[2e1b2a31b91974c5]::string::String>, fn() -> core[a373ad73a504971]::result::Result<(), alloc[2e1b2a31b91974c5]::string::String>>
[INFO] [stdout]   18:     0x60a9a8b772a5 - test[aada8e7e76ba119b]::run_test::{closure#0}
[INFO] [stdout]   19:     0x60a9a8b70b94 - std[617be2ca0a6fd877]::sys::backtrace::__rust_begin_short_backtrace::<test[aada8e7e76ba119b]::run_test::{closure#1}, ()>
[INFO] [stdout]   20:     0x60a9a8b7a332 - <std[617be2ca0a6fd877]::thread::lifecycle::spawn_unchecked<test[aada8e7e76ba119b]::run_test::{closure#1}, ()>::{closure#1} as core[a373ad73a504971]::ops::function::FnOnce<()>>::call_once::{shim:vtable#0}
[INFO] [stdout]   21:     0x60a9a912f74f - <std[617be2ca0a6fd877]::sys::thread::unix::Thread>::new::thread_start
[INFO] [stdout]   22:     0x7d61d77eadfa - <unknown>
[INFO] [stdout]   23:     0x7d61d787e3d4 - clone
[INFO] [stdout]   24:                0x0 - <unknown>
[INFO] [stdout] 
[INFO] [stdout] ---- code::test::test_code_geiger_report_for_workspace stdout ----
[INFO] [stdout] 
[INFO] [stdout] thread 'code::test::test_code_geiger_report_for_workspace' (6076) panicked at src/code.rs:423:14:
[INFO] [stdout] called `Result::unwrap()` on an `Err` value: CommandError(CargoMetadata { stderr: "error: could not find `Cargo.toml` in `/opt/rustwide` or any parent directory\n" })
[INFO] [stdout] stack backtrace:
[INFO] [stdout]    0:     0x60a9a91306c1 - <<std[617be2ca0a6fd877]::sys::backtrace::BacktraceLock>::print::DisplayBacktrace as core[a373ad73a504971]::fmt::Display>::fmt
[INFO] [stdout]    1:     0x60a9a9148d8a - core[a373ad73a504971]::fmt::write
[INFO] [stdout]    2:     0x60a9a913539c - <alloc[2e1b2a31b91974c5]::vec::Vec<u8> as core[a373ad73a504971]::io::write::Write>::write_fmt
[INFO] [stdout]    3:     0x60a9a9107e96 - std[617be2ca0a6fd877]::panicking::default_hook::{closure#0}
[INFO] [stdout]    4:     0x60a9a9126379 - std[617be2ca0a6fd877]::panicking::default_hook
[INFO] [stdout]    5:     0x60a9a8b76c80 - test[aada8e7e76ba119b]::test_main_inner::{closure#0}
[INFO] [stdout]    6:     0x60a9a91266a2 - std[617be2ca0a6fd877]::panicking::panic_with_hook
[INFO] [stdout]    7:     0x60a9a9107f42 - std[617be2ca0a6fd877]::panicking::panic_handler::{closure#0}
[INFO] [stdout]    8:     0x60a9a91005c9 - std[617be2ca0a6fd877]::sys::backtrace::__rust_end_short_backtrace::<std[617be2ca0a6fd877]::panicking::panic_handler::{closure#0}, !>
[INFO] [stdout]    9:     0x60a9a910907d - __rustc[ea4f61d10b84890b]::rust_begin_unwind
[INFO] [stdout]   10:     0x60a9a914956c - core[a373ad73a504971]::panicking::panic_fmt
[INFO] [stdout]   11:     0x60a9a9149342 - core[a373ad73a504971]::result::unwrap_failed
[INFO] [stdout]   12:     0x60a9a8adfae4 - <depdive[38fb66dd44768d6]::code::test::VALID_WORKSPACE_GRAPH::{closure#0} as core[a373ad73a504971]::ops::function::FnOnce<()>>::call_once
[INFO] [stdout]   13:     0x60a9a8addfeb - <once_cell[d6395c278165383f]::imp::OnceCell<guppy[fdf9b49d13d4b07f]::graph::graph_impl::PackageGraph>>::initialize::<<once_cell[d6395c278165383f]::sync::OnceCell<guppy[fdf9b49d13d4b07f]::graph::graph_impl::PackageGraph>>::get_or_init<<once_cell[d6395c278165383f]::sync::Lazy<guppy[fdf9b49d13d4b07f]::graph::graph_impl::PackageGraph>>::force::{closure#0}>::{closure#0}, <once_cell[d6395c278165383f]::sync::OnceCell<_>>::get_or_init::Void>::{closure#0}
[INFO] [stdout]   14:     0x60a9a8fcb4cf - once_cell[d6395c278165383f]::imp::initialize_inner
[INFO] [stdout]   15:     0x60a9a8ad8de5 - <once_cell[d6395c278165383f]::imp::OnceCell<guppy[fdf9b49d13d4b07f]::graph::graph_impl::PackageGraph>>::initialize::<<once_cell[d6395c278165383f]::sync::OnceCell<guppy[fdf9b49d13d4b07f]::graph::graph_impl::PackageGraph>>::get_or_init<<once_cell[d6395c278165383f]::sync::Lazy<guppy[fdf9b49d13d4b07f]::graph::graph_impl::PackageGraph>>::force::{closure#0}>::{closure#0}, <once_cell[d6395c278165383f]::sync::OnceCell<_>>::get_or_init::Void>
[INFO] [stdout]   16:     0x60a9a8ae10d0 - <depdive[38fb66dd44768d6]::code::test::test_code_geiger_report_for_workspace::{closure#0} as core[a373ad73a504971]::ops::function::FnOnce<()>>::call_once
[INFO] [stdout]   17:     0x60a9a8dfddb4 - serial_test[f50c35d3f31e40ca]::serial_core
[INFO] [stdout]   18:     0x60a9a8adfeb8 - <depdive[38fb66dd44768d6]::code::test::test_code_geiger_report_for_workspace::{closure#0} as core[a373ad73a504971]::ops::function::FnOnce<()>>::call_once
[INFO] [stdout]   19:     0x60a9a8b6a0cb - test[aada8e7e76ba119b]::__rust_begin_short_backtrace::<core[a373ad73a504971]::result::Result<(), alloc[2e1b2a31b91974c5]::string::String>, fn() -> core[a373ad73a504971]::result::Result<(), alloc[2e1b2a31b91974c5]::string::String>>
[INFO] [stdout]   20:     0x60a9a8b772a5 - test[aada8e7e76ba119b]::run_test::{closure#0}
[INFO] [stdout]   21:     0x60a9a8b70b94 - std[617be2ca0a6fd877]::sys::backtrace::__rust_begin_short_backtrace::<test[aada8e7e76ba119b]::run_test::{closure#1}, ()>
[INFO] [stdout]   22:     0x60a9a8b7a332 - <std[617be2ca0a6fd877]::thread::lifecycle::spawn_unchecked<test[aada8e7e76ba119b]::run_test::{closure#1}, ()>::{closure#1} as core[a373ad73a504971]::ops::function::FnOnce<()>>::call_once::{shim:vtable#0}
[INFO] [stdout]   23:     0x60a9a912f74f - <std[617be2ca0a6fd877]::sys::thread::unix::Thread>::new::thread_start
[INFO] [stdout]   24:     0x7d61d77eadfa - <unknown>
[INFO] [stdout]   25:     0x7d61d787e3d4 - clone
[INFO] [stdout]   26:                0x0 - <unknown>
[INFO] [stdout] 
[INFO] [stdout] ---- diff::test::test_diff_setup_crate_source_diff_analyzer stdout ----
[INFO] [stdout] 
[INFO] [stdout] thread 'diff::test::test_diff_setup_crate_source_diff_analyzer' (6121) panicked at src/diff.rs:794:70:
[INFO] [stdout] called `Result::unwrap()` on an `Err` value: error sending request for url (https://crates.io/api/v1/crates/syn/0.15.44/download): error trying to connect: dns error: failed to lookup address information: Temporary failure in name resolution
[INFO] [stdout] 
[INFO] [stdout] Caused by:
[INFO] [stdout]     0: error trying to connect: dns error: failed to lookup address information: Temporary failure in name resolution
[INFO] [stdout]     1: dns error: failed to lookup address information: Temporary failure in name resolution
[INFO] [stdout]     2: failed to lookup address information: Temporary failure in name resolution
[INFO] [stdout] stack backtrace:
[INFO] [stdout]    0:     0x60a9a91306c1 - <<std[617be2ca0a6fd877]::sys::backtrace::BacktraceLock>::print::DisplayBacktrace as core[a373ad73a504971]::fmt::Display>::fmt
[INFO] [stdout]    1:     0x60a9a9148d8a - core[a373ad73a504971]::fmt::write
[INFO] [stdout]    2:     0x60a9a913539c - <alloc[2e1b2a31b91974c5]::vec::Vec<u8> as core[a373ad73a504971]::io::write::Write>::write_fmt
[INFO] [stdout]    3:     0x60a9a9107e96 - std[617be2ca0a6fd877]::panicking::default_hook::{closure#0}
[INFO] [stdout]    4:     0x60a9a9126379 - std[617be2ca0a6fd877]::panicking::default_hook
[INFO] [stdout]    5:     0x60a9a8b76c80 - test[aada8e7e76ba119b]::test_main_inner::{closure#0}
[INFO] [stdout]    6:     0x60a9a91266a2 - std[617be2ca0a6fd877]::panicking::panic_with_hook
[INFO] [stdout]    7:     0x60a9a9107f42 - std[617be2ca0a6fd877]::panicking::panic_handler::{closure#0}
[INFO] [stdout]    8:     0x60a9a91005c9 - std[617be2ca0a6fd877]::sys::backtrace::__rust_end_short_backtrace::<std[617be2ca0a6fd877]::panicking::panic_handler::{closure#0}, !>
[INFO] [stdout]    9:     0x60a9a910907d - __rustc[ea4f61d10b84890b]::rust_begin_unwind
[INFO] [stdout]   10:     0x60a9a914956c - core[a373ad73a504971]::panicking::panic_fmt
[INFO] [stdout]   11:     0x60a9a9149342 - core[a373ad73a504971]::result::unwrap_failed
[INFO] [stdout]   12:     0x60a9a8b26991 - <depdive[38fb66dd44768d6]::diff::test::test_diff_setup_crate_source_diff_analyzer::{closure#0} as core[a373ad73a504971]::ops::function::FnOnce<()>>::call_once
[INFO] [stdout]   13:     0x60a9a8b6a0cb - test[aada8e7e76ba119b]::__rust_begin_short_backtrace::<core[a373ad73a504971]::result::Result<(), alloc[2e1b2a31b91974c5]::string::String>, fn() -> core[a373ad73a504971]::result::Result<(), alloc[2e1b2a31b91974c5]::string::String>>
[INFO] [stdout]   14:     0x60a9a8b772a5 - test[aada8e7e76ba119b]::run_test::{closure#0}
[INFO] [stdout]   15:     0x60a9a8b70b94 - std[617be2ca0a6fd877]::sys::backtrace::__rust_begin_short_backtrace::<test[aada8e7e76ba119b]::run_test::{closure#1}, ()>
[INFO] [stdout]   16:     0x60a9a8b7a332 - <std[617be2ca0a6fd877]::thread::lifecycle::spawn_unchecked<test[aada8e7e76ba119b]::run_test::{closure#1}, ()>::{closure#1} as core[a373ad73a504971]::ops::function::FnOnce<()>>::call_once::{shim:vtable#0}
[INFO] [stdout]   17:     0x60a9a912f74f - <std[617be2ca0a6fd877]::sys::thread::unix::Thread>::new::thread_start
[INFO] [stdout]   18:     0x7d61d77eadfa - <unknown>
[INFO] [stdout]   19:     0x7d61d787e3d4 - clone
[INFO] [stdout]   20:                0x0 - <unknown>
[INFO] [stdout] 
[INFO] [stdout] ---- diff::test::test_diff_download_file stdout ----
[INFO] [stdout] 
[INFO] [stdout] thread 'diff::test::test_diff_download_file' (6086) panicked at src/diff.rs:785:14:
[INFO] [stdout] called `Result::unwrap()` on an `Err` value: error sending request for url (https://crates.io//api/v1/crates/criterion-cpu-time/0.1.0/download): error trying to connect: dns error: failed to lookup address information: Temporary failure in name resolution
[INFO] [stdout] 
[INFO] [stdout] Caused by:
[INFO] [stdout]     0: error trying to connect: dns error: failed to lookup address information: Temporary failure in name resolution
[INFO] [stdout]     1: dns error: failed to lookup address information: Temporary failure in name resolution
[INFO] [stdout]     2: failed to lookup address information: Temporary failure in name resolution
[INFO] [stdout] stack backtrace:
[INFO] [stdout]    0:     0x60a9a91306c1 - <<std[617be2ca0a6fd877]::sys::backtrace::BacktraceLock>::print::DisplayBacktrace as core[a373ad73a504971]::fmt::Display>::fmt
[INFO] [stdout]    1:     0x60a9a9148d8a - core[a373ad73a504971]::fmt::write
[INFO] [stdout]    2:     0x60a9a913539c - <alloc[2e1b2a31b91974c5]::vec::Vec<u8> as core[a373ad73a504971]::io::write::Write>::write_fmt
[INFO] [stdout]    3:     0x60a9a9107e96 - std[617be2ca0a6fd877]::panicking::default_hook::{closure#0}
[INFO] [stdout]    4:     0x60a9a9126379 - std[617be2ca0a6fd877]::panicking::default_hook
[INFO] [stdout]    5:     0x60a9a8b76c80 - test[aada8e7e76ba119b]::test_main_inner::{closure#0}
[INFO] [stdout]    6:     0x60a9a91266a2 - std[617be2ca0a6fd877]::panicking::panic_with_hook
[INFO] [stdout]    7:     0x60a9a9107f42 - std[617be2ca0a6fd877]::panicking::panic_handler::{closure#0}
[INFO] [stdout]    8:     0x60a9a91005c9 - std[617be2ca0a6fd877]::sys::backtrace::__rust_end_short_backtrace::<std[617be2ca0a6fd877]::panicking::panic_handler::{closure#0}, !>
[INFO] [stdout]    9:     0x60a9a910907d - __rustc[ea4f61d10b84890b]::rust_begin_unwind
[INFO] [stdout]   10:     0x60a9a914956c - core[a373ad73a504971]::panicking::panic_fmt
[INFO] [stdout]   11:     0x60a9a9149342 - core[a373ad73a504971]::result::unwrap_failed
[INFO] [stdout]   12:     0x60a9a8b2556c - <depdive[38fb66dd44768d6]::diff::test::test_diff_download_file::{closure#0} as core[a373ad73a504971]::ops::function::FnOnce<()>>::call_once
[INFO] [stdout]   13:     0x60a9a8b6a0cb - test[aada8e7e76ba119b]::__rust_begin_short_backtrace::<core[a373ad73a504971]::result::Result<(), alloc[2e1b2a31b91974c5]::string::String>, fn() -> core[a373ad73a504971]::result::Result<(), alloc[2e1b2a31b91974c5]::string::String>>
[INFO] [stdout]   14:     0x60a9a8b772a5 - test[aada8e7e76ba119b]::run_test::{closure#0}
[INFO] [stdout]   15:     0x60a9a8b70b94 - std[617be2ca0a6fd877]::sys::backtrace::__rust_begin_short_backtrace::<test[aada8e7e76ba119b]::run_test::{closure#1}, ()>
[INFO] [stdout]   16:     0x60a9a8b7a332 - <std[617be2ca0a6fd877]::thread::lifecycle::spawn_unchecked<test[aada8e7e76ba119b]::run_test::{closure#1}, ()>::{closure#1} as core[a373ad73a504971]::ops::function::FnOnce<()>>::call_once::{shim:vtable#0}
[INFO] [stdout]   17:     0x60a9a912f74f - <std[617be2ca0a6fd877]::sys::thread::unix::Thread>::new::thread_start
[INFO] [stdout]   18:     0x7d61d77eadfa - <unknown>
[INFO] [stdout]   19:     0x7d61d787e3d4 - clone
[INFO] [stdout]   20:                0x0 - <unknown>
[INFO] [stdout] 
[INFO] [stdout] ---- diff::test::test_diff_get_subdirectory_tree stdout ----
[INFO] [stdout] 
[INFO] [stdout] thread 'diff::test::test_diff_get_subdirectory_tree' (6088) panicked at src/diff.rs:749:51:
[INFO] [stdout] called `Result::unwrap()` on an `Err` value: failed to resolve address for github.com: Temporary failure in name resolution; class=Net (12)
[INFO] [stdout] stack backtrace:
[INFO] [stdout]    0:     0x60a9a91306c1 - <<std[617be2ca0a6fd877]::sys::backtrace::BacktraceLock>::print::DisplayBacktrace as core[a373ad73a504971]::fmt::Display>::fmt
[INFO] [stdout]    1:     0x60a9a9148d8a - core[a373ad73a504971]::fmt::write
[INFO] [stdout]    2:     0x60a9a913539c - <alloc[2e1b2a31b91974c5]::vec::Vec<u8> as core[a373ad73a504971]::io::write::Write>::write_fmt
[INFO] [stdout]    3:     0x60a9a9107e96 - std[617be2ca0a6fd877]::panicking::default_hook::{closure#0}
[INFO] [stdout]    4:     0x60a9a9126379 - std[617be2ca0a6fd877]::panicking::default_hook
[INFO] [stdout]    5:     0x60a9a8b76c80 - test[aada8e7e76ba119b]::test_main_inner::{closure#0}
[INFO] [stdout]    6:     0x60a9a91266a2 - std[617be2ca0a6fd877]::panicking::panic_with_hook
[INFO] [stdout]    7:     0x60a9a9107f42 - std[617be2ca0a6fd877]::panicking::panic_handler::{closure#0}
[INFO] [stdout]    8:     0x60a9a91005c9 - std[617be2ca0a6fd877]::sys::backtrace::__rust_end_short_backtrace::<std[617be2ca0a6fd877]::panicking::panic_handler::{closure#0}, !>
[INFO] [stdout]    9:     0x60a9a910907d - __rustc[ea4f61d10b84890b]::rust_begin_unwind
[INFO] [stdout]   10:     0x60a9a914956c - core[a373ad73a504971]::panicking::panic_fmt
[INFO] [stdout]   11:     0x60a9a9149342 - core[a373ad73a504971]::result::unwrap_failed
[INFO] [stdout]   12:     0x60a9a8b1ecca - <std[617be2ca0a6fd877]::sync::once::Once>::call_once::<depdive[38fb66dd44768d6]::diff::test::setup_git_repos::{closure#0}>::{closure#0}
[INFO] [stdout]   13:     0x60a9a910e4a9 - <std[617be2ca0a6fd877]::sys::sync::once::futex::Once>::call
[INFO] [stdout]   14:     0x60a9a8b28343 - <depdive[38fb66dd44768d6]::diff::test::test_diff_get_subdirectory_tree::{closure#0} as core[a373ad73a504971]::ops::function::FnOnce<()>>::call_once
[INFO] [stdout]   15:     0x60a9a8dfddb4 - serial_test[f50c35d3f31e40ca]::serial_core
[INFO] [stdout]   16:     0x60a9a8b25c58 - <depdive[38fb66dd44768d6]::diff::test::test_diff_get_subdirectory_tree::{closure#0} as core[a373ad73a504971]::ops::function::FnOnce<()>>::call_once
[INFO] [stdout]   17:     0x60a9a8b6a0cb - test[aada8e7e76ba119b]::__rust_begin_short_backtrace::<core[a373ad73a504971]::result::Result<(), alloc[2e1b2a31b91974c5]::string::String>, fn() -> core[a373ad73a504971]::result::Result<(), alloc[2e1b2a31b91974c5]::string::String>>
[INFO] [stdout]   18:     0x60a9a8b772a5 - test[aada8e7e76ba119b]::run_test::{closure#0}
[INFO] [stdout]   19:     0x60a9a8b70b94 - std[617be2ca0a6fd877]::sys::backtrace::__rust_begin_short_backtrace::<test[aada8e7e76ba119b]::run_test::{closure#1}, ()>
[INFO] [stdout]   20:     0x60a9a8b7a332 - <std[617be2ca0a6fd877]::thread::lifecycle::spawn_unchecked<test[aada8e7e76ba119b]::run_test::{closure#1}, ()>::{closure#1} as core[a373ad73a504971]::ops::function::FnOnce<()>>::call_once::{shim:vtable#0}
[INFO] [stdout]   21:     0x60a9a912f74f - <std[617be2ca0a6fd877]::sys::thread::unix::Thread>::new::thread_start
[INFO] [stdout]   22:     0x7d61d77eadfa - <unknown>
[INFO] [stdout]   23:     0x7d61d787e3d4 - clone
[INFO] [stdout]   24:                0x0 - <unknown>
[INFO] [stdout] 
[INFO] [stdout] ---- diff::test::test_diff_head_commit_oid stdout ----
[INFO] [stdout] 
[INFO] [stdout] thread 'diff::test::test_diff_head_commit_oid' (6092) panicked at src/diff.rs:1080:58:
[INFO] [stdout] called `Result::unwrap()` on an `Err` value: failed to resolve address for github.com: Temporary failure in name resolution; class=Net (12)
[INFO] [stdout] stack backtrace:
[INFO] [stdout]    0:     0x60a9a91306c1 - <<std[617be2ca0a6fd877]::sys::backtrace::BacktraceLock>::print::DisplayBacktrace as core[a373ad73a504971]::fmt::Display>::fmt
[INFO] [stdout]    1:     0x60a9a9148d8a - core[a373ad73a504971]::fmt::write
[INFO] [stdout]    2:     0x60a9a913539c - <alloc[2e1b2a31b91974c5]::vec::Vec<u8> as core[a373ad73a504971]::io::write::Write>::write_fmt
[INFO] [stdout]    3:     0x60a9a9107e96 - std[617be2ca0a6fd877]::panicking::default_hook::{closure#0}
[INFO] [stdout]    4:     0x60a9a9126379 - std[617be2ca0a6fd877]::panicking::default_hook
[INFO] [stdout]    5:     0x60a9a8b76c80 - test[aada8e7e76ba119b]::test_main_inner::{closure#0}
[INFO] [stdout]    6:     0x60a9a91266a2 - std[617be2ca0a6fd877]::panicking::panic_with_hook
[INFO] [stdout]    7:     0x60a9a9107f42 - std[617be2ca0a6fd877]::panicking::panic_handler::{closure#0}
[INFO] [stdout]    8:     0x60a9a91005c9 - std[617be2ca0a6fd877]::sys::backtrace::__rust_end_short_backtrace::<std[617be2ca0a6fd877]::panicking::panic_handler::{closure#0}, !>
[INFO] [stdout]    9:     0x60a9a910907d - __rustc[ea4f61d10b84890b]::rust_begin_unwind
[INFO] [stdout]   10:     0x60a9a914956c - core[a373ad73a504971]::panicking::panic_fmt
[INFO] [stdout]   11:     0x60a9a9149342 - core[a373ad73a504971]::result::unwrap_failed
[INFO] [stdout]   12:     0x60a9a8b25a3d - <depdive[38fb66dd44768d6]::diff::test::test_diff_head_commit_oid::{closure#0} as core[a373ad73a504971]::ops::function::FnOnce<()>>::call_once
[INFO] [stdout]   13:     0x60a9a8b6a0cb - test[aada8e7e76ba119b]::__rust_begin_short_backtrace::<core[a373ad73a504971]::result::Result<(), alloc[2e1b2a31b91974c5]::string::String>, fn() -> core[a373ad73a504971]::result::Result<(), alloc[2e1b2a31b91974c5]::string::String>>
[INFO] [stdout]   14:     0x60a9a8b772a5 - test[aada8e7e76ba119b]::run_test::{closure#0}
[INFO] [stdout]   15:     0x60a9a8b70b94 - std[617be2ca0a6fd877]::sys::backtrace::__rust_begin_short_backtrace::<test[aada8e7e76ba119b]::run_test::{closure#1}, ()>
[INFO] [stdout]   16:     0x60a9a8b7a332 - <std[617be2ca0a6fd877]::thread::lifecycle::spawn_unchecked<test[aada8e7e76ba119b]::run_test::{closure#1}, ()>::{closure#1} as core[a373ad73a504971]::ops::function::FnOnce<()>>::call_once::{shim:vtable#0}
[INFO] [stdout]   17:     0x60a9a912f74f - <std[617be2ca0a6fd877]::sys::thread::unix::Thread>::new::thread_start
[INFO] [stdout]   18:     0x7d61d77eadfa - <unknown>
[INFO] [stdout]   19:     0x7d61d787e3d4 - clone
[INFO] [stdout]   20:                0x0 - <unknown>
[INFO] [stdout] 
[INFO] [stdout] ---- advisory::test::test_advisory_crate_version_lookup stdout ----
[INFO] [stdout] 
[INFO] [stdout] thread 'advisory::test::test_advisory_crate_version_lookup' (6073) panicked at src/advisory.rs:48:87:
[INFO] [stdout] called `Result::unwrap()` on an `Err` value: failed to resolve address for github.com: Temporary failure in name resolution; class=Net (12)
[INFO] [stdout] stack backtrace:
[INFO] [stdout]    0:     0x60a9a91306c1 - <<std[617be2ca0a6fd877]::sys::backtrace::BacktraceLock>::print::DisplayBacktrace as core[a373ad73a504971]::fmt::Display>::fmt
[INFO] [stdout]    1:     0x60a9a9148d8a - core[a373ad73a504971]::fmt::write
[INFO] [stdout]    2:     0x60a9a913539c - <alloc[2e1b2a31b91974c5]::vec::Vec<u8> as core[a373ad73a504971]::io::write::Write>::write_fmt
[INFO] [stdout]    3:     0x60a9a9107e96 - std[617be2ca0a6fd877]::panicking::default_hook::{closure#0}
[INFO] [stdout]    4:     0x60a9a9126379 - std[617be2ca0a6fd877]::panicking::default_hook
[INFO] [stdout]    5:     0x60a9a8b76c80 - test[aada8e7e76ba119b]::test_main_inner::{closure#0}
[INFO] [stdout]    6:     0x60a9a91266a2 - std[617be2ca0a6fd877]::panicking::panic_with_hook
[INFO] [stdout]    7:     0x60a9a9107f42 - std[617be2ca0a6fd877]::panicking::panic_handler::{closure#0}
[INFO] [stdout]    8:     0x60a9a91005c9 - std[617be2ca0a6fd877]::sys::backtrace::__rust_end_short_backtrace::<std[617be2ca0a6fd877]::panicking::panic_handler::{closure#0}, !>
[INFO] [stdout]    9:     0x60a9a910907d - __rustc[ea4f61d10b84890b]::rust_begin_unwind
[INFO] [stdout]   10:     0x60a9a914956c - core[a373ad73a504971]::panicking::panic_fmt
[INFO] [stdout]   11:     0x60a9a9149342 - core[a373ad73a504971]::result::unwrap_failed
[INFO] [stdout]   12:     0x60a9a8ae7128 - <depdive[38fb66dd44768d6]::advisory::test::ADVISORY_LOOKUP::{closure#0} as core[a373ad73a504971]::ops::function::FnOnce<()>>::call_once
[INFO] [stdout]   13:     0x60a9a8addd55 - <once_cell[d6395c278165383f]::imp::OnceCell<depdive[38fb66dd44768d6]::advisory::AdvisoryLookup>>::initialize::<<once_cell[d6395c278165383f]::sync::OnceCell<depdive[38fb66dd44768d6]::advisory::AdvisoryLookup>>::get_or_init<<once_cell[d6395c278165383f]::sync::Lazy<depdive[38fb66dd44768d6]::advisory::AdvisoryLookup>>::force::{closure#0}>::{closure#0}, <once_cell[d6395c278165383f]::sync::OnceCell<_>>::get_or_init::Void>::{closure#0}
[INFO] [stdout]   14:     0x60a9a8fcb4cf - once_cell[d6395c278165383f]::imp::initialize_inner
[INFO] [stdout]   15:     0x60a9a8ad8d92 - <once_cell[d6395c278165383f]::imp::OnceCell<depdive[38fb66dd44768d6]::advisory::AdvisoryLookup>>::initialize::<<once_cell[d6395c278165383f]::sync::OnceCell<depdive[38fb66dd44768d6]::advisory::AdvisoryLookup>>::get_or_init<<once_cell[d6395c278165383f]::sync::Lazy<depdive[38fb66dd44768d6]::advisory::AdvisoryLookup>>::force::{closure#0}>::{closure#0}, <once_cell[d6395c278165383f]::sync::OnceCell<_>>::get_or_init::Void>
[INFO] [stdout]   16:     0x60a9a8ae73e4 - <depdive[38fb66dd44768d6]::advisory::test::test_advisory_crate_version_lookup::{closure#0} as core[a373ad73a504971]::ops::function::FnOnce<()>>::call_once
[INFO] [stdout]   17:     0x60a9a8b6a0cb - test[aada8e7e76ba119b]::__rust_begin_short_backtrace::<core[a373ad73a504971]::result::Result<(), alloc[2e1b2a31b91974c5]::string::String>, fn() -> core[a373ad73a504971]::result::Result<(), alloc[2e1b2a31b91974c5]::string::String>>
[INFO] [stdout]   18:     0x60a9a8b772a5 - test[aada8e7e76ba119b]::run_test::{closure#0}
[INFO] [stdout]   19:     0x60a9a8b70b94 - std[617be2ca0a6fd877]::sys::backtrace::__rust_begin_short_backtrace::<test[aada8e7e76ba119b]::run_test::{closure#1}, ()>
[INFO] [stdout]   20:     0x60a9a8b7a332 - <std[617be2ca0a6fd877]::thread::lifecycle::spawn_unchecked<test[aada8e7e76ba119b]::run_test::{closure#1}, ()>::{closure#1} as core[a373ad73a504971]::ops::function::FnOnce<()>>::call_once::{shim:vtable#0}
[INFO] [stdout]   21:     0x60a9a912f74f - <std[617be2ca0a6fd877]::sys::thread::unix::Thread>::new::thread_start
[INFO] [stdout]   22:     0x7d61d77eadfa - <unknown>
[INFO] [stdout]   23:     0x7d61d787e3d4 - clone
[INFO] [stdout]   24:                0x0 - <unknown>
[INFO] [stdout] 
[INFO] [stdout] ---- diff::test::test_diff_crate_source_diff_analyzer stdout ----
[INFO] [stdout] 
[INFO] [stdout] thread 'diff::test::test_diff_crate_source_diff_analyzer' (6085) panicked at src/diff.rs:746:24:
[INFO] [stdout] Once instance has previously been poisoned
[INFO] [stdout] stack backtrace:
[INFO] [stdout]    0:     0x60a9a91306c1 - <<std[617be2ca0a6fd877]::sys::backtrace::BacktraceLock>::print::DisplayBacktrace as core[a373ad73a504971]::fmt::Display>::fmt
[INFO] [stdout]    1:     0x60a9a9148d8a - core[a373ad73a504971]::fmt::write
[INFO] [stdout]    2:     0x60a9a913539c - <alloc[2e1b2a31b91974c5]::vec::Vec<u8> as core[a373ad73a504971]::io::write::Write>::write_fmt
[INFO] [stdout]    3:     0x60a9a9107e96 - std[617be2ca0a6fd877]::panicking::default_hook::{closure#0}
[INFO] [stdout]    4:     0x60a9a9126379 - std[617be2ca0a6fd877]::panicking::default_hook
[INFO] [stdout]    5:     0x60a9a8b76c80 - test[aada8e7e76ba119b]::test_main_inner::{closure#0}
[INFO] [stdout]    6:     0x60a9a91266a2 - std[617be2ca0a6fd877]::panicking::panic_with_hook
[INFO] [stdout]    7:     0x60a9a9107f74 - std[617be2ca0a6fd877]::panicking::panic_handler::{closure#0}
[INFO] [stdout]    8:     0x60a9a91005c9 - std[617be2ca0a6fd877]::sys::backtrace::__rust_end_short_backtrace::<std[617be2ca0a6fd877]::panicking::panic_handler::{closure#0}, !>
[INFO] [stdout]    9:     0x60a9a910907d - __rustc[ea4f61d10b84890b]::rust_begin_unwind
[INFO] [stdout]   10:     0x60a9a914956c - core[a373ad73a504971]::panicking::panic_fmt
[INFO] [stdout]   11:     0x60a9a910e5e1 - <std[617be2ca0a6fd877]::sys::sync::once::futex::Once>::call
[INFO] [stdout]   12:     0x60a9a8b28f6f - <depdive[38fb66dd44768d6]::diff::test::test_diff_crate_source_diff_analyzer::{closure#0} as core[a373ad73a504971]::ops::function::FnOnce<()>>::call_once
[INFO] [stdout]   13:     0x60a9a8dfddb4 - serial_test[f50c35d3f31e40ca]::serial_core
[INFO] [stdout]   14:     0x60a9a8b25c88 - <depdive[38fb66dd44768d6]::diff::test::test_diff_crate_source_diff_analyzer::{closure#0} as core[a373ad73a504971]::ops::function::FnOnce<()>>::call_once
[INFO] [stdout]   15:     0x60a9a8b6a0cb - test[aada8e7e76ba119b]::__rust_begin_short_backtrace::<core[a373ad73a504971]::result::Result<(), alloc[2e1b2a31b91974c5]::string::String>, fn() -> core[a373ad73a504971]::result::Result<(), alloc[2e1b2a31b91974c5]::string::String>>
[INFO] [stdout]   16:     0x60a9a8b772a5 - test[aada8e7e76ba119b]::run_test::{closure#0}
[INFO] [stdout]   17:     0x60a9a8b70b94 - std[617be2ca0a6fd877]::sys::backtrace::__rust_begin_short_backtrace::<test[aada8e7e76ba119b]::run_test::{closure#1}, ()>
[INFO] [stdout]   18:     0x60a9a8b7a332 - <std[617be2ca0a6fd877]::thread::lifecycle::spawn_unchecked<test[aada8e7e76ba119b]::run_test::{closure#1}, ()>::{closure#1} as core[a373ad73a504971]::ops::function::FnOnce<()>>::call_once::{shim:vtable#0}
[INFO] [stdout]   19:     0x60a9a912f74f - <std[617be2ca0a6fd877]::sys::thread::unix::Thread>::new::thread_start
[INFO] [stdout]   20:     0x7d61d77eadfa - <unknown>
[INFO] [stdout]   21:     0x7d61d787e3d4 - clone
[INFO] [stdout]   22:                0x0 - <unknown>
[INFO] [stdout] 
[INFO] [stdout] ---- advisory::test::test_advisory_lookup stdout ----
[INFO] [stdout] 
[INFO] [stdout] thread 'advisory::test::test_advisory_lookup' (6074) panicked at /opt/rustwide/cargo-home/registry/src/index.crates.io-1949cf8c6b5b557f/once_cell-1.8.0/src/lib.rs:1116:25:
[INFO] [stdout] Lazy instance has previously been poisoned
[INFO] [stdout] stack backtrace:
[INFO] [stdout]    0:     0x60a9a91306c1 - <<std[617be2ca0a6fd877]::sys::backtrace::BacktraceLock>::print::DisplayBacktrace as core[a373ad73a504971]::fmt::Display>::fmt
[INFO] [stdout]    1:     0x60a9a9148d8a - core[a373ad73a504971]::fmt::write
[INFO] [stdout]    2:     0x60a9a913539c - <alloc[2e1b2a31b91974c5]::vec::Vec<u8> as core[a373ad73a504971]::io::write::Write>::write_fmt
[INFO] [stdout]    3:     0x60a9a9107e96 - std[617be2ca0a6fd877]::panicking::default_hook::{closure#0}
[INFO] [stdout]    4:     0x60a9a9126379 - std[617be2ca0a6fd877]::panicking::default_hook
[INFO] [stdout]    5:     0x60a9a8b76c80 - test[aada8e7e76ba119b]::test_main_inner::{closure#0}
[INFO] [stdout]    6:     0x60a9a91266a2 - std[617be2ca0a6fd877]::panicking::panic_with_hook
[INFO] [stdout]    7:     0x60a9a910725c - std[617be2ca0a6fd877]::panicking::begin_panic::<&str>::{closure#0}
[INFO] [stdout]    8:     0x60a9a91005a9 - std[617be2ca0a6fd877]::sys::backtrace::__rust_end_short_backtrace::<std[617be2ca0a6fd877]::panicking::begin_panic<&str>::{closure#0}, !>
[INFO] [stdout]    9:     0x60a9a90fd78b - std[617be2ca0a6fd877]::panicking::begin_panic::<&str>
[INFO] [stdout]   10:     0x60a9a8addeed - <once_cell[d6395c278165383f]::imp::OnceCell<depdive[38fb66dd44768d6]::advisory::AdvisoryLookup>>::initialize::<<once_cell[d6395c278165383f]::sync::OnceCell<depdive[38fb66dd44768d6]::advisory::AdvisoryLookup>>::get_or_init<<once_cell[d6395c278165383f]::sync::Lazy<depdive[38fb66dd44768d6]::advisory::AdvisoryLookup>>::force::{closure#0}>::{closure#0}, <once_cell[d6395c278165383f]::sync::OnceCell<_>>::get_or_init::Void>::{closure#0}
[INFO] [stdout]   11:     0x60a9a8fcb4cf - once_cell[d6395c278165383f]::imp::initialize_inner
[INFO] [stdout]   12:     0x60a9a8ad8d92 - <once_cell[d6395c278165383f]::imp::OnceCell<depdive[38fb66dd44768d6]::advisory::AdvisoryLookup>>::initialize::<<once_cell[d6395c278165383f]::sync::OnceCell<depdive[38fb66dd44768d6]::advisory::AdvisoryLookup>>::get_or_init<<once_cell[d6395c278165383f]::sync::Lazy<depdive[38fb66dd44768d6]::advisory::AdvisoryLookup>>::force::{closure#0}>::{closure#0}, <once_cell[d6395c278165383f]::sync::OnceCell<_>>::get_or_init::Void>
[INFO] [stdout]   13:     0x60a9a8ae721e - <depdive[38fb66dd44768d6]::advisory::test::test_advisory_lookup::{closure#0} as core[a373ad73a504971]::ops::function::FnOnce<()>>::call_once
[INFO] [stdout]   14:     0x60a9a8b6a0cb - test[aada8e7e76ba119b]::__rust_begin_short_backtrace::<core[a373ad73a504971]::result::Result<(), alloc[2e1b2a31b91974c5]::string::String>, fn() -> core[a373ad73a504971]::result::Result<(), alloc[2e1b2a31b91974c5]::string::String>>
[INFO] [stdout]   15:     0x60a9a8b772a5 - test[aada8e7e76ba119b]::run_test::{closure#0}
[INFO] [stdout]   16:     0x60a9a8b70b94 - std[617be2ca0a6fd877]::sys::backtrace::__rust_begin_short_backtrace::<test[aada8e7e76ba119b]::run_test::{closure#1}, ()>
[INFO] [stdout]   17:     0x60a9a8b7a332 - <std[617be2ca0a6fd877]::thread::lifecycle::spawn_unchecked<test[aada8e7e76ba119b]::run_test::{closure#1}, ()>::{closure#1} as core[a373ad73a504971]::ops::function::FnOnce<()>>::call_once::{shim:vtable#0}
[INFO] [stdout]   18:     0x60a9a912f74f - <std[617be2ca0a6fd877]::sys::thread::unix::Thread>::new::thread_start
[INFO] [stdout]   19:     0x7d61d77eadfa - <unknown>
[INFO] [stdout]   20:     0x7d61d787e3d4 - clone
[INFO] [stdout]   21:                0x0 - <unknown>
[INFO] [stdout] 
[INFO] [stdout] ---- code::test::test_code_analyzer stdout ----
[INFO] [stdout] 
[INFO] [stdout] thread 'code::test::test_code_analyzer' (6075) panicked at /opt/rustwide/cargo-home/registry/src/index.crates.io-1949cf8c6b5b557f/once_cell-1.8.0/src/lib.rs:1116:25:
[INFO] [stdout] Lazy instance has previously been poisoned
[INFO] [stdout] stack backtrace:
[INFO] [stdout]    0:     0x60a9a91306c1 - <<std[617be2ca0a6fd877]::sys::backtrace::BacktraceLock>::print::DisplayBacktrace as core[a373ad73a504971]::fmt::Display>::fmt
[INFO] [stdout]    1:     0x60a9a9148d8a - core[a373ad73a504971]::fmt::write
[INFO] [stdout]    2:     0x60a9a913539c - <alloc[2e1b2a31b91974c5]::vec::Vec<u8> as core[a373ad73a504971]::io::write::Write>::write_fmt
[INFO] [stdout]    3:     0x60a9a9107e96 - std[617be2ca0a6fd877]::panicking::default_hook::{closure#0}
[INFO] [stdout]    4:     0x60a9a9126379 - std[617be2ca0a6fd877]::panicking::default_hook
[INFO] [stdout]    5:     0x60a9a8b76c80 - test[aada8e7e76ba119b]::test_main_inner::{closure#0}
[INFO] [stdout]    6:     0x60a9a91266a2 - std[617be2ca0a6fd877]::panicking::panic_with_hook
[INFO] [stdout]    7:     0x60a9a910725c - std[617be2ca0a6fd877]::panicking::begin_panic::<&str>::{closure#0}
[INFO] [stdout]    8:     0x60a9a91005a9 - std[617be2ca0a6fd877]::sys::backtrace::__rust_end_short_backtrace::<std[617be2ca0a6fd877]::panicking::begin_panic<&str>::{closure#0}, !>
[INFO] [stdout]    9:     0x60a9a90fd78b - std[617be2ca0a6fd877]::panicking::begin_panic::<&str>
[INFO] [stdout]   10:     0x60a9a8ade036 - <once_cell[d6395c278165383f]::imp::OnceCell<guppy[fdf9b49d13d4b07f]::graph::graph_impl::PackageGraph>>::initialize::<<once_cell[d6395c278165383f]::sync::OnceCell<guppy[fdf9b49d13d4b07f]::graph::graph_impl::PackageGraph>>::get_or_init<<once_cell[d6395c278165383f]::sync::Lazy<guppy[fdf9b49d13d4b07f]::graph::graph_impl::PackageGraph>>::force::{closure#0}>::{closure#0}, <once_cell[d6395c278165383f]::sync::OnceCell<_>>::get_or_init::Void>::{closure#0}
[INFO] [stdout]   11:     0x60a9a8fcb4cf - once_cell[d6395c278165383f]::imp::initialize_inner
[INFO] [stdout]   12:     0x60a9a8ad8de5 - <once_cell[d6395c278165383f]::imp::OnceCell<guppy[fdf9b49d13d4b07f]::graph::graph_impl::PackageGraph>>::initialize::<<once_cell[d6395c278165383f]::sync::OnceCell<guppy[fdf9b49d13d4b07f]::graph::graph_impl::PackageGraph>>::get_or_init<<once_cell[d6395c278165383f]::sync::Lazy<guppy[fdf9b49d13d4b07f]::graph::graph_impl::PackageGraph>>::force::{closure#0}>::{closure#0}, <once_cell[d6395c278165383f]::sync::OnceCell<_>>::get_or_init::Void>
[INFO] [stdout]   13:     0x60a9a8ae03aa - <depdive[38fb66dd44768d6]::code::test::test_code_analyzer::{closure#0} as core[a373ad73a504971]::ops::function::FnOnce<()>>::call_once
[INFO] [stdout]   14:     0x60a9a8dfddb4 - serial_test[f50c35d3f31e40ca]::serial_core
[INFO] [stdout]   15:     0x60a9a8adf968 - <depdive[38fb66dd44768d6]::code::test::test_code_analyzer::{closure#0} as core[a373ad73a504971]::ops::function::FnOnce<()>>::call_once
[INFO] [stdout]   16:     0x60a9a8b6a0cb - test[aada8e7e76ba119b]::__rust_begin_short_backtrace::<core[a373ad73a504971]::result::Result<(), alloc[2e1b2a31b91974c5]::string::String>, fn() -> core[a373ad73a504971]::result::Result<(), alloc[2e1b2a31b91974c5]::string::String>>
[INFO] [stdout]   17:     0x60a9a8b772a5 - test[aada8e7e76ba119b]::run_test::{closure#0}
[INFO] [stdout]   18:     0x60a9a8b70b94 - std[617be2ca0a6fd877]::sys::backtrace::__rust_begin_short_backtrace::<test[aada8e7e76ba119b]::run_test::{closure#1}, ()>
[INFO] [stdout]   19:     0x60a9a8b7a332 - <std[617be2ca0a6fd877]::thread::lifecycle::spawn_unchecked<test[aada8e7e76ba119b]::run_test::{closure#1}, ()>::{closure#1} as core[a373ad73a504971]::ops::function::FnOnce<()>>::call_once::{shim:vtable#0}
[INFO] [stdout]   20:     0x60a9a912f74f - <std[617be2ca0a6fd877]::sys::thread::unix::Thread>::new::thread_start
[INFO] [stdout]   21:     0x7d61d77eadfa - <unknown>
[INFO] [stdout]   22:     0x7d61d787e3d4 - clone
[INFO] [stdout]   23:                0x0 - <unknown>
[INFO] [stdout] 
[INFO] [stdout] ---- diff::test::test_diff_head_commit_not_found_error stdout ----
[INFO] [stdout] 
[INFO] [stdout] thread 'diff::test::test_diff_head_commit_not_found_error' (6091) panicked at src/diff.rs:746:24:
[INFO] [stdout] Once instance has previously been poisoned
[INFO] [stdout] stack backtrace:
[INFO] [stdout]    0:     0x60a9a91306c1 - <<std[617be2ca0a6fd877]::sys::backtrace::BacktraceLock>::print::DisplayBacktrace as core[a373ad73a504971]::fmt::Display>::fmt
[INFO] [stdout]    1:     0x60a9a9148d8a - core[a373ad73a504971]::fmt::write
[INFO] [stdout]    2:     0x60a9a913539c - <alloc[2e1b2a31b91974c5]::vec::Vec<u8> as core[a373ad73a504971]::io::write::Write>::write_fmt
[INFO] [stdout]    3:     0x60a9a9107e96 - std[617be2ca0a6fd877]::panicking::default_hook::{closure#0}
[INFO] [stdout]    4:     0x60a9a9126379 - std[617be2ca0a6fd877]::panicking::default_hook
[INFO] [stdout]    5:     0x60a9a8b76c80 - test[aada8e7e76ba119b]::test_main_inner::{closure#0}
[INFO] [stdout]    6:     0x60a9a91266a2 - std[617be2ca0a6fd877]::panicking::panic_with_hook
[INFO] [stdout]    7:     0x60a9a9107f74 - std[617be2ca0a6fd877]::panicking::panic_handler::{closure#0}
[INFO] [stdout]    8:     0x60a9a91005c9 - std[617be2ca0a6fd877]::sys::backtrace::__rust_end_short_backtrace::<std[617be2ca0a6fd877]::panicking::panic_handler::{closure#0}, !>
[INFO] [stdout]    9:     0x60a9a910907d - __rustc[ea4f61d10b84890b]::rust_begin_unwind
[INFO] [stdout]   10:     0x60a9a914956c - core[a373ad73a504971]::panicking::panic_fmt
[INFO] [stdout]   11:     0x60a9a910e5e1 - <std[617be2ca0a6fd877]::sys::sync::once::futex::Once>::call
[INFO] [stdout]   12:     0x60a9a8b2933e - <depdive[38fb66dd44768d6]::diff::test::test_diff_head_commit_not_found_error::{closure#0} as core[a373ad73a504971]::ops::function::FnOnce<()>>::call_once
[INFO] [stdout]   13:     0x60a9a8dfddb4 - serial_test[f50c35d3f31e40ca]::serial_core
[INFO] [stdout]   14:     0x60a9a8b26098 - <depdive[38fb66dd44768d6]::diff::test::test_diff_head_commit_not_found_error::{closure#0} as core[a373ad73a504971]::ops::function::FnOnce<()>>::call_once
[INFO] [stdout]   15:     0x60a9a8b6a0cb - test[aada8e7e76ba119b]::__rust_begin_short_backtrace::<core[a373ad73a504971]::result::Result<(), alloc[2e1b2a31b91974c5]::string::String>, fn() -> core[a373ad73a504971]::result::Result<(), alloc[2e1b2a31b91974c5]::string::String>>
[INFO] [stdout]   16:     0x60a9a8b772a5 - test[aada8e7e76ba119b]::run_test::{closure#0}
[INFO] [stdout]   17:     0x60a9a8b70b94 - std[617be2ca0a6fd877]::sys::backtrace::__rust_begin_short_backtrace::<test[aada8e7e76ba119b]::run_test::{closure#1}, ()>
[INFO] [stdout]   18:     0x60a9a8b7a332 - <std[617be2ca0a6fd877]::thread::lifecycle::spawn_unchecked<test[aada8e7e76ba119b]::run_test::{closure#1}, ()>::{closure#1} as core[a373ad73a504971]::ops::function::FnOnce<()>>::call_once::{shim:vtable#0}
[INFO] [stdout]   19:     0x60a9a912f74f - <std[617be2ca0a6fd877]::sys::thread::unix::Thread>::new::thread_start
[INFO] [stdout]   20:     0x7d61d77eadfa - <unknown>
[INFO] [stdout]   21:     0x7d61d787e3d4 - clone
[INFO] [stdout]   22:                0x0 - <unknown>
[INFO] [stdout] 
[INFO] [stdout] ---- diff::test::test_diff_locate_cargo_toml stdout ----
[INFO] [stdout] 
[INFO] [stdout] thread 'diff::test::test_diff_locate_cargo_toml' (6119) panicked at src/diff.rs:746:24:
[INFO] [stdout] Once instance has previously been poisoned
[INFO] [stdout] stack backtrace:
[INFO] [stdout]    0:     0x60a9a91306c1 - <<std[617be2ca0a6fd877]::sys::backtrace::BacktraceLock>::print::DisplayBacktrace as core[a373ad73a504971]::fmt::Display>::fmt
[INFO] [stdout]    1:     0x60a9a9148d8a - core[a373ad73a504971]::fmt::write
[INFO] [stdout]    2:     0x60a9a913539c - <alloc[2e1b2a31b91974c5]::vec::Vec<u8> as core[a373ad73a504971]::io::write::Write>::write_fmt
[INFO] [stdout]    3:     0x60a9a9107e96 - std[617be2ca0a6fd877]::panicking::default_hook::{closure#0}
[INFO] [stdout]    4:     0x60a9a9126379 - std[617be2ca0a6fd877]::panicking::default_hook
[INFO] [stdout]    5:     0x60a9a8b76c80 - test[aada8e7e76ba119b]::test_main_inner::{closure#0}
[INFO] [stdout]    6:     0x60a9a91266a2 - std[617be2ca0a6fd877]::panicking::panic_with_hook
[INFO] [stdout]    7:     0x60a9a9107f74 - std[617be2ca0a6fd877]::panicking::panic_handler::{closure#0}
[INFO] [stdout]    8:     0x60a9a91005c9 - std[617be2ca0a6fd877]::sys::backtrace::__rust_end_short_backtrace::<std[617be2ca0a6fd877]::panicking::panic_handler::{closure#0}, !>
[INFO] [stdout]    9:     0x60a9a910907d - __rustc[ea4f61d10b84890b]::rust_begin_unwind
[INFO] [stdout]   10:     0x60a9a914956c - core[a373ad73a504971]::panicking::panic_fmt
[INFO] [stdout]   11:     0x60a9a910e5e1 - <std[617be2ca0a6fd877]::sys::sync::once::futex::Once>::call
[INFO] [stdout]   12:     0x60a9a8b27f52 - <depdive[38fb66dd44768d6]::diff::test::test_diff_locate_cargo_toml::{closure#0} as core[a373ad73a504971]::ops::function::FnOnce<()>>::call_once
[INFO] [stdout]   13:     0x60a9a8dfddb4 - serial_test[f50c35d3f31e40ca]::serial_core
[INFO] [stdout]   14:     0x60a9a8b25c28 - <depdive[38fb66dd44768d6]::diff::test::test_diff_locate_cargo_toml::{closure#0} as core[a373ad73a504971]::ops::function::FnOnce<()>>::call_once
[INFO] [stdout]   15:     0x60a9a8b6a0cb - test[aada8e7e76ba119b]::__rust_begin_short_backtrace::<core[a373ad73a504971]::result::Result<(), alloc[2e1b2a31b91974c5]::string::String>, fn() -> core[a373ad73a504971]::result::Result<(), alloc[2e1b2a31b91974c5]::string::String>>
[INFO] [stdout]   16:     0x60a9a8b772a5 - test[aada8e7e76ba119b]::run_test::{closure#0}
[INFO] [stdout]   17:     0x60a9a8b70b94 - std[617be2ca0a6fd877]::sys::backtrace::__rust_begin_short_backtrace::<test[aada8e7e76ba119b]::run_test::{closure#1}, ()>
[INFO] [stdout]   18:     0x60a9a8b7a332 - <std[617be2ca0a6fd877]::thread::lifecycle::spawn_unchecked<test[aada8e7e76ba119b]::run_test::{closure#1}, ()>::{closure#1} as core[a373ad73a504971]::ops::function::FnOnce<()>>::call_once::{shim:vtable#0}
[INFO] [stdout]   19:     0x60a9a912f74f - <std[617be2ca0a6fd877]::sys::thread::unix::Thread>::new::thread_start
[INFO] [stdout]   20:     0x7d61d77eadfa - <unknown>
[INFO] [stdout]   21:     0x7d61d787e3d4 - clone
[INFO] [stdout]   22:                0x0 - <unknown>
[INFO] [stdout] 
[INFO] [stdout] ---- github::tests::test_github_recent_activity stdout ----
[INFO] [stdout] 
[INFO] [stdout] thread 'github::tests::test_github_recent_activity' (6145) panicked at src/github.rs:449:31:
[INFO] [stdout] called `Result::unwrap()` on an `Err` value: environment variable not found
[INFO] [stdout] stack backtrace:
[INFO] [stdout]    0:     0x60a9a91306c1 - <<std[617be2ca0a6fd877]::sys::backtrace::BacktraceLock>::print::DisplayBacktrace as core[a373ad73a504971]::fmt::Display>::fmt
[INFO] [stdout]    1:     0x60a9a9148d8a - core[a373ad73a504971]::fmt::write
[INFO] [stdout]    2:     0x60a9a913539c - <alloc[2e1b2a31b91974c5]::vec::Vec<u8> as core[a373ad73a504971]::io::write::Write>::write_fmt
[INFO] [stdout]    3:     0x60a9a9107e96 - std[617be2ca0a6fd877]::panicking::default_hook::{closure#0}
[INFO] [stdout]    4:     0x60a9a9126379 - std[617be2ca0a6fd877]::panicking::default_hook
[INFO] [stdout]    5:     0x60a9a8b76c80 - test[aada8e7e76ba119b]::test_main_inner::{closure#0}
[INFO] [stdout]    6:     0x60a9a91266a2 - std[617be2ca0a6fd877]::panicking::panic_with_hook
[INFO] [stdout]    7:     0x60a9a9107f42 - std[617be2ca0a6fd877]::panicking::panic_handler::{closure#0}
[INFO] [stdout]    8:     0x60a9a91005c9 - std[617be2ca0a6fd877]::sys::backtrace::__rust_end_short_backtrace::<std[617be2ca0a6fd877]::panicking::panic_handler::{closure#0}, !>
[INFO] [stdout]    9:     0x60a9a910907d - __rustc[ea4f61d10b84890b]::rust_begin_unwind
[INFO] [stdout]   10:     0x60a9a914956c - core[a373ad73a504971]::panicking::panic_fmt
[INFO] [stdout]   11:     0x60a9a9149342 - core[a373ad73a504971]::result::unwrap_failed
[INFO] [stdout]   12:     0x60a9a8b4c022 - <depdive[38fb66dd44768d6]::github::tests::test_github_recent_activity::{closure#0} as core[a373ad73a504971]::ops::function::FnOnce<()>>::call_once
[INFO] [stdout]   13:     0x60a9a8b6a0cb - test[aada8e7e76ba119b]::__rust_begin_short_backtrace::<core[a373ad73a504971]::result::Result<(), alloc[2e1b2a31b91974c5]::string::String>, fn() -> core[a373ad73a504971]::result::Result<(), alloc[2e1b2a31b91974c5]::string::String>>
[INFO] [stdout]   14:     0x60a9a8b772a5 - test[aada8e7e76ba119b]::run_test::{closure#0}
[INFO] [stdout]   15:     0x60a9a8b70b94 - std[617be2ca0a6fd877]::sys::backtrace::__rust_begin_short_backtrace::<test[aada8e7e76ba119b]::run_test::{closure#1}, ()>
[INFO] [stdout]   16:     0x60a9a8b7a332 - <std[617be2ca0a6fd877]::thread::lifecycle::spawn_unchecked<test[aada8e7e76ba119b]::run_test::{closure#1}, ()>::{closure#1} as core[a373ad73a504971]::ops::function::FnOnce<()>>::call_once::{shim:vtable#0}
[INFO] [stdout]   17:     0x60a9a912f74f - <std[617be2ca0a6fd877]::sys::thread::unix::Thread>::new::thread_start
[INFO] [stdout]   18:     0x7d61d77eadfa - <unknown>
[INFO] [stdout]   19:     0x7d61d787e3d4 - clone
[INFO] [stdout]   20:                0x0 - <unknown>
[INFO] [stdout] 
[INFO] [stdout] ---- diff::test::test_diff_git_repo stdout ----
[INFO] [stdout] 
[INFO] [stdout] thread 'diff::test::test_diff_git_repo' (6090) panicked at src/diff.rs:815:58:
[INFO] [stdout] called `Result::unwrap()` on an `Err` value: failed to resolve address for github.com: Temporary failure in name resolution; class=Net (12)
[INFO] [stdout] stack backtrace:
[INFO] [stdout]    0:     0x60a9a91306c1 - <<std[617be2ca0a6fd877]::sys::backtrace::BacktraceLock>::print::DisplayBacktrace as core[a373ad73a504971]::fmt::Display>::fmt
[INFO] [stdout]    1:     0x60a9a9148d8a - core[a373ad73a504971]::fmt::write
[INFO] [stdout]    2:     0x60a9a913539c - <alloc[2e1b2a31b91974c5]::vec::Vec<u8> as core[a373ad73a504971]::io::write::Write>::write_fmt
[INFO] [stdout]    3:     0x60a9a9107e96 - std[617be2ca0a6fd877]::panicking::default_hook::{closure#0}
[INFO] [stdout]    4:     0x60a9a9126379 - std[617be2ca0a6fd877]::panicking::default_hook
[INFO] [stdout]    5:     0x60a9a8b76c80 - test[aada8e7e76ba119b]::test_main_inner::{closure#0}
[INFO] [stdout]    6:     0x60a9a91266a2 - std[617be2ca0a6fd877]::panicking::panic_with_hook
[INFO] [stdout]    7:     0x60a9a9107f42 - std[617be2ca0a6fd877]::panicking::panic_handler::{closure#0}
[INFO] [stdout]    8:     0x60a9a91005c9 - std[617be2ca0a6fd877]::sys::backtrace::__rust_end_short_backtrace::<std[617be2ca0a6fd877]::panicking::panic_handler::{closure#0}, !>
[INFO] [stdout]    9:     0x60a9a910907d - __rustc[ea4f61d10b84890b]::rust_begin_unwind
[INFO] [stdout]   10:     0x60a9a914956c - core[a373ad73a504971]::panicking::panic_fmt
[INFO] [stdout]   11:     0x60a9a9149342 - core[a373ad73a504971]::result::unwrap_failed
[INFO] [stdout]   12:     0x60a9a8b250cc - <depdive[38fb66dd44768d6]::diff::test::test_diff_git_repo::{closure#0} as core[a373ad73a504971]::ops::function::FnOnce<()>>::call_once
[INFO] [stdout]   13:     0x60a9a8b6a0cb - test[aada8e7e76ba119b]::__rust_begin_short_backtrace::<core[a373ad73a504971]::result::Result<(), alloc[2e1b2a31b91974c5]::string::String>, fn() -> core[a373ad73a504971]::result::Result<(), alloc[2e1b2a31b91974c5]::string::String>>
[INFO] [stdout]   14:     0x60a9a8b772a5 - test[aada8e7e76ba119b]::run_test::{closure#0}
[INFO] [stdout]   15:     0x60a9a8b70b94 - std[617be2ca0a6fd877]::sys::backtrace::__rust_begin_short_backtrace::<test[aada8e7e76ba119b]::run_test::{closure#1}, ()>
[INFO] [stdout]   16:     0x60a9a8b7a332 - <std[617be2ca0a6fd877]::thread::lifecycle::spawn_unchecked<test[aada8e7e76ba119b]::run_test::{closure#1}, ()>::{closure#1} as core[a373ad73a504971]::ops::function::FnOnce<()>>::call_once::{shim:vtable#0}
[INFO] [stdout]   17:     0x60a9a912f74f - <std[617be2ca0a6fd877]::sys::thread::unix::Thread>::new::thread_start
[INFO] [stdout]   18:     0x7d61d77eadfa - <unknown>
[INFO] [stdout]   19:     0x7d61d787e3d4 - clone
[INFO] [stdout]   20:                0x0 - <unknown>
[INFO] [stdout] 
[INFO] [stdout] ---- github::tests::test_github_stats_for_gitlab stdout ----
[INFO] [stdout] 
[INFO] [stdout] thread 'github::tests::test_github_stats_for_gitlab' (6146) panicked at src/github.rs:449:31:
[INFO] [stdout] called `Result::unwrap()` on an `Err` value: environment variable not found
[INFO] [stdout] stack backtrace:
[INFO] [stdout]    0:     0x60a9a91306c1 - <<std[617be2ca0a6fd877]::sys::backtrace::BacktraceLock>::print::DisplayBacktrace as core[a373ad73a504971]::fmt::Display>::fmt
[INFO] [stdout]    1:     0x60a9a9148d8a - core[a373ad73a504971]::fmt::write
[INFO] [stdout]    2:     0x60a9a913539c - <alloc[2e1b2a31b91974c5]::vec::Vec<u8> as core[a373ad73a504971]::io::write::Write>::write_fmt
[INFO] [stdout]    3:     0x60a9a9107e96 - std[617be2ca0a6fd877]::panicking::default_hook::{closure#0}
[INFO] [stdout]    4:     0x60a9a9126379 - std[617be2ca0a6fd877]::panicking::default_hook
[INFO] [stdout]    5:     0x60a9a8b76c80 - test[aada8e7e76ba119b]::test_main_inner::{closure#0}
[INFO] [stdout]    6:     0x60a9a91266a2 - std[617be2ca0a6fd877]::panicking::panic_with_hook
[INFO] [stdout]    7:     0x60a9a9107f42 - std[617be2ca0a6fd877]::panicking::panic_handler::{closure#0}
[INFO] [stdout]    8:     0x60a9a91005c9 - std[617be2ca0a6fd877]::sys::backtrace::__rust_end_short_backtrace::<std[617be2ca0a6fd877]::panicking::panic_handler::{closure#0}, !>
[INFO] [stdout]    9:     0x60a9a910907d - __rustc[ea4f61d10b84890b]::rust_begin_unwind
[INFO] [stdout]   10:     0x60a9a914956c - core[a373ad73a504971]::panicking::panic_fmt
[INFO] [stdout]   11:     0x60a9a9149342 - core[a373ad73a504971]::result::unwrap_failed
[INFO] [stdout]   12:     0x60a9a8b48207 - depdive[38fb66dd44768d6]::github::tests::get_test_github_report
[INFO] [stdout]   13:     0x60a9a8b4c111 - <depdive[38fb66dd44768d6]::github::tests::test_github_stats_for_gitlab::{closure#0} as core[a373ad73a504971]::ops::function::FnOnce<()>>::call_once
[INFO] [stdout]   14:     0x60a9a8b6a0cb - test[aada8e7e76ba119b]::__rust_begin_short_backtrace::<core[a373ad73a504971]::result::Result<(), alloc[2e1b2a31b91974c5]::string::String>, fn() -> core[a373ad73a504971]::result::Result<(), alloc[2e1b2a31b91974c5]::string::String>>
[INFO] [stdout]   15:     0x60a9a8b772a5 - test[aada8e7e76ba119b]::run_test::{closure#0}
[INFO] [stdout]   16:     0x60a9a8b70b94 - std[617be2ca0a6fd877]::sys::backtrace::__rust_begin_short_backtrace::<test[aada8e7e76ba119b]::run_test::{closure#1}, ()>
[INFO] [stdout]   17:     0x60a9a8b7a332 - <std[617be2ca0a6fd877]::thread::lifecycle::spawn_unchecked<test[aada8e7e76ba119b]::run_test::{closure#1}, ()>::{closure#1} as core[a373ad73a504971]::ops::function::FnOnce<()>>::call_once::{shim:vtable#0}
[INFO] [stdout]   18:     0x60a9a912f74f - <std[617be2ca0a6fd877]::sys::thread::unix::Thread>::new::thread_start
[INFO] [stdout]   19:     0x7d61d77eadfa - <unknown>
[INFO] [stdout]   20:     0x7d61d787e3d4 - clone
[INFO] [stdout]   21:                0x0 - <unknown>
[INFO] [stdout] 
[INFO] [stdout] ---- github::tests::test_github_stats_for_libc stdout ----
[INFO] [stdout] 
[INFO] [stdout] thread 'github::tests::test_github_stats_for_libc' (6147) panicked at src/github.rs:449:31:
[INFO] [stdout] called `Result::unwrap()` on an `Err` value: environment variable not found
[INFO] [stdout] stack backtrace:
[INFO] [stdout]    0:     0x60a9a91306c1 - <<std[617be2ca0a6fd877]::sys::backtrace::BacktraceLock>::print::DisplayBacktrace as core[a373ad73a504971]::fmt::Display>::fmt
[INFO] [stdout]    1:     0x60a9a9148d8a - core[a373ad73a504971]::fmt::write
[INFO] [stdout]    2:     0x60a9a913539c - <alloc[2e1b2a31b91974c5]::vec::Vec<u8> as core[a373ad73a504971]::io::write::Write>::write_fmt
[INFO] [stdout]    3:     0x60a9a9107e96 - std[617be2ca0a6fd877]::panicking::default_hook::{closure#0}
[INFO] [stdout]    4:     0x60a9a9126379 - std[617be2ca0a6fd877]::panicking::default_hook
[INFO] [stdout]    5:     0x60a9a8b76c80 - test[aada8e7e76ba119b]::test_main_inner::{closure#0}
[INFO] [stdout]    6:     0x60a9a91266a2 - std[617be2ca0a6fd877]::panicking::panic_with_hook
[INFO] [stdout]    7:     0x60a9a9107f42 - std[617be2ca0a6fd877]::panicking::panic_handler::{closure#0}
[INFO] [stdout]    8:     0x60a9a91005c9 - std[617be2ca0a6fd877]::sys::backtrace::__rust_end_short_backtrace::<std[617be2ca0a6fd877]::panicking::panic_handler::{closure#0}, !>
[INFO] [stdout]    9:     0x60a9a910907d - __rustc[ea4f61d10b84890b]::rust_begin_unwind
[INFO] [stdout]   10:     0x60a9a914956c - core[a373ad73a504971]::panicking::panic_fmt
[INFO] [stdout]   11:     0x60a9a9149342 - core[a373ad73a504971]::result::unwrap_failed
[INFO] [stdout]   12:     0x60a9a8b48207 - depdive[38fb66dd44768d6]::github::tests::get_test_github_report
[INFO] [stdout]   13:     0x60a9a8b4bde1 - <depdive[38fb66dd44768d6]::github::tests::test_github_stats_for_libc::{closure#0} as core[a373ad73a504971]::ops::function::FnOnce<()>>::call_once
[INFO] [stdout]   14:     0x60a9a8b6a0cb - test[aada8e7e76ba119b]::__rust_begin_short_backtrace::<core[a373ad73a504971]::result::Result<(), alloc[2e1b2a31b91974c5]::string::String>, fn() -> core[a373ad73a504971]::result::Result<(), alloc[2e1b2a31b91974c5]::string::String>>
[INFO] [stdout]   15:     0x60a9a8b772a5 - test[aada8e7e76ba119b]::run_test::{closure#0}
[INFO] [stdout]   16:     0x60a9a8b70b94 - std[617be2ca0a6fd877]::sys::backtrace::__rust_begin_short_backtrace::<test[aada8e7e76ba119b]::run_test::{closure#1}, ()>
[INFO] [stdout]   17:     0x60a9a8b7a332 - <std[617be2ca0a6fd877]::thread::lifecycle::spawn_unchecked<test[aada8e7e76ba119b]::run_test::{closure#1}, ()>::{closure#1} as core[a373ad73a504971]::ops::function::FnOnce<()>>::call_once::{shim:vtable#0}
[INFO] [stdout]   18:     0x60a9a912f74f - <std[617be2ca0a6fd877]::sys::thread::unix::Thread>::new::thread_start
[INFO] [stdout]   19:     0x7d61d77eadfa - <unknown>
[INFO] [stdout]   20:     0x7d61d787e3d4 - clone
[INFO] [stdout]   21:                0x0 - <unknown>
[INFO] [stdout] 
[INFO] [stdout] ---- cratesio::tests::test_cratesio_stats_for_libc stdout ----
[INFO] [stdout] 
[INFO] [stdout] thread 'cratesio::tests::test_cratesio_stats_for_libc' (6080) panicked at src/cratesio.rs:128:14:
[INFO] [stdout] called `Result::unwrap()` on an `Err` value: CommandError(Io(Os { code: 2, kind: NotFound, message: "No such file or directory" }))
[INFO] [stdout] stack backtrace:
[INFO] [stdout]    0:     0x60a9a91306c1 - <<std[617be2ca0a6fd877]::sys::backtrace::BacktraceLock>::print::DisplayBacktrace as core[a373ad73a504971]::fmt::Display>::fmt
[INFO] [stdout]    1:     0x60a9a9148d8a - core[a373ad73a504971]::fmt::write
[INFO] [stdout]    2:     0x60a9a913539c - <alloc[2e1b2a31b91974c5]::vec::Vec<u8> as core[a373ad73a504971]::io::write::Write>::write_fmt
[INFO] [stdout]    3:     0x60a9a9107e96 - std[617be2ca0a6fd877]::panicking::default_hook::{closure#0}
[INFO] [stdout]    4:     0x60a9a9126379 - std[617be2ca0a6fd877]::panicking::default_hook
[INFO] [stdout]    5:     0x60a9a8b76c80 - test[aada8e7e76ba119b]::test_main_inner::{closure#0}
[INFO] [stdout]    6:     0x60a9a91266a2 - std[617be2ca0a6fd877]::panicking::panic_with_hook
[INFO] [stdout]    7:     0x60a9a9107f42 - std[617be2ca0a6fd877]::panicking::panic_handler::{closure#0}
[INFO] [stdout]    8:     0x60a9a91005c9 - std[617be2ca0a6fd877]::sys::backtrace::__rust_end_short_backtrace::<std[617be2ca0a6fd877]::panicking::panic_handler::{closure#0}, !>
[INFO] [stdout]    9:     0x60a9a910907d - __rustc[ea4f61d10b84890b]::rust_begin_unwind
[INFO] [stdout]   10:     0x60a9a914956c - core[a373ad73a504971]::panicking::panic_fmt
[INFO] [stdout]   11:     0x60a9a9149342 - core[a373ad73a504971]::result::unwrap_failed
[INFO] [stdout]   12:     0x60a9a8b1a531 - <depdive[38fb66dd44768d6]::cratesio::tests::test_cratesio_stats_for_libc::{closure#0} as core[a373ad73a504971]::ops::function::FnOnce<()>>::call_once
[INFO] [stdout]   13:     0x60a9a8b6a0cb - test[aada8e7e76ba119b]::__rust_begin_short_backtrace::<core[a373ad73a504971]::result::Result<(), alloc[2e1b2a31b91974c5]::string::String>, fn() -> core[a373ad73a504971]::result::Result<(), alloc[2e1b2a31b91974c5]::string::String>>
[INFO] [stdout]   14:     0x60a9a8b772a5 - test[aada8e7e76ba119b]::run_test::{closure#0}
[INFO] [stdout]   15:     0x60a9a8b70b94 - std[617be2ca0a6fd877]::sys::backtrace::__rust_begin_short_backtrace::<test[aada8e7e76ba119b]::run_test::{closure#1}, ()>
[INFO] [stdout]   16:     0x60a9a8b7a332 - <std[617be2ca0a6fd877]::thread::lifecycle::spawn_unchecked<test[aada8e7e76ba119b]::run_test::{closure#1}, ()>::{closure#1} as core[a373ad73a504971]::ops::function::FnOnce<()>>::call_once::{shim:vtable#0}
[INFO] [stdout]   17:     0x60a9a912f74f - <std[617be2ca0a6fd877]::sys::thread::unix::Thread>::new::thread_start
[INFO] [stdout]   18:     0x7d61d77eadfa - <unknown>
[INFO] [stdout]   19:     0x7d61d787e3d4 - clone
[INFO] [stdout]   20:                0x0 - <unknown>
[INFO] [stdout] 
[INFO] [stdout] ---- github::tests::test_github_time_since_last_commit stdout ----
[INFO] [stdout] 
[INFO] [stdout] thread 'github::tests::test_github_time_since_last_commit' (6148) panicked at src/github.rs:449:31:
[INFO] [stdout] called `Result::unwrap()` on an `Err` value: environment variable not found
[INFO] [stdout] stack backtrace:
[INFO] [stdout]    0:     0x60a9a91306c1 - <<std[617be2ca0a6fd877]::sys::backtrace::BacktraceLock>::print::DisplayBacktrace as core[a373ad73a504971]::fmt::Display>::fmt
[INFO] [stdout]    1:     0x60a9a9148d8a - core[a373ad73a504971]::fmt::write
[INFO] [stdout]    2:     0x60a9a913539c - <alloc[2e1b2a31b91974c5]::vec::Vec<u8> as core[a373ad73a504971]::io::write::Write>::write_fmt
[INFO] [stdout]    3:     0x60a9a9107e96 - std[617be2ca0a6fd877]::panicking::default_hook::{closure#0}
[INFO] [stdout]    4:     0x60a9a9126379 - std[617be2ca0a6fd877]::panicking::default_hook
[INFO] [stdout]    5:     0x60a9a8b76c80 - test[aada8e7e76ba119b]::test_main_inner::{closure#0}
[INFO] [stdout]    6:     0x60a9a91266a2 - std[617be2ca0a6fd877]::panicking::panic_with_hook
[INFO] [stdout]    7:     0x60a9a9107f42 - std[617be2ca0a6fd877]::panicking::panic_handler::{closure#0}
[INFO] [stdout]    8:     0x60a9a91005c9 - std[617be2ca0a6fd877]::sys::backtrace::__rust_end_short_backtrace::<std[617be2ca0a6fd877]::panicking::panic_handler::{closure#0}, !>
[INFO] [stdout]    9:     0x60a9a910907d - __rustc[ea4f61d10b84890b]::rust_begin_unwind
[INFO] [stdout]   10:     0x60a9a914956c - core[a373ad73a504971]::panicking::panic_fmt
[INFO] [stdout]   11:     0x60a9a9149342 - core[a373ad73a504971]::result::unwrap_failed
[INFO] [stdout]   12:     0x60a9a8b4c5ed - <depdive[38fb66dd44768d6]::github::tests::test_github_time_since_last_commit::{closure#0} as core[a373ad73a504971]::ops::function::FnOnce<()>>::call_once
[INFO] [stdout]   13:     0x60a9a8b6a0cb - test[aada8e7e76ba119b]::__rust_begin_short_backtrace::<core[a373ad73a504971]::result::Result<(), alloc[2e1b2a31b91974c5]::string::String>, fn() -> core[a373ad73a504971]::result::Result<(), alloc[2e1b2a31b91974c5]::string::String>>
[INFO] [stdout]   14:     0x60a9a8b772a5 - test[aada8e7e76ba119b]::run_test::{closure#0}
[INFO] [stdout]   15:     0x60a9a8b70b94 - std[617be2ca0a6fd877]::sys::backtrace::__rust_begin_short_backtrace::<test[aada8e7e76ba119b]::run_test::{closure#1}, ()>
[INFO] [stdout]   16:     0x60a9a8b7a332 - <std[617be2ca0a6fd877]::thread::lifecycle::spawn_unchecked<test[aada8e7e76ba119b]::run_test::{closure#1}, ()>::{closure#1} as core[a373ad73a504971]::ops::function::FnOnce<()>>::call_once::{shim:vtable#0}
[INFO] [stdout]   17:     0x60a9a912f74f - <std[617be2ca0a6fd877]::sys::thread::unix::Thread>::new::thread_start
[INFO] [stdout]   18:     0x7d61d77eadfa - <unknown>
[INFO] [stdout]   19:     0x7d61d787e3d4 - clone
[INFO] [stdout]   20:                0x0 - <unknown>
[INFO] [stdout] 
[INFO] [stdout] ---- github::tests::test_github_time_since_last_open_issue stdout ----
[INFO] [stdout] 
[INFO] [stdout] thread 'github::tests::test_github_time_since_last_open_issue' (6149) panicked at src/github.rs:456:14:
[INFO] [stdout] called `Result::unwrap()` on an `Err` value: CommandError(Io(Os { code: 2, kind: NotFound, message: "No such file or directory" }))
[INFO] [stdout] stack backtrace:
[INFO] [stdout]    0:     0x60a9a91306c1 - <<std[617be2ca0a6fd877]::sys::backtrace::BacktraceLock>::print::DisplayBacktrace as core[a373ad73a504971]::fmt::Display>::fmt
[INFO] [stdout]    1:     0x60a9a9148d8a - core[a373ad73a504971]::fmt::write
[INFO] [stdout]    2:     0x60a9a913539c - <alloc[2e1b2a31b91974c5]::vec::Vec<u8> as core[a373ad73a504971]::io::write::Write>::write_fmt
[INFO] [stdout]    3:     0x60a9a9107e96 - std[617be2ca0a6fd877]::panicking::default_hook::{closure#0}
[INFO] [stdout]    4:     0x60a9a9126379 - std[617be2ca0a6fd877]::panicking::default_hook
[INFO] [stdout]    5:     0x60a9a8b76c80 - test[aada8e7e76ba119b]::test_main_inner::{closure#0}
[INFO] [stdout]    6:     0x60a9a91266a2 - std[617be2ca0a6fd877]::panicking::panic_with_hook
[INFO] [stdout]    7:     0x60a9a9107f42 - std[617be2ca0a6fd877]::panicking::panic_handler::{closure#0}
[INFO] [stdout]    8:     0x60a9a91005c9 - std[617be2ca0a6fd877]::sys::backtrace::__rust_end_short_backtrace::<std[617be2ca0a6fd877]::panicking::panic_handler::{closure#0}, !>
[INFO] [stdout]    9:     0x60a9a910907d - __rustc[ea4f61d10b84890b]::rust_begin_unwind
[INFO] [stdout]   10:     0x60a9a914956c - core[a373ad73a504971]::panicking::panic_fmt
[INFO] [stdout]   11:     0x60a9a9149342 - core[a373ad73a504971]::result::unwrap_failed
[INFO] [stdout]   12:     0x60a9a8b47fc4 - depdive[38fb66dd44768d6]::github::tests::get_test_graph
[INFO] [stdout]   13:     0x60a9a8b482f4 - depdive[38fb66dd44768d6]::github::tests::get_test_repo_fullname
[INFO] [stdout]   14:     0x60a9a8b4c866 - <depdive[38fb66dd44768d6]::github::tests::test_github_time_since_last_open_issue::{closure#0} as core[a373ad73a504971]::ops::function::FnOnce<()>>::call_once
[INFO] [stdout]   15:     0x60a9a8b6a0cb - test[aada8e7e76ba119b]::__rust_begin_short_backtrace::<core[a373ad73a504971]::result::Result<(), alloc[2e1b2a31b91974c5]::string::String>, fn() -> core[a373ad73a504971]::result::Result<(), alloc[2e1b2a31b91974c5]::string::String>>
[INFO] [stdout]   16:     0x60a9a8b772a5 - test[aada8e7e76ba119b]::run_test::{closure#0}
[INFO] [stdout]   17:     0x60a9a8b70b94 - std[617be2ca0a6fd877]::sys::backtrace::__rust_begin_short_backtrace::<test[aada8e7e76ba119b]::run_test::{closure#1}, ()>
[INFO] [stdout]   18:     0x60a9a8b7a332 - <std[617be2ca0a6fd877]::thread::lifecycle::spawn_unchecked<test[aada8e7e76ba119b]::run_test::{closure#1}, ()>::{closure#1} as core[a373ad73a504971]::ops::function::FnOnce<()>>::call_once::{shim:vtable#0}
[INFO] [stdout]   19:     0x60a9a912f74f - <std[617be2ca0a6fd877]::sys::thread::unix::Thread>::new::thread_start
[INFO] [stdout]   20:     0x7d61d77eadfa - <unknown>
[INFO] [stdout]   21:     0x7d61d787e3d4 - clone
[INFO] [stdout]   22:                0x0 - <unknown>
[INFO] [stdout] 
[INFO] [stdout] ---- github::tests::test_github_total_open_issue_count_for_label stdout ----
[INFO] [stdout] 
[INFO] [stdout] thread 'github::tests::test_github_total_open_issue_count_for_label' (6150) panicked at src/github.rs:449:31:
[INFO] [stdout] called `Result::unwrap()` on an `Err` value: environment variable not found
[INFO] [stdout] stack backtrace:
[INFO] [stdout]    0:     0x60a9a91306c1 - <<std[617be2ca0a6fd877]::sys::backtrace::BacktraceLock>::print::DisplayBacktrace as core[a373ad73a504971]::fmt::Display>::fmt
[INFO] [stdout]    1:     0x60a9a9148d8a - core[a373ad73a504971]::fmt::write
[INFO] [stdout]    2:     0x60a9a913539c - <alloc[2e1b2a31b91974c5]::vec::Vec<u8> as core[a373ad73a504971]::io::write::Write>::write_fmt
[INFO] [stdout]    3:     0x60a9a9107e96 - std[617be2ca0a6fd877]::panicking::default_hook::{closure#0}
[INFO] [stdout]    4:     0x60a9a9126379 - std[617be2ca0a6fd877]::panicking::default_hook
[INFO] [stdout]    5:     0x60a9a8b76c80 - test[aada8e7e76ba119b]::test_main_inner::{closure#0}
[INFO] [stdout]    6:     0x60a9a91266a2 - std[617be2ca0a6fd877]::panicking::panic_with_hook
[INFO] [stdout]    7:     0x60a9a9107f42 - std[617be2ca0a6fd877]::panicking::panic_handler::{closure#0}
[INFO] [stdout]    8:     0x60a9a91005c9 - std[617be2ca0a6fd877]::sys::backtrace::__rust_end_short_backtrace::<std[617be2ca0a6fd877]::panicking::panic_handler::{closure#0}, !>
[INFO] [stdout]    9:     0x60a9a910907d - __rustc[ea4f61d10b84890b]::rust_begin_unwind
[INFO] [stdout]   10:     0x60a9a914956c - core[a373ad73a504971]::panicking::panic_fmt
[INFO] [stdout]   11:     0x60a9a9149342 - core[a373ad73a504971]::result::unwrap_failed
[INFO] [stdout]   12:     0x60a9a8b4cc4f - <depdive[38fb66dd44768d6]::github::tests::test_github_total_open_issue_count_for_label::{closure#0} as core[a373ad73a504971]::ops::function::FnOnce<()>>::call_once
[INFO] [stdout]   13:     0x60a9a8b6a0cb - test[aada8e7e76ba119b]::__rust_begin_short_backtrace::<core[a373ad73a504971]::result::Result<(), alloc[2e1b2a31b91974c5]::string::String>, fn() -> core[a373ad73a504971]::result::Result<(), alloc[2e1b2a31b91974c5]::string::String>>
[INFO] [stdout]   14:     0x60a9a8b772a5 - test[aada8e7e76ba119b]::run_test::{closure#0}
[INFO] [stdout]   15:     0x60a9a8b70b94 - std[617be2ca0a6fd877]::sys::backtrace::__rust_begin_short_backtrace::<test[aada8e7e76ba119b]::run_test::{closure#1}, ()>
[INFO] [stdout]   16:     0x60a9a8b7a332 - <std[617be2ca0a6fd877]::thread::lifecycle::spawn_unchecked<test[aada8e7e76ba119b]::run_test::{closure#1}, ()>::{closure#1} as core[a373ad73a504971]::ops::function::FnOnce<()>>::call_once::{shim:vtable#0}
[INFO] [stdout]   17:     0x60a9a912f74f - <std[617be2ca0a6fd877]::sys::thread::unix::Thread>::new::thread_start
[INFO] [stdout]   18:     0x7d61d77eadfa - <unknown>
[INFO] [stdout]   19:     0x7d61d787e3d4 - clone
[INFO] [stdout]   20:                0x0 - <unknown>
[INFO] [stdout] 
[INFO] [stdout] ---- diff::test::test_diff_head_commit_oid_for_version_from_tags stdout ----
[INFO] [stdout] 
[INFO] [stdout] thread 'diff::test::test_diff_head_commit_oid_for_version_from_tags' (6109) panicked at src/diff.rs:826:58:
[INFO] [stdout] called `Result::unwrap()` on an `Err` value: failed to resolve address for github.com: Temporary failure in name resolution; class=Net (12)
[INFO] [stdout] stack backtrace:
[INFO] [stdout]    0:     0x60a9a91306c1 - <<std[617be2ca0a6fd877]::sys::backtrace::BacktraceLock>::print::DisplayBacktrace as core[a373ad73a504971]::fmt::Display>::fmt
[INFO] [stdout]    1:     0x60a9a9148d8a - core[a373ad73a504971]::fmt::write
[INFO] [stdout]    2:     0x60a9a913539c - <alloc[2e1b2a31b91974c5]::vec::Vec<u8> as core[a373ad73a504971]::io::write::Write>::write_fmt
[INFO] [stdout]    3:     0x60a9a9107e96 - std[617be2ca0a6fd877]::panicking::default_hook::{closure#0}
[INFO] [stdout]    4:     0x60a9a9126379 - std[617be2ca0a6fd877]::panicking::default_hook
[INFO] [stdout]    5:     0x60a9a8b76c80 - test[aada8e7e76ba119b]::test_main_inner::{closure#0}
[INFO] [stdout]    6:     0x60a9a91266a2 - std[617be2ca0a6fd877]::panicking::panic_with_hook
[INFO] [stdout]    7:     0x60a9a9107f42 - std[617be2ca0a6fd877]::panicking::panic_handler::{closure#0}
[INFO] [stdout]    8:     0x60a9a91005c9 - std[617be2ca0a6fd877]::sys::backtrace::__rust_end_short_backtrace::<std[617be2ca0a6fd877]::panicking::panic_handler::{closure#0}, !>
[INFO] [stdout]    9:     0x60a9a910907d - __rustc[ea4f61d10b84890b]::rust_begin_unwind
[INFO] [stdout]   10:     0x60a9a914956c - core[a373ad73a504971]::panicking::panic_fmt
[INFO] [stdout]   11:     0x60a9a9149342 - core[a373ad73a504971]::result::unwrap_failed
[INFO] [stdout]   12:     0x60a9a8b270ba - <depdive[38fb66dd44768d6]::diff::test::test_diff_head_commit_oid_for_version_from_tags::{closure#0} as core[a373ad73a504971]::ops::function::FnOnce<()>>::call_once
[INFO] [stdout]   13:     0x60a9a8b6a0cb - test[aada8e7e76ba119b]::__rust_begin_short_backtrace::<core[a373ad73a504971]::result::Result<(), alloc[2e1b2a31b91974c5]::string::String>, fn() -> core[a373ad73a504971]::result::Result<(), alloc[2e1b2a31b91974c5]::string::String>>
[INFO] [stdout]   14:     0x60a9a8b772a5 - test[aada8e7e76ba119b]::run_test::{closure#0}
[INFO] [stdout]   15:     0x60a9a8b70b94 - std[617be2ca0a6fd877]::sys::backtrace::__rust_begin_short_backtrace::<test[aada8e7e76ba119b]::run_test::{closure#1}, ()>
[INFO] [stdout]   16:     0x60a9a8b7a332 - <std[617be2ca0a6fd877]::thread::lifecycle::spawn_unchecked<test[aada8e7e76ba119b]::run_test::{closure#1}, ()>::{closure#1} as core[a373ad73a504971]::ops::function::FnOnce<()>>::call_once::{shim:vtable#0}
[INFO] [stdout]   17:     0x60a9a912f74f - <std[617be2ca0a6fd877]::sys::thread::unix::Thread>::new::thread_start
[INFO] [stdout]   18:     0x7d61d77eadfa - <unknown>
[INFO] [stdout]   19:     0x7d61d787e3d4 - clone
[INFO] [stdout]   20:                0x0 - <unknown>
[INFO] [stdout] 
[INFO] [stdout] ---- super_toml::test::test_toml_package stdout ----
[INFO] [stdout] 
[INFO] [stdout] thread 'super_toml::test::test_toml_package' (6162) panicked at src/super_toml.rs:311:14:
[INFO] [stdout] called `Result::unwrap()` on an `Err` value: CommandError(Io(Os { code: 2, kind: NotFound, message: "No such file or directory" }))
[INFO] [stdout] stack backtrace:
[INFO] [stdout]    0:     0x60a9a91306c1 - <<std[617be2ca0a6fd877]::sys::backtrace::BacktraceLock>::print::DisplayBacktrace as core[a373ad73a504971]::fmt::Display>::fmt
[INFO] [stdout]    1:     0x60a9a9148d8a - core[a373ad73a504971]::fmt::write
[INFO] [stdout]    2:     0x60a9a913539c - <alloc[2e1b2a31b91974c5]::vec::Vec<u8> as core[a373ad73a504971]::io::write::Write>::write_fmt
[INFO] [stdout]    3:     0x60a9a9107e96 - std[617be2ca0a6fd877]::panicking::default_hook::{closure#0}
[INFO] [stdout]    4:     0x60a9a9126379 - std[617be2ca0a6fd877]::panicking::default_hook
[INFO] [stdout]    5:     0x60a9a8b76c80 - test[aada8e7e76ba119b]::test_main_inner::{closure#0}
[INFO] [stdout]    6:     0x60a9a91266a2 - std[617be2ca0a6fd877]::panicking::panic_with_hook
[INFO] [stdout]    7:     0x60a9a9107f42 - std[617be2ca0a6fd877]::panicking::panic_handler::{closure#0}
[INFO] [stdout]    8:     0x60a9a91005c9 - std[617be2ca0a6fd877]::sys::backtrace::__rust_end_short_backtrace::<std[617be2ca0a6fd877]::panicking::panic_handler::{closure#0}, !>
[INFO] [stdout]    9:     0x60a9a910907d - __rustc[ea4f61d10b84890b]::rust_begin_unwind
[INFO] [stdout]   10:     0x60a9a914956c - core[a373ad73a504971]::panicking::panic_fmt
[INFO] [stdout]   11:     0x60a9a9149342 - core[a373ad73a504971]::result::unwrap_failed
[INFO] [stdout]   12:     0x60a9a8b22490 - <depdive[38fb66dd44768d6]::super_toml::test::test_toml_package::{closure#0} as core[a373ad73a504971]::ops::function::FnOnce<()>>::call_once
[INFO] [stdout]   13:     0x60a9a8b6a0cb - test[aada8e7e76ba119b]::__rust_begin_short_backtrace::<core[a373ad73a504971]::result::Result<(), alloc[2e1b2a31b91974c5]::string::String>, fn() -> core[a373ad73a504971]::result::Result<(), alloc[2e1b2a31b91974c5]::string::String>>
[INFO] [stdout]   14:     0x60a9a8b772a5 - test[aada8e7e76ba119b]::run_test::{closure#0}
[INFO] [stdout]   15:     0x60a9a8b70b94 - std[617be2ca0a6fd877]::sys::backtrace::__rust_begin_short_backtrace::<test[aada8e7e76ba119b]::run_test::{closure#1}, ()>
[INFO] [stdout]   16:     0x60a9a8b7a332 - <std[617be2ca0a6fd877]::thread::lifecycle::spawn_unchecked<test[aada8e7e76ba119b]::run_test::{closure#1}, ()>::{closure#1} as core[a373ad73a504971]::ops::function::FnOnce<()>>::call_once::{shim:vtable#0}
[INFO] [stdout]   17:     0x60a9a912f74f - <std[617be2ca0a6fd877]::sys::thread::unix::Thread>::new::thread_start
[INFO] [stdout]   18:     0x7d61d77eadfa - <unknown>
[INFO] [stdout]   19:     0x7d61d787e3d4 - clone
[INFO] [stdout]   20:                0x0 - <unknown>
[INFO] [stdout] 
[INFO] [stdout] ---- super_toml::test::test_toml_type stdout ----
[INFO] [stdout] 
[INFO] [stdout] thread 'super_toml::test::test_toml_type' (6166) panicked at src/super_toml.rs:383:18:
[INFO] [stdout] called `Result::unwrap()` on an `Err` value: No such file or directory (os error 2)
[INFO] [stdout] stack backtrace:
[INFO] [stdout]    0:     0x60a9a91306c1 - <<std[617be2ca0a6fd877]::sys::backtrace::BacktraceLock>::print::DisplayBacktrace as core[a373ad73a504971]::fmt::Display>::fmt
[INFO] [stdout]    1:     0x60a9a9148d8a - core[a373ad73a504971]::fmt::write
[INFO] [stdout]    2:     0x60a9a913539c - <alloc[2e1b2a31b91974c5]::vec::Vec<u8> as core[a373ad73a504971]::io::write::Write>::write_fmt
[INFO] [stdout]    3:     0x60a9a9107e96 - std[617be2ca0a6fd877]::panicking::default_hook::{closure#0}
[INFO] [stdout]    4:     0x60a9a9126379 - std[617be2ca0a6fd877]::panicking::default_hook
[INFO] [stdout]    5:     0x60a9a8b76c80 - test[aada8e7e76ba119b]::test_main_inner::{closure#0}
[INFO] [stdout]    6:     0x60a9a91266a2 - std[617be2ca0a6fd877]::panicking::panic_with_hook
[INFO] [stdout]    7:     0x60a9a9107f42 - std[617be2ca0a6fd877]::panicking::panic_handler::{closure#0}
[INFO] [stdout]    8:     0x60a9a91005c9 - std[617be2ca0a6fd877]::sys::backtrace::__rust_end_short_backtrace::<std[617be2ca0a6fd877]::panicking::panic_handler::{closure#0}, !>
[INFO] [stdout]    9:     0x60a9a910907d - __rustc[ea4f61d10b84890b]::rust_begin_unwind
[INFO] [stdout]   10:     0x60a9a914956c - core[a373ad73a504971]::panicking::panic_fmt
[INFO] [stdout]   11:     0x60a9a9149342 - core[a373ad73a504971]::result::unwrap_failed
[INFO] [stdout]   12:     0x60a9a8b21b0f - <depdive[38fb66dd44768d6]::super_toml::test::test_toml_type::{closure#0} as core[a373ad73a504971]::ops::function::FnOnce<()>>::call_once
[INFO] [stdout]   13:     0x60a9a8b6a0cb - test[aada8e7e76ba119b]::__rust_begin_short_backtrace::<core[a373ad73a504971]::result::Result<(), alloc[2e1b2a31b91974c5]::string::String>, fn() -> core[a373ad73a504971]::result::Result<(), alloc[2e1b2a31b91974c5]::string::String>>
[INFO] [stdout]   14:     0x60a9a8b772a5 - test[aada8e7e76ba119b]::run_test::{closure#0}
[INFO] [stdout]   15:     0x60a9a8b70b94 - std[617be2ca0a6fd877]::sys::backtrace::__rust_begin_short_backtrace::<test[aada8e7e76ba119b]::run_test::{closure#1}, ()>
[INFO] [stdout]   16:     0x60a9a8b7a332 - <std[617be2ca0a6fd877]::thread::lifecycle::spawn_unchecked<test[aada8e7e76ba119b]::run_test::{closure#1}, ()>::{closure#1} as core[a373ad73a504971]::ops::function::FnOnce<()>>::call_once::{shim:vtable#0}
[INFO] [stdout]   17:     0x60a9a912f74f - <std[617be2ca0a6fd877]::sys::thread::unix::Thread>::new::thread_start
[INFO] [stdout]   18:     0x7d61d77eadfa - <unknown>
[INFO] [stdout]   19:     0x7d61d787e3d4 - clone
[INFO] [stdout]   20:                0x0 - <unknown>
[INFO] [stdout] 
[INFO] [stdout] ---- super_toml::test::test_toml_parser stdout ----
[INFO] [stdout] 
[INFO] [stdout] thread 'super_toml::test::test_toml_parser' (6165) panicked at src/super_toml.rs:472:88:
[INFO] [stdout] called `Result::unwrap()` on an `Err` value: No such file or directory (os error 2)
[INFO] [stdout] stack backtrace:
[INFO] [stdout]    0:     0x60a9a91306c1 - <<std[617be2ca0a6fd877]::sys::backtrace::BacktraceLock>::print::DisplayBacktrace as core[a373ad73a504971]::fmt::Display>::fmt
[INFO] [stdout]    1:     0x60a9a9148d8a - core[a373ad73a504971]::fmt::write
[INFO] [stdout]    2:     0x60a9a913539c - <alloc[2e1b2a31b91974c5]::vec::Vec<u8> as core[a373ad73a504971]::io::write::Write>::write_fmt
[INFO] [stdout]    3:     0x60a9a9107e96 - std[617be2ca0a6fd877]::panicking::default_hook::{closure#0}
[INFO] [stdout]    4:     0x60a9a9126379 - std[617be2ca0a6fd877]::panicking::default_hook
[INFO] [stdout]    5:     0x60a9a8b76c80 - test[aada8e7e76ba119b]::test_main_inner::{closure#0}
[INFO] [stdout]    6:     0x60a9a91266a2 - std[617be2ca0a6fd877]::panicking::panic_with_hook
[INFO] [stdout]    7:     0x60a9a9107f42 - std[617be2ca0a6fd877]::panicking::panic_handler::{closure#0}
[INFO] [stdout]    8:     0x60a9a91005c9 - std[617be2ca0a6fd877]::sys::backtrace::__rust_end_short_backtrace::<std[617be2ca0a6fd877]::panicking::panic_handler::{closure#0}, !>
[INFO] [stdout]    9:     0x60a9a910907d - __rustc[ea4f61d10b84890b]::rust_begin_unwind
[INFO] [stdout]   10:     0x60a9a914956c - core[a373ad73a504971]::panicking::panic_fmt
[INFO] [stdout]   11:     0x60a9a9149342 - core[a373ad73a504971]::result::unwrap_failed
[INFO] [stdout]   12:     0x60a9a8b21e3e - <depdive[38fb66dd44768d6]::super_toml::test::test_toml_parser::{closure#0} as core[a373ad73a504971]::ops::function::FnOnce<()>>::call_once
[INFO] [stdout]   13:     0x60a9a8b6a0cb - test[aada8e7e76ba119b]::__rust_begin_short_backtrace::<core[a373ad73a504971]::result::Result<(), alloc[2e1b2a31b91974c5]::string::String>, fn() -> core[a373ad73a504971]::result::Result<(), alloc[2e1b2a31b91974c5]::string::String>>
[INFO] [stdout]   14:     0x60a9a8b772a5 - test[aada8e7e76ba119b]::run_test::{closure#0}
[INFO] [stdout]   15:     0x60a9a8b70b94 - std[617be2ca0a6fd877]::sys::backtrace::__rust_begin_short_backtrace::<test[aada8e7e76ba119b]::run_test::{closure#1}, ()>
[INFO] [stdout]   16:     0x60a9a8b7a332 - <std[617be2ca0a6fd877]::thread::lifecycle::spawn_unchecked<test[aada8e7e76ba119b]::run_test::{closure#1}, ()>::{closure#1} as core[a373ad73a504971]::ops::function::FnOnce<()>>::call_once::{shim:vtable#0}
[INFO] [stdout]   17:     0x60a9a912f74f - <std[617be2ca0a6fd877]::sys::thread::unix::Thread>::new::thread_start
[INFO] [stdout]   18:     0x7d61d77eadfa - <unknown>
[INFO] [stdout]   19:     0x7d61d787e3d4 - clone
[INFO] [stdout]   20:                0x0 - <unknown>
[INFO] [stdout] 
[INFO] [stdout] ---- update::test::test_update_build_script_paths stdout ----
[INFO] [stdout] 
[INFO] [stdout] thread 'update::test::test_update_build_script_paths' (6172) panicked at src/update.rs:1074:14:
[INFO] [stdout] called `Result::unwrap()` on an `Err` value: CommandError(Io(Os { code: 2, kind: NotFound, message: "No such file or directory" }))
[INFO] [stdout] stack backtrace:
[INFO] [stdout]    0:     0x60a9a91306c1 - <<std[617be2ca0a6fd877]::sys::backtrace::BacktraceLock>::print::DisplayBacktrace as core[a373ad73a504971]::fmt::Display>::fmt
[INFO] [stdout]    1:     0x60a9a9148d8a - core[a373ad73a504971]::fmt::write
[INFO] [stdout]    2:     0x60a9a913539c - <alloc[2e1b2a31b91974c5]::vec::Vec<u8> as core[a373ad73a504971]::io::write::Write>::write_fmt
[INFO] [stdout]    3:     0x60a9a9107e96 - std[617be2ca0a6fd877]::panicking::default_hook::{closure#0}
[INFO] [stdout]    4:     0x60a9a9126379 - std[617be2ca0a6fd877]::panicking::default_hook
[INFO] [stdout]    5:     0x60a9a8b76c80 - test[aada8e7e76ba119b]::test_main_inner::{closure#0}
[INFO] [stdout]    6:     0x60a9a91266a2 - std[617be2ca0a6fd877]::panicking::panic_with_hook
[INFO] [stdout]    7:     0x60a9a9107f42 - std[617be2ca0a6fd877]::panicking::panic_handler::{closure#0}
[INFO] [stdout]    8:     0x60a9a91005c9 - std[617be2ca0a6fd877]::sys::backtrace::__rust_end_short_backtrace::<std[617be2ca0a6fd877]::panicking::panic_handler::{closure#0}, !>
[INFO] [stdout]    9:     0x60a9a910907d - __rustc[ea4f61d10b84890b]::rust_begin_unwind
[INFO] [stdout]   10:     0x60a9a914956c - core[a373ad73a504971]::panicking::panic_fmt
[INFO] [stdout]   11:     0x60a9a9149342 - core[a373ad73a504971]::result::unwrap_failed
[INFO] [stdout]   12:     0x60a9a8ae28ad - <depdive[38fb66dd44768d6]::update::test::test_update_build_script_paths::{closure#0} as core[a373ad73a504971]::ops::function::FnOnce<()>>::call_once
[INFO] [stdout]   13:     0x60a9a8b6a0cb - test[aada8e7e76ba119b]::__rust_begin_short_backtrace::<core[a373ad73a504971]::result::Result<(), alloc[2e1b2a31b91974c5]::string::String>, fn() -> core[a373ad73a504971]::result::Result<(), alloc[2e1b2a31b91974c5]::string::String>>
[INFO] [stdout]   14:     0x60a9a8b772a5 - test[aada8e7e76ba119b]::run_test::{closure#0}
[INFO] [stdout]   15:     0x60a9a8b70b94 - std[617be2ca0a6fd877]::sys::backtrace::__rust_begin_short_backtrace::<test[aada8e7e76ba119b]::run_test::{closure#1}, ()>
[INFO] [stdout]   16:     0x60a9a8b7a332 - <std[617be2ca0a6fd877]::thread::lifecycle::spawn_unchecked<test[aada8e7e76ba119b]::run_test::{closure#1}, ()>::{closure#1} as core[a373ad73a504971]::ops::function::FnOnce<()>>::call_once::{shim:vtable#0}
[INFO] [stdout]   17:     0x60a9a912f74f - <std[617be2ca0a6fd877]::sys::thread::unix::Thread>::new::thread_start
[INFO] [stdout]   18:     0x7d61d77eadfa - <unknown>
[INFO] [stdout]   19:     0x7d61d787e3d4 - clone
[INFO] [stdout]   20:                0x0 - <unknown>
[INFO] [stdout] 
[INFO] [stdout] ---- super_toml::test::test_toml_cargo_lock stdout ----
[INFO] [stdout] 
[INFO] [stdout] thread 'super_toml::test::test_toml_cargo_lock' (6154) panicked at src/super_toml.rs:408:14:
[INFO] [stdout] called `Result::unwrap()` on an `Err` value: failed to resolve address for github.com: Temporary failure in name resolution; class=Net (12)
[INFO] [stdout] stack backtrace:
[INFO] [stdout]    0:     0x60a9a91306c1 - <<std[617be2ca0a6fd877]::sys::backtrace::BacktraceLock>::print::DisplayBacktrace as core[a373ad73a504971]::fmt::Display>::fmt
[INFO] [stdout]    1:     0x60a9a9148d8a - core[a373ad73a504971]::fmt::write
[INFO] [stdout]    2:     0x60a9a913539c - <alloc[2e1b2a31b91974c5]::vec::Vec<u8> as core[a373ad73a504971]::io::write::Write>::write_fmt
[INFO] [stdout]    3:     0x60a9a9107e96 - std[617be2ca0a6fd877]::panicking::default_hook::{closure#0}
[INFO] [stdout]    4:     0x60a9a9126379 - std[617be2ca0a6fd877]::panicking::default_hook
[INFO] [stdout]    5:     0x60a9a8b76c80 - test[aada8e7e76ba119b]::test_main_inner::{closure#0}
[INFO] [stdout]    6:     0x60a9a91266a2 - std[617be2ca0a6fd877]::panicking::panic_with_hook
[INFO] [stdout]    7:     0x60a9a9107f42 - std[617be2ca0a6fd877]::panicking::panic_handler::{closure#0}
[INFO] [stdout]    8:     0x60a9a91005c9 - std[617be2ca0a6fd877]::sys::backtrace::__rust_end_short_backtrace::<std[617be2ca0a6fd877]::panicking::panic_handler::{closure#0}, !>
[INFO] [stdout]    9:     0x60a9a910907d - __rustc[ea4f61d10b84890b]::rust_begin_unwind
[INFO] [stdout]   10:     0x60a9a914956c - core[a373ad73a504971]::panicking::panic_fmt
[INFO] [stdout]   11:     0x60a9a9149342 - core[a373ad73a504971]::result::unwrap_failed
[INFO] [stdout]   12:     0x60a9a8b23051 - <depdive[38fb66dd44768d6]::super_toml::test::test_toml_cargo_lock::{closure#0} as core[a373ad73a504971]::ops::function::FnOnce<()>>::call_once
[INFO] [stdout]   13:     0x60a9a8b6a0cb - test[aada8e7e76ba119b]::__rust_begin_short_backtrace::<core[a373ad73a504971]::result::Result<(), alloc[2e1b2a31b91974c5]::string::String>, fn() -> core[a373ad73a504971]::result::Result<(), alloc[2e1b2a31b91974c5]::string::String>>
[INFO] [stdout]   14:     0x60a9a8b772a5 - test[aada8e7e76ba119b]::run_test::{closure#0}
[INFO] [stdout]   15:     0x60a9a8b70b94 - std[617be2ca0a6fd877]::sys::backtrace::__rust_begin_short_backtrace::<test[aada8e7e76ba119b]::run_test::{closure#1}, ()>
[INFO] [stdout]   16:     0x60a9a8b7a332 - <std[617be2ca0a6fd877]::thread::lifecycle::spawn_unchecked<test[aada8e7e76ba119b]::run_test::{closure#1}, ()>::{closure#1} as core[a373ad73a504971]::ops::function::FnOnce<()>>::call_once::{shim:vtable#0}
[INFO] [stdout]   17:     0x60a9a912f74f - <std[617be2ca0a6fd877]::sys::thread::unix::Thread>::new::thread_start
[INFO] [stdout]   18:     0x7d61d77eadfa - <unknown>
[INFO] [stdout]   19:     0x7d61d787e3d4 - clone
[INFO] [stdout]   20:                0x0 - <unknown>
[INFO] [stdout] 
[INFO] [stdout] ---- cratesio::tests::test_cratesio_version_downloads stdout ----
[INFO] [stdout] 
[INFO] [stdout] thread 'cratesio::tests::test_cratesio_version_downloads' (6084) panicked at src/cratesio.rs:154:14:
[INFO] [stdout] called `Result::unwrap()` on an `Err` value: error sending request for url (https://crates.io/api/v1/crates/guppy/0.8.0): error trying to connect: dns error: failed to lookup address information: Temporary failure in name resolution
[INFO] [stdout] 
[INFO] [stdout] Caused by:
[INFO] [stdout]     0: error trying to connect: dns error: failed to lookup address information: Temporary failure in name resolution
[INFO] [stdout]     1: dns error: failed to lookup address information: Temporary failure in name resolution
[INFO] [stdout]     2: failed to lookup address information: Temporary failure in name resolution
[INFO] [stdout] stack backtrace:
[INFO] [stdout]    0:     0x60a9a91306c1 - <<std[617be2ca0a6fd877]::sys::backtrace::BacktraceLock>::print::DisplayBacktrace as core[a373ad73a504971]::fmt::Display>::fmt
[INFO] [stdout]    1:     0x60a9a9148d8a - core[a373ad73a504971]::fmt::write
[INFO] [stdout]    2:     0x60a9a913539c - <alloc[2e1b2a31b91974c5]::vec::Vec<u8> as core[a373ad73a504971]::io::write::Write>::write_fmt
[INFO] [stdout]    3:     0x60a9a9107e96 - std[617be2ca0a6fd877]::panicking::default_hook::{closure#0}
[INFO] [stdout]    4:     0x60a9a9126379 - std[617be2ca0a6fd877]::panicking::default_hook
[INFO] [stdout]    5:     0x60a9a8b76c80 - test[aada8e7e76ba119b]::test_main_inner::{closure#0}
[INFO] [stdout]    6:     0x60a9a91266a2 - std[617be2ca0a6fd877]::panicking::panic_with_hook
[INFO] [stdout]    7:     0x60a9a9107f42 - std[617be2ca0a6fd877]::panicking::panic_handler::{closure#0}
[INFO] [stdout]    8:     0x60a9a91005c9 - std[617be2ca0a6fd877]::sys::backtrace::__rust_end_short_backtrace::<std[617be2ca0a6fd877]::panicking::panic_handler::{closure#0}, !>
[INFO] [stdout]    9:     0x60a9a910907d - __rustc[ea4f61d10b84890b]::rust_begin_unwind
[INFO] [stdout]   10:     0x60a9a914956c - core[a373ad73a504971]::panicking::panic_fmt
[INFO] [stdout]   11:     0x60a9a9149342 - core[a373ad73a504971]::result::unwrap_failed
[INFO] [stdout]   12:     0x60a9a8b1a81b - <depdive[38fb66dd44768d6]::cratesio::tests::test_cratesio_version_downloads::{closure#0} as core[a373ad73a504971]::ops::function::FnOnce<()>>::call_once
[INFO] [stdout]   13:     0x60a9a8b6a0cb - test[aada8e7e76ba119b]::__rust_begin_short_backtrace::<core[a373ad73a504971]::result::Result<(), alloc[2e1b2a31b91974c5]::string::String>, fn() -> core[a373ad73a504971]::result::Result<(), alloc[2e1b2a31b91974c5]::string::String>>
[INFO] [stdout]   14:     0x60a9a8b772a5 - test[aada8e7e76ba119b]::run_test::{closure#0}
[INFO] [stdout]   15:     0x60a9a8b70b94 - std[617be2ca0a6fd877]::sys::backtrace::__rust_begin_short_backtrace::<test[aada8e7e76ba119b]::run_test::{closure#1}, ()>
[INFO] [stdout]   16:     0x60a9a8b7a332 - <std[617be2ca0a6fd877]::thread::lifecycle::spawn_unchecked<test[aada8e7e76ba119b]::run_test::{closure#1}, ()>::{closure#1} as core[a373ad73a504971]::ops::function::FnOnce<()>>::call_once::{shim:vtable#0}
[INFO] [stdout]   17:     0x60a9a912f74f - <std[617be2ca0a6fd877]::sys::thread::unix::Thread>::new::thread_start
[INFO] [stdout]   18:     0x7d61d77eadfa - <unknown>
[INFO] [stdout]   19:     0x7d61d787e3d4 - clone
[INFO] [stdout]   20:                0x0 - <unknown>
[INFO] [stdout] 
[INFO] [stdout] ---- diff::test::test_diff_head_commit_oid_from_cargo_toml stdout ----
[INFO] [stdout] 
[INFO] [stdout] thread 'diff::test::test_diff_head_commit_oid_from_cargo_toml' (6118) panicked at src/diff.rs:1036:58:
[INFO] [stdout] called `Result::unwrap()` on an `Err` value: failed to resolve address for github.com: Temporary failure in name resolution; class=Net (12)
[INFO] [stdout] stack backtrace:
[INFO] [stdout]    0:     0x60a9a91306c1 - <<std[617be2ca0a6fd877]::sys::backtrace::BacktraceLock>::print::DisplayBacktrace as core[a373ad73a504971]::fmt::Display>::fmt
[INFO] [stdout]    1:     0x60a9a9148d8a - core[a373ad73a504971]::fmt::write
[INFO] [stdout]    2:     0x60a9a913539c - <alloc[2e1b2a31b91974c5]::vec::Vec<u8> as core[a373ad73a504971]::io::write::Write>::write_fmt
[INFO] [stdout]    3:     0x60a9a9107e96 - std[617be2ca0a6fd877]::panicking::default_hook::{closure#0}
[INFO] [stdout]    4:     0x60a9a9126379 - std[617be2ca0a6fd877]::panicking::default_hook
[INFO] [stdout]    5:     0x60a9a8b76c80 - test[aada8e7e76ba119b]::test_main_inner::{closure#0}
[INFO] [stdout]    6:     0x60a9a91266a2 - std[617be2ca0a6fd877]::panicking::panic_with_hook
[INFO] [stdout]    7:     0x60a9a9107f42 - std[617be2ca0a6fd877]::panicking::panic_handler::{closure#0}
[INFO] [stdout]    8:     0x60a9a91005c9 - std[617be2ca0a6fd877]::sys::backtrace::__rust_end_short_backtrace::<std[617be2ca0a6fd877]::panicking::panic_handler::{closure#0}, !>
[INFO] [stdout]    9:     0x60a9a910907d - __rustc[ea4f61d10b84890b]::rust_begin_unwind
[INFO] [stdout]   10:     0x60a9a914956c - core[a373ad73a504971]::panicking::panic_fmt
[INFO] [stdout]   11:     0x60a9a9149342 - core[a373ad73a504971]::result::unwrap_failed
[INFO] [stdout]   12:     0x60a9a8b26483 - <depdive[38fb66dd44768d6]::diff::test::test_diff_head_commit_oid_from_cargo_toml::{closure#0} as core[a373ad73a504971]::ops::function::FnOnce<()>>::call_once
[INFO] [stdout]   13:     0x60a9a8b6a0cb - test[aada8e7e76ba119b]::__rust_begin_short_backtrace::<core[a373ad73a504971]::result::Result<(), alloc[2e1b2a31b91974c5]::string::String>, fn() -> core[a373ad73a504971]::result::Result<(), alloc[2e1b2a31b91974c5]::string::String>>
[INFO] [stdout]   14:     0x60a9a8b772a5 - test[aada8e7e76ba119b]::run_test::{closure#0}
[INFO] [stdout]   15:     0x60a9a8b70b94 - std[617be2ca0a6fd877]::sys::backtrace::__rust_begin_short_backtrace::<test[aada8e7e76ba119b]::run_test::{closure#1}, ()>
[INFO] [stdout]   16:     0x60a9a8b7a332 - <std[617be2ca0a6fd877]::thread::lifecycle::spawn_unchecked<test[aada8e7e76ba119b]::run_test::{closure#1}, ()>::{closure#1} as core[a373ad73a504971]::ops::function::FnOnce<()>>::call_once::{shim:vtable#0}
[INFO] [stdout]   17:     0x60a9a912f74f - <std[617be2ca0a6fd877]::sys::thread::unix::Thread>::new::thread_start
[INFO] [stdout]   18:     0x7d61d77eadfa - <unknown>
[INFO] [stdout]   19:     0x7d61d787e3d4 - clone
[INFO] [stdout]   20:                0x0 - <unknown>
[INFO] [stdout] 
[INFO] [stdout] ---- diff::test::test_diff_version_diff_from_crates_io stdout ----
[INFO] [stdout] 
[INFO] [stdout] thread 'diff::test::test_diff_version_diff_from_crates_io' (6132) panicked at src/diff.rs:980:14:
[INFO] [stdout] called `Result::unwrap()` on an `Err` value: error sending request for url (https://crates.io/api/v1/crates/guppy/0.8.0/download): error trying to connect: dns error: failed to lookup address information: Temporary failure in name resolution
[INFO] [stdout] 
[INFO] [stdout] Caused by:
[INFO] [stdout]     0: error trying to connect: dns error: failed to lookup address information: Temporary failure in name resolution
[INFO] [stdout]     1: dns error: failed to lookup address information: Temporary failure in name resolution
[INFO] [stdout]     2: failed to lookup address information: Temporary failure in name resolution
[INFO] [stdout] stack backtrace:
[INFO] [stdout]    0:     0x60a9a91306c1 - <<std[617be2ca0a6fd877]::sys::backtrace::BacktraceLock>::print::DisplayBacktrace as core[a373ad73a504971]::fmt::Display>::fmt
[INFO] [stdout]    1:     0x60a9a9148d8a - core[a373ad73a504971]::fmt::write
[INFO] [stdout]    2:     0x60a9a913539c - <alloc[2e1b2a31b91974c5]::vec::Vec<u8> as core[a373ad73a504971]::io::write::Write>::write_fmt
[INFO] [stdout]    3:     0x60a9a9107e96 - std[617be2ca0a6fd877]::panicking::default_hook::{closure#0}
[INFO] [stdout]    4:     0x60a9a9126379 - std[617be2ca0a6fd877]::panicking::default_hook
[INFO] [stdout]    5:     0x60a9a8b76c80 - test[aada8e7e76ba119b]::test_main_inner::{closure#0}
[INFO] [stdout]    6:     0x60a9a91266a2 - std[617be2ca0a6fd877]::panicking::panic_with_hook
[INFO] [stdout]    7:     0x60a9a9107f42 - std[617be2ca0a6fd877]::panicking::panic_handler::{closure#0}
[INFO] [stdout]    8:     0x60a9a91005c9 - std[617be2ca0a6fd877]::sys::backtrace::__rust_end_short_backtrace::<std[617be2ca0a6fd877]::panicking::panic_handler::{closure#0}, !>
[INFO] [stdout]    9:     0x60a9a910907d - __rustc[ea4f61d10b84890b]::rust_begin_unwind
[INFO] [stdout]   10:     0x60a9a914956c - core[a373ad73a504971]::panicking::panic_fmt
[INFO] [stdout]   11:     0x60a9a9149342 - core[a373ad73a504971]::result::unwrap_failed
[INFO] [stdout]   12:     0x60a9a8b297cb - <depdive[38fb66dd44768d6]::diff::test::test_diff_version_diff_from_crates_io::{closure#0} as core[a373ad73a504971]::ops::function::FnOnce<()>>::call_once
[INFO] [stdout]   13:     0x60a9a8dfddb4 - serial_test[f50c35d3f31e40ca]::serial_core
[INFO] [stdout]   14:     0x60a9a8b260c8 - <depdive[38fb66dd44768d6]::diff::test::test_diff_version_diff_from_crates_io::{closure#0} as core[a373ad73a504971]::ops::function::FnOnce<()>>::call_once
[INFO] [stdout]   15:     0x60a9a8b6a0cb - test[aada8e7e76ba119b]::__rust_begin_short_backtrace::<core[a373ad73a504971]::result::Result<(), alloc[2e1b2a31b91974c5]::string::String>, fn() -> core[a373ad73a504971]::result::Result<(), alloc[2e1b2a31b91974c5]::string::String>>
[INFO] [stdout]   16:     0x60a9a8b772a5 - test[aada8e7e76ba119b]::run_test::{closure#0}
[INFO] [stdout]   17:     0x60a9a8b70b94 - std[617be2ca0a6fd877]::sys::backtrace::__rust_begin_short_backtrace::<test[aada8e7e76ba119b]::run_test::{closure#1}, ()>
[INFO] [stdout]   18:     0x60a9a8b7a332 - <std[617be2ca0a6fd877]::thread::lifecycle::spawn_unchecked<test[aada8e7e76ba119b]::run_test::{closure#1}, ()>::{closure#1} as core[a373ad73a504971]::ops::function::FnOnce<()>>::call_once::{shim:vtable#0}
[INFO] [stdout]   19:     0x60a9a912f74f - <std[617be2ca0a6fd877]::sys::thread::unix::Thread>::new::thread_start
[INFO] [stdout]   20:     0x7d61d77eadfa - <unknown>
[INFO] [stdout]   21:     0x7d61d787e3d4 - clone
[INFO] [stdout]   22:                0x0 - <unknown>
[INFO] [stdout] 
[INFO] [stdout] ---- diff::test::test_diff_version_diff stdout ----
[INFO] [stdout] 
[INFO] [stdout] thread 'diff::test::test_diff_version_diff' (6131) panicked at src/diff.rs:746:24:
[INFO] [stdout] Once instance has previously been poisoned
[INFO] [stdout] stack backtrace:
[INFO] [stdout]    0:     0x60a9a91306c1 - <<std[617be2ca0a6fd877]::sys::backtrace::BacktraceLock>::print::DisplayBacktrace as core[a373ad73a504971]::fmt::Display>::fmt
[INFO] [stdout]    1:     0x60a9a9148d8a - core[a373ad73a504971]::fmt::write
[INFO] [stdout]    2:     0x60a9a913539c - <alloc[2e1b2a31b91974c5]::vec::Vec<u8> as core[a373ad73a504971]::io::write::Write>::write_fmt
[INFO] [stdout]    3:     0x60a9a9107e96 - std[617be2ca0a6fd877]::panicking::default_hook::{closure#0}
[INFO] [stdout]    4:     0x60a9a9126379 - std[617be2ca0a6fd877]::panicking::default_hook
[INFO] [stdout]    5:     0x60a9a8b76c80 - test[aada8e7e76ba119b]::test_main_inner::{closure#0}
[INFO] [stdout]    6:     0x60a9a91266a2 - std[617be2ca0a6fd877]::panicking::panic_with_hook
[INFO] [stdout]    7:     0x60a9a9107f74 - std[617be2ca0a6fd877]::panicking::panic_handler::{closure#0}
[INFO] [stdout]    8:     0x60a9a91005c9 - std[617be2ca0a6fd877]::sys::backtrace::__rust_end_short_backtrace::<std[617be2ca0a6fd877]::panicking::panic_handler::{closure#0}, !>
[INFO] [stdout]    9:     0x60a9a910907d - __rustc[ea4f61d10b84890b]::rust_begin_unwind
[INFO] [stdout]   10:     0x60a9a914956c - core[a373ad73a504971]::panicking::panic_fmt
[INFO] [stdout]   11:     0x60a9a910e5e1 - <std[617be2ca0a6fd877]::sys::sync::once::futex::Once>::call
[INFO] [stdout]   12:     0x60a9a8b27874 - <depdive[38fb66dd44768d6]::diff::test::test_diff_version_diff::{closure#0} as core[a373ad73a504971]::ops::function::FnOnce<()>>::call_once
[INFO] [stdout]   13:     0x60a9a8dfddb4 - serial_test[f50c35d3f31e40ca]::serial_core
[INFO] [stdout]   14:     0x60a9a8b252c8 - <depdive[38fb66dd44768d6]::diff::test::test_diff_version_diff::{closure#0} as core[a373ad73a504971]::ops::function::FnOnce<()>>::call_once
[INFO] [stdout]   15:     0x60a9a8b6a0cb - test[aada8e7e76ba119b]::__rust_begin_short_backtrace::<core[a373ad73a504971]::result::Result<(), alloc[2e1b2a31b91974c5]::string::String>, fn() -> core[a373ad73a504971]::result::Result<(), alloc[2e1b2a31b91974c5]::string::String>>
[INFO] [stdout]   16:     0x60a9a8b772a5 - test[aada8e7e76ba119b]::run_test::{closure#0}
[INFO] [stdout]   17:     0x60a9a8b70b94 - std[617be2ca0a6fd877]::sys::backtrace::__rust_begin_short_backtrace::<test[aada8e7e76ba119b]::run_test::{closure#1}, ()>
[INFO] [stdout]   18:     0x60a9a8b7a332 - <std[617be2ca0a6fd877]::thread::lifecycle::spawn_unchecked<test[aada8e7e76ba119b]::run_test::{closure#1}, ()>::{closure#1} as core[a373ad73a504971]::ops::function::FnOnce<()>>::call_once::{shim:vtable#0}
[INFO] [stdout]   19:     0x60a9a912f74f - <std[617be2ca0a6fd877]::sys::thread::unix::Thread>::new::thread_start
[INFO] [stdout]   20:     0x7d61d77eadfa - <unknown>
[INFO] [stdout]   21:     0x7d61d787e3d4 - clone
[INFO] [stdout]   22:                0x0 - <unknown>
[INFO] [stdout] 
[INFO] [stdout] ---- test::test_lib_update_review_report_from_paths stdout ----
[INFO] [stdout] 
[INFO] [stdout] thread 'test::test_lib_update_review_report_from_paths' (6168) panicked at src/lib.rs:582:14:
[INFO] [stdout] called `Result::unwrap()` on an `Err` value: failed to resolve address for github.com: Temporary failure in name resolution; class=Net (12)
[INFO] [stdout] stack backtrace:
[INFO] [stdout]    0:     0x60a9a91306c1 - <<std[617be2ca0a6fd877]::sys::backtrace::BacktraceLock>::print::DisplayBacktrace as core[a373ad73a504971]::fmt::Display>::fmt
[INFO] [stdout]    1:     0x60a9a9148d8a - core[a373ad73a504971]::fmt::write
[INFO] [stdout]    2:     0x60a9a913539c - <alloc[2e1b2a31b91974c5]::vec::Vec<u8> as core[a373ad73a504971]::io::write::Write>::write_fmt
[INFO] [stdout]    3:     0x60a9a9107e96 - std[617be2ca0a6fd877]::panicking::default_hook::{closure#0}
[INFO] [stdout]    4:     0x60a9a9126379 - std[617be2ca0a6fd877]::panicking::default_hook
[INFO] [stdout]    5:     0x60a9a8b76c80 - test[aada8e7e76ba119b]::test_main_inner::{closure#0}
[INFO] [stdout]    6:     0x60a9a91266a2 - std[617be2ca0a6fd877]::panicking::panic_with_hook
[INFO] [stdout]    7:     0x60a9a9107f42 - std[617be2ca0a6fd877]::panicking::panic_handler::{closure#0}
[INFO] [stdout]    8:     0x60a9a91005c9 - std[617be2ca0a6fd877]::sys::backtrace::__rust_end_short_backtrace::<std[617be2ca0a6fd877]::panicking::panic_handler::{closure#0}, !>
[INFO] [stdout]    9:     0x60a9a910907d - __rustc[ea4f61d10b84890b]::rust_begin_unwind
[INFO] [stdout]   10:     0x60a9a914956c - core[a373ad73a504971]::panicking::panic_fmt
[INFO] [stdout]   11:     0x60a9a9149342 - core[a373ad73a504971]::result::unwrap_failed
[INFO] [stdout]   12:     0x60a9a8af0bc3 - <depdive[38fb66dd44768d6]::test::test_lib_update_review_report_from_paths::{closure#0} as core[a373ad73a504971]::ops::function::FnOnce<()>>::call_once
[INFO] [stdout]   13:     0x60a9a8b6a0cb - test[aada8e7e76ba119b]::__rust_begin_short_backtrace::<core[a373ad73a504971]::result::Result<(), alloc[2e1b2a31b91974c5]::string::String>, fn() -> core[a373ad73a504971]::result::Result<(), alloc[2e1b2a31b91974c5]::string::String>>
[INFO] [stdout]   14:     0x60a9a8b772a5 - test[aada8e7e76ba119b]::run_test::{closure#0}
[INFO] [stdout]   15:     0x60a9a8b70b94 - std[617be2ca0a6fd877]::sys::backtrace::__rust_begin_short_backtrace::<test[aada8e7e76ba119b]::run_test::{closure#1}, ()>
[INFO] [stdout]   16:     0x60a9a8b7a332 - <std[617be2ca0a6fd877]::thread::lifecycle::spawn_unchecked<test[aada8e7e76ba119b]::run_test::{closure#1}, ()>::{closure#1} as core[a373ad73a504971]::ops::function::FnOnce<()>>::call_once::{shim:vtable#0}
[INFO] [stdout]   17:     0x60a9a912f74f - <std[617be2ca0a6fd877]::sys::thread::unix::Thread>::new::thread_start
[INFO] [stdout]   18:     0x7d61d77eadfa - <unknown>
[INFO] [stdout]   19:     0x7d61d787e3d4 - clone
[INFO] [stdout]   20:                0x0 - <unknown>
[INFO] [stdout] 
[INFO] [stdout] ---- super_toml::test::test_toml_on_diem stdout ----
[INFO] [stdout] 
[INFO] [stdout] thread 'super_toml::test::test_toml_on_diem' (6161) panicked at src/super_toml.rs:460:14:
[INFO] [stdout] called `Result::unwrap()` on an `Err` value: failed to resolve address for github.com: Temporary failure in name resolution; class=Net (12)
[INFO] [stdout] stack backtrace:
[INFO] [stdout]    0:     0x60a9a91306c1 - <<std[617be2ca0a6fd877]::sys::backtrace::BacktraceLock>::print::DisplayBacktrace as core[a373ad73a504971]::fmt::Display>::fmt
[INFO] [stdout]    1:     0x60a9a9148d8a - core[a373ad73a504971]::fmt::write
[INFO] [stdout]    2:     0x60a9a913539c - <alloc[2e1b2a31b91974c5]::vec::Vec<u8> as core[a373ad73a504971]::io::write::Write>::write_fmt
[INFO] [stdout]    3:     0x60a9a9107e96 - std[617be2ca0a6fd877]::panicking::default_hook::{closure#0}
[INFO] [stdout]    4:     0x60a9a9126379 - std[617be2ca0a6fd877]::panicking::default_hook
[INFO] [stdout]    5:     0x60a9a8b76c80 - test[aada8e7e76ba119b]::test_main_inner::{closure#0}
[INFO] [stdout]    6:     0x60a9a91266a2 - std[617be2ca0a6fd877]::panicking::panic_with_hook
[INFO] [stdout]    7:     0x60a9a9107f42 - std[617be2ca0a6fd877]::panicking::panic_handler::{closure#0}
[INFO] [stdout]    8:     0x60a9a91005c9 - std[617be2ca0a6fd877]::sys::backtrace::__rust_end_short_backtrace::<std[617be2ca0a6fd877]::panicking::panic_handler::{closure#0}, !>
[INFO] [stdout]    9:     0x60a9a910907d - __rustc[ea4f61d10b84890b]::rust_begin_unwind
[INFO] [stdout]   10:     0x60a9a914956c - core[a373ad73a504971]::panicking::panic_fmt
[INFO] [stdout]   11:     0x60a9a9149342 - core[a373ad73a504971]::result::unwrap_failed
[INFO] [stdout]   12:     0x60a9a8b22175 - <depdive[38fb66dd44768d6]::super_toml::test::test_toml_on_diem::{closure#0} as core[a373ad73a504971]::ops::function::FnOnce<()>>::call_once
[INFO] [stdout]   13:     0x60a9a8b6a0cb - test[aada8e7e76ba119b]::__rust_begin_short_backtrace::<core[a373ad73a504971]::result::Result<(), alloc[2e1b2a31b91974c5]::string::String>, fn() -> core[a373ad73a504971]::result::Result<(), alloc[2e1b2a31b91974c5]::string::String>>
[INFO] [stdout]   14:     0x60a9a8b772a5 - test[aada8e7e76ba119b]::run_test::{closure#0}
[INFO] [stdout]   15:     0x60a9a8b70b94 - std[617be2ca0a6fd877]::sys::backtrace::__rust_begin_short_backtrace::<test[aada8e7e76ba119b]::run_test::{closure#1}, ()>
[INFO] [stdout]   16:     0x60a9a8b7a332 - <std[617be2ca0a6fd877]::thread::lifecycle::spawn_unchecked<test[aada8e7e76ba119b]::run_test::{closure#1}, ()>::{closure#1} as core[a373ad73a504971]::ops::function::FnOnce<()>>::call_once::{shim:vtable#0}
[INFO] [stdout]   17:     0x60a9a912f74f - <std[617be2ca0a6fd877]::sys::thread::unix::Thread>::new::thread_start
[INFO] [stdout]   18:     0x7d61d77eadfa - <unknown>
[INFO] [stdout]   19:     0x7d61d787e3d4 - clone
[INFO] [stdout]   20:                0x0 - <unknown>
[INFO] [stdout] 
[INFO] [stdout] ---- test::test_lib_for_no_updates stdout ----
[INFO] [stdout] 
[INFO] [stdout] thread 'test::test_lib_for_no_updates' (6167) panicked at src/lib.rs:538:51:
[INFO] [stdout] called `Result::unwrap()` on an `Err` value: failed to resolve address for github.com: Temporary failure in name resolution; class=Net (12)
[INFO] [stdout] stack backtrace:
[INFO] [stdout]    0:     0x60a9a91306c1 - <<std[617be2ca0a6fd877]::sys::backtrace::BacktraceLock>::print::DisplayBacktrace as core[a373ad73a504971]::fmt::Display>::fmt
[INFO] [stdout]    1:     0x60a9a9148d8a - core[a373ad73a504971]::fmt::write
[INFO] [stdout]    2:     0x60a9a913539c - <alloc[2e1b2a31b91974c5]::vec::Vec<u8> as core[a373ad73a504971]::io::write::Write>::write_fmt
[INFO] [stdout]    3:     0x60a9a9107e96 - std[617be2ca0a6fd877]::panicking::default_hook::{closure#0}
[INFO] [stdout]    4:     0x60a9a9126379 - std[617be2ca0a6fd877]::panicking::default_hook
[INFO] [stdout]    5:     0x60a9a8b76c80 - test[aada8e7e76ba119b]::test_main_inner::{closure#0}
[INFO] [stdout]    6:     0x60a9a91266a2 - std[617be2ca0a6fd877]::panicking::panic_with_hook
[INFO] [stdout]    7:     0x60a9a9107f42 - std[617be2ca0a6fd877]::panicking::panic_handler::{closure#0}
[INFO] [stdout]    8:     0x60a9a91005c9 - std[617be2ca0a6fd877]::sys::backtrace::__rust_end_short_backtrace::<std[617be2ca0a6fd877]::panicking::panic_handler::{closure#0}, !>
[INFO] [stdout]    9:     0x60a9a910907d - __rustc[ea4f61d10b84890b]::rust_begin_unwind
[INFO] [stdout]   10:     0x60a9a914956c - core[a373ad73a504971]::panicking::panic_fmt
[INFO] [stdout]   11:     0x60a9a9149342 - core[a373ad73a504971]::result::unwrap_failed
[INFO] [stdout]   12:     0x60a9a8aeb23a - <std[617be2ca0a6fd877]::sync::once::Once>::call_once::<depdive[38fb66dd44768d6]::test::setup_git_repos::{closure#0}>::{closure#0}
[INFO] [stdout]   13:     0x60a9a910e4a9 - <std[617be2ca0a6fd877]::sys::sync::once::futex::Once>::call
[INFO] [stdout]   14:     0x60a9a8af105d - <depdive[38fb66dd44768d6]::test::test_lib_for_no_updates::{closure#0} as core[a373ad73a504971]::ops::function::FnOnce<()>>::call_once
[INFO] [stdout]   15:     0x60a9a8dfddb4 - serial_test[f50c35d3f31e40ca]::serial_core
[INFO] [stdout]   16:     0x60a9a8af0848 - <depdive[38fb66dd44768d6]::test::test_lib_for_no_updates::{closure#0} as core[a373ad73a504971]::ops::function::FnOnce<()>>::call_once
[INFO] [stdout]   17:     0x60a9a8b6a0cb - test[aada8e7e76ba119b]::__rust_begin_short_backtrace::<core[a373ad73a504971]::result::Result<(), alloc[2e1b2a31b91974c5]::string::String>, fn() -> core[a373ad73a504971]::result::Result<(), alloc[2e1b2a31b91974c5]::string::String>>
[INFO] [stdout]   18:     0x60a9a8b772a5 - test[aada8e7e76ba119b]::run_test::{closure#0}
[INFO] [stdout]   19:     0x60a9a8b70b94 - std[617be2ca0a6fd877]::sys::backtrace::__rust_begin_short_backtrace::<test[aada8e7e76ba119b]::run_test::{closure#1}, ()>
[INFO] [stderr] error: test failed, to rerun pass `--lib`
[INFO] [stdout]   20:     0x60a9a8b7a332 - <std[617be2ca0a6fd877]::thread::lifecycle::spawn_unchecked<test[aada8e7e76ba119b]::run_test::{closure#1}, ()>::{closure#1} as core[a373ad73a504971]::ops::function::FnOnce<()>>::call_once::{shim:vtable#0}
[INFO] [stdout]   21:     0x60a9a912f74f - <std[617be2ca0a6fd877]::sys::thread::unix::Thread>::new::thread_start
[INFO] [stdout]   22:     0x7d61d77eadfa - <unknown>
[INFO] [stdout]   23:     0x7d61d787e3d4 - clone
[INFO] [stdout]   24:                0x0 - <unknown>
[INFO] [stdout] 
[INFO] [stdout] ---- test::test_lib_update_review_report_from_repo_commits stdout ----
[INFO] [stdout] 
[INFO] [stdout] thread 'test::test_lib_update_review_report_from_repo_commits' (6171) panicked at src/lib.rs:535:24:
[INFO] [stdout] Once instance has previously been poisoned
[INFO] [stdout] stack backtrace:
[INFO] [stdout]    0:     0x60a9a91306c1 - <<std[617be2ca0a6fd877]::sys::backtrace::BacktraceLock>::print::DisplayBacktrace as core[a373ad73a504971]::fmt::Display>::fmt
[INFO] [stdout]    1:     0x60a9a9148d8a - core[a373ad73a504971]::fmt::write
[INFO] [stdout]    2:     0x60a9a913539c - <alloc[2e1b2a31b91974c5]::vec::Vec<u8> as core[a373ad73a504971]::io::write::Write>::write_fmt
[INFO] [stdout]    3:     0x60a9a9107e96 - std[617be2ca0a6fd877]::panicking::default_hook::{closure#0}
[INFO] [stdout]    4:     0x60a9a9126379 - std[617be2ca0a6fd877]::panicking::default_hook
[INFO] [stdout]    5:     0x60a9a8b76c80 - test[aada8e7e76ba119b]::test_main_inner::{closure#0}
[INFO] [stdout]    6:     0x60a9a91266a2 - std[617be2ca0a6fd877]::panicking::panic_with_hook
[INFO] [stdout]    7:     0x60a9a9107f74 - std[617be2ca0a6fd877]::panicking::panic_handler::{closure#0}
[INFO] [stdout]    8:     0x60a9a91005c9 - std[617be2ca0a6fd877]::sys::backtrace::__rust_end_short_backtrace::<std[617be2ca0a6fd877]::panicking::panic_handler::{closure#0}, !>
[INFO] [stdout]    9:     0x60a9a910907d - __rustc[ea4f61d10b84890b]::rust_begin_unwind
[INFO] [stdout]   10:     0x60a9a914956c - core[a373ad73a504971]::panicking::panic_fmt
[INFO] [stdout]   11:     0x60a9a910e5e1 - <std[617be2ca0a6fd877]::sys::sync::once::futex::Once>::call
[INFO] [stdout]   12:     0x60a9a8af13a6 - <depdive[38fb66dd44768d6]::test::test_lib_update_review_report_from_repo_commits::{closure#0} as core[a373ad73a504971]::ops::function::FnOnce<()>>::call_once
[INFO] [stdout]   13:     0x60a9a8dfddb4 - serial_test[f50c35d3f31e40ca]::serial_core
[INFO] [stdout]   14:     0x60a9a8af0f28 - <depdive[38fb66dd44768d6]::test::test_lib_update_review_report_from_repo_commits::{closure#0} as core[a373ad73a504971]::ops::function::FnOnce<()>>::call_once
[INFO] [stdout]   15:     0x60a9a8b6a0cb - test[aada8e7e76ba119b]::__rust_begin_short_backtrace::<core[a373ad73a504971]::result::Result<(), alloc[2e1b2a31b91974c5]::string::String>, fn() -> core[a373ad73a504971]::result::Result<(), alloc[2e1b2a31b91974c5]::string::String>>
[INFO] [stdout]   16:     0x60a9a8b772a5 - test[aada8e7e76ba119b]::run_test::{closure#0}
[INFO] [stdout]   17:     0x60a9a8b70b94 - std[617be2ca0a6fd877]::sys::backtrace::__rust_begin_short_backtrace::<test[aada8e7e76ba119b]::run_test::{closure#1}, ()>
[INFO] [stdout]   18:     0x60a9a8b7a332 - <std[617be2ca0a6fd877]::thread::lifecycle::spawn_unchecked<test[aada8e7e76ba119b]::run_test::{closure#1}, ()>::{closure#1} as core[a373ad73a504971]::ops::function::FnOnce<()>>::call_once::{shim:vtable#0}
[INFO] [stdout]   19:     0x60a9a912f74f - <std[617be2ca0a6fd877]::sys::thread::unix::Thread>::new::thread_start
[INFO] [stdout]   20:     0x7d61d77eadfa - <unknown>
[INFO] [stdout]   21:     0x7d61d787e3d4 - clone
[INFO] [stdout]   22:                0x0 - <unknown>
[INFO] [stdout] 
[INFO] [stdout] ---- update::test::test_update_review_report_libc stdout ----
[INFO] [stdout] 
[INFO] [stdout] thread 'update::test::test_update_review_report_libc' (6181) panicked at src/update.rs:1025:14:
[INFO] [stdout] called `Result::unwrap()` on an `Err` value: failed to resolve address for github.com: Temporary failure in name resolution; class=Net (12)
[INFO] [stdout] stack backtrace:
[INFO] [stdout]    0:     0x60a9a91306c1 - <<std[617be2ca0a6fd877]::sys::backtrace::BacktraceLock>::print::DisplayBacktrace as core[a373ad73a504971]::fmt::Display>::fmt
[INFO] [stdout]    1:     0x60a9a9148d8a - core[a373ad73a504971]::fmt::write
[INFO] [stdout]    2:     0x60a9a913539c - <alloc[2e1b2a31b91974c5]::vec::Vec<u8> as core[a373ad73a504971]::io::write::Write>::write_fmt
[INFO] [stdout]    3:     0x60a9a9107e96 - std[617be2ca0a6fd877]::panicking::default_hook::{closure#0}
[INFO] [stdout]    4:     0x60a9a9126379 - std[617be2ca0a6fd877]::panicking::default_hook
[INFO] [stdout]    5:     0x60a9a8b76c80 - test[aada8e7e76ba119b]::test_main_inner::{closure#0}
[INFO] [stdout]    6:     0x60a9a91266a2 - std[617be2ca0a6fd877]::panicking::panic_with_hook
[INFO] [stdout]    7:     0x60a9a9107f42 - std[617be2ca0a6fd877]::panicking::panic_handler::{closure#0}
[INFO] [stdout]    8:     0x60a9a91005c9 - std[617be2ca0a6fd877]::sys::backtrace::__rust_end_short_backtrace::<std[617be2ca0a6fd877]::panicking::panic_handler::{closure#0}, !>
[INFO] [stdout]    9:     0x60a9a910907d - __rustc[ea4f61d10b84890b]::rust_begin_unwind
[INFO] [stdout]   10:     0x60a9a914956c - core[a373ad73a504971]::panicking::panic_fmt
[INFO] [stdout]   11:     0x60a9a9149342 - core[a373ad73a504971]::result::unwrap_failed
[INFO] [stdout]   12:     0x60a9a8ae3507 - <depdive[38fb66dd44768d6]::update::test::test_update_review_report_libc::{closure#0} as core[a373ad73a504971]::ops::function::FnOnce<()>>::call_once
[INFO] [stdout]   13:     0x60a9a8b6a0cb - test[aada8e7e76ba119b]::__rust_begin_short_backtrace::<core[a373ad73a504971]::result::Result<(), alloc[2e1b2a31b91974c5]::string::String>, fn() -> core[a373ad73a504971]::result::Result<(), alloc[2e1b2a31b91974c5]::string::String>>
[INFO] [stdout]   14:     0x60a9a8b772a5 - test[aada8e7e76ba119b]::run_test::{closure#0}
[INFO] [stdout]   15:     0x60a9a8b70b94 - std[617be2ca0a6fd877]::sys::backtrace::__rust_begin_short_backtrace::<test[aada8e7e76ba119b]::run_test::{closure#1}, ()>
[INFO] [stdout]   16:     0x60a9a8b7a332 - <std[617be2ca0a6fd877]::thread::lifecycle::spawn_unchecked<test[aada8e7e76ba119b]::run_test::{closure#1}, ()>::{closure#1} as core[a373ad73a504971]::ops::function::FnOnce<()>>::call_once::{shim:vtable#0}
[INFO] [stdout]   17:     0x60a9a912f74f - <std[617be2ca0a6fd877]::sys::thread::unix::Thread>::new::thread_start
[INFO] [stdout]   18:     0x7d61d77eadfa - <unknown>
[INFO] [stdout]   19:     0x7d61d787e3d4 - clone
[INFO] [stdout]   20:                0x0 - <unknown>
[INFO] [stdout] 
[INFO] [stdout] ---- update::test::test_update_geiger_file_scanning stdout ----
[INFO] [stdout] 
[INFO] [stdout] thread 'update::test::test_update_geiger_file_scanning' (6175) panicked at src/update.rs:822:51:
[INFO] [stdout] called `Result::unwrap()` on an `Err` value: failed to resolve address for github.com: Temporary failure in name resolution; class=Net (12)
[INFO] [stdout] stack backtrace:
[INFO] [stdout]    0:     0x60a9a91306c1 - <<std[617be2ca0a6fd877]::sys::backtrace::BacktraceLock>::print::DisplayBacktrace as core[a373ad73a504971]::fmt::Display>::fmt
[INFO] [stdout]    1:     0x60a9a9148d8a - core[a373ad73a504971]::fmt::write
[INFO] [stdout]    2:     0x60a9a913539c - <alloc[2e1b2a31b91974c5]::vec::Vec<u8> as core[a373ad73a504971]::io::write::Write>::write_fmt
[INFO] [stdout]    3:     0x60a9a9107e96 - std[617be2ca0a6fd877]::panicking::default_hook::{closure#0}
[INFO] [stdout]    4:     0x60a9a9126379 - std[617be2ca0a6fd877]::panicking::default_hook
[INFO] [stdout]    5:     0x60a9a8b76c80 - test[aada8e7e76ba119b]::test_main_inner::{closure#0}
[INFO] [stdout]    6:     0x60a9a91266a2 - std[617be2ca0a6fd877]::panicking::panic_with_hook
[INFO] [stdout]    7:     0x60a9a9107f42 - std[617be2ca0a6fd877]::panicking::panic_handler::{closure#0}
[INFO] [stdout]    8:     0x60a9a91005c9 - std[617be2ca0a6fd877]::sys::backtrace::__rust_end_short_backtrace::<std[617be2ca0a6fd877]::panicking::panic_handler::{closure#0}, !>
[INFO] [stdout]    9:     0x60a9a910907d - __rustc[ea4f61d10b84890b]::rust_begin_unwind
[INFO] [stdout]   10:     0x60a9a914956c - core[a373ad73a504971]::panicking::panic_fmt
[INFO] [stdout]   11:     0x60a9a9149342 - core[a373ad73a504971]::result::unwrap_failed
[INFO] [stdout]   12:     0x60a9a8addc37 - <std[617be2ca0a6fd877]::sync::once::Once>::call_once::<depdive[38fb66dd44768d6]::update::test::setup_git_repos::{closure#0}>::{closure#0}
[INFO] [stdout]   13:     0x60a9a910e4a9 - <std[617be2ca0a6fd877]::sys::sync::once::futex::Once>::call
[INFO] [stdout]   14:     0x60a9a8ae61b5 - <depdive[38fb66dd44768d6]::update::test::test_update_geiger_file_scanning::{closure#0} as core[a373ad73a504971]::ops::function::FnOnce<()>>::call_once
[INFO] [stdout]   15:     0x60a9a8dfddb4 - serial_test[f50c35d3f31e40ca]::serial_core
[INFO] [stdout]   16:     0x60a9a8ae4298 - <depdive[38fb66dd44768d6]::update::test::test_update_geiger_file_scanning::{closure#0} as core[a373ad73a504971]::ops::function::FnOnce<()>>::call_once
[INFO] [stdout]   17:     0x60a9a8b6a0cb - test[aada8e7e76ba119b]::__rust_begin_short_backtrace::<core[a373ad73a504971]::result::Result<(), alloc[2e1b2a31b91974c5]::string::String>, fn() -> core[a373ad73a504971]::result::Result<(), alloc[2e1b2a31b91974c5]::string::String>>
[INFO] [stdout]   18:     0x60a9a8b772a5 - test[aada8e7e76ba119b]::run_test::{closure#0}
[INFO] [stdout]   19:     0x60a9a8b70b94 - std[617be2ca0a6fd877]::sys::backtrace::__rust_begin_short_backtrace::<test[aada8e7e76ba119b]::run_test::{closure#1}, ()>
[INFO] [stdout]   20:     0x60a9a8b7a332 - <std[617be2ca0a6fd877]::thread::lifecycle::spawn_unchecked<test[aada8e7e76ba119b]::run_test::{closure#1}, ()>::{closure#1} as core[a373ad73a504971]::ops::function::FnOnce<()>>::call_once::{shim:vtable#0}
[INFO] [stdout]   21:     0x60a9a912f74f - <std[617be2ca0a6fd877]::sys::thread::unix::Thread>::new::thread_start
[INFO] [stdout]   22:     0x7d61d77eadfa - <unknown>
[INFO] [stdout]   23:     0x7d61d787e3d4 - clone
[INFO] [stdout]   24:                0x0 - <unknown>
[INFO] [stdout] 
[INFO] [stdout] ---- update::test::test_update_unsafe_change_status stdout ----
[INFO] [stdout] 
[INFO] [stdout] thread 'update::test::test_update_unsafe_change_status' (6183) panicked at src/update.rs:819:24:
[INFO] [stdout] Once instance has previously been poisoned
[INFO] [stdout] stack backtrace:
[INFO] [stdout]    0:     0x60a9a91306c1 - <<std[617be2ca0a6fd877]::sys::backtrace::BacktraceLock>::print::DisplayBacktrace as core[a373ad73a504971]::fmt::Display>::fmt
[INFO] [stdout]    1:     0x60a9a9148d8a - core[a373ad73a504971]::fmt::write
[INFO] [stdout]    2:     0x60a9a913539c - <alloc[2e1b2a31b91974c5]::vec::Vec<u8> as core[a373ad73a504971]::io::write::Write>::write_fmt
[INFO] [stdout]    3:     0x60a9a9107e96 - std[617be2ca0a6fd877]::panicking::default_hook::{closure#0}
[INFO] [stdout]    4:     0x60a9a9126379 - std[617be2ca0a6fd877]::panicking::default_hook
[INFO] [stdout]    5:     0x60a9a8b76c80 - test[aada8e7e76ba119b]::test_main_inner::{closure#0}
[INFO] [stdout]    6:     0x60a9a91266a2 - std[617be2ca0a6fd877]::panicking::panic_with_hook
[INFO] [stdout]    7:     0x60a9a9107f74 - std[617be2ca0a6fd877]::panicking::panic_handler::{closure#0}
[INFO] [stdout]    8:     0x60a9a91005c9 - std[617be2ca0a6fd877]::sys::backtrace::__rust_end_short_backtrace::<std[617be2ca0a6fd877]::panicking::panic_handler::{closure#0}, !>
[INFO] [stdout]    9:     0x60a9a910907d - __rustc[ea4f61d10b84890b]::rust_begin_unwind
[INFO] [stdout]   10:     0x60a9a914956c - core[a373ad73a504971]::panicking::panic_fmt
[INFO] [stdout]   11:     0x60a9a910e5e1 - <std[617be2ca0a6fd877]::sys::sync::once::futex::Once>::call
[INFO] [stdout]   12:     0x60a9a8ae6e90 - <depdive[38fb66dd44768d6]::update::test::test_update_unsafe_change_status::{closure#0} as core[a373ad73a504971]::ops::function::FnOnce<()>>::call_once
[INFO] [stdout]   13:     0x60a9a8dfddb4 - serial_test[f50c35d3f31e40ca]::serial_core
[INFO] [stdout]   14:     0x60a9a8ae42c8 - <depdive[38fb66dd44768d6]::update::test::test_update_unsafe_change_status::{closure#0} as core[a373ad73a504971]::ops::function::FnOnce<()>>::call_once
[INFO] [stdout]   15:     0x60a9a8b6a0cb - test[aada8e7e76ba119b]::__rust_begin_short_backtrace::<core[a373ad73a504971]::result::Result<(), alloc[2e1b2a31b91974c5]::string::String>, fn() -> core[a373ad73a504971]::result::Result<(), alloc[2e1b2a31b91974c5]::string::String>>
[INFO] [stdout]   16:     0x60a9a8b772a5 - test[aada8e7e76ba119b]::run_test::{closure#0}
[INFO] [stdout]   17:     0x60a9a8b70b94 - std[617be2ca0a6fd877]::sys::backtrace::__rust_begin_short_backtrace::<test[aada8e7e76ba119b]::run_test::{closure#1}, ()>
[INFO] [stdout]   18:     0x60a9a8b7a332 - <std[617be2ca0a6fd877]::thread::lifecycle::spawn_unchecked<test[aada8e7e76ba119b]::run_test::{closure#1}, ()>::{closure#1} as core[a373ad73a504971]::ops::function::FnOnce<()>>::call_once::{shim:vtable#0}
[INFO] [stdout]   19:     0x60a9a912f74f - <std[617be2ca0a6fd877]::sys::thread::unix::Thread>::new::thread_start
[INFO] [stdout]   20:     0x7d61d77eadfa - <unknown>
[INFO] [stdout]   21:     0x7d61d787e3d4 - clone
[INFO] [stdout]   22:                0x0 - <unknown>
[INFO] [stdout] 
[INFO] [stdout] ---- update::test::test_update_review_report_guppy stdout ----
[INFO] [stdout] 
[INFO] [stdout] thread 'update::test::test_update_review_report_guppy' (6180) panicked at src/update.rs:983:14:
[INFO] [stdout] called `Result::unwrap()` on an `Err` value: failed to resolve address for github.com: Temporary failure in name resolution; class=Net (12)
[INFO] [stdout] stack backtrace:
[INFO] [stdout]    0:     0x60a9a91306c1 - <<std[617be2ca0a6fd877]::sys::backtrace::BacktraceLock>::print::DisplayBacktrace as core[a373ad73a504971]::fmt::Display>::fmt
[INFO] [stdout]    1:     0x60a9a9148d8a - core[a373ad73a504971]::fmt::write
[INFO] [stdout]    2:     0x60a9a913539c - <alloc[2e1b2a31b91974c5]::vec::Vec<u8> as core[a373ad73a504971]::io::write::Write>::write_fmt
[INFO] [stdout]    3:     0x60a9a9107e96 - std[617be2ca0a6fd877]::panicking::default_hook::{closure#0}
[INFO] [stdout]    4:     0x60a9a9126379 - std[617be2ca0a6fd877]::panicking::default_hook
[INFO] [stdout]    5:     0x60a9a8b76c80 - test[aada8e7e76ba119b]::test_main_inner::{closure#0}
[INFO] [stdout]    6:     0x60a9a91266a2 - std[617be2ca0a6fd877]::panicking::panic_with_hook
[INFO] [stdout]    7:     0x60a9a9107f42 - std[617be2ca0a6fd877]::panicking::panic_handler::{closure#0}
[INFO] [stdout]    8:     0x60a9a91005c9 - std[617be2ca0a6fd877]::sys::backtrace::__rust_end_short_backtrace::<std[617be2ca0a6fd877]::panicking::panic_handler::{closure#0}, !>
[INFO] [stdout]    9:     0x60a9a910907d - __rustc[ea4f61d10b84890b]::rust_begin_unwind
[INFO] [stdout]   10:     0x60a9a914956c - core[a373ad73a504971]::panicking::panic_fmt
[INFO] [stdout]   11:     0x60a9a9149342 - core[a373ad73a504971]::result::unwrap_failed
[INFO] [stdout]   12:     0x60a9a8ae4022 - <depdive[38fb66dd44768d6]::update::test::test_update_review_report_guppy::{closure#0} as core[a373ad73a504971]::ops::function::FnOnce<()>>::call_once
[INFO] [stdout]   13:     0x60a9a8b6a0cb - test[aada8e7e76ba119b]::__rust_begin_short_backtrace::<core[a373ad73a504971]::result::Result<(), alloc[2e1b2a31b91974c5]::string::String>, fn() -> core[a373ad73a504971]::result::Result<(), alloc[2e1b2a31b91974c5]::string::String>>
[INFO] [stdout]   14:     0x60a9a8b772a5 - test[aada8e7e76ba119b]::run_test::{closure#0}
[INFO] [stdout]   15:     0x60a9a8b70b94 - std[617be2ca0a6fd877]::sys::backtrace::__rust_begin_short_backtrace::<test[aada8e7e76ba119b]::run_test::{closure#1}, ()>
[INFO] [stdout]   16:     0x60a9a8b7a332 - <std[617be2ca0a6fd877]::thread::lifecycle::spawn_unchecked<test[aada8e7e76ba119b]::run_test::{closure#1}, ()>::{closure#1} as core[a373ad73a504971]::ops::function::FnOnce<()>>::call_once::{shim:vtable#0}
[INFO] [stdout]   17:     0x60a9a912f74f - <std[617be2ca0a6fd877]::sys::thread::unix::Thread>::new::thread_start
[INFO] [stdout]   18:     0x7d61d77eadfa - <unknown>
[INFO] [stdout]   19:     0x7d61d787e3d4 - clone
[INFO] [stdout]   20:                0x0 - <unknown>
[INFO] [stdout] 
[INFO] [stdout] ---- update::test::test_update_rustsec stdout ----
[INFO] [stdout] 
[INFO] [stdout] thread 'update::test::test_update_rustsec' (6182) panicked at src/update.rs:1122:14:
[INFO] [stdout] called `Result::unwrap()` on an `Err` value: failed to resolve address for github.com: Temporary failure in name resolution; class=Net (12)
[INFO] [stdout] stack backtrace:
[INFO] [stdout]    0:     0x60a9a91306c1 - <<std[617be2ca0a6fd877]::sys::backtrace::BacktraceLock>::print::DisplayBacktrace as core[a373ad73a504971]::fmt::Display>::fmt
[INFO] [stdout]    1:     0x60a9a9148d8a - core[a373ad73a504971]::fmt::write
[INFO] [stdout]    2:     0x60a9a913539c - <alloc[2e1b2a31b91974c5]::vec::Vec<u8> as core[a373ad73a504971]::io::write::Write>::write_fmt
[INFO] [stdout]    3:     0x60a9a9107e96 - std[617be2ca0a6fd877]::panicking::default_hook::{closure#0}
[INFO] [stdout]    4:     0x60a9a9126379 - std[617be2ca0a6fd877]::panicking::default_hook
[INFO] [stdout]    5:     0x60a9a8b76c80 - test[aada8e7e76ba119b]::test_main_inner::{closure#0}
[INFO] [stdout]    6:     0x60a9a91266a2 - std[617be2ca0a6fd877]::panicking::panic_with_hook
[INFO] [stdout]    7:     0x60a9a9107f42 - std[617be2ca0a6fd877]::panicking::panic_handler::{closure#0}
[INFO] [stdout]    8:     0x60a9a91005c9 - std[617be2ca0a6fd877]::sys::backtrace::__rust_end_short_backtrace::<std[617be2ca0a6fd877]::panicking::panic_handler::{closure#0}, !>
[INFO] [stdout]    9:     0x60a9a910907d - __rustc[ea4f61d10b84890b]::rust_begin_unwind
[INFO] [stdout]   10:     0x60a9a914956c - core[a373ad73a504971]::panicking::panic_fmt
[INFO] [stdout]   11:     0x60a9a9149342 - core[a373ad73a504971]::result::unwrap_failed
[INFO] [stdout]   12:     0x60a9a8ae18bf - <depdive[38fb66dd44768d6]::update::test::test_update_rustsec::{closure#0} as core[a373ad73a504971]::ops::function::FnOnce<()>>::call_once
[INFO] [stdout]   13:     0x60a9a8b6a0cb - test[aada8e7e76ba119b]::__rust_begin_short_backtrace::<core[a373ad73a504971]::result::Result<(), alloc[2e1b2a31b91974c5]::string::String>, fn() -> core[a373ad73a504971]::result::Result<(), alloc[2e1b2a31b91974c5]::string::String>>
[INFO] [stdout]   14:     0x60a9a8b772a5 - test[aada8e7e76ba119b]::run_test::{closure#0}
[INFO] [stdout]   15:     0x60a9a8b70b94 - std[617be2ca0a6fd877]::sys::backtrace::__rust_begin_short_backtrace::<test[aada8e7e76ba119b]::run_test::{closure#1}, ()>
[INFO] [stdout]   16:     0x60a9a8b7a332 - <std[617be2ca0a6fd877]::thread::lifecycle::spawn_unchecked<test[aada8e7e76ba119b]::run_test::{closure#1}, ()>::{closure#1} as core[a373ad73a504971]::ops::function::FnOnce<()>>::call_once::{shim:vtable#0}
[INFO] [stdout]   17:     0x60a9a912f74f - <std[617be2ca0a6fd877]::sys::thread::unix::Thread>::new::thread_start
[INFO] [stdout]   18:     0x7d61d77eadfa - <unknown>
[INFO] [stdout]   19:     0x7d61d787e3d4 - clone
[INFO] [stdout]   20:                0x0 - <unknown>
[INFO] [stdout] 
[INFO] [stdout] 
[INFO] [stdout] failures:
[INFO] [stdout]     advisory::test::test_advisory_crate_version_lookup
[INFO] [stdout]     advisory::test::test_advisory_lookup
[INFO] [stdout]     code::test::test_code_analyzer
[INFO] [stdout]     code::test::test_code_geiger_report_for_workspace
[INFO] [stdout]     code::test::test_loc_report_for_valid_package
[INFO] [stdout]     cratesio::tests::test_cratesio_stats_for_libc
[INFO] [stdout]     cratesio::tests::test_cratesio_version_downloads
[INFO] [stdout]     diff::test::test_diff_crate_source_diff_analyzer
[INFO] [stdout]     diff::test::test_diff_download_file
[INFO] [stdout]     diff::test::test_diff_get_all_paths_for_filename
[INFO] [stdout]     diff::test::test_diff_get_subdirectory_tree
[INFO] [stdout]     diff::test::test_diff_git_repo
[INFO] [stdout]     diff::test::test_diff_head_commit_not_found_error
[INFO] [stdout]     diff::test::test_diff_head_commit_oid
[INFO] [stdout]     diff::test::test_diff_head_commit_oid_for_version_from_tags
[INFO] [stdout]     diff::test::test_diff_head_commit_oid_from_cargo_toml
[INFO] [stdout]     diff::test::test_diff_locate_cargo_toml
[INFO] [stdout]     diff::test::test_diff_setup_crate_source_diff_analyzer
[INFO] [stdout]     diff::test::test_diff_version_diff
[INFO] [stdout]     diff::test::test_diff_version_diff_from_crates_io
[INFO] [stdout]     github::tests::test_github_recent_activity
[INFO] [stdout]     github::tests::test_github_stats_for_gitlab
[INFO] [stdout]     github::tests::test_github_stats_for_libc
[INFO] [stdout]     github::tests::test_github_time_since_last_commit
[INFO] [stdout]     github::tests::test_github_time_since_last_open_issue
[INFO] [stdout]     github::tests::test_github_total_open_issue_count_for_label
[INFO] [stdout]     super_toml::test::test_toml_cargo_lock
[INFO] [stdout]     super_toml::test::test_toml_on_diem
[INFO] [stdout]     super_toml::test::test_toml_package
[INFO] [stdout]     super_toml::test::test_toml_parser
[INFO] [stdout]     super_toml::test::test_toml_type
[INFO] [stdout]     test::test_lib_for_no_updates
[INFO] [stdout]     test::test_lib_update_review_report_from_paths
[INFO] [stdout]     test::test_lib_update_review_report_from_repo_commits
[INFO] [stdout]     update::test::test_update_build_script_paths
[INFO] [stdout]     update::test::test_update_geiger_file_scanning
[INFO] [stdout]     update::test::test_update_review_report_guppy
[INFO] [stdout]     update::test::test_update_review_report_libc
[INFO] [stdout]     update::test::test_update_rustsec
[INFO] [stdout]     update::test::test_update_unsafe_change_status
[INFO] [stdout] 
[INFO] [stdout] test result: FAILED. 24 passed; 40 failed; 2 ignored; 0 measured; 0 filtered out; finished in 0.82s
[INFO] [stdout] 
[INFO] running `Command { std: "docker" "inspect" "f82a58e43bb18bd91064bf0711c108eb0d85c31b2abeb19f567cbec15a8380f6", kill_on_drop: false }`
[INFO] running `Command { std: "docker" "rm" "-f" "f82a58e43bb18bd91064bf0711c108eb0d85c31b2abeb19f567cbec15a8380f6", kill_on_drop: false }`
[INFO] [stdout] f82a58e43bb18bd91064bf0711c108eb0d85c31b2abeb19f567cbec15a8380f6
