[INFO] fetching crate dc_figma_import 0.39.6...
[INFO] testing dc_figma_import-0.39.6 against 1.100.0-beta.1+cargoflags=--release for beta-release-1.100-2
[INFO] extracting crate dc_figma_import 0.39.6 into /workspace/builds/worker-3-tc2/source
[INFO] started tweaking crates.io crate dc_figma_import 0.39.6
[INFO] removed 0 missing tests
[INFO] finished tweaking crates.io crate dc_figma_import 0.39.6
[INFO] tweaked toml for crates.io crate dc_figma_import 0.39.6 written to /workspace/builds/worker-3-tc2/source/Cargo.toml
[INFO] validating manifest of crates.io crate dc_figma_import 0.39.6 on toolchain 1.100.0-beta.1
[INFO] running `Command { std: CARGO_HOME="/workspace/cargo-home" RUSTUP_HOME="/workspace/rustup-home" "/workspace/cargo-home/bin/cargo" "+1.100.0-beta.1" "metadata" "--manifest-path" "Cargo.toml" "--no-deps", kill_on_drop: false }`
[INFO] crate crates.io crate dc_figma_import 0.39.6 already has a lockfile, it will not be regenerated
[INFO] running `Command { std: CARGO_HOME="/workspace/cargo-home" RUSTUP_HOME="/workspace/rustup-home" "/workspace/cargo-home/bin/cargo" "+1.100.0-beta.1" "fetch" "--manifest-path" "Cargo.toml", kill_on_drop: false }`
[INFO] [stderr] warning: unused build dependency `anyhow`
[INFO] [stderr]   --> Cargo.toml:16:21
[INFO] [stderr]    |
[INFO] [stderr] 16 | [build-dependencies.anyhow]
[INFO] [stderr]    |                     ^^^^^^^
[INFO] [stderr]    |
[INFO] [stderr]    = note: `cargo::unused_dependencies` is set to `warn` by default
[INFO] [stderr] help: consider removing the dependency on `anyhow`
[INFO] [stderr] warning: unused build dependency `vergen`
[INFO] [stderr]   --> Cargo.toml:19:21
[INFO] [stderr]    |
[INFO] [stderr] 19 | [build-dependencies.vergen]
[INFO] [stderr]    |                     ^^^^^^^
[INFO] [stderr]    |
[INFO] [stderr] help: consider removing the dependency on `vergen`
[INFO] [stderr] warning: `dc_figma_import` (manifest) generated 2 warnings
[INFO] running `Command { std: "docker" "create" "-v" "/var/lib/crater-agent-workspace/builds/worker-3-tc2/source:/opt/rustwide/workdir:ro,Z" "-v" "/var/lib/crater-agent-workspace/builds/worker-3-tc2/target:/opt/rustwide/target:rw,Z" "-v" "/var/lib/crater-agent-workspace/cargo-home:/opt/rustwide/cargo-home:ro,Z" "-v" "/var/lib/crater-agent-workspace/rustup-home:/opt/rustwide/rustup-home:ro,Z" "-m" "1610612736" "--network" "none" "ghcr.io/rust-lang/crates-build-env/linux@sha256:77db811e55d90add9212f6832c23229e3de5f1c1f9905e8cb07319ea15df73ac" "sleep" "infinity", kill_on_drop: false }`
[INFO] [stdout] db8c0e3ee516622321ae58db7f1cfd61496d5836fd9a8e78f9e0891d621e4097
[INFO] running `Command { std: "docker" "start" "db8c0e3ee516622321ae58db7f1cfd61496d5836fd9a8e78f9e0891d621e4097", kill_on_drop: false }`
[INFO] running `Command { std: "docker" "inspect" "db8c0e3ee516622321ae58db7f1cfd61496d5836fd9a8e78f9e0891d621e4097", kill_on_drop: false }`
[INFO] running `Command { std: "docker" "exec" "-e" "SOURCE_DIR=/opt/rustwide/workdir" "-e" "CARGO_HOME=/opt/rustwide/cargo-home" "-e" "RUSTUP_HOME=/opt/rustwide/rustup-home" "-e" "CARGO_TARGET_DIR=/opt/rustwide/target" "-w" "/opt/rustwide/workdir" "--user" "0:0" "db8c0e3ee516622321ae58db7f1cfd61496d5836fd9a8e78f9e0891d621e4097" "/opt/rustwide/cargo-home/bin/cargo" "+1.100.0-beta.1" "metadata" "--no-deps" "--format-version=1", kill_on_drop: false }`
[INFO] running `Command { std: "docker" "inspect" "db8c0e3ee516622321ae58db7f1cfd61496d5836fd9a8e78f9e0891d621e4097", kill_on_drop: false }`
[INFO] running `Command { std: "docker" "exec" "-e" "SOURCE_DIR=/opt/rustwide/workdir" "-e" "CARGO_HOME=/opt/rustwide/cargo-home" "-e" "RUSTUP_HOME=/opt/rustwide/rustup-home" "-e" "CARGO_TARGET_DIR=/opt/rustwide/target" "-e" "CARGO_INCREMENTAL=0" "-e" "RUST_BACKTRACE=full" "-e" "RUSTFLAGS=--cap-lints=warn" "-e" "RUSTDOCFLAGS=--cap-lints=warn" "-w" "/opt/rustwide/workdir" "--user" "0:0" "db8c0e3ee516622321ae58db7f1cfd61496d5836fd9a8e78f9e0891d621e4097" "/opt/rustwide/cargo-home/bin/cargo" "+1.100.0-beta.1" "build" "--frozen" "--message-format=json" "--release", kill_on_drop: false }`
[INFO] [stderr] warning: unused build dependency `anyhow`
[INFO] [stderr]   --> Cargo.toml:16:21
[INFO] [stderr]    |
[INFO] [stderr] 16 | [build-dependencies.anyhow]
[INFO] [stderr]    |                     ^^^^^^^
[INFO] [stderr]    |
[INFO] [stderr]    = note: `cargo::unused_dependencies` is set to `warn` by default
[INFO] [stderr] help: consider removing the dependency on `anyhow`
[INFO] [stderr] warning: unused build dependency `vergen`
[INFO] [stderr]   --> Cargo.toml:19:21
[INFO] [stderr]    |
[INFO] [stderr] 19 | [build-dependencies.vergen]
[INFO] [stderr]    |                     ^^^^^^^
[INFO] [stderr]    |
[INFO] [stderr] help: consider removing the dependency on `vergen`
[INFO] [stderr] warning: `dc_figma_import` (manifest) generated 2 warnings
[INFO] [stderr]    Compiling libc v0.2.184
[INFO] [stderr]    Compiling stable_deref_trait v1.2.1
[INFO] [stderr]    Compiling bitflags v2.11.0
[INFO] [stderr]    Compiling serde_core v1.0.228
[INFO] [stderr]    Compiling protobuf v3.7.2
[INFO] [stderr]    Compiling thiserror v1.0.69
[INFO] [stderr]    Compiling futures-channel v0.3.32
[INFO] [stderr]    Compiling cc v1.2.59
[INFO] [stderr]    Compiling getrandom v0.4.2
[INFO] [stderr]    Compiling rustix v0.38.44
[INFO] [stderr]    Compiling rustix v1.1.4
[INFO] [stderr]    Compiling linux-raw-sys v0.4.15
[INFO] [stderr]    Compiling litemap v0.8.2
[INFO] [stderr]    Compiling memchr v2.8.0
[INFO] [stderr]    Compiling syn v2.0.117
[INFO] [stderr]    Compiling writeable v0.6.3
[INFO] [stderr]    Compiling linux-raw-sys v0.12.1
[INFO] [stderr]    Compiling cfg-if v1.0.4
[INFO] [stderr]    Compiling zeroize v1.8.2
[INFO] [stderr]    Compiling once_cell v1.21.4
[INFO] [stderr]    Compiling futures-io v0.3.32
[INFO] [stderr]    Compiling anyhow v1.0.103
[INFO] [stderr]    Compiling rustls-pki-types v1.14.0
[INFO] [stderr]    Compiling home v0.5.12
[INFO] [stderr]    Compiling equivalent v1.0.2
[INFO] [stderr]    Compiling fastrand v2.4.1
[INFO] [stderr]    Compiling either v1.15.0
[INFO] [stderr]    Compiling icu_normalizer_data v2.2.0
[INFO] [stderr]    Compiling icu_properties_data v2.2.0
[INFO] [stderr]    Compiling regex-syntax v0.8.10
[INFO] [stderr]    Compiling autocfg v1.5.0
[INFO] [stderr]    Compiling hashbrown v0.16.1
[INFO] [stderr]    Compiling untrusted v0.9.0
[INFO] [stderr]    Compiling log v0.4.29
[INFO] [stderr]    Compiling serde v1.0.228
[INFO] [stderr]    Compiling aho-corasick v1.1.4
[INFO] [stderr]    Compiling num-traits v0.2.19
[INFO] [stderr]    Compiling tracing v0.1.44
[INFO] [stderr]    Compiling rustls v0.23.45
[INFO] [stderr]    Compiling crc32fast v1.5.0
[INFO] [stderr]    Compiling ring v0.17.14
[INFO] [stderr]    Compiling simd-adler32 v0.3.9
[INFO] [stderr]    Compiling indexmap v2.13.1
[INFO] [stderr]    Compiling slotmap v1.1.1
[INFO] [stderr]    Compiling mio v1.2.0
[INFO] [stderr]    Compiling socket2 v0.6.3
[INFO] [stderr]    Compiling getrandom v0.2.17
[INFO] [stderr]    Compiling subtle v2.6.1
[INFO] [stderr]    Compiling arrayvec v0.7.6
[INFO] [stderr]    Compiling is-terminal v0.4.17
[INFO] [stderr]    Compiling miniz_oxide v0.8.9
[INFO] [stderr]    Compiling tempfile v3.27.0
[INFO] [stderr]    Compiling form_urlencoded v1.2.2
[INFO] [stderr]    Compiling sync_wrapper v1.0.2
[INFO] [stderr]    Compiling termcolor v1.4.1
[INFO] [stderr]    Compiling ipnet v2.12.0
[INFO] [stderr]    Compiling openssl-probe v0.2.1
[INFO] [stderr]    Compiling which v4.4.2
[INFO] [stderr]    Compiling humantime v2.3.0
[INFO] [stderr]    Compiling rustls-native-certs v0.8.3
[INFO] [stderr]    Compiling fdeflate v0.3.7
[INFO] [stderr]    Compiling webpki-roots v1.0.6
[INFO] [stderr]    Compiling flate2 v1.1.9
[INFO] [stderr]    Compiling pxfm v0.1.28
[INFO] [stderr]    Compiling zune-core v0.5.1
[INFO] [stderr]    Compiling iri-string v0.7.12
[INFO] [stderr]    Compiling serde_bytes v0.11.19
[INFO] [stderr]    Compiling regex-automata v0.4.14
[INFO] [stderr]    Compiling serde_json v1.0.149
[INFO] [stderr]    Compiling android_log-sys v0.3.2
[INFO] [stderr]    Compiling taffy v0.6.3
[INFO] [stderr]    Compiling png v0.18.1
[INFO] [stderr]    Compiling zune-jpeg v0.5.15
[INFO] [stderr]    Compiling kurbo v0.13.0
[INFO] [stderr]    Compiling siphasher v1.0.2
[INFO] [stderr]    Compiling bytemuck v1.25.0
[INFO] [stderr]    Compiling byteorder-lite v0.1.0
[INFO] [stderr]    Compiling serde_path_to_error v0.1.20
[INFO] [stderr]    Compiling unicode-segmentation v1.13.2
[INFO] [stderr]    Compiling svgtypes v0.16.1
[INFO] [stderr]    Compiling synstructure v0.13.2
[INFO] [stderr]    Compiling regex v1.12.3
[INFO] [stderr]    Compiling zerofrom-derive v0.1.7
[INFO] [stderr]    Compiling yoke-derive v0.8.2
[INFO] [stderr]    Compiling thiserror-impl v1.0.69
[INFO] [stderr]    Compiling zerovec-derive v0.11.3
[INFO] [stderr]    Compiling displaydoc v0.2.5
[INFO] [stderr]    Compiling tokio-macros v2.7.0
[INFO] [stderr]    Compiling futures-macro v0.3.32
[INFO] [stderr]    Compiling serde_derive v1.0.228
[INFO] [stderr]    Compiling thiserror-impl v2.0.18
[INFO] [stderr]    Compiling moxcms v0.8.1
[INFO] [stderr]    Compiling tokio v1.51.0
[INFO] [stderr]    Compiling zerofrom v0.1.7
[INFO] [stderr]    Compiling yoke v0.8.2
[INFO] [stderr]    Compiling protobuf-support v3.7.2
[INFO] [stderr]    Compiling futures-util v0.3.32
[INFO] [stderr]    Compiling zerotrie v0.2.4
[INFO] [stderr]    Compiling zerovec v0.11.6
[INFO] [stderr]    Compiling env_logger v0.10.2
[INFO] [stderr]    Compiling android_logger v0.13.3
[INFO] [stderr]    Compiling thiserror v2.0.18
[INFO] [stderr]    Compiling tinystr v0.8.3
[INFO] [stderr]    Compiling potential_utf v0.1.5
[INFO] [stderr]    Compiling icu_collections v2.2.0
[INFO] [stderr]    Compiling icu_locale_core v2.2.0
[INFO] [stderr]    Compiling icu_provider v2.2.0
[INFO] [stderr]    Compiling icu_normalizer v2.2.0
[INFO] [stderr]    Compiling icu_properties v2.2.0
[INFO] [stderr]    Compiling futures-executor v0.3.32
[INFO] [stderr]    Compiling serde_urlencoded v0.7.1
[INFO] [stderr]    Compiling futures v0.3.32
[INFO] [stderr]    Compiling protobuf-parse v3.7.2
[INFO] [stderr]    Compiling idna_adapter v1.2.1
[INFO] [stderr]    Compiling idna v1.1.0
[INFO] [stderr]    Compiling image v0.25.10
[INFO] [stderr]    Compiling url v2.5.8
[INFO] [stderr]    Compiling tokio-util v0.7.18
[INFO] [stderr]    Compiling tower v0.5.3
[INFO] [stderr]    Compiling protobuf-codegen v3.7.2
[INFO] [stderr]    Compiling h2 v0.4.19
[INFO] [stderr]    Compiling rustls-webpki v0.103.15
[INFO] [stderr]    Compiling tower-http v0.6.8
[INFO] [stderr]    Compiling dc_bundle v0.39.6
[INFO] [stderr]    Compiling hyper v1.9.0
[INFO] [stderr]    Compiling hyper-util v0.1.20
[INFO] [stderr]    Compiling tokio-rustls v0.26.4
[INFO] [stderr]    Compiling hyper-rustls v0.27.7
[INFO] [stderr]    Compiling reqwest v0.12.28
[INFO] [stderr]    Compiling dc_layout v0.39.6
[INFO] [stderr]    Compiling dc_figma_import v0.39.6 (/opt/rustwide/workdir)
[INFO] [stderr] warning: unused dependency `dc_layout`
[INFO] [stderr]   --> Cargo.toml:32:15
[INFO] [stderr]    |
[INFO] [stderr] 32 | [dependencies.dc_layout]
[INFO] [stderr]    |               ^^^^^^^^^^
[INFO] [stderr]    |
[INFO] [stderr]    = note: `cargo::unused_dependencies` is set to `warn` by default
[INFO] [stderr] help: consider removing the dependency on `dc_layout`
[INFO] [stderr] warning: `dc_figma_import` (manifest) generated 1 warning
[INFO] [stderr]     Finished `release` profile [optimized] target(s) in 3m 30s
[INFO] running `Command { std: "docker" "inspect" "db8c0e3ee516622321ae58db7f1cfd61496d5836fd9a8e78f9e0891d621e4097", kill_on_drop: false }`
[INFO] running `Command { std: "docker" "exec" "-e" "SOURCE_DIR=/opt/rustwide/workdir" "-e" "CARGO_HOME=/opt/rustwide/cargo-home" "-e" "RUSTUP_HOME=/opt/rustwide/rustup-home" "-e" "CARGO_TARGET_DIR=/opt/rustwide/target" "-e" "CARGO_INCREMENTAL=0" "-e" "RUST_BACKTRACE=full" "-e" "RUSTFLAGS=--cap-lints=warn" "-e" "RUSTDOCFLAGS=--cap-lints=warn" "-w" "/opt/rustwide/workdir" "--user" "0:0" "db8c0e3ee516622321ae58db7f1cfd61496d5836fd9a8e78f9e0891d621e4097" "/opt/rustwide/cargo-home/bin/cargo" "+1.100.0-beta.1" "test" "--frozen" "--no-run" "--message-format=json" "--release", kill_on_drop: false }`
[INFO] [stderr] warning: unused build dependency `anyhow`
[INFO] [stderr]   --> Cargo.toml:16:21
[INFO] [stderr]    |
[INFO] [stderr] 16 | [build-dependencies.anyhow]
[INFO] [stderr]    |                     ^^^^^^^
[INFO] [stderr]    |
[INFO] [stderr]    = note: `cargo::unused_dependencies` is set to `warn` by default
[INFO] [stderr] help: consider removing the dependency on `anyhow`
[INFO] [stderr] warning: unused build dependency `vergen`
[INFO] [stderr]   --> Cargo.toml:19:21
[INFO] [stderr]    |
[INFO] [stderr] 19 | [build-dependencies.vergen]
[INFO] [stderr]    |                     ^^^^^^^
[INFO] [stderr]    |
[INFO] [stderr] help: consider removing the dependency on `vergen`
[INFO] [stderr] warning: `dc_figma_import` (manifest) generated 2 warnings
[INFO] [stderr]    Compiling bitflags v2.11.0
[INFO] [stderr]    Compiling rustix v1.1.4
[INFO] [stderr]    Compiling getrandom v0.4.2
[INFO] [stderr]    Compiling fastrand v2.4.1
[INFO] [stderr]    Compiling png v0.18.1
[INFO] [stderr]    Compiling tower-http v0.6.8
[INFO] [stderr]    Compiling reqwest v0.12.28
[INFO] [stderr]    Compiling image v0.25.10
[INFO] [stderr]    Compiling tempfile v3.27.0
[INFO] [stderr]    Compiling dc_figma_import v0.39.6 (/opt/rustwide/workdir)
[INFO] [stderr] warning: unused dependency `dc_layout`
[INFO] [stderr]   --> Cargo.toml:32:15
[INFO] [stderr]    |
[INFO] [stderr] 32 | [dependencies.dc_layout]
[INFO] [stderr]    |               ^^^^^^^^^^
[INFO] [stderr]    |
[INFO] [stderr]    = note: `cargo::unused_dependencies` is set to `warn` by default
[INFO] [stderr] help: consider removing the dependency on `dc_layout`
[INFO] [stderr] help: to still use for development builds, move to `dev-dependencies`
[INFO] [stderr] warning: `dc_figma_import` (manifest) generated 1 warning
[INFO] [stderr]     Finished `release` profile [optimized] target(s) in 1m 23s
[INFO] running `Command { std: "docker" "inspect" "db8c0e3ee516622321ae58db7f1cfd61496d5836fd9a8e78f9e0891d621e4097", kill_on_drop: false }`
[INFO] running `Command { std: "docker" "exec" "-e" "SOURCE_DIR=/opt/rustwide/workdir" "-e" "CARGO_HOME=/opt/rustwide/cargo-home" "-e" "RUSTUP_HOME=/opt/rustwide/rustup-home" "-e" "CARGO_TARGET_DIR=/opt/rustwide/target" "-e" "CARGO_INCREMENTAL=0" "-e" "RUST_BACKTRACE=full" "-e" "RUSTFLAGS=--cap-lints=warn" "-e" "RUSTDOCFLAGS=--cap-lints=warn" "-w" "/opt/rustwide/workdir" "--user" "0:0" "db8c0e3ee516622321ae58db7f1cfd61496d5836fd9a8e78f9e0891d621e4097" "/opt/rustwide/cargo-home/bin/cargo" "+1.100.0-beta.1" "test" "--frozen" "--release", kill_on_drop: false }`
[INFO] [stderr] warning: unused build dependency `anyhow`
[INFO] [stderr]   --> Cargo.toml:16:21
[INFO] [stderr]    |
[INFO] [stderr] 16 | [build-dependencies.anyhow]
[INFO] [stderr]    |                     ^^^^^^^
[INFO] [stderr]    |
[INFO] [stderr]    = note: `cargo::unused_dependencies` is set to `warn` by default
[INFO] [stderr] help: consider removing the dependency on `anyhow`
[INFO] [stderr] warning: unused build dependency `vergen`
[INFO] [stderr]   --> Cargo.toml:19:21
[INFO] [stderr]    |
[INFO] [stderr] 19 | [build-dependencies.vergen]
[INFO] [stderr]    |                     ^^^^^^^
[INFO] [stderr]    |
[INFO] [stderr] help: consider removing the dependency on `vergen`
[INFO] [stderr] warning: `dc_figma_import` (manifest) generated 2 warnings
[INFO] [stderr] warning: unused dependency `dc_layout`
[INFO] [stderr]   --> Cargo.toml:32:15
[INFO] [stderr]    |
[INFO] [stderr] 32 | [dependencies.dc_layout]
[INFO] [stderr]    |               ^^^^^^^^^^
[INFO] [stderr]    |
[INFO] [stderr]    = note: `cargo::unused_dependencies` is set to `warn` by default
[INFO] [stderr] help: consider removing the dependency on `dc_layout`
[INFO] [stderr] help: to still use for development builds, move to `dev-dependencies`
[INFO] [stderr] warning: `dc_figma_import` (manifest) generated 1 warning
[INFO] [stderr]     Finished `release` profile [optimized] target(s) in 0.24s
[INFO] [stderr]      Running unittests src/lib.rs (/opt/rustwide/target/release/build/dc_figma_import/434a13a2df3721ac/out/dc_figma_import-434a13a2df3721ac)
[INFO] [stdout] 
[INFO] [stdout] running 92 tests
[INFO] [stdout] test animation_override::tests::test_bezier_curve_from_json ... ok
[INFO] [stdout] test animation_override::tests::test_custom_keyframe_value_json_variants ... ok
[INFO] [stdout] test animation_override::tests::test_easing_from_json ... ok
[INFO] [stdout] test animation_override::tests::test_animations_from_json ... ok
[INFO] [stdout] test animation_override::tests::test_animation_override_from_json ... ok
[INFO] [stdout] test animation_override::tests::test_key_frame_animation_from_json ... ok
[INFO] [stdout] test animation_override::tests::test_key_frame_from_json ... ok
[INFO] [stdout] test animation_override::tests::test_stop_type_from_json ... ok
[INFO] [stdout] test animation_spec_schema::tests::test_animation_override_json_default ... ok
[INFO] [stdout] test animation_override::tests::test_duration_from_json ... ok
[INFO] [stdout] test animation_override::tests::test_smooth_animation_from_json ... ok
[INFO] [stdout] test animation_override::tests::test_animation_spec_from_json ... ok
[INFO] [stdout] test animation_spec_schema::tests::test_deserialize_matrix_custom_keyframe_data_stringified ... ok
[INFO] [stdout] test animation_spec_schema::tests::test_deserialize_matrix_missing_transitions_field ... ok
[INFO] [stdout] test animation_spec_schema::tests::test_parse_squoosh_json ... ok
[INFO] [stdout] test animation_spec_schema::tests::test_validate_animation_matrix ... ok
[INFO] [stdout] test animation_spec_schema::tests::test_validate_invalid_transition ... ok
[INFO] [stdout] test animation_spec_schema::tests::test_validate_matrix_invalid_transition ... ok
[INFO] [stdout] test animation_override::tests::test_repeat_type_from_json ... ok
[INFO] [stdout] test animation_spec_schema::tests::test_deserialize_matrix_default_animation_name ... ok
[INFO] [stdout] test animation_spec_schema::tests::test_deserialize_none ... ok
[INFO] [stdout] test animation_override::tests::test_transition_custom_keyframe_override_precedence ... ok
[INFO] [stdout] test animation_override::tests::test_root_timeline_deduplication_and_merging ... ok
[INFO] [stdout] test content_hash::tests::test_diff_added_and_removed ... ok
[INFO] [stdout] test content_hash::tests::test_diff_no_changes ... ok
[INFO] [stdout] test content_hash::tests::test_empty_views_not_incremental ... ok
[INFO] [stdout] test content_hash::tests::test_hash_format ... ok
[INFO] [stdout] test animation_spec_schema::tests::test_deserialize_custom_with_keyframe_data ... ok
[INFO] [stdout] test animation_spec_schema::tests::test_deserialize_animation_matrix ... ok
[INFO] [stdout] test animation_spec_schema::tests::test_deserialize_custom ... ok
[INFO] [stdout] test content_hash::tests::test_is_incremental_threshold ... ok
[INFO] [stdout] test animation_spec_schema::tests::test_deserialize_default_empty ... ok
[INFO] [stdout] test animation_spec_schema::tests::test_deserialize_default_no_disable ... ok
[INFO] [stdout] test animation_spec_schema::tests::test_deserialize_keyframe_custom ... ok
[INFO] [stdout] test animation_spec_schema::tests::test_validate_animation_override ... ok
[INFO] [stdout] test content_hash::tests::test_same_bytes_same_hash ... ok
[INFO] [stdout] test content_hash::tests::test_diff_one_updated ... ok
[INFO] [stdout] test animation_spec_schema::tests::test_validate_animation_override_extended ... ok
[INFO] [stdout] test content_hash::tests::test_different_bytes_different_hash ... ok
[INFO] [stdout] test content_hash::tests::test_threshold_one_always_incremental ... ok
[INFO] [stdout] test animation_spec_schema::tests::test_validate_matrix_valid ... ok
[INFO] [stdout] test content_hash::tests::test_threshold_zero_always_full ... ok
[INFO] [stdout] test figma_schema::tests::test_layout_mode_deserializes_grid_as_unknown ... ok
[INFO] [stdout] test animation_spec_schema::tests::test_validate_transition_invalid_keyframe_fraction ... ok
[INFO] [stdout] test figma_schema::tests::test_layout_mode_deserializes_known_values ... ok
[INFO] [stdout] test figma_schema::tests::test_section_node_deserializes ... ok
[INFO] [stdout] test figma_schema::tests::test_section_node_with_unknown_fields ... ok
[INFO] [stdout] test animation_spec_schema::tests::test_validate_transition_valid ... ok
[INFO] [stdout] test content_hash::tests::test_is_incremental_with_custom_threshold ... ok
[INFO] [stdout] test figma_schema::tests::test_layout_mode_deserializes_future_values_as_unknown ... ok
[INFO] [stdout] test http_client::tests::test_empty_batch_returns_empty ... ok
[INFO] [stdout] test http_client::tests::test_rate_limiter_zero_refill_rate ... ok
[INFO] [stdout] test document::tests::test_compute_component_overrides_coverage ... ok
[INFO] [stdout] test http_client::tests::test_rate_limiter_wait_duration_calculation ... ok
[INFO] [stdout] test document::tests::test_deserialize_json_with_path_errors ... ok
[INFO] [stdout] test library_resolver::tests::test_add_dependency ... ok
[INFO] [stdout] test library_resolver::tests::test_no_dependencies ... ok
[INFO] [stdout] test node_tracker::tests::test_no_changes ... ok
[INFO] [stdout] test http_client::tests::test_runtime_creates_successfully ... ok
[INFO] [stdout] test node_tracker::tests::test_batch_node_ids ... ok
[INFO] [stdout] test node_tracker::tests::test_child_added ... ok
[INFO] [stdout] test node_tracker::tests::test_empty_tracker_all_added ... ok
[INFO] [stdout] test remote_cache::tests::test_cache_hit ... ok
[INFO] [stdout] test reaction_schema::parse_reactions ... ok
[INFO] [stdout] test document::tests::test_deserialize_json_with_path_success ... ok
[INFO] [stdout] test document::tests::test_parse_document_id_formats ... ok
[INFO] [stdout] test http_client::tests::test_rate_limiter_concurrent_safety ... ok
[INFO] [stdout] test http_client::tests::test_rate_limiter_immediate_acquire ... ok
[INFO] [stdout] test design_definition::serialized_document_tests::load_bad_doc - should panic ... ok
[INFO] [stdout] test remote_cache::tests::test_version_check ... ok
[INFO] [stdout] test node_tracker::tests::test_node_removed ... ok
[INFO] [stdout] test remote_cache::tests::test_serialization_roundtrip ... ok
[INFO] [stdout] test reaction_schema::parse_frame_extras ... ok
[INFO] [stdout] test transform_flexbox::test_absolute_position_in_autolayout_import ... ok
[INFO] [stdout] test design_definition::serialized_document_tests::load_missing_doc - should panic ... ok
[INFO] [stdout] test transform_flexbox::test_animation_override_plugin_data ... ok
[INFO] [stdout] test transform_flexbox::test_layout_wrap_no_wrap ... ok
[INFO] [stdout] test remote_cache::tests::test_cache_miss_on_unknown_key ... ok
[INFO] [stdout] test remote_cache::tests::test_cache_miss_on_stale_timestamp ... ok
[INFO] [stdout] test design_definition::serialized_document_tests::load_save_load ... FAILED
[INFO] [stdout] test transform_flexbox::test_layout_wrap_override ... ok
[INFO] [stdout] test remote_cache::tests::test_doc_timestamps ... ok
[INFO] [stdout] test transform_flexbox::test_opacity_serialization ... ok
[INFO] [stdout] test transform_flexbox::tests::test_constraints_preserved_without_parent ... ok
[INFO] [stdout] test transform_flexbox::tests::test_layout_baseline ... ok
[INFO] [stdout] test transform_flexbox::tests::test_center_constraints_preserved_without_parent ... ok
[INFO] [stdout] test variable_utils::tests::test_bound_variables_color_fallback_opacity ... ok
[INFO] [stdout] test transform_flexbox::tests::test_layout_wrap ... ok
[INFO] [stdout] test http_client::tests::test_rate_limiter_blocking_acquire ... ok
[INFO] [stdout] test http_client::tests::test_rate_limiter_refill ... ok
[INFO] [stdout] test http_client::tests::test_batch_request_preserves_ids ... ok
[INFO] [stdout] test http_client::tests::test_rate_limiter_max_cap ... ok
[INFO] [stdout] 
[INFO] [stdout] failures:
[INFO] [stdout] 
[INFO] [stdout] ---- design_definition::serialized_document_tests::load_save_load stdout ----
[INFO] [stdout] 
[INFO] [stdout] thread 'design_definition::serialized_document_tests::load_save_load' (3445) panicked at src/design_definition.rs:29:55:
[INFO] [stdout] Failed to load design bundle.: IoError(Os { code: 2, kind: NotFound, message: "No such file or directory" })
[INFO] [stdout] stack backtrace:
[INFO] [stdout]    0:     0x5ea8cab63091 - <<std[617be2ca0a6fd877]::sys::backtrace::BacktraceLock>::print::DisplayBacktrace as core[a373ad73a504971]::fmt::Display>::fmt
[INFO] [stdout]    1:     0x5ea8cab7bbda - core[a373ad73a504971]::fmt::write
[INFO] [stdout]    2:     0x5ea8cab67dac - <alloc[2e1b2a31b91974c5]::vec::Vec<u8> as core[a373ad73a504971]::io::write::Write>::write_fmt
[INFO] [stdout]    3:     0x5ea8cab3c8b6 - std[617be2ca0a6fd877]::panicking::default_hook::{closure#0}
[INFO] [stdout]    4:     0x5ea8cab5a459 - std[617be2ca0a6fd877]::panicking::default_hook
[INFO] [stdout]    5:     0x5ea8ca9b7200 - test[aada8e7e76ba119b]::test_main_inner::{closure#0}
[INFO] [stdout]    6:     0x5ea8cab5a782 - std[617be2ca0a6fd877]::panicking::panic_with_hook
[INFO] [stdout]    7:     0x5ea8cab3c962 - std[617be2ca0a6fd877]::panicking::panic_handler::{closure#0}
[INFO] [stdout]    8:     0x5ea8cab353d9 - std[617be2ca0a6fd877]::sys::backtrace::__rust_end_short_backtrace::<std[617be2ca0a6fd877]::panicking::panic_handler::{closure#0}, !>
[INFO] [stdout]    9:     0x5ea8cab3d75d - __rustc[ea4f61d10b84890b]::rust_begin_unwind
[INFO] [stdout]   10:     0x5ea8cab7c33c - core[a373ad73a504971]::panicking::panic_fmt
[INFO] [stdout]   11:     0x5ea8cab7c112 - core[a373ad73a504971]::result::unwrap_failed
[INFO] [stdout]   12:     0x5ea8ca73bef2 - <dc_figma_import[8d587e689e82ae7f]::design_definition::serialized_document_tests::load_save_load::{closure#0} as core[a373ad73a504971]::ops::function::FnOnce<()>>::call_once
[INFO] [stdout]   13:     0x5ea8ca9aa64b - test[aada8e7e76ba119b]::__rust_begin_short_backtrace::<core[a373ad73a504971]::result::Result<(), alloc[2e1b2a31b91974c5]::string::String>, fn() -> core[a373ad73a504971]::result::Result<(), alloc[2e1b2a31b91974c5]::string::String>>
[INFO] [stdout]   14:     0x5ea8ca9b7825 - test[aada8e7e76ba119b]::run_test::{closure#0}
[INFO] [stdout]   15:     0x5ea8ca9b1114 - std[617be2ca0a6fd877]::sys::backtrace::__rust_begin_short_backtrace::<test[aada8e7e76ba119b]::run_test::{closure#1}, ()>
[INFO] [stdout]   16:     0x5ea8ca9ba8b2 - <std[617be2ca0a6fd877]::thread::lifecycle::spawn_unchecked<test[aada8e7e76ba119b]::run_test::{closure#1}, ()>::{closure#1} as core[a373ad73a504971]::ops::function::FnOnce<()>>::call_once::{shim:vtable#0}
[INFO] [stdout]   17:     0x5ea8cab6253f - <std[617be2ca0a6fd877]::sys::thread::unix::Thread>::new::thread_start
[INFO] [stdout]   18:     0x783d9fb3cdfa - <unknown>
[INFO] [stdout]   19:     0x783d9fbd03d4 - clone
[INFO] [stdout]   20:                0x0 - <unknown>
[INFO] [stdout] 
[INFO] [stdout] 
[INFO] [stdout] failures:
[INFO] [stdout]     design_definition::serialized_document_tests::load_save_load
[INFO] [stdout] 
[INFO] [stdout] test result: FAILED. 91 passed; 1 failed; 0 ignored; 0 measured; 0 filtered out; finished in 0.21s
[INFO] [stdout] 
[INFO] [stderr] error: test failed, to rerun pass `--lib`
[INFO] running `Command { std: "docker" "inspect" "db8c0e3ee516622321ae58db7f1cfd61496d5836fd9a8e78f9e0891d621e4097", kill_on_drop: false }`
[INFO] running `Command { std: "docker" "rm" "-f" "db8c0e3ee516622321ae58db7f1cfd61496d5836fd9a8e78f9e0891d621e4097", kill_on_drop: false }`
[INFO] [stdout] db8c0e3ee516622321ae58db7f1cfd61496d5836fd9a8e78f9e0891d621e4097
