[INFO] fetching crate daedalus-nodes 0.1.1...
[INFO] testing daedalus-nodes-0.1.1 against 1.99.0-beta.8+cargoflags=--release for beta-release-1.100-2
[INFO] extracting crate daedalus-nodes 0.1.1 into /workspace/builds/worker-6-tc1/source
[INFO] started tweaking crates.io crate daedalus-nodes 0.1.1
[INFO] removed 0 missing tests
[INFO] finished tweaking crates.io crate daedalus-nodes 0.1.1
[INFO] tweaked toml for crates.io crate daedalus-nodes 0.1.1 written to /workspace/builds/worker-6-tc1/source/Cargo.toml
[INFO] validating manifest of crates.io crate daedalus-nodes 0.1.1 on toolchain 1.99.0-beta.8
[INFO] running `Command { std: CARGO_HOME="/workspace/cargo-home" RUSTUP_HOME="/workspace/rustup-home" "/workspace/cargo-home/bin/cargo" "+1.99.0-beta.8" "metadata" "--manifest-path" "Cargo.toml" "--no-deps", kill_on_drop: false }`
[INFO] crate crates.io crate daedalus-nodes 0.1.1 already has a lockfile, it will not be regenerated
[INFO] running `Command { std: CARGO_HOME="/workspace/cargo-home" RUSTUP_HOME="/workspace/rustup-home" "/workspace/cargo-home/bin/cargo" "+1.99.0-beta.8" "fetch" "--manifest-path" "Cargo.toml", kill_on_drop: false }`
[INFO] [stderr]     Updating crates.io index
[INFO] [stderr]  Downloading crates ...
[INFO] [stderr]   Downloaded aligned v0.4.2
[INFO] [stderr]   Downloaded trybuild v1.0.114
[INFO] [stderr]   Downloaded daedalus-registry v0.1.1
[INFO] [stderr]   Downloaded daedalus-runtime v0.1.1
[INFO] [stderr]   Downloaded daedalus-macros v0.1.1
[INFO] [stderr]   Downloaded daedalus-wgsl-infer v0.1.1
[INFO] [stderr]   Downloaded daedalus-data v0.1.1
[INFO] [stderr]   Downloaded daedalus-core v0.1.1
[INFO] [stderr]   Downloaded daedalus-planner v0.1.1
[INFO] [stderr]   Downloaded zune-jpeg v0.5.6
[INFO] running `Command { std: "docker" "create" "-v" "/var/lib/crater-agent-workspace/builds/worker-6-tc1/source:/opt/rustwide/workdir:ro,Z" "-v" "/var/lib/crater-agent-workspace/builds/worker-6-tc1/target:/opt/rustwide/target:rw,Z" "-v" "/var/lib/crater-agent-workspace/cargo-home:/opt/rustwide/cargo-home:ro,Z" "-v" "/var/lib/crater-agent-workspace/rustup-home:/opt/rustwide/rustup-home:ro,Z" "-m" "1610612736" "--network" "none" "ghcr.io/rust-lang/crates-build-env/linux@sha256:77db811e55d90add9212f6832c23229e3de5f1c1f9905e8cb07319ea15df73ac" "sleep" "infinity", kill_on_drop: false }`
[INFO] [stdout] 43bd2928201ac661d4c0374cd8f1d4d364fef70f07ef5f032c6be4456c68f1e7
[INFO] running `Command { std: "docker" "start" "43bd2928201ac661d4c0374cd8f1d4d364fef70f07ef5f032c6be4456c68f1e7", kill_on_drop: false }`
[INFO] running `Command { std: "docker" "inspect" "43bd2928201ac661d4c0374cd8f1d4d364fef70f07ef5f032c6be4456c68f1e7", kill_on_drop: false }`
[INFO] running `Command { std: "docker" "exec" "-e" "SOURCE_DIR=/opt/rustwide/workdir" "-e" "CARGO_HOME=/opt/rustwide/cargo-home" "-e" "RUSTUP_HOME=/opt/rustwide/rustup-home" "-e" "CARGO_TARGET_DIR=/opt/rustwide/target" "-w" "/opt/rustwide/workdir" "--user" "0:0" "43bd2928201ac661d4c0374cd8f1d4d364fef70f07ef5f032c6be4456c68f1e7" "/opt/rustwide/cargo-home/bin/cargo" "+1.99.0-beta.8" "metadata" "--no-deps" "--format-version=1", kill_on_drop: false }`
[INFO] running `Command { std: "docker" "inspect" "43bd2928201ac661d4c0374cd8f1d4d364fef70f07ef5f032c6be4456c68f1e7", kill_on_drop: false }`
[INFO] running `Command { std: "docker" "exec" "-e" "SOURCE_DIR=/opt/rustwide/workdir" "-e" "CARGO_HOME=/opt/rustwide/cargo-home" "-e" "RUSTUP_HOME=/opt/rustwide/rustup-home" "-e" "CARGO_TARGET_DIR=/opt/rustwide/target" "-e" "CARGO_INCREMENTAL=0" "-e" "RUST_BACKTRACE=full" "-e" "RUSTFLAGS=--cap-lints=warn" "-e" "RUSTDOCFLAGS=--cap-lints=warn" "-w" "/opt/rustwide/workdir" "--user" "0:0" "43bd2928201ac661d4c0374cd8f1d4d364fef70f07ef5f032c6be4456c68f1e7" "/opt/rustwide/cargo-home/bin/cargo" "+1.99.0-beta.8" "build" "--frozen" "--message-format=json" "--release", kill_on_drop: false }`
[INFO] [stderr]    Compiling serde_core v1.0.228
[INFO] [stderr]    Compiling serde v1.0.228
[INFO] [stderr]    Compiling zerocopy v0.8.31
[INFO] [stderr]    Compiling av-scenechange v0.14.1
[INFO] [stderr]    Compiling serde_json v1.0.145
[INFO] [stderr]    Compiling memchr v2.7.6
[INFO] [stderr]    Compiling libc v0.2.178
[INFO] [stderr]    Compiling crossbeam-utils v0.8.21
[INFO] [stderr]    Compiling built v0.8.0
[INFO] [stderr]    Compiling thiserror v2.0.17
[INFO] [stderr]    Compiling num-traits v0.2.19
[INFO] [stderr]    Compiling syn v2.0.111
[INFO] [stderr]    Compiling pastey v0.1.1
[INFO] [stderr]    Compiling rayon-core v1.13.0
[INFO] [stderr]    Compiling simd-adler32 v0.3.8
[INFO] [stderr]    Compiling simd_helpers v0.1.0
[INFO] [stderr]    Compiling noop_proc_macro v0.3.0
[INFO] [stderr]    Compiling adler2 v2.0.1
[INFO] [stderr]    Compiling either v1.15.0
[INFO] [stderr]    Compiling arrayvec v0.7.6
[INFO] [stderr]    Compiling as-slice v0.2.1
[INFO] [stderr]    Compiling miniz_oxide v0.8.9
[INFO] [stderr]    Compiling num-bigint v0.4.6
[INFO] [stderr]    Compiling crc32fast v1.5.0
[INFO] [stderr]    Compiling aligned v0.4.2
[INFO] [stderr]    Compiling itoa v1.0.15
[INFO] [stderr]    Compiling rav1e v0.8.1
[INFO] [stderr]    Compiling y4m v0.8.0
[INFO] [stderr]    Compiling ryu v1.0.20
[INFO] [stderr]    Compiling quick-error v2.0.1
[INFO] [stderr]    Compiling crossbeam-epoch v0.9.18
[INFO] [stderr]    Compiling nom v8.0.0
[INFO] [stderr]    Compiling core2 v0.4.0
[INFO] [stderr]    Compiling crossbeam-queue v0.3.12
[INFO] [stderr]    Compiling bitstream-io v4.9.0
[INFO] [stderr]    Compiling flate2 v1.1.5
[INFO] [stderr]    Compiling imgref v1.12.0
[INFO] [stderr]    Compiling new_debug_unreachable v1.0.6
[INFO] [stderr]    Compiling weezl v0.1.12
[INFO] [stderr]    Compiling zune-core v0.4.12
[INFO] [stderr]    Compiling crossbeam-deque v0.8.6
[INFO] [stderr]    Compiling rayon v1.11.0
[INFO] [stderr]    Compiling num-integer v0.1.46
[INFO] [stderr]    Compiling zune-jpeg v0.4.21
[INFO] [stderr]    Compiling pxfm v0.1.27
[INFO] [stderr]    Compiling loop9 v0.1.5
[INFO] [stderr]    Compiling avif-serialize v0.8.6
[INFO] [stderr]    Compiling itertools v0.14.0
[INFO] [stderr]    Compiling zune-inflate v0.2.54
[INFO] [stderr]    Compiling fdeflate v0.3.7
[INFO] [stderr]    Compiling bitflags v2.10.0
[INFO] [stderr]    Compiling num-rational v0.4.2
[INFO] [stderr]    Compiling lebe v0.5.3
[INFO] [stderr]    Compiling color_quant v1.1.0
[INFO] [stderr]    Compiling bytemuck v1.24.0
[INFO] [stderr]    Compiling zune-core v0.5.0
[INFO] [stderr]    Compiling bit_field v0.10.3
[INFO] [stderr]    Compiling rgb v0.8.52
[INFO] [stderr]    Compiling byteorder-lite v0.1.0
[INFO] [stderr]    Compiling image-webp v0.2.4
[INFO] [stderr]    Compiling indexmap v2.12.1
[INFO] [stderr]    Compiling zune-jpeg v0.5.6
[INFO] [stderr]    Compiling moxcms v0.7.10
[INFO] [stderr]    Compiling qoi v0.4.1
[INFO] [stderr]    Compiling gif v0.14.1
[INFO] [stderr]    Compiling toml_parser v1.0.4
[INFO] [stderr]    Compiling maybe-rayon v0.1.1
[INFO] [stderr]    Compiling png v0.18.0
[INFO] [stderr]    Compiling futures-core v0.3.31
[INFO] [stderr]    Compiling toml_datetime v0.7.3
[INFO] [stderr]    Compiling slab v0.4.11
[INFO] [stderr]    Compiling futures-util v0.3.31
[INFO] [stderr]    Compiling toml_edit v0.23.9
[INFO] [stderr]    Compiling daedalus-wgsl-infer v0.1.1
[INFO] [stderr]    Compiling thiserror-impl v2.0.17
[INFO] [stderr]    Compiling equator-macro v0.4.2
[INFO] [stderr]    Compiling serde_derive v1.0.228
[INFO] [stderr]    Compiling zerocopy-derive v0.8.31
[INFO] [stderr]    Compiling profiling-procmacros v1.0.17
[INFO] [stderr]    Compiling arg_enum_proc_macro v0.3.4
[INFO] [stderr]    Compiling num-derive v0.4.2
[INFO] [stderr]    Compiling fax_derive v0.2.0
[INFO] [stderr]    Compiling profiling v1.0.17
[INFO] [stderr]    Compiling equator v0.4.2
[INFO] [stderr]    Compiling fax v0.2.6
[INFO] [stderr]    Compiling aligned-vec v0.6.4
[INFO] [stderr]    Compiling v_frame v0.3.9
[INFO] [stderr]    Compiling av1-grain v0.2.5
[INFO] [stderr]    Compiling proc-macro-crate v3.4.0
[INFO] [stderr]    Compiling daedalus-core v0.1.1
[INFO] [stderr]    Compiling daedalus-data v0.1.1
[INFO] [stderr]    Compiling half v2.7.1
[INFO] [stderr]    Compiling smallvec v1.15.1
[INFO] [stderr]    Compiling tiff v0.10.3
[INFO] [stderr]    Compiling exr v1.74.0
[INFO] [stderr]    Compiling daedalus-registry v0.1.1
[INFO] [stderr]    Compiling daedalus-planner v0.1.1
[INFO] [stderr]    Compiling ravif v0.12.0
[INFO] [stderr]    Compiling image v0.25.9
[INFO] [stderr]    Compiling daedalus-runtime v0.1.1
[INFO] [stderr]    Compiling daedalus-macros v0.1.1
[INFO] [stderr]    Compiling daedalus-nodes v0.1.1 (/opt/rustwide/workdir)
[INFO] [stderr]     Finished `release` profile [optimized] target(s) in 3m 01s
[INFO] running `Command { std: "docker" "inspect" "43bd2928201ac661d4c0374cd8f1d4d364fef70f07ef5f032c6be4456c68f1e7", kill_on_drop: false }`
[INFO] running `Command { std: "docker" "exec" "-e" "SOURCE_DIR=/opt/rustwide/workdir" "-e" "CARGO_HOME=/opt/rustwide/cargo-home" "-e" "RUSTUP_HOME=/opt/rustwide/rustup-home" "-e" "CARGO_TARGET_DIR=/opt/rustwide/target" "-e" "CARGO_INCREMENTAL=0" "-e" "RUST_BACKTRACE=full" "-e" "RUSTFLAGS=--cap-lints=warn" "-e" "RUSTDOCFLAGS=--cap-lints=warn" "-w" "/opt/rustwide/workdir" "--user" "0:0" "43bd2928201ac661d4c0374cd8f1d4d364fef70f07ef5f032c6be4456c68f1e7" "/opt/rustwide/cargo-home/bin/cargo" "+1.99.0-beta.8" "test" "--frozen" "--no-run" "--message-format=json" "--release", kill_on_drop: false }`
[INFO] [stderr]    Compiling serde v1.0.228
[INFO] [stderr]    Compiling serde_json v1.0.145
[INFO] [stderr]    Compiling winnow v0.7.14
[INFO] [stderr]    Compiling serde_spanned v1.0.3
[INFO] [stderr]    Compiling toml_datetime v0.7.3
[INFO] [stderr]    Compiling toml_writer v1.0.4
[INFO] [stderr]    Compiling smallvec v1.15.1
[INFO] [stderr]    Compiling daedalus-core v0.1.1
[INFO] [stderr]    Compiling exr v1.74.0
[INFO] [stderr]    Compiling daedalus-data v0.1.1
[INFO] [stderr]    Compiling toml_parser v1.0.4
[INFO] [stderr]    Compiling toml v0.9.8
[INFO] [stderr]    Compiling daedalus-registry v0.1.1
[INFO] [stderr]    Compiling daedalus-planner v0.1.1
[INFO] [stderr]    Compiling trybuild v1.0.114
[INFO] [stderr]    Compiling image v0.25.9
[INFO] [stderr]    Compiling daedalus-runtime v0.1.1
[INFO] [stderr]    Compiling daedalus-nodes v0.1.1 (/opt/rustwide/workdir)
[INFO] [stderr]     Finished `release` profile [optimized] target(s) in 1m 08s
[INFO] running `Command { std: "docker" "inspect" "43bd2928201ac661d4c0374cd8f1d4d364fef70f07ef5f032c6be4456c68f1e7", kill_on_drop: false }`
[INFO] running `Command { std: "docker" "exec" "-e" "SOURCE_DIR=/opt/rustwide/workdir" "-e" "CARGO_HOME=/opt/rustwide/cargo-home" "-e" "RUSTUP_HOME=/opt/rustwide/rustup-home" "-e" "CARGO_TARGET_DIR=/opt/rustwide/target" "-e" "CARGO_INCREMENTAL=0" "-e" "RUST_BACKTRACE=full" "-e" "RUSTFLAGS=--cap-lints=warn" "-e" "RUSTDOCFLAGS=--cap-lints=warn" "-w" "/opt/rustwide/workdir" "--user" "0:0" "43bd2928201ac661d4c0374cd8f1d4d364fef70f07ef5f032c6be4456c68f1e7" "/opt/rustwide/cargo-home/bin/cargo" "+1.99.0-beta.8" "test" "--frozen" "--release", kill_on_drop: false }`
[INFO] [stderr]     Finished `release` profile [optimized] target(s) in 0.14s
[INFO] [stderr]      Running unittests src/lib.rs (/opt/rustwide/target/release/deps/daedalus_nodes-d2fb3a20def482ae)
[INFO] [stderr]      Running tests/planner_runtime.rs (/opt/rustwide/target/release/deps/planner_runtime-cf7f99dd75acd4ae)
[INFO] [stdout] 
[INFO] [stdout] running 0 tests
[INFO] [stdout] 
[INFO] [stdout] test result: ok. 0 passed; 0 failed; 0 ignored; 0 measured; 0 filtered out; finished in 0.00s
[INFO] [stdout] 
[INFO] [stdout] 
[INFO] [stdout] running 0 tests
[INFO] [stdout] 
[INFO] [stdout] test result: ok. 0 passed; 0 failed; 0 ignored; 0 measured; 0 filtered out; finished in 0.00s
[INFO] [stdout] 
[INFO] [stderr]      Running tests/ui.rs (/opt/rustwide/target/release/deps/ui-476abe78ba065fa2)
[INFO] [stdout] 
[INFO] [stdout] running 1 test
[INFO] [stderr]    Compiling proc-macro2 v1.0.103
[INFO] [stderr]    Compiling quote v1.0.42
[INFO] [stderr]    Compiling unicode-ident v1.0.22
[INFO] [stderr]    Compiling crossbeam-utils v0.8.21
[INFO] [stderr]    Compiling serde_core v1.0.228
[INFO] [stderr]    Compiling thiserror v2.0.17
[INFO] [stderr]    Compiling serde v1.0.228
[INFO] [stderr]    Compiling rayon-core v1.13.0
[INFO] [stderr]    Compiling anyhow v1.0.100
[INFO] [stderr]    Compiling zerocopy v0.8.31
[INFO] [stderr]    Compiling crc32fast v1.5.0
[INFO] [stderr]    Compiling av-scenechange v0.14.1
[INFO] [stderr]    Compiling memchr v2.7.6
[INFO] [stderr]    Compiling serde_json v1.0.145
[INFO] [stderr]    Compiling libc v0.2.178
[INFO] [stderr]    Compiling num-traits v0.2.19
[INFO] [stderr]    Compiling built v0.8.0
[INFO] [stderr]    Compiling cfg-if v1.0.4
[INFO] [stderr]    Compiling paste v1.0.15
[INFO] [stderr]    Compiling pastey v0.1.1
[INFO] [stderr]    Compiling simd-adler32 v0.3.8
[INFO] [stderr]    Compiling either v1.15.0
[INFO] [stderr]    Compiling noop_proc_macro v0.3.0
[INFO] [stderr]    Compiling stable_deref_trait v1.2.1
[INFO] [stderr]    Compiling adler2 v2.0.1
[INFO] [stderr]    Compiling arrayvec v0.7.6
[INFO] [stderr]    Compiling num-integer v0.1.46
[INFO] [stderr]    Compiling miniz_oxide v0.8.9
[INFO] [stderr]    Compiling as-slice v0.2.1
[INFO] [stderr]    Compiling crossbeam-epoch v0.9.18
[INFO] [stderr]    Compiling log v0.4.29
[INFO] [stderr]    Compiling num-bigint v0.4.6
[INFO] [stderr]    Compiling core2 v0.4.0
[INFO] [stderr]    Compiling nom v8.0.0
[INFO] [stderr]    Compiling rav1e v0.8.1
[INFO] [stderr]    Compiling syn v2.0.111
[INFO] [stderr]    Compiling crossbeam-deque v0.8.6
[INFO] [stderr]    Compiling aligned v0.4.2
[INFO] [stderr]    Compiling quick-error v2.0.1
[INFO] [stderr]    Compiling ryu v1.0.20
[INFO] [stderr]    Compiling itoa v1.0.15
[INFO] [stderr]    Compiling simd_helpers v0.1.0
[INFO] [stderr]    Compiling y4m v0.8.0
[INFO] [stderr]    Compiling flate2 v1.1.5
[INFO] [stderr]    Compiling bitstream-io v4.9.0
[INFO] [stderr]    Compiling crossbeam-queue v0.3.12
[INFO] [stderr]    Compiling itertools v0.14.0
[INFO] [stderr]    Compiling rayon v1.11.0
[INFO] [stderr]    Compiling weezl v0.1.12
[INFO] [stderr]    Compiling new_debug_unreachable v1.0.6
[INFO] [stderr]    Compiling base64 v0.22.1
[INFO] [stderr]    Compiling imgref v1.12.0
[INFO] [stderr]    Compiling zune-core v0.4.12
[INFO] [stderr]    Compiling loop9 v0.1.5
[INFO] [stderr]    Compiling zune-jpeg v0.4.21
[INFO] [stderr]    Compiling avif-serialize v0.8.6
[INFO] [stderr]    Compiling num-rational v0.4.2
[INFO] [stderr]    Compiling pxfm v0.1.27
[INFO] [stderr]    Compiling fdeflate v0.3.7
[INFO] [stderr]    Compiling zune-inflate v0.2.54
[INFO] [stderr]    Compiling zune-core v0.5.0
[INFO] [stderr]    Compiling hashbrown v0.16.1
[INFO] [stderr]    Compiling byteorder-lite v0.1.0
[INFO] [stderr]    Compiling winnow v0.7.14
[INFO] [stderr]    Compiling lebe v0.5.3
[INFO] [stderr]    Compiling equivalent v1.0.2
[INFO] [stderr]    Compiling bytemuck v1.24.0
[INFO] [stderr]    Compiling bit_field v0.10.3
[INFO] [stderr]    Compiling bitflags v2.10.0
[INFO] [stderr]    Compiling rgb v0.8.52
[INFO] [stderr]    Compiling color_quant v1.1.0
[INFO] [stderr]    Compiling png v0.18.0
[INFO] [stderr]    Compiling qoi v0.4.1
[INFO] [stderr]    Compiling gif v0.14.1
[INFO] [stderr]    Compiling indexmap v2.12.1
[INFO] [stderr]    Compiling image-webp v0.2.4
[INFO] [stderr]    Compiling maybe-rayon v0.1.1
[INFO] [stderr]    Compiling zune-jpeg v0.5.6
[INFO] [stderr]    Compiling pin-utils v0.1.0
[INFO] [stderr]    Compiling futures-task v0.3.31
[INFO] [stderr]    Compiling toml_datetime v0.7.3
[INFO] [stderr]    Compiling futures-core v0.3.31
[INFO] [stderr]    Compiling pin-project-lite v0.2.16
[INFO] [stderr]    Compiling slab v0.4.11
[INFO] [stderr]    Compiling futures-util v0.3.31
[INFO] [stderr]    Compiling daedalus-wgsl-infer v0.1.1
[INFO] [stderr]    Compiling toml_parser v1.0.4
[INFO] [stderr]    Compiling thiserror-impl v2.0.17
[INFO] [stderr]    Compiling serde_derive v1.0.228
[INFO] [stderr]    Compiling equator-macro v0.4.2
[INFO] [stderr]    Compiling zerocopy-derive v0.8.31
[INFO] [stderr]    Compiling profiling-procmacros v1.0.17
[INFO] [stderr]    Compiling arg_enum_proc_macro v0.3.4
[INFO] [stderr]    Compiling fax_derive v0.2.0
[INFO] [stderr]    Compiling num-derive v0.4.2
[INFO] [stderr]    Compiling profiling v1.0.17
[INFO] [stderr]    Compiling toml_edit v0.23.9
[INFO] [stderr]    Compiling equator v0.4.2
[INFO] [stderr]    Compiling fax v0.2.6
[INFO] [stderr]    Compiling aligned-vec v0.6.4
[INFO] [stderr]    Compiling v_frame v0.3.9
[INFO] [stderr]    Compiling moxcms v0.7.10
[INFO] [stderr]    Compiling av1-grain v0.2.5
[INFO] [stderr]    Compiling proc-macro-crate v3.4.0
[INFO] [stdout] test node_macro_ui has been running for over 60 seconds
[INFO] [stderr]    Compiling half v2.7.1
[INFO] [stderr]    Compiling tiff v0.10.3
[INFO] [stderr]    Compiling daedalus-data v0.1.1
[INFO] [stderr]    Compiling smallvec v1.15.1
[INFO] [stderr]    Compiling daedalus-core v0.1.1
[INFO] [stderr]    Compiling exr v1.74.0
[INFO] [stderr]    Compiling daedalus-registry v0.1.1
[INFO] [stderr]    Compiling daedalus-planner v0.1.1
[INFO] [stderr] error: could not compile `moxcms` (lib)
[INFO] [stderr] 
[INFO] [stderr] Caused by:
[INFO] [stderr]   process didn't exit successfully: `/opt/rustwide/rustup-home/toolchains/1.99.0-beta.8-x86_64-unknown-linux-gnu/bin/rustc --crate-name moxcms --edition=2024 /opt/rustwide/cargo-home/registry/src/index.crates.io-1949cf8c6b5b557f/moxcms-0.7.10/src/lib.rs --error-format=json --json=diagnostic-rendered-ansi,artifacts,future-incompat --crate-type lib --emit=dep-info,metadata,link -C embed-bitcode=no -C debuginfo=2 --cfg 'feature="avx"' --cfg 'feature="default"' --cfg 'feature="neon"' --cfg 'feature="sse"' --check-cfg 'cfg(docsrs,test)' --check-cfg 'cfg(feature, values("avx", "avx512", "default", "neon", "options", "sse"))' -C metadata=4f4a3548b3255d2c -C extra-filename=-60bfbdc19835c949 --out-dir /opt/rustwide/target/tests/trybuild/x86_64-unknown-linux-gnu/debug/deps --target x86_64-unknown-linux-gnu -L dependency=/opt/rustwide/target/tests/trybuild/x86_64-unknown-linux-gnu/debug/deps -L dependency=/opt/rustwide/target/tests/trybuild/debug/deps --extern num_traits=/opt/rustwide/target/tests/trybuild/x86_64-unknown-linux-gnu/debug/deps/libnum_traits-1211f79287c3b472.rmeta --extern pxfm=/opt/rustwide/target/tests/trybuild/x86_64-unknown-linux-gnu/debug/deps/libpxfm-0e968966b818738d.rmeta --cap-lints allow --cfg trybuild --verbose -A dead_code` (signal: 9, SIGKILL: kill)
[INFO] [stderr] warning: build failed, waiting for other jobs to finish...
[INFO] [stdout] test node_macro_ui ... FAILED
[INFO] [stdout] 
[INFO] [stdout] failures:
[INFO] [stdout] 
[INFO] [stdout] ---- node_macro_ui stdout ----
[INFO] [stdout] 
[INFO] [stdout] thread 'node_macro_ui' (3134) panicked at /opt/rustwide/cargo-home/registry/src/index.crates.io-1949cf8c6b5b557f/trybuild-1.0.114/src/run.rs:62:13:
[INFO] [stdout] tests failed
[INFO] [stdout] stack backtrace:
[INFO] [stdout]    0:     0x61cfa6bf3f81 - <<std[70759c8f55707aa4]::sys::backtrace::BacktraceLock>::print::DisplayBacktrace as core[df12db4294e9bfd3]::fmt::Display>::fmt
[INFO] [stdout]    1:     0x61cfa6c0a60a - core[df12db4294e9bfd3]::fmt::write
[INFO] [stdout]    2:     0x61cfa6bf8a4c - <alloc[2182bb758b4b3781]::vec::Vec<u8> as core[df12db4294e9bfd3]::io::write::Write>::write_fmt
[INFO] [stdout]    3:     0x61cfa6bcd466 - std[70759c8f55707aa4]::panicking::default_hook::{closure#0}
[INFO] [stdout]    4:     0x61cfa6beb5f9 - std[70759c8f55707aa4]::panicking::default_hook
[INFO] [stdout]    5:     0x61cfa6adc5c0 - test[9d35eded1c95d3be]::test_main_inner::<test[9d35eded1c95d3be]::test_main_static::{closure#0}>::{closure#0}
[INFO] [stdout]    6:     0x61cfa6beb7b2 - std[70759c8f55707aa4]::panicking::panic_with_hook
[INFO] [stdout]    7:     0x61cfa6bcd544 - std[70759c8f55707aa4]::panicking::panic_handler::{closure#0}
[INFO] [stdout]    8:     0x61cfa6bc5dd9 - std[70759c8f55707aa4]::sys::backtrace::__rust_end_short_backtrace::<std[70759c8f55707aa4]::panicking::panic_handler::{closure#0}, !>
[INFO] [stdout]    9:     0x61cfa6bce10d - __rustc[8fa7c3cbc660c2b3]::rust_begin_unwind
[INFO] [stdout]   10:     0x61cfa6c0ad7c - core[df12db4294e9bfd3]::panicking::panic_fmt
[INFO] [stdout]   11:     0x61cfa6b12e2f - <trybuild[3006fb5c35b3b546]::Runner>::run::{closure#1}
[INFO] [stdout]   12:     0x61cfa6b16d32 - <trybuild[3006fb5c35b3b546]::Runner>::run
[INFO] [stdout]   13:     0x61cfa6b19cb0 - <trybuild[3006fb5c35b3b546]::TestCases as core[df12db4294e9bfd3]::ops::drop::Drop>::drop
[INFO] [stdout]   14:     0x61cfa6acf640 - ui[3c6f25be179a455b]::node_macro_ui
[INFO] [stdout]   15:     0x61cfa6acf839 - <ui[3c6f25be179a455b]::node_macro_ui::{closure#0} as core[df12db4294e9bfd3]::ops::function::FnOnce<()>>::call_once
[INFO] [stdout]   16:     0x61cfa6acf8ab - test[9d35eded1c95d3be]::__rust_begin_short_backtrace::<core[df12db4294e9bfd3]::result::Result<(), alloc[2182bb758b4b3781]::string::String>, fn() -> core[df12db4294e9bfd3]::result::Result<(), alloc[2182bb758b4b3781]::string::String>>
[INFO] [stdout]   17:     0x61cfa6adcf15 - test[9d35eded1c95d3be]::run_test::{closure#0}
[INFO] [stdout]   18:     0x61cfa6ad67d4 - std[70759c8f55707aa4]::sys::backtrace::__rust_begin_short_backtrace::<test[9d35eded1c95d3be]::run_test::{closure#1}, ()>
[INFO] [stdout]   19:     0x61cfa6ae0072 - <std[70759c8f55707aa4]::thread::lifecycle::spawn_unchecked<test[9d35eded1c95d3be]::run_test::{closure#1}, ()>::{closure#1} as core[df12db4294e9bfd3]::ops::function::FnOnce<()>>::call_once::{shim:vtable#0}
[INFO] [stdout]   20:     0x61cfa6bf3239 - <std[70759c8f55707aa4]::sys::thread::unix::Thread>::new::thread_start
[INFO] [stdout]   21:     0x72fa2b8b8dfa - <unknown>
[INFO] [stdout]   22:     0x72fa2b94c3d4 - clone
[INFO] [stdout]   23:                0x0 - <unknown>
[INFO] [stdout] 
[INFO] [stdout] 
[INFO] [stdout] failures:
[INFO] [stdout]     node_macro_ui
[INFO] [stdout] 
[INFO] [stdout] test result: FAILED. 0 passed; 1 failed; 0 ignored; 0 measured; 0 filtered out; finished in 91.78s
[INFO] [stdout] 
[INFO] [stderr] error: test failed, to rerun pass `--test ui`
[INFO] running `Command { std: "docker" "inspect" "43bd2928201ac661d4c0374cd8f1d4d364fef70f07ef5f032c6be4456c68f1e7", kill_on_drop: false }`
[INFO] running `Command { std: "docker" "rm" "-f" "43bd2928201ac661d4c0374cd8f1d4d364fef70f07ef5f032c6be4456c68f1e7", kill_on_drop: false }`
[INFO] [stdout] 43bd2928201ac661d4c0374cd8f1d4d364fef70f07ef5f032c6be4456c68f1e7
