[INFO] fetching crate cow-bridging 0.6.0...
[INFO] testing cow-bridging-0.6.0 against 1.100.0-beta.1+cargoflags=--release for beta-release-1.100-2
[INFO] extracting crate cow-bridging 0.6.0 into /workspace/builds/worker-1-tc2/source
[INFO] started tweaking crates.io crate cow-bridging 0.6.0
[INFO] removed 0 missing tests
[INFO] finished tweaking crates.io crate cow-bridging 0.6.0
[INFO] tweaked toml for crates.io crate cow-bridging 0.6.0 written to /workspace/builds/worker-1-tc2/source/Cargo.toml
[INFO] validating manifest of crates.io crate cow-bridging 0.6.0 on toolchain 1.100.0-beta.1
[INFO] running `Command { std: CARGO_HOME="/workspace/cargo-home" RUSTUP_HOME="/workspace/rustup-home" "/workspace/cargo-home/bin/cargo" "+1.100.0-beta.1" "metadata" "--manifest-path" "Cargo.toml" "--no-deps", kill_on_drop: false }`
[INFO] crate crates.io crate cow-bridging 0.6.0 already has a lockfile, it will not be regenerated
[INFO] running `Command { std: CARGO_HOME="/workspace/cargo-home" RUSTUP_HOME="/workspace/rustup-home" "/workspace/cargo-home/bin/cargo" "+1.100.0-beta.1" "fetch" "--manifest-path" "Cargo.toml", kill_on_drop: false }`
[INFO] [stderr] warning: `package.homepage` is redundant with `package.repository`
[INFO] [stderr]    --> Cargo.toml:263:12
[INFO] [stderr]     |
[INFO] [stderr] 263 | homepage = "https://github.com/deltartificial/cow-rs"
[INFO] [stderr]     |            ^^^^^^^^^^^^^^^^^^^^^^^^^^^^^^^^^^^^^^^^^^
[INFO] [stderr] ...
[INFO] [stderr] 268 | repository = "https://github.com/deltartificial/cow-rs"
[INFO] [stderr]     |              ------------------------------------------
[INFO] [stderr]     |
[INFO] [stderr]     = note: `cargo::redundant_homepage` is set to `warn` by default
[INFO] [stderr] help: consider removing `package.homepage`
[INFO] [stderr] warning: `cow-bridging` (manifest) generated 1 warning
[INFO] [stderr]     Blocking waiting for file lock on package cache
[INFO] [stderr]     Blocking waiting for file lock on package cache
[ERROR] error running command: no output for 300 seconds
[INFO] testing cow-bridging-0.6.0 against 1.100.0-beta.1+cargoflags=--release for beta-release-1.100-2
[INFO] extracting crate cow-bridging 0.6.0 into /workspace/builds/worker-1-tc2/source
[INFO] started tweaking crates.io crate cow-bridging 0.6.0
[INFO] removed 0 missing tests
[INFO] finished tweaking crates.io crate cow-bridging 0.6.0
[INFO] tweaked toml for crates.io crate cow-bridging 0.6.0 written to /workspace/builds/worker-1-tc2/source/Cargo.toml
[INFO] validating manifest of crates.io crate cow-bridging 0.6.0 on toolchain 1.100.0-beta.1
[INFO] running `Command { std: CARGO_HOME="/workspace/cargo-home" RUSTUP_HOME="/workspace/rustup-home" "/workspace/cargo-home/bin/cargo" "+1.100.0-beta.1" "metadata" "--manifest-path" "Cargo.toml" "--no-deps", kill_on_drop: false }`
[INFO] crate crates.io crate cow-bridging 0.6.0 already has a lockfile, it will not be regenerated
[INFO] running `Command { std: CARGO_HOME="/workspace/cargo-home" RUSTUP_HOME="/workspace/rustup-home" "/workspace/cargo-home/bin/cargo" "+1.100.0-beta.1" "fetch" "--manifest-path" "Cargo.toml", kill_on_drop: false }`
[INFO] [stderr] warning: `package.homepage` is redundant with `package.repository`
[INFO] [stderr]    --> Cargo.toml:263:12
[INFO] [stderr]     |
[INFO] [stderr] 263 | homepage = "https://github.com/deltartificial/cow-rs"
[INFO] [stderr]     |            ^^^^^^^^^^^^^^^^^^^^^^^^^^^^^^^^^^^^^^^^^^
[INFO] [stderr] ...
[INFO] [stderr] 268 | repository = "https://github.com/deltartificial/cow-rs"
[INFO] [stderr]     |              ------------------------------------------
[INFO] [stderr]     |
[INFO] [stderr]     = note: `cargo::redundant_homepage` is set to `warn` by default
[INFO] [stderr] help: consider removing `package.homepage`
[INFO] [stderr] warning: `cow-bridging` (manifest) generated 1 warning
[INFO] [stderr]     Blocking waiting for file lock on package cache
[INFO] [stderr]     Blocking waiting for file lock on package cache
[ERROR] error running command: no output for 300 seconds
[INFO] testing cow-bridging-0.6.0 against 1.100.0-beta.1+cargoflags=--release for beta-release-1.100-2
[INFO] extracting crate cow-bridging 0.6.0 into /workspace/builds/worker-1-tc2/source
[INFO] started tweaking crates.io crate cow-bridging 0.6.0
[INFO] removed 0 missing tests
[INFO] finished tweaking crates.io crate cow-bridging 0.6.0
[INFO] tweaked toml for crates.io crate cow-bridging 0.6.0 written to /workspace/builds/worker-1-tc2/source/Cargo.toml
[INFO] validating manifest of crates.io crate cow-bridging 0.6.0 on toolchain 1.100.0-beta.1
[INFO] running `Command { std: CARGO_HOME="/workspace/cargo-home" RUSTUP_HOME="/workspace/rustup-home" "/workspace/cargo-home/bin/cargo" "+1.100.0-beta.1" "metadata" "--manifest-path" "Cargo.toml" "--no-deps", kill_on_drop: false }`
[INFO] crate crates.io crate cow-bridging 0.6.0 already has a lockfile, it will not be regenerated
[INFO] running `Command { std: CARGO_HOME="/workspace/cargo-home" RUSTUP_HOME="/workspace/rustup-home" "/workspace/cargo-home/bin/cargo" "+1.100.0-beta.1" "fetch" "--manifest-path" "Cargo.toml", kill_on_drop: false }`
[INFO] [stderr] warning: `package.homepage` is redundant with `package.repository`
[INFO] [stderr]    --> Cargo.toml:263:12
[INFO] [stderr]     |
[INFO] [stderr] 263 | homepage = "https://github.com/deltartificial/cow-rs"
[INFO] [stderr]     |            ^^^^^^^^^^^^^^^^^^^^^^^^^^^^^^^^^^^^^^^^^^
[INFO] [stderr] ...
[INFO] [stderr] 268 | repository = "https://github.com/deltartificial/cow-rs"
[INFO] [stderr]     |              ------------------------------------------
[INFO] [stderr]     |
[INFO] [stderr]     = note: `cargo::redundant_homepage` is set to `warn` by default
[INFO] [stderr] help: consider removing `package.homepage`
[INFO] [stderr] warning: `cow-bridging` (manifest) generated 1 warning
[INFO] [stderr]     Blocking waiting for file lock on package cache
[INFO] [stderr]     Blocking waiting for file lock on package cache
[ERROR] error running command: no output for 300 seconds
[INFO] testing cow-bridging-0.6.0 against 1.100.0-beta.1+cargoflags=--release for beta-release-1.100-2
[INFO] extracting crate cow-bridging 0.6.0 into /workspace/builds/worker-1-tc2/source
[INFO] started tweaking crates.io crate cow-bridging 0.6.0
[INFO] removed 0 missing tests
[INFO] finished tweaking crates.io crate cow-bridging 0.6.0
[INFO] tweaked toml for crates.io crate cow-bridging 0.6.0 written to /workspace/builds/worker-1-tc2/source/Cargo.toml
[INFO] validating manifest of crates.io crate cow-bridging 0.6.0 on toolchain 1.100.0-beta.1
[INFO] running `Command { std: CARGO_HOME="/workspace/cargo-home" RUSTUP_HOME="/workspace/rustup-home" "/workspace/cargo-home/bin/cargo" "+1.100.0-beta.1" "metadata" "--manifest-path" "Cargo.toml" "--no-deps", kill_on_drop: false }`
[INFO] crate crates.io crate cow-bridging 0.6.0 already has a lockfile, it will not be regenerated
[INFO] running `Command { std: CARGO_HOME="/workspace/cargo-home" RUSTUP_HOME="/workspace/rustup-home" "/workspace/cargo-home/bin/cargo" "+1.100.0-beta.1" "fetch" "--manifest-path" "Cargo.toml", kill_on_drop: false }`
[INFO] [stderr] warning: `package.homepage` is redundant with `package.repository`
[INFO] [stderr]    --> Cargo.toml:263:12
[INFO] [stderr]     |
[INFO] [stderr] 263 | homepage = "https://github.com/deltartificial/cow-rs"
[INFO] [stderr]     |            ^^^^^^^^^^^^^^^^^^^^^^^^^^^^^^^^^^^^^^^^^^
[INFO] [stderr] ...
[INFO] [stderr] 268 | repository = "https://github.com/deltartificial/cow-rs"
[INFO] [stderr]     |              ------------------------------------------
[INFO] [stderr]     |
[INFO] [stderr]     = note: `cargo::redundant_homepage` is set to `warn` by default
[INFO] [stderr] help: consider removing `package.homepage`
[INFO] [stderr] warning: `cow-bridging` (manifest) generated 1 warning
[INFO] [stderr]     Blocking waiting for file lock on package cache
[INFO] [stderr]     Blocking waiting for file lock on package cache
[INFO] [stderr]  Downloading crates ...
[INFO] [stderr]   Downloaded deadpool v0.12.3
[INFO] [stderr]   Downloaded wiremock v0.6.5
[INFO] [stderr]   Downloaded deadpool-runtime v0.1.4
[INFO] [stderr]   Downloaded proc-macro-crate v3.5.0
[INFO] [stderr]   Downloaded alloy-rlp v0.3.15
[INFO] [stderr]   Downloaded keccak-asm v0.1.6
[INFO] [stderr]   Downloaded keccak v0.1.6
[INFO] [stderr]   Downloaded alloy-rlp-derive v0.3.15
[INFO] [stderr]   Downloaded wasm-bindgen-futures v0.4.68
[INFO] [stderr]   Downloaded cow-errors v0.6.0
[INFO] [stderr]   Downloaded toml_datetime v1.1.1+spec-1.1.0
[INFO] [stderr]   Downloaded alloy-signer v1.8.3
[INFO] [stderr]   Downloaded cow-types v0.6.0
[INFO] [stderr]   Downloaded typify-macro v0.6.1
[INFO] [stderr]   Downloaded toml_parser v1.1.2+spec-1.1.0
[INFO] [stderr]   Downloaded const-hex v1.18.1
[INFO] [stderr]   Downloaded cow-shed v0.6.0
[INFO] [stderr]   Downloaded alloy-signer-local v1.8.3
[INFO] [stderr]   Downloaded alloy-rpc-types-any v1.8.3
[INFO] [stderr]   Downloaded alloy-sol-macro v1.5.7
[INFO] [stderr]   Downloaded alloy-tx-macros v1.8.3
[INFO] [stderr]   Downloaded alloy-network-primitives v1.8.3
[INFO] [stderr]   Downloaded alloy-sol-type-parser v1.5.7
[INFO] [stderr]   Downloaded cow-primitives v0.6.0
[INFO] [stderr]   Downloaded alloy-sol-macro-input v1.5.7
[INFO] [stderr]   Downloaded alloy-consensus-any v1.8.3
[INFO] [stderr]   Downloaded progenitor-client v0.13.0
[INFO] [stderr]   Downloaded cow-http v0.6.0
[INFO] [stderr]   Downloaded serde_with_macros v3.18.0
[INFO] [stderr]   Downloaded borsh-derive v1.6.1
[INFO] [stderr]   Downloaded toml_edit v0.25.11+spec-1.1.0
[INFO] [stderr]   Downloaded nybbles v0.4.8
[INFO] [stderr]   Downloaded alloy-serde v1.8.3
[INFO] [stderr]   Downloaded alloy-network v1.8.3
[INFO] [stderr]   Downloaded alloy-json-rpc v1.8.3
[INFO] [stderr]   Downloaded alloy-json-abi v1.5.7
[INFO] [stderr]   Downloaded serde_tokenstream v0.2.3
[INFO] [stderr]   Downloaded progenitor-impl v0.13.0
[INFO] [stderr]   Downloaded cow-signing v0.6.0
[INFO] [stderr]   Downloaded cow-chains v0.6.0
[INFO] [stderr]   Downloaded alloy-sol-macro-expander v1.5.7
[INFO] [stderr]   Downloaded typify v0.6.1
[INFO] [stderr]   Downloaded alloy-sol-types v1.5.7
[INFO] [stderr]   Downloaded syn-solidity v1.5.7
[INFO] [stderr]   Downloaded unicode-segmentation v1.13.2
[INFO] [stderr]   Downloaded schemars v1.2.1
[INFO] [stderr]   Downloaded cow-orderbook v0.6.0
[INFO] [stderr]   Downloaded borsh v1.6.1
[INFO] [stderr]   Downloaded pest v2.8.6
[INFO] [stderr]   Downloaded alloy-rpc-types-eth v1.8.3
[INFO] [stderr]   Downloaded alloy-consensus v1.8.3
[INFO] [stderr]   Downloaded serde_with v3.18.0
[INFO] [stderr]   Downloaded alloy-eips v1.8.3
[INFO] [stderr]   Downloaded sha3-asm v0.1.6
[INFO] [stderr]   Downloaded regress v0.10.5
[INFO] [stderr]   Downloaded openapiv3 v2.2.0
[INFO] [stderr]   Downloaded typify-impl v0.6.1
[INFO] [stderr]   Downloaded web-sys v0.3.95
[INFO] [stderr]   Downloaded tokio v1.51.1
[INFO] running `Command { std: "docker" "create" "-v" "/var/lib/crater-agent-workspace/builds/worker-1-tc2/source:/opt/rustwide/workdir:ro,Z" "-v" "/var/lib/crater-agent-workspace/builds/worker-1-tc2/target:/opt/rustwide/target:rw,Z" "-v" "/var/lib/crater-agent-workspace/cargo-home:/opt/rustwide/cargo-home:ro,Z" "-v" "/var/lib/crater-agent-workspace/rustup-home:/opt/rustwide/rustup-home:ro,Z" "-m" "1610612736" "--network" "none" "ghcr.io/rust-lang/crates-build-env/linux@sha256:77db811e55d90add9212f6832c23229e3de5f1c1f9905e8cb07319ea15df73ac" "sleep" "infinity", kill_on_drop: false }`
[INFO] [stdout] a4c2157a3a74854c1b215826f72cc950445786c4ebec8fa42e90e23dac31a1e5
[INFO] running `Command { std: "docker" "start" "a4c2157a3a74854c1b215826f72cc950445786c4ebec8fa42e90e23dac31a1e5", kill_on_drop: false }`
[INFO] running `Command { std: "docker" "inspect" "a4c2157a3a74854c1b215826f72cc950445786c4ebec8fa42e90e23dac31a1e5", kill_on_drop: false }`
[INFO] running `Command { std: "docker" "exec" "-e" "SOURCE_DIR=/opt/rustwide/workdir" "-e" "CARGO_HOME=/opt/rustwide/cargo-home" "-e" "RUSTUP_HOME=/opt/rustwide/rustup-home" "-e" "CARGO_TARGET_DIR=/opt/rustwide/target" "-w" "/opt/rustwide/workdir" "--user" "0:0" "a4c2157a3a74854c1b215826f72cc950445786c4ebec8fa42e90e23dac31a1e5" "/opt/rustwide/cargo-home/bin/cargo" "+1.100.0-beta.1" "metadata" "--no-deps" "--format-version=1", kill_on_drop: false }`
[INFO] running `Command { std: "docker" "inspect" "a4c2157a3a74854c1b215826f72cc950445786c4ebec8fa42e90e23dac31a1e5", kill_on_drop: false }`
[INFO] running `Command { std: "docker" "exec" "-e" "SOURCE_DIR=/opt/rustwide/workdir" "-e" "CARGO_HOME=/opt/rustwide/cargo-home" "-e" "RUSTUP_HOME=/opt/rustwide/rustup-home" "-e" "CARGO_TARGET_DIR=/opt/rustwide/target" "-e" "CARGO_INCREMENTAL=0" "-e" "RUST_BACKTRACE=full" "-e" "RUSTFLAGS=--cap-lints=warn" "-e" "RUSTDOCFLAGS=--cap-lints=warn" "-w" "/opt/rustwide/workdir" "--user" "0:0" "a4c2157a3a74854c1b215826f72cc950445786c4ebec8fa42e90e23dac31a1e5" "/opt/rustwide/cargo-home/bin/cargo" "+1.100.0-beta.1" "build" "--frozen" "--message-format=json" "--release", kill_on_drop: false }`
[INFO] [stderr] warning: `package.homepage` is redundant with `package.repository`
[INFO] [stderr]    --> Cargo.toml:263:12
[INFO] [stderr]     |
[INFO] [stderr] 263 | homepage = "https://github.com/deltartificial/cow-rs"
[INFO] [stderr]     |            ^^^^^^^^^^^^^^^^^^^^^^^^^^^^^^^^^^^^^^^^^^
[INFO] [stderr] ...
[INFO] [stderr] 268 | repository = "https://github.com/deltartificial/cow-rs"
[INFO] [stderr]     |              ------------------------------------------
[INFO] [stderr]     |
[INFO] [stderr]     = note: `cargo::redundant_homepage` is set to `warn` by default
[INFO] [stderr] help: consider removing `package.homepage`
[INFO] [stderr] warning: `cow-bridging` (manifest) generated 1 warning
[INFO] [stderr]    Compiling serde_core v1.0.228
[INFO] [stderr]    Compiling serde v1.0.228
[INFO] [stderr]    Compiling typenum v1.19.0
[INFO] [stderr]    Compiling version_check v0.9.5
[INFO] [stderr]    Compiling zeroize v1.8.2
[INFO] [stderr]    Compiling subtle v2.6.1
[INFO] [stderr]    Compiling const-oid v0.9.6
[INFO] [stderr]    Compiling paste v1.0.15
[INFO] [stderr]    Compiling der v0.7.10
[INFO] [stderr]    Compiling generic-array v0.14.9
[INFO] [stderr]    Compiling ff v0.13.1
[INFO] [stderr]    Compiling base16ct v0.2.0
[INFO] [stderr]    Compiling group v0.13.0
[INFO] [stderr]    Compiling alloy-rlp-derive v0.3.15
[INFO] [stderr]    Compiling thiserror-impl v2.0.18
[INFO] [stderr]    Compiling arrayvec v0.7.6
[INFO] [stderr]    Compiling unicode-segmentation v1.13.2
[INFO] [stderr]    Compiling cpufeatures v0.2.17
[INFO] [stderr]    Compiling unicode-xid v0.2.6
[INFO] [stderr]    Compiling ruint-macro v1.2.1
[INFO] [stderr]    Compiling keccak v0.1.6
[INFO] [stderr]    Compiling convert_case v0.10.0
[INFO] [stderr]    Compiling crypto-common v0.1.6
[INFO] [stderr]    Compiling block-buffer v0.10.4
[INFO] [stderr]    Compiling crypto-bigint v0.5.5
[INFO] [stderr]    Compiling derive_more-impl v2.1.1
[INFO] [stderr]    Compiling digest v0.10.7
[INFO] [stderr]    Compiling sec1 v0.7.3
[INFO] [stderr]    Compiling hmac v0.12.1
[INFO] [stderr]    Compiling rfc6979 v0.4.0
[INFO] [stderr]    Compiling signature v2.2.0
[INFO] [stderr]    Compiling spki v0.7.3
[INFO] [stderr]    Compiling sha2 v0.10.9
[INFO] [stderr]    Compiling foldhash v0.2.0
[INFO] [stderr]    Compiling sha3 v0.10.8
[INFO] [stderr]    Compiling rustc-hash v2.1.2
[INFO] [stderr]    Compiling equivalent v1.0.2
[INFO] [stderr]    Compiling serde_json v1.0.149
[INFO] [stderr]    Compiling tracing-attributes v0.1.31
[INFO] [stderr]    Compiling thiserror v2.0.18
[INFO] [stderr]    Compiling heck v0.5.0
[INFO] [stderr]    Compiling hashbrown v0.17.0
[INFO] [stderr]    Compiling elliptic-curve v0.13.8
[INFO] [stderr]    Compiling const-hex v1.18.1
[INFO] [stderr]    Compiling hashbrown v0.16.1
[INFO] [stderr]    Compiling ecdsa v0.16.9
[INFO] [stderr]    Compiling tracing v0.1.44
[INFO] [stderr]    Compiling bytes v1.11.1
[INFO] [stderr]    Compiling smallvec v1.15.1
[INFO] [stderr]    Compiling darling_core v0.23.0
[INFO] [stderr]    Compiling indexmap v2.14.0
[INFO] [stderr]    Compiling k256 v0.13.4
[INFO] [stderr]    Compiling futures-channel v0.3.32
[INFO] [stderr]    Compiling alloy-rlp v0.3.15
[INFO] [stderr]    Compiling http v1.4.0
[INFO] [stderr]    Compiling autocfg v1.5.0
[INFO] [stderr]    Compiling ruint v1.17.2
[INFO] [stderr]    Compiling futures-util v0.3.32
[INFO] [stderr]    Compiling derive_more v2.1.1
[INFO] [stderr]    Compiling num-traits v0.2.19
[INFO] [stderr]    Compiling tokio v1.51.1
[INFO] [stderr]    Compiling memchr v2.8.0
[INFO] [stderr]    Compiling alloy-primitives v1.5.7
[INFO] [stderr]    Compiling http-body v1.0.1
[INFO] [stderr]    Compiling either v1.15.0
[INFO] [stderr]    Compiling cfg-if v1.0.4
[INFO] [stderr]    Compiling crc-catalog v2.4.0
[INFO] [stderr]    Compiling darling_macro v0.23.0
[INFO] [stderr]    Compiling crc v3.4.0
[INFO] [stderr]    Compiling icu_normalizer v2.2.0
[INFO] [stderr]    Compiling darling v0.23.0
[INFO] [stderr]    Compiling serde_with_macros v3.18.0
[INFO] [stderr]    Compiling syn-solidity v1.5.7
[INFO] [stderr]    Compiling auto_impl v1.3.0
[INFO] [stderr]    Compiling macro-string v0.1.4
[INFO] [stderr]    Compiling proc-macro-error-attr2 v2.0.0
[INFO] [stderr]    Compiling itoa v1.0.18
[INFO] [stderr]    Compiling proc-macro-error2 v2.0.1
[INFO] [stderr]    Compiling serde_with v3.18.0
[INFO] [stderr]    Compiling alloy-eip2124 v0.2.0
[INFO] [stderr]    Compiling alloy-serde v1.8.3
[INFO] [stderr]    Compiling alloy-eip7928 v0.3.3
[INFO] [stderr]    Compiling alloy-eip2930 v0.2.3
[INFO] [stderr]    Compiling alloy-eip7702 v0.6.3
[INFO] [stderr]    Compiling idna_adapter v1.2.1
[INFO] [stderr]    Compiling nybbles v0.4.8
[INFO] [stderr]    Compiling sync_wrapper v1.0.2
[INFO] [stderr]    Compiling zmij v1.0.21
[INFO] [stderr]    Compiling alloy-trie v0.9.5
[INFO] [stderr]    Compiling idna v1.1.0
[INFO] [stderr]    Compiling alloy-tx-macros v1.8.3
[INFO] [stderr]    Compiling tower v0.5.3
[INFO] [stderr]    Compiling hyper v1.9.0
[INFO] [stderr]    Compiling alloy-sol-macro-input v1.5.7
[INFO] [stderr]    Compiling alloy-sol-macro-expander v1.5.7
[INFO] [stderr]    Compiling bitflags v2.11.0
[INFO] [stderr]    Compiling alloy-eips v1.8.3
[INFO] [stderr]    Compiling ipnet v2.12.0
[INFO] [stderr]    Compiling iri-string v0.7.12
[INFO] [stderr]    Compiling serde_urlencoded v0.7.1
[INFO] [stderr]    Compiling hyper-util v0.1.20
[INFO] [stderr]    Compiling alloy-consensus v1.8.3
[INFO] [stderr]    Compiling url v2.5.8
[INFO] [stderr]    Compiling tokio-util v0.7.18
[INFO] [stderr]    Compiling alloy-sol-macro v1.5.7
[INFO] [stderr]    Compiling tower-http v0.6.8
[INFO] [stderr]    Compiling http-body-util v0.1.3
[INFO] [stderr]    Compiling serde_derive_internals v0.29.1
[INFO] [stderr]    Compiling schemars v0.8.22
[INFO] [stderr]    Compiling log v0.4.29
[INFO] [stderr]    Compiling allocator-api2 v0.2.21
[INFO] [stderr]    Compiling reqwest v0.13.2
[INFO] [stderr]    Compiling alloy-sol-types v1.5.7
[INFO] [stderr]    Compiling chrono v0.4.44
[INFO] [stderr]    Compiling schemars_derive v0.8.22
[INFO] [stderr]    Compiling dyn-clone v1.0.20
[INFO] [stderr]    Compiling uuid v1.23.0
[INFO] [stderr]    Compiling regress v0.10.5
[INFO] [stderr]    Compiling alloy-consensus-any v1.8.3
[INFO] [stderr]    Compiling alloy-network-primitives v1.8.3
[INFO] [stderr]    Compiling itertools v0.14.0
[INFO] [stderr]    Compiling semver v1.0.28
[INFO] [stderr]    Compiling aho-corasick v1.1.4
[INFO] [stderr]    Compiling serde_tokenstream v0.2.3
[INFO] [stderr]    Compiling regex-syntax v0.8.10
[INFO] [stderr]    Compiling alloy-rpc-types-eth v1.8.3
[INFO] [stderr]    Compiling alloy-json-rpc v1.8.3
[INFO] [stderr]    Compiling typify-impl v0.6.1
[INFO] [stderr]    Compiling alloy-signer v1.8.3
[INFO] [stderr]    Compiling cow-errors v0.6.0
[INFO] [stderr]    Compiling prettyplease v0.2.37
[INFO] [stderr]    Compiling futures-utils-wasm v0.1.0
[INFO] [stderr]    Compiling openapiv3 v2.2.0
[INFO] [stderr]    Compiling ryu v1.0.23
[INFO] [stderr]    Compiling unsafe-libyaml v0.2.11
[INFO] [stderr]    Compiling regex-automata v0.4.14
[INFO] [stderr]    Compiling serde_yaml v0.9.34+deprecated
[INFO] [stderr]    Compiling cow-types v0.6.0
[INFO] [stderr]    Compiling alloy-rpc-types-any v1.8.3
[INFO] [stderr]    Compiling alloy-network v1.8.3
[INFO] [stderr]    Compiling cow-chains v0.6.0
[INFO] [stderr]    Compiling iana-time-zone v0.1.65
[INFO] [stderr]    Compiling regex v1.12.3
[INFO] [stderr]    Compiling alloy-signer-local v1.8.3
[INFO] [stderr]    Compiling cow-signing v0.6.0
[INFO] [stderr]    Compiling cow-http v0.6.0
[INFO] [stderr]    Compiling progenitor-client v0.13.0
[INFO] [stderr]    Compiling futures-executor v0.3.32
[INFO] [stderr]    Compiling cow-primitives v0.6.0
[INFO] [stderr]    Compiling futures v0.3.32
[INFO] [stderr]    Compiling cow-shed v0.6.0
[INFO] [stderr]    Compiling typify-macro v0.6.1
[INFO] [stderr]    Compiling typify v0.6.1
[INFO] [stderr]    Compiling progenitor-impl v0.13.0
[INFO] [stderr]    Compiling cow-orderbook v0.6.0
[INFO] [stderr]    Compiling cow-bridging v0.6.0 (/opt/rustwide/workdir)
[INFO] [stderr]     Finished `release` profile [optimized] target(s) in 3m 27s
[INFO] [stderr] warning: the following packages contain code that will be rejected by a future version of Rust: proc-macro-error2 v2.0.1
[INFO] [stderr] note: to see what the problems were, use the option `--future-incompat-report`, or run `cargo report future-incompatibilities --id 1`
[INFO] running `Command { std: "docker" "inspect" "a4c2157a3a74854c1b215826f72cc950445786c4ebec8fa42e90e23dac31a1e5", kill_on_drop: false }`
[INFO] running `Command { std: "docker" "exec" "-e" "SOURCE_DIR=/opt/rustwide/workdir" "-e" "CARGO_HOME=/opt/rustwide/cargo-home" "-e" "RUSTUP_HOME=/opt/rustwide/rustup-home" "-e" "CARGO_TARGET_DIR=/opt/rustwide/target" "-e" "CARGO_INCREMENTAL=0" "-e" "RUST_BACKTRACE=full" "-e" "RUSTFLAGS=--cap-lints=warn" "-e" "RUSTDOCFLAGS=--cap-lints=warn" "-w" "/opt/rustwide/workdir" "--user" "0:0" "a4c2157a3a74854c1b215826f72cc950445786c4ebec8fa42e90e23dac31a1e5" "/opt/rustwide/cargo-home/bin/cargo" "+1.100.0-beta.1" "test" "--frozen" "--no-run" "--message-format=json" "--release", kill_on_drop: false }`
[INFO] [stderr] warning: `package.homepage` is redundant with `package.repository`
[INFO] [stderr]    --> Cargo.toml:263:12
[INFO] [stderr]     |
[INFO] [stderr] 263 | homepage = "https://github.com/deltartificial/cow-rs"
[INFO] [stderr]     |            ^^^^^^^^^^^^^^^^^^^^^^^^^^^^^^^^^^^^^^^^^^
[INFO] [stderr] ...
[INFO] [stderr] 268 | repository = "https://github.com/deltartificial/cow-rs"
[INFO] [stderr]     |              ------------------------------------------
[INFO] [stderr]     |
[INFO] [stderr]     = note: `cargo::redundant_homepage` is set to `warn` by default
[INFO] [stderr] help: consider removing `package.homepage`
[INFO] [stderr] warning: `cow-bridging` (manifest) generated 1 warning
[INFO] [stderr]    Compiling tokio v1.51.1
[INFO] [stderr]    Compiling futures-util v0.3.32
[INFO] [stderr]    Compiling hashbrown v0.17.0
[INFO] [stderr]    Compiling aho-corasick v1.1.4
[INFO] [stderr]    Compiling regex-syntax v0.8.10
[INFO] [stderr]    Compiling num_cpus v1.17.0
[INFO] [stderr]    Compiling deadpool-runtime v0.1.4
[INFO] [stderr]    Compiling lazy_static v1.5.0
[INFO] [stderr]    Compiling assert-json-diff v2.0.2
[INFO] [stderr]    Compiling indexmap v2.14.0
[INFO] [stderr]    Compiling regex-automata v0.4.14
[INFO] [stderr]    Compiling futures-executor v0.3.32
[INFO] [stderr]    Compiling futures v0.3.32
[INFO] [stderr]    Compiling tokio-util v0.7.18
[INFO] [stderr]    Compiling tower v0.5.3
[INFO] [stderr]    Compiling deadpool v0.12.3
[INFO] [stderr]    Compiling tower-http v0.6.8
[INFO] [stderr]    Compiling regex v1.12.3
[INFO] [stderr]    Compiling h2 v0.4.13
[INFO] [stderr]    Compiling hyper v1.9.0
[INFO] [stderr]    Compiling hyper-util v0.1.20
[INFO] [stderr]    Compiling reqwest v0.13.2
[INFO] [stderr]    Compiling wiremock v0.6.5
[INFO] [stderr]    Compiling cow-errors v0.6.0
[INFO] [stderr]    Compiling progenitor-client v0.13.0
[INFO] [stderr]    Compiling cow-http v0.6.0
[INFO] [stderr]    Compiling cow-types v0.6.0
[INFO] [stderr]    Compiling cow-chains v0.6.0
[INFO] [stderr]    Compiling cow-signing v0.6.0
[INFO] [stderr]    Compiling cow-shed v0.6.0
[INFO] [stderr]    Compiling cow-orderbook v0.6.0
[INFO] [stderr]    Compiling cow-bridging v0.6.0 (/opt/rustwide/workdir)
[INFO] [stderr]     Finished `release` profile [optimized] target(s) in 3m 07s
[INFO] [stderr] warning: the following packages contain code that will be rejected by a future version of Rust: proc-macro-error2 v2.0.1
[INFO] [stderr] note: to see what the problems were, use the option `--future-incompat-report`, or run `cargo report future-incompatibilities --id 1`
[INFO] running `Command { std: "docker" "inspect" "a4c2157a3a74854c1b215826f72cc950445786c4ebec8fa42e90e23dac31a1e5", kill_on_drop: false }`
[INFO] running `Command { std: "docker" "exec" "-e" "SOURCE_DIR=/opt/rustwide/workdir" "-e" "CARGO_HOME=/opt/rustwide/cargo-home" "-e" "RUSTUP_HOME=/opt/rustwide/rustup-home" "-e" "CARGO_TARGET_DIR=/opt/rustwide/target" "-e" "CARGO_INCREMENTAL=0" "-e" "RUST_BACKTRACE=full" "-e" "RUSTFLAGS=--cap-lints=warn" "-e" "RUSTDOCFLAGS=--cap-lints=warn" "-w" "/opt/rustwide/workdir" "--user" "0:0" "a4c2157a3a74854c1b215826f72cc950445786c4ebec8fa42e90e23dac31a1e5" "/opt/rustwide/cargo-home/bin/cargo" "+1.100.0-beta.1" "test" "--frozen" "--release", kill_on_drop: false }`
[INFO] [stderr] warning: `package.homepage` is redundant with `package.repository`
[INFO] [stderr]    --> Cargo.toml:263:12
[INFO] [stderr]     |
[INFO] [stderr] 263 | homepage = "https://github.com/deltartificial/cow-rs"
[INFO] [stderr]     |            ^^^^^^^^^^^^^^^^^^^^^^^^^^^^^^^^^^^^^^^^^^
[INFO] [stderr] ...
[INFO] [stderr] 268 | repository = "https://github.com/deltartificial/cow-rs"
[INFO] [stderr]     |              ------------------------------------------
[INFO] [stderr]     |
[INFO] [stderr]     = note: `cargo::redundant_homepage` is set to `warn` by default
[INFO] [stderr] help: consider removing `package.homepage`
[INFO] [stderr] warning: `cow-bridging` (manifest) generated 1 warning
[INFO] [stderr]     Finished `release` profile [optimized] target(s) in 0.53s
[INFO] [stderr] warning: the following packages contain code that will be rejected by a future version of Rust: proc-macro-error2 v2.0.1
[INFO] [stderr] note: to see what the problems were, use the option `--future-incompat-report`, or run `cargo report future-incompatibilities --id 1`
[INFO] [stderr]      Running unittests src/lib.rs (/opt/rustwide/target/release/build/cow-bridging/ff7f89ae271e74d2/out/cow_bridging-ff7f89ae271e74d2)
[INFO] [stdout] 
[INFO] [stdout] running 304 tests
[INFO] [stdout] test across::provider_tests::bytes32_to_u32_returns_zero_for_short_slice ... ok
[INFO] [stdout] test across::provider_tests::bytes32_to_u256_returns_zero_for_short_slice ... ok
[INFO] [stdout] test across::provider_tests::create_across_deposit_call_rejects_raw_buy_token ... ok
[INFO] [stdout] test across::provider_tests::bytes32_to_address_returns_zero_for_short_slice ... ok
[INFO] [stdout] test across::provider_tests::as_hook_bridge_provider_returns_self ... ok
[INFO] [stdout] test across::provider_tests::get_bridging_params_returns_none_until_pr8 ... ok
[INFO] [stdout] test across::provider_tests::get_buy_tokens_empty_for_unknown_chain ... ok
[INFO] [stdout] test across::provider_tests::explorer_url_formats_correctly ... ok
[INFO] [stdout] test across::provider_tests::get_buy_tokens_returns_destination_chain_tokens ... ok
[INFO] [stdout] test across::provider_tests::get_intermediate_tokens_filters_by_shared_symbols ... ok
[INFO] [stdout] test across::provider_tests::get_networks_returns_all_supported_chains ... ok
[INFO] [stdout] test across::provider_tests::get_signed_hook_signs_with_cow_shed ... ok
[INFO] [stdout] test across::provider_tests::across_supported_chains_matches_token_mapping ... ok
[INFO] [stdout] test across::provider_tests::get_quote_errors_on_unsupported_chain_pair ... ok
[INFO] [stdout] test across::provider_tests::get_intermediate_tokens_empty_for_unsupported_route ... ok
[INFO] [stdout] test across::provider_tests::get_status_maps_filled_to_executed ... ok
[INFO] [stdout] test across::provider_tests::get_unsigned_bridge_call_builds_deposit_v3_calldata ... ok
[INFO] [stdout] test across::provider_tests::parse_cow_trade_event_returns_none_when_offset_exceeds_data ... ok
[INFO] [stdout] test across::provider_tests::info_matches_default_helper ... ok
[INFO] [stdout] test across::provider_tests::get_status_maps_pending_to_in_progress ... ok
[INFO] [stdout] test across::provider_tests::parse_cow_trade_event_returns_none_when_uid_length_exceeds_data ... ok
[INFO] [stdout] test across::provider_tests::get_quote_parses_suggested_fees_and_fills_response ... ok
[INFO] [stdout] test across::provider_tests::supports_route_rejects_unknown_chain ... ok
[INFO] [stdout] test across::provider_tests::name_defaults_to_across ... ok
[INFO] [stdout] test across::provider_tests::supports_route_requires_both_chains_supported ... ok
[INFO] [stdout] test across::provider_tests::supports_route_rejects_same_chain ... ok
[INFO] [stdout] test across::provider_tests::token_symbol_to_info_falls_back_for_unknown_symbol ... ok
[INFO] [stdout] test across::provider_tests::get_status_propagates_http_error ... ok
[INFO] [stdout] test across::provider_tests::with_api_base_overrides_default ... ok
[INFO] [stdout] test across::provider_tests::with_options_applies_custom_slippage ... ok
[INFO] [stdout] test bungee::bungee_provider_trait_tests::approve_and_bridge_v1_address_constant_parses ... ok
[INFO] [stdout] test bungee::bungee_provider_trait_tests::as_hook_bridge_provider_returns_self ... ok
[INFO] [stdout] test bungee::bungee_provider_trait_tests::bungee_supported_chains_list_is_non_empty ... ok
[INFO] [stdout] test bungee::bungee_provider_trait_tests::default_bungee_info_matches_provider_info ... ok
[INFO] [stdout] test bungee::bungee_provider_trait_tests::explorer_url_uses_bungee_domain ... ok
[INFO] [stdout] test bungee::bungee_provider_trait_tests::get_bridging_params_returns_none_until_pr8 ... ok
[INFO] [stdout] test bungee::bungee_provider_trait_tests::get_buy_tokens_covers_every_chain_table ... ok
[INFO] [stdout] test bungee::bungee_provider_trait_tests::get_buy_tokens_empty_for_unknown_chain ... ok
[INFO] [stdout] test bungee::bungee_provider_trait_tests::get_buy_tokens_returns_mainnet_stablecoins ... ok
[INFO] [stdout] test bungee::bungee_provider_trait_tests::get_intermediate_tokens_empty_for_unsupported_target ... ok
[INFO] [stdout] test bungee::bungee_provider_trait_tests::get_intermediate_tokens_filters_by_shared_symbols ... ok
[INFO] [stdout] test bungee::bungee_provider_trait_tests::get_networks_returns_all_supported_chains ... ok
[INFO] [stdout] test across::provider_tests::get_quote_propagates_http_error ... ok
[INFO] [stdout] test bungee::bungee_provider_trait_tests::default_gas_limit_estimation_matches_helper ... ok
[INFO] [stdout] test bungee::bungee_provider_trait_tests::get_quote_rejects_raw_buy_token ... ok
[INFO] [stdout] test bungee::bungee_provider_trait_tests::get_quote_errors_when_no_routes_in_response ... ok
[INFO] [stdout] test bungee::bungee_provider_trait_tests::get_quote_propagates_http_error ... ok
[INFO] [stdout] test bungee::bungee_provider_trait_tests::get_signed_hook_with_cow_shed_produces_hook ... ok
[INFO] [stdout] test bungee::bungee_provider_trait_tests::get_status_maps_pending_to_in_progress ... ok
[INFO] [stdout] test bungee::bungee_provider_trait_tests::get_quote_uses_configured_api_base ... ok
[INFO] [stdout] test bungee::bungee_provider_trait_tests::get_signed_hook_without_cow_shed_returns_signing_error ... ok
[INFO] [stdout] test bungee::bungee_provider_trait_tests::get_status_maps_completed_to_executed ... ok
[INFO] [stdout] test bungee::bungee_provider_trait_tests::supports_route_requires_both_supported_and_distinct ... ok
[INFO] [stdout] test bungee::bungee_provider_trait_tests::get_status_errors_when_result_field_missing ... ok
[INFO] [stdout] test bungee::bungee_provider_trait_tests::get_unsigned_bridge_call_errors_until_pr7_buildtx ... ok
[INFO] [stdout] test bungee::bungee_provider_trait_tests::info_exposes_default_metadata ... ok
[INFO] [stdout] test bungee::bungee_provider_trait_tests::name_defaults_to_info_name ... ok
[INFO] [stdout] test bungee::bungee_provider_trait_tests::get_status_propagates_http_error ... ok
[INFO] [stdout] test near_intents::api::tests::new_uses_default_base_url ... ok
[INFO] [stdout] test near_intents::api::tests::with_base_url_overrides ... ok
[INFO] [stdout] test near_intents::provider::tests::as_receiver_account_bridge_provider_returns_some ... ok
[INFO] [stdout] test near_intents::api::tests::default_matches_new ... ok
[INFO] [stdout] test near_intents::api::tests::api_key_is_stored ... ok
[INFO] [stdout] test near_intents::provider::tests::default_info_matches_helper ... ok
[INFO] [stdout] test near_intents::provider::tests::explorer_url_is_built_correctly ... ok
[INFO] [stdout] test bungee::bungee_provider_trait_tests::get_status_maps_failed_to_refund ... ok
[INFO] [stdout] test near_intents::provider::tests::supports_route_requires_both_chains_and_distinct ... ok
[INFO] [stdout] test near_intents::types::tests::defuse_token_accepts_unknown_blockchain_key ... ok
[INFO] [stdout] test near_intents::types::tests::defuse_token_with_contract_address_roundtrips ... ok
[INFO] [stdout] test near_intents::types::tests::near_quote_request_serializes_camel_case ... ok
[INFO] [stdout] test bungee::bungee_provider_trait_tests::get_status_maps_unrecognised_state_to_unknown ... ok
[INFO] [stdout] test near_intents::types::tests::near_swap_type_serializes_as_screaming_snake_case ... ok
[INFO] [stdout] test near_intents::util::tests::adapt_token_850_fallback_for_evm_native ... ok
[INFO] [stdout] test near_intents::util::tests::adapt_token_parses_evm_with_contract_address ... ok
[INFO] [stdout] test near_intents::provider::tests::get_token_by_address_and_chain_id_finds_match ... ok
[INFO] [stdout] test near_intents::util::tests::adapt_token_unknown_chain_is_none ... ok
[INFO] [stdout] test near_intents::provider::tests::map_near_status_to_cow_covers_all_variants ... ok
[INFO] [stdout] test near_intents::types::tests::attestation_request_response_roundtrip ... ok
[INFO] [stdout] test near_intents::types::tests::defuse_token_optional_contract_address_deserializes ... ok
[INFO] [stdout] test near_intents::util::tests::canonicalise_value_recurses_into_arrays ... ok
[INFO] [stdout] test near_intents::provider::tests::near_intents_supported_chains_has_11_entries ... ok
[INFO] [stdout] test near_intents::types::tests::near_execution_status_roundtrips_all_variants ... ok
[INFO] [stdout] test near_intents::util::tests::canonicalise_value_sorts_keys_recursively ... ok
[INFO] [stdout] test near_intents::util::tests::adapt_token_non_evm_emits_raw_variant ... ok
[INFO] [stdout] test near_intents::util::tests::format_iso8601_utc_day_month_year_boundaries ... ok
[INFO] [stdout] test near_intents::util::tests::format_iso8601_utc_epoch ... ok
[INFO] [stdout] test near_intents::util::tests::format_iso8601_utc_known_timestamps ... ok
[INFO] [stdout] test near_intents::util::tests::hash_quote_payload_canonical_string_sorts_keys ... ok
[INFO] [stdout] test near_intents::util::tests::hash_quote_payload_changes_when_amount_changes ... ok
[INFO] [stdout] test near_intents::util::tests::blockchain_key_to_chain_id_covers_all_11_keys ... ok
[INFO] [stdout] test near_intents::util::tests::canonicalise_value_drops_null_properties ... ok
[INFO] [stdout] test near_intents::util::tests::hash_quote_payload_includes_quote_waiting_time_ms_when_set ... ok
[INFO] [stdout] test near_intents::util::tests::hash_quote_payload_includes_virtual_chain_refund_recipient_when_set ... ok
[INFO] [stdout] test near_intents::util::tests::hash_quote_payload_is_deterministic ... ok
[INFO] [stdout] test near_intents::util::tests::recover_attestation_rejects_invalid_v_byte ... ok
[INFO] [stdout] test near_intents::util::tests::blockchain_key_to_chain_id_unknown_returns_none ... ok
[INFO] [stdout] test near_intents::util::tests::hash_quote_payload_changes_when_timestamp_changes ... ok
[INFO] [stdout] test near_intents::util::tests::adapt_tokens_drops_unknown_chains_but_keeps_non_evm ... ok
[INFO] [stdout] test provider::tests::bridge_network_info_holds_chain_metadata ... ok
[INFO] [stdout] test near_intents::util::tests::recover_attestation_rejects_odd_length_hex ... ok
[INFO] [stdout] test near_intents::util::tests::recover_attestation_rejects_non_hex_signature ... ok
[INFO] [stdout] test provider::tests::default_explorer_url_composes_path ... ok
[INFO] [stdout] test provider::tests::default_name_delegates_to_info ... ok
[INFO] [stdout] test provider::tests::fake_hook_provider_bridge_provider_surface_is_callable ... ok
[INFO] [stdout] test provider::tests::fake_provider_get_bridging_params_returns_none ... ok
[INFO] [stdout] test near_intents::util::tests::recover_attestation_rejects_wrong_length_signature ... ok
[INFO] [stdout] test provider::tests::bridge_network_info_logo_optional ... ok
[INFO] [stdout] test provider::tests::bridging_params_result_bundles_params_and_status ... ok
[INFO] [stdout] test near_intents::util::tests::recover_attestation_round_trips_with_local_signer ... ok
[INFO] [stdout] test provider::tests::hook_provider_default_gas_estimation_deployed ... ok
[INFO] [stdout] test provider::tests::fake_provider_get_intermediate_tokens_is_callable ... ok
[INFO] [stdout] test provider::tests::fake_provider_get_quote_returns_default_fake_response ... ok
[INFO] [stdout] test provider::tests::hook_provider_required_methods_callable_through_trait ... ok
[INFO] [stdout] test provider::tests::fake_provider_get_status_returns_unknown ... ok
[INFO] [stdout] test provider::tests::fake_receiver_provider_bridge_provider_surface_is_callable ... ok
[INFO] [stdout] test provider::tests::hook_provider_default_gas_estimation_needs_proxy_creation ... ok
[INFO] [stdout] test sdk::intermediate_swap_tests::bridging_entry_overwrites_caller_attempt_to_inject_its_own ... ok
[INFO] [stdout] test provider::tests::trait_object_dispatch_works_with_dyn ... ok
[INFO] [stdout] test sdk::intermediate_swap_tests::errors_when_all_candidates_are_the_sell_token ... ok
[INFO] [stdout] test provider::tests::type_guards_work_through_trait_object ... ok
[INFO] [stdout] test provider::tests::is_hook_bridge_provider_matches_info_type ... ok
[INFO] [stdout] test sdk::intermediate_swap_tests::caller_hooks_entry_is_preserved_when_present ... ok
[INFO] [stdout] test provider::tests::is_receiver_account_bridge_provider_matches_info_type ... ok
[INFO] [stdout] test provider::tests::receiver_provider_returns_deposit_address ... ok
[INFO] [stdout] test sdk::cross_chain_order_tests::get_cross_chain_order_builds_order_when_logs_match ... ok
[INFO] [stdout] test sdk::intermediate_swap_tests::fix_852_preserves_caller_metadata ... ok
[INFO] [stdout] test sdk::intermediate_swap_tests::fixed_provider_surface_is_callable_for_coverage ... ok
[INFO] [stdout] test sdk::intermediate_swap_tests::no_caller_metadata_still_produces_bridging_entry ... ok
[INFO] [stdout] test sdk::intermediate_swap_tests::non_object_caller_metadata_is_ignored_gracefully ... ok
[INFO] [stdout] test sdk::intermediate_swap_tests::propagates_quoter_error_as_tx_build_error ... ok
[INFO] [stdout] test sdk::intermediate_swap_tests::picks_first_candidate_and_returns_wrapped_outcome ... ok
[INFO] [stdout] test sdk::intermediate_swap_tests::provider_info_name_is_threaded_into_response ... ok
[INFO] [stdout] test sdk::miscellaneous_coverage_tests::intermediate_not_in_candidates_err_returns_tx_build_error ... ok
[INFO] [stdout] test sdk::intermediate_swap_tests::threads_intermediate_token_to_quoter ... ok
[INFO] [stdout] test sdk::miscellaneous_coverage_tests::intermediate_must_be_evm_err_returns_tx_build_error ... ok
[INFO] [stdout] test sdk::miscellaneous_coverage_tests::test_helpers_expose_wallet_and_address ... ok
[INFO] [stdout] test sdk::orchestration_tests::derive_hook_nonce_changes_with_data ... ok
[INFO] [stdout] test sdk::orchestration_tests::fetch_multi_quote_runs_each_provider_and_sorts ... ok
[INFO] [stdout] test sdk::orchestration_tests::get_bridge_signed_hook_propagates_quote_error ... ok
[INFO] [stdout] test sdk::orchestration_tests::get_bridge_signed_hook_threads_context_into_provider ... ok
[INFO] [stdout] test sdk::orchestration_tests::get_cache_key_serialises_evm_and_raw_buy_tokens_differently ... ok
[INFO] [stdout] test sdk::orchestration_tests::get_quote_with_bridge_dispatches_to_hook_branch ... ok
[INFO] [stdout] test sdk::orchestration_tests::get_quote_with_bridge_dispatches_to_receiver_branch ... ok
[INFO] [stdout] test sdk::orchestration_tests::get_quote_with_bridge_errors_on_unknown_provider_kind ... ok
[INFO] [stdout] test sdk::orchestration_tests::get_quote_with_bridge_params_debug_is_concise ... ok
[INFO] [stdout] test sdk::orchestration_tests::derive_hook_nonce_changes_with_deadline ... ok
[INFO] [stdout] test sdk::orchestration_tests::derive_hook_nonce_is_deterministic ... ok
[INFO] [stdout] test sdk::orchestration_tests::fetch_multi_quote_captures_provider_errors ... ok
[INFO] [stdout] test sdk::orchestration_tests::create_bridge_request_timeout_reports_prefix_and_duration ... ok
[INFO] [stdout] test sdk::orchestration_tests::get_quote_without_bridge_propagates_quoter_error ... ok
[INFO] [stdout] test sdk::orchestration_tests::get_swap_quote_rejects_raw_buy_token ... ok
[INFO] [stdout] test sdk::orchestration_tests::get_swap_quote_returns_provider_agnostic_response ... ok
[INFO] [stdout] test sdk::orchestration_tests::get_swap_quote_propagates_quoter_error ... ok
[INFO] [stdout] test sdk::orchestration_tests::get_quote_with_bridge_rejects_buy_orders ... ok
[INFO] [stdout] test sdk::orchestration_tests::hook_branch_bridge_call_details_carry_unsigned_call_bytes ... ok
[INFO] [stdout] test sdk::orchestration_tests::get_quote_with_hook_bridge_errors_on_unsupported_chain_id ... ok
[INFO] [stdout] test sdk::orchestration_tests::hook_branch_defaults_deadline_to_u32_max_when_unset ... ok
[INFO] [stdout] test sdk::orchestration_tests::get_quote_without_bridge_calls_quoter_with_full_request ... ok
[INFO] [stdout] test sdk::orchestration_tests::get_quote_without_bridge_rejects_raw_buy_token ... ok
[INFO] [stdout] test sdk::orchestration_tests::hook_branch_produces_real_hook_when_signer_provided ... ok
[INFO] [stdout] test sdk::orchestration_tests::hook_branch_preserves_caller_metadata_on_intermediate_swap ... ok
[INFO] [stdout] test sdk::orchestration_tests::hook_branch_propagates_gas_estimation_error ... ok
[INFO] [stdout] test sdk::orchestration_tests::minimal_bridge_quote_result_flags_buy_orders_as_non_sell ... ok
[INFO] [stdout] test sdk::orchestration_tests::execute_provider_quotes_reports_timeout_for_all_providers ... ok
[INFO] [stdout] test sdk::orchestration_tests::minimal_bridge_quote_result_wraps_response_amounts ... ok
[INFO] [stdout] test sdk::orchestration_tests::mock_hook_provider_surface_is_callable ... ok
[INFO] [stdout] test sdk::orchestration_tests::mock_receiver_provider_surface_is_callable ... ok
[INFO] [stdout] test sdk::orchestration_tests::receiver_branch_propagates_override_error ... ok
[INFO] [stdout] test sdk::orchestration_tests::receiver_branch_sets_override_and_clears_call_details ... ok
[INFO] [stdout] test sdk::orchestration_tests::signing_capture_provider_surface_is_callable ... ok
[INFO] [stdout] test sdk::test_helpers::tests::expect_to_equal_passes_for_equal_values ... ok
[INFO] [stdout] test sdk::intermediate_swap_tests::errors_when_provider_has_no_candidates ... ok
[INFO] [stdout] test sdk::test_helpers::tests::get_rpc_provider_returns_url ... ok
[INFO] [stdout] test sdk::orchestration_tests::mock_unknown_provider_surface_is_callable ... ok
[INFO] [stdout] test sdk::test_helpers::tests::get_pk_returns_key ... ok
[INFO] [stdout] test sdk::orchestration_tests::hook_branch_propagates_unsigned_call_error ... ok
[INFO] [stdout] test sdk::orchestration_tests::safe_call_best_quote_callback_swallows_panic ... ok
[INFO] [stdout] test sdk::test_helpers::tests::expect_to_equal_panics_for_different_values - should panic ... ok
[INFO] [stdout] test sdk::test_helpers::tests::mock_signer_has_expected_address ... ok
[INFO] [stdout] test sdk::orchestration_tests::safe_call_progressive_callback_swallows_panic ... ok
[INFO] [stdout] test signing_step_manager::tests::before_callback_error_is_propagated ... ok
[INFO] [stdout] test signing_step_manager::tests::before_order_sign_error_is_propagated ... ok
[INFO] [stdout] test signing_step_manager::tests::default_has_no_callbacks ... ok
[INFO] [stdout] test signing_step_manager::tests::empty_manager_is_no_op ... ok
[INFO] [stdout] test signing_step_manager::tests::callbacks_fire_in_registered_order ... ok
[INFO] [stdout] test signing_step_manager::tests::debug_impl_reports_presence_booleans ... ok
[INFO] [stdout] test signing_step_manager::tests::sync_error_callbacks_fire_exactly_once ... ok
[INFO] [stdout] test signing_step_manager::tests::new_matches_default ... ok
[INFO] [stdout] test signing_step_manager::tests::sync_and_async_helpers_compose ... ok
[INFO] [stdout] test signing_step_manager::tests::sync_helpers_always_return_ok ... ok
[INFO] [stdout] test types::tests::across_deposit_status_camel_case_serialization ... ok
[INFO] [stdout] test signing_step_manager::tests::sync_helpers_fire_in_registered_order ... ok
[INFO] [stdout] test types::tests::across_deposit_status_serde_roundtrip ... ok
[INFO] [stdout] test types::tests::bridge_deposit_fill_tx_hash_optional ... ok
[INFO] [stdout] test types::tests::bridge_deposit_roundtrips_through_serde ... ok
[INFO] [stdout] test types::tests::bridge_error_display_messages ... ok
[INFO] [stdout] test types::tests::bridge_provider_info_delegates_hook ... ok
[INFO] [stdout] test types::tests::bridge_provider_info_delegates_receiver ... ok
[INFO] [stdout] test types::tests::bridge_provider_type_serde_roundtrip ... ok
[INFO] [stdout] test types::tests::bridge_status_result_new_sets_status_only ... ok
[INFO] [stdout] test types::tests::bridge_status_serde_roundtrip ... ok
[INFO] [stdout] test types::tests::bridge_status_result_new_all_statuses ... ok
[INFO] [stdout] test types::tests::bridge_status_variants_are_distinct ... ok
[INFO] [stdout] test types::tests::bungee_bridge_as_str ... ok
[INFO] [stdout] test types::tests::bungee_bridge_display_name ... ok
[INFO] [stdout] test types::tests::bungee_bridge_from_display_name_invalid ... ok
[INFO] [stdout] test types::tests::bungee_bridge_from_display_name_valid ... ok
[INFO] [stdout] test types::tests::bungee_bridge_name_lowercase_serialization ... ok
[INFO] [stdout] test types::tests::has_bridge_hook_false_when_none ... ok
[INFO] [stdout] test types::tests::get_provider_buy_tokens_carries_info_and_tokens ... ok
[INFO] [stdout] test types::tests::has_bridge_hook_true_when_some ... ok
[INFO] [stdout] test types::tests::hook_bridge_provider_is_hook ... ok
[INFO] [stdout] test types::tests::bungee_bridge_roundtrip_display_name ... ok
[INFO] [stdout] test types::tests::bungee_bridge_serde_roundtrip ... ok
[INFO] [stdout] test types::tests::buy_tokens_params_optional_sell_token ... ok
[INFO] [stdout] test types::tests::bungee_event_status_screaming_snake_case ... ok
[INFO] [stdout] test types::tests::net_buy_amount_saturates_at_zero ... ok
[INFO] [stdout] test types::tests::intermediate_token_info_roundtrips_through_serde ... ok
[INFO] [stdout] test types::tests::net_buy_amount_subtracts_fee ... ok
[INFO] [stdout] test types::tests::net_buy_amount_zero_fee ... ok
[INFO] [stdout] test types::tests::only_sell_order_supported_has_second_priority ... ok
[INFO] [stdout] test types::tests::receiver_account_bridge_provider_is_receiver ... ok
[INFO] [stdout] test types::tests::sell_amount_too_small_has_highest_priority ... ok
[INFO] [stdout] test types::tests::token_address_evm_and_raw_roundtrip_through_serde ... ok
[INFO] [stdout] test types::tests::token_address_extractors_and_discriminants ... ok
[INFO] [stdout] test types::tests::other_errors_have_base_priority ... ok
[INFO] [stdout] test types::tests::token_address_from_ref_address ... ok
[INFO] [stdout] test types::tests::provider_ref_returns_provider_name ... ok
[INFO] [stdout] test types::tests::token_address_partial_eq_with_evm_address ... ok
[INFO] [stdout] test utils::tests::adapt_token_unknown_chain_returns_none ... ok
[INFO] [stdout] test utils::tests::adapt_token_mainnet_usdc_to_arbitrum ... ok
[INFO] [stdout] test utils::tests::adapt_tokens_filters_unmapped ... ok
[INFO] [stdout] test utils::tests::apply_bps_50_bps ... ok
[INFO] [stdout] test utils::tests::apply_bps_full_10000_bps_returns_zero ... ok
[INFO] [stdout] test utils::tests::apply_bps_zero_bps_returns_full_amount ... ok
[INFO] [stdout] test utils::tests::apply_pct_fee_exceeds_100_percent ... ok
[INFO] [stdout] test utils::tests::apply_pct_fee_50_percent ... ok
[INFO] [stdout] test utils::tests::apply_pct_fee_zero_fee ... ok
[INFO] [stdout] test utils::tests::are_hooks_equal_different_call_data ... ok
[INFO] [stdout] test utils::tests::are_hooks_equal_identical ... ok
[INFO] [stdout] test utils::tests::are_hooks_equal_ignores_dapp_id ... ok
[INFO] [stdout] test utils::tests::calculate_deadline_basic ... ok
[INFO] [stdout] test utils::tests::calculate_deadline_saturates ... ok
[INFO] [stdout] test utils::tests::determine_intermediate_token_prefers_native_when_sell_is_not_native ... ok
[INFO] [stdout] test utils::tests::calculate_fee_bps_zero_amount_errors ... ok
[INFO] [stdout] test utils::tests::determine_intermediate_token_prefers_correlated_over_random ... ok
[INFO] [stdout] test utils::tests::determine_intermediate_token_single_candidate ... ok
[INFO] [stdout] test utils::tests::determine_intermediate_token_prefers_same_token ... ok
[INFO] [stdout] test utils::tests::calculate_fee_bps_basic ... ok
[INFO] [stdout] test utils::tests::calculate_fee_bps_fee_exceeds_amount_errors ... ok
[INFO] [stdout] test utils::tests::calculate_fee_bps_zero_fee ... ok
[INFO] [stdout] test utils::tests::determine_intermediate_token_empty_candidates_errors ... ok
[INFO] [stdout] test utils::tests::determine_intermediate_token_prefers_stablecoin ... ok
[INFO] [stdout] test utils::tests::fill_timeout_results_overwrites_entry_with_no_quote_no_error ... ok
[INFO] [stdout] test utils::tests::find_bridge_provider_from_metadata ... ok
[INFO] [stdout] test utils::tests::gas_limit_proxy_deployed ... ok
[INFO] [stdout] test utils::tests::gas_limit_proxy_not_deployed ... ok
[INFO] [stdout] test utils::tests::gas_limit_with_extra_gas ... ok
[INFO] [stdout] test utils::tests::get_post_hooks_invalid_json ... ok
[INFO] [stdout] test utils::tests::get_post_hooks_no_hooks_key ... ok
[INFO] [stdout] test utils::tests::get_post_hooks_valid_json ... ok
[INFO] [stdout] test utils::tests::hash_quote_deterministic ... ok
[INFO] [stdout] test utils::tests::hook_mock_for_cost_estimation_has_expected_fields ... ok
[INFO] [stdout] test utils::tests::hash_quote_lowercases_token ... ok
[INFO] [stdout] test utils::tests::is_app_doc_invalid_json ... ok
[INFO] [stdout] test utils::tests::is_app_doc_missing_version ... ok
[INFO] [stdout] test utils::tests::is_better_error_none_vs_some ... ok
[INFO] [stdout] test utils::tests::is_better_error_some_vs_none ... ok
[INFO] [stdout] test utils::tests::is_better_quote_higher_buy_amount_wins ... ok
[INFO] [stdout] test utils::tests::fill_timeout_results_fills_missing_entries ... ok
[INFO] [stdout] test utils::tests::fill_timeout_results_leaves_existing_entries ... ok
[INFO] [stdout] test utils::tests::find_bridge_provider_from_post_hooks ... ok
[INFO] [stdout] test utils::tests::is_better_quote_no_quote_candidate_returns_false ... ok
[INFO] [stdout] test utils::tests::is_better_quote_none_best_with_some_candidate ... ok
[INFO] [stdout] test utils::tests::is_better_quote_none_vs_anything_is_false ... ok
[INFO] [stdout] test utils::tests::is_correlated_token_found ... ok
[INFO] [stdout] test utils::tests::is_correlated_token_not_found ... ok
[INFO] [stdout] test utils::tests::is_infrastructure_error_200 ... ok
[INFO] [stdout] test utils::tests::is_infrastructure_error_404 ... ok
[INFO] [stdout] test utils::tests::is_infrastructure_error_429 ... ok
[INFO] [stdout] test utils::tests::is_infrastructure_error_500 ... ok
[INFO] [stdout] test utils::tests::find_bridge_provider_none_on_invalid_json ... ok
[INFO] [stdout] test utils::tests::is_app_doc_valid ... ok
[INFO] [stdout] test utils::tests::is_better_quote_some_vs_none_in_best_wins ... ok
[INFO] [stdout] test utils::tests::is_better_error_higher_priority_wins ... ok
[INFO] [stdout] test utils::tests::is_stablecoin_mainnet_usdc ... ok
[INFO] [stdout] test utils::tests::is_client_fetch_error_matches ... ok
[INFO] [stdout] test utils::tests::gas_limit_not_deployed_with_extra_proxy_gas ... ok
[INFO] [stdout] test utils::tests::is_client_fetch_error_no_match ... ok
[INFO] [stdout] test utils::tests::is_stablecoin_unknown_chain ... ok
[INFO] [stdout] test utils::tests::object_to_search_params_multiple_values ... ok
[INFO] [stdout] test utils::tests::object_to_search_params_empty ... ok
[INFO] [stdout] test utils::tests::resolve_providers_missing_id_errors ... ok
[INFO] [stdout] test utils::tests::object_to_search_params_single_value ... ok
[INFO] [stdout] test utils::tests::pct_to_bps_1_percent ... ok
[INFO] [stdout] test utils::tests::pct_to_bps_100_percent ... ok
[INFO] [stdout] test utils::tests::priority_stablecoin_tokens_includes_mainnet ... ok
[INFO] [stdout] test utils::tests::resolve_providers_specific_ids ... ok
[INFO] [stdout] test utils::tests::pct_to_bps_exceeds_100_percent ... ok
[INFO] [stdout] test utils::tests::token_priority_ordering ... ok
[INFO] [stdout] test utils::tests::validate_cross_chain_request_different_chains_ok ... ok
[INFO] [stdout] test utils::tests::validate_cross_chain_request_same_chain_err ... ok
[INFO] [stdout] test utils::tests::pct_to_bps_zero ... ok
[INFO] [stdout] test utils::tests::resolve_providers_none_returns_all ... ok
[INFO] [stdout] 
[INFO] [stdout] test result: ok. 304 passed; 0 failed; 0 ignored; 0 measured; 0 filtered out; finished in 0.10s
[INFO] [stdout] 
[INFO] [stderr]      Running tests/near_intents_api.rs (/opt/rustwide/target/release/build/cow-bridging/60b2f0dcf3c561eb/out/near_intents_api-60b2f0dcf3c561eb)
[INFO] [stdout] 
[INFO] [stdout] running 13 tests
[INFO] [stdout] test get_quote_amount_too_low_matches_case_insensitively ... ok
[INFO] [stdout] test api_key_is_forwarded_as_bearer_token ... ok
[INFO] [stdout] test get_execution_status_propagates_404 ... ok
[INFO] [stdout] test get_execution_status_parses_success ... ok
[INFO] [stdout] test get_quote_maps_amount_too_low_error ... ok
[INFO] [stdout] test get_quote_parses_happy_path ... ok
[INFO] [stdout] test get_attestation_maps_5xx_to_api_error ... ok
[INFO] [stdout] test get_tokens_parses_happy_path ... ok
[INFO] [stdout] test get_attestation_parses_happy_path ... ok
[INFO] [stdout] test get_quote_other_errors_do_not_map_to_sell_amount_too_small ... ok
[INFO] [stdout] test get_tokens_maps_malformed_body_to_invalid_api_response ... ok
[INFO] [stdout] test no_api_key_omits_authorization_header ... ok
[INFO] [stdout] test get_tokens_maps_5xx_to_api_error ... ok
[INFO] [stdout] 
[INFO] [stdout] test result: ok. 13 passed; 0 failed; 0 ignored; 0 measured; 0 filtered out; finished in 0.01s
[INFO] [stdout] 
[INFO] [stdout] 
[INFO] [stdout] running 8 tests
[INFO] [stdout] test canonical_json_matches_golden_fixture ... ok
[INFO] [stdout] test live_attestation_fixture_round_trips_against_attestator_address ... ignored, requires live NEAR Intents API capture fixture
[INFO] [stdout] test quote_hash_matches_golden_fixture ... ok
[INFO] [stderr]      Running tests/near_intents_attestation_conformance.rs (/opt/rustwide/target/release/build/cow-bridging/bff140d5dd516741/out/near_intents_attestation_conformance-bff140d5dd516741)
[INFO] [stdout] test recover_attestation_rejects_one_byte_signature_mutation ... ok
[INFO] [stdout] test recover_attestation_round_trips_against_local_signer ... ok
[INFO] [stdout] test signed_message_layout_is_57_bytes_prefix_version_addr_hash ... ok
[INFO] [stdout] test recover_attestation_rejects_one_byte_deposit_address_mutation ... ok
[INFO] [stdout] test recover_attestation_rejects_one_byte_quote_hash_mutation ... ok
[INFO] [stdout] 
[INFO] [stdout] test result: ok. 7 passed; 0 failed; 1 ignored; 0 measured; 0 filtered out; finished in 0.00s
[INFO] [stdout] 
[INFO] [stderr]      Running tests/near_intents_provider.rs (/opt/rustwide/target/release/build/cow-bridging/00989712411c0f42/out/near_intents_provider-00989712411c0f42)
[INFO] [stdout] 
[INFO] [stdout] running 25 tests
[INFO] [stdout] test cache_ttl_option_defaults_to_validity_secs ... ok
[INFO] [stdout] test deposit_cache_handle_is_shared_across_clones ... ok
[INFO] [stdout] test cleanup_expired_cache_entries_returns_eviction_count ... ok
[INFO] [stdout] test api_accessor_returns_underlying_client ... ok
[INFO] [stdout] test deposit_cache_key_differs_for_different_amounts ... ok
[INFO] [stdout] test deposit_cache_key_is_stable_for_the_same_request ... ok
[INFO] [stdout] test get_bridge_receiver_override_misses_on_unquoted_request ... ok
[INFO] [stdout] test get_bridging_params_returns_none ... ok
[INFO] [stdout] test get_buy_tokens_filters_by_chain ... ok
[INFO] [stdout] test chain_id_to_supported_maps_known_chain ... ok
[INFO] [stdout] test get_bridge_receiver_override_returns_cached_deposit_address_after_quote ... ok
[INFO] [stdout] test get_intermediate_tokens_returns_source_tokens_when_target_present ... ok
[INFO] [stdout] test get_networks_lists_11_chains ... ok
[INFO] [stdout] test get_quote_rejects_buy_orders ... ok
[INFO] [stdout] test get_quote_rejects_missing_bridge_recipient ... ok
[INFO] [stdout] test get_quote_rejects_malformed_deposit_address ... ok
[INFO] [stdout] test get_intermediate_tokens_empty_when_target_missing ... ok
[INFO] [stdout] test info_matches_default_helper ... ok
[INFO] [stdout] test options_accessor_returns_configuration ... ok
[INFO] [stdout] test receiver_override_evicts_expired_cache_entries_lazily ... ok
[INFO] [stdout] test with_api_key_forwards_bearer_on_tokens_endpoint ... ok
[INFO] [stdout] test get_status_maps_success_to_executed ... ok
[INFO] [stdout] test get_quote_succeeds_with_valid_attestation ... ok
[INFO] [stdout] test get_quote_rejects_when_attestation_signer_mismatches ... ok
[INFO] [stdout] test get_quote_rejects_tampered_deposit_address ... ok
[INFO] [stdout] 
[INFO] [stdout] test result: ok. 25 passed; 0 failed; 0 ignored; 0 measured; 0 filtered out; finished in 0.01s
[INFO] [stdout] 
[INFO] running `Command { std: "docker" "inspect" "a4c2157a3a74854c1b215826f72cc950445786c4ebec8fa42e90e23dac31a1e5", kill_on_drop: false }`
[INFO] running `Command { std: "docker" "rm" "-f" "a4c2157a3a74854c1b215826f72cc950445786c4ebec8fa42e90e23dac31a1e5", kill_on_drop: false }`
[INFO] [stdout] a4c2157a3a74854c1b215826f72cc950445786c4ebec8fa42e90e23dac31a1e5
