[INFO] fetching crate corulix 1.1.0...
[INFO] testing corulix-1.1.0 against 1.100.0-beta.1+cargoflags=--release for beta-release-1.100-2
[INFO] extracting crate corulix 1.1.0 into /workspace/builds/worker-1-tc2/source
[INFO] started tweaking crates.io crate corulix 1.1.0
[INFO] removed 0 missing tests
[INFO] finished tweaking crates.io crate corulix 1.1.0
[INFO] tweaked toml for crates.io crate corulix 1.1.0 written to /workspace/builds/worker-1-tc2/source/Cargo.toml
[INFO] validating manifest of crates.io crate corulix 1.1.0 on toolchain 1.100.0-beta.1
[INFO] running `Command { std: CARGO_HOME="/workspace/cargo-home" RUSTUP_HOME="/workspace/rustup-home" "/workspace/cargo-home/bin/cargo" "+1.100.0-beta.1" "metadata" "--manifest-path" "Cargo.toml" "--no-deps", kill_on_drop: false }`
[INFO] crate crates.io crate corulix 1.1.0 already has a lockfile, it will not be regenerated
[INFO] running `Command { std: CARGO_HOME="/workspace/cargo-home" RUSTUP_HOME="/workspace/rustup-home" "/workspace/cargo-home/bin/cargo" "+1.100.0-beta.1" "fetch" "--manifest-path" "Cargo.toml", kill_on_drop: false }`
[INFO] [stderr] warning: Cargo.toml: only one of `license` or `license-file` is necessary
[INFO] [stderr] `license` should be used if the package license can be expressed with a standard SPDX expression.
[INFO] [stderr] `license-file` should be used if the package uses a non-standard license.
[INFO] [stderr] See https://doc.rust-lang.org/cargo/reference/manifest.html#the-license-and-license-file-fields for more information.
[INFO] [stderr] warning: `corulix` (manifest) generated 1 warning
[INFO] [stderr]     Blocking waiting for file lock on package cache
[INFO] running `Command { std: "docker" "create" "-v" "/var/lib/crater-agent-workspace/builds/worker-1-tc2/source:/opt/rustwide/workdir:ro,Z" "-v" "/var/lib/crater-agent-workspace/builds/worker-1-tc2/target:/opt/rustwide/target:rw,Z" "-v" "/var/lib/crater-agent-workspace/cargo-home:/opt/rustwide/cargo-home:ro,Z" "-v" "/var/lib/crater-agent-workspace/rustup-home:/opt/rustwide/rustup-home:ro,Z" "-m" "1610612736" "--network" "none" "ghcr.io/rust-lang/crates-build-env/linux@sha256:77db811e55d90add9212f6832c23229e3de5f1c1f9905e8cb07319ea15df73ac" "sleep" "infinity", kill_on_drop: false }`
[INFO] [stdout] a91a49d058a6e14fe36c09a6989c8929a577c446a751bc133599c594ed947722
[INFO] running `Command { std: "docker" "start" "a91a49d058a6e14fe36c09a6989c8929a577c446a751bc133599c594ed947722", kill_on_drop: false }`
[INFO] running `Command { std: "docker" "inspect" "a91a49d058a6e14fe36c09a6989c8929a577c446a751bc133599c594ed947722", kill_on_drop: false }`
[INFO] running `Command { std: "docker" "exec" "-e" "SOURCE_DIR=/opt/rustwide/workdir" "-e" "CARGO_HOME=/opt/rustwide/cargo-home" "-e" "RUSTUP_HOME=/opt/rustwide/rustup-home" "-e" "CARGO_TARGET_DIR=/opt/rustwide/target" "-w" "/opt/rustwide/workdir" "--user" "0:0" "a91a49d058a6e14fe36c09a6989c8929a577c446a751bc133599c594ed947722" "/opt/rustwide/cargo-home/bin/cargo" "+1.100.0-beta.1" "metadata" "--no-deps" "--format-version=1", kill_on_drop: false }`
[INFO] running `Command { std: "docker" "inspect" "a91a49d058a6e14fe36c09a6989c8929a577c446a751bc133599c594ed947722", kill_on_drop: false }`
[INFO] running `Command { std: "docker" "exec" "-e" "SOURCE_DIR=/opt/rustwide/workdir" "-e" "CARGO_HOME=/opt/rustwide/cargo-home" "-e" "RUSTUP_HOME=/opt/rustwide/rustup-home" "-e" "CARGO_TARGET_DIR=/opt/rustwide/target" "-e" "CARGO_INCREMENTAL=0" "-e" "RUST_BACKTRACE=full" "-e" "RUSTFLAGS=--cap-lints=warn" "-e" "RUSTDOCFLAGS=--cap-lints=warn" "-w" "/opt/rustwide/workdir" "--user" "0:0" "a91a49d058a6e14fe36c09a6989c8929a577c446a751bc133599c594ed947722" "/opt/rustwide/cargo-home/bin/cargo" "+1.100.0-beta.1" "build" "--frozen" "--message-format=json" "--release", kill_on_drop: false }`
[INFO] [stderr] warning: Cargo.toml: only one of `license` or `license-file` is necessary
[INFO] [stderr] `license` should be used if the package license can be expressed with a standard SPDX expression.
[INFO] [stderr] `license-file` should be used if the package uses a non-standard license.
[INFO] [stderr] See https://doc.rust-lang.org/cargo/reference/manifest.html#the-license-and-license-file-fields for more information.
[INFO] [stderr] warning: `corulix` (manifest) generated 1 warning
[INFO] [stderr]    Compiling syn v3.0.3
[INFO] [stderr]    Compiling serde_core v1.0.229
[INFO] [stderr]    Compiling cc v1.4.3
[INFO] [stderr]    Compiling serde v1.0.229
[INFO] [stderr]    Compiling num-traits v0.2.19
[INFO] [stderr]    Compiling serde_json v1.0.151
[INFO] [stderr]    Compiling ref-cast v1.0.26
[INFO] [stderr]    Compiling tree-sitter-language v0.1.7
[INFO] [stderr]    Compiling aho-corasick v1.1.5
[INFO] [stderr]    Compiling mio v1.2.2
[INFO] [stderr]    Compiling rustix v1.1.4
[INFO] [stderr]    Compiling linux-raw-sys v0.12.1
[INFO] [stderr]    Compiling crc32fast v1.5.1
[INFO] [stderr]    Compiling getrandom v0.2.17
[INFO] [stderr]    Compiling httparse v1.10.1
[INFO] [stderr]    Compiling jsonc-parser v0.33.1
[INFO] [stderr]    Compiling regex-automata v0.4.18
[INFO] [stderr]    Compiling ring v0.17.14
[INFO] [stderr]    Compiling num-integer v0.1.47
[INFO] [stderr]    Compiling crossbeam-utils v0.8.22
[INFO] [stderr]    Compiling rustls v0.23.45
[INFO] [stderr]    Compiling serde_derive_internals v0.30.0
[INFO] [stderr]    Compiling wht_corulix_process_unix v1.0.0
[INFO] [stderr]    Compiling simd-adler32 v0.3.10
[INFO] [stderr]    Compiling miniz_oxide v0.8.9
[INFO] [stderr]    Compiling tree-sitter v0.26.11
[INFO] [stderr]    Compiling tree-sitter-go v0.25.0
[INFO] [stderr]    Compiling serde_derive v1.0.229
[INFO] [stderr]    Compiling ref-cast-impl v1.0.26
[INFO] [stderr]    Compiling thiserror-impl v2.0.20
[INFO] [stderr]    Compiling schemars_derive v1.2.2
[INFO] [stderr]    Compiling tokio-macros v2.7.2
[INFO] [stderr]    Compiling tokio v1.53.1
[INFO] [stderr]    Compiling thiserror v2.0.20
[INFO] [stderr]    Compiling bstr v1.13.1
[INFO] [stderr]    Compiling regex v1.13.1
[INFO] [stderr]    Compiling tree-sitter-javascript v0.25.0
[INFO] [stderr]    Compiling tree-sitter-python v0.25.0
[INFO] [stderr]    Compiling tree-sitter-rust v0.24.2
[INFO] [stderr]    Compiling tree-sitter-typescript v0.23.2
[INFO] [stderr]    Compiling indexmap v2.14.0
[INFO] [stderr]    Compiling http v1.5.0
[INFO] [stderr]    Compiling winnow v0.7.15
[INFO] [stderr]    Compiling base64 v0.23.1
[INFO] [stderr]    Compiling crossbeam-epoch v0.9.20
[INFO] [stderr]    Compiling borrow-or-share v0.2.4
[INFO] [stderr]    Compiling ahash v0.8.12
[INFO] [stderr]    Compiling ureq-proto v0.6.1
[INFO] [stderr]    Compiling chrono v0.4.45
[INFO] [stderr]    Compiling toml_datetime v0.6.11
[INFO] [stderr]    Compiling serde_spanned v0.6.9
[INFO] [stderr]    Compiling fluent-uri v0.4.1
[INFO] [stderr]    Compiling schemars v1.2.2
[INFO] [stderr]    Compiling toml_edit v0.22.27
[INFO] [stderr]    Compiling wht_corulix_core v1.1.0
[INFO] [stderr]    Compiling rustls-webpki v0.103.15
[INFO] [stderr]    Compiling wht_corulix_workspace v1.1.0
[INFO] [stderr]    Compiling flate2 v1.1.9
[INFO] [stderr]    Compiling num-bigint v0.4.8
[INFO] [stderr]    Compiling filetime v0.2.29
[INFO] [stderr]    Compiling tinyvec v1.12.0
[INFO] [stderr]    Compiling streaming-iterator v0.1.9
[INFO] [stderr]    Compiling utf8-zero v0.8.1
[INFO] [stderr]    Compiling getrandom v0.4.3
[INFO] [stderr]    Compiling crossbeam-deque v0.8.7
[INFO] [stderr]    Compiling bzip2-rs v0.1.2
[INFO] [stderr]    Compiling darling_core v0.24.0
[INFO] [stderr]    Compiling tar v0.4.46
[INFO] [stderr]    Compiling num-rational v0.4.2
[INFO] [stderr]    Compiling toml v0.8.23
[INFO] [stderr]    Compiling ureq v3.4.0
[INFO] [stderr]    Compiling getrandom v0.3.4
[INFO] [stderr]    Compiling futures-macro v0.3.34
[INFO] [stderr]    Compiling num-iter v0.1.46
[INFO] [stderr]    Compiling num-complex v0.4.6
[INFO] [stderr]    Compiling grep-matcher v0.1.9
[INFO] [stderr]    Compiling encoding_rs v0.8.35
[INFO] [stderr]    Compiling futures-util v0.3.34
[INFO] [stderr]    Compiling num v0.4.3
[INFO] [stderr]    Compiling darling_macro v0.24.0
[INFO] [stderr]    Compiling wht_corulix_tooling v1.0.0
[INFO] [stderr]    Compiling wht_corulix_config v1.1.0
[INFO] [stderr]    Compiling globset v0.4.20
[INFO] [stderr]    Compiling encoding_rs_io v0.1.8
[INFO] [stderr]    Compiling memmap2 v0.9.11
[INFO] [stderr]    Compiling unicode-general-category v1.1.0
[INFO] [stderr]    Compiling bit-vec v0.8.0
[INFO] [stderr]    Compiling bit-set v0.8.0
[INFO] [stderr]    Compiling grep-searcher v0.1.17
[INFO] [stderr]    Compiling futures-executor v0.3.34
[INFO] [stderr]    Compiling ignore v0.4.33
[INFO] [stderr]    Compiling uuid v1.24.1
[INFO] [stderr]    Compiling darling v0.24.0
[INFO] [stderr]    Compiling fraction v0.17.0
[INFO] [stderr]    Compiling grep-regex v0.1.14
[INFO] [stderr]    Compiling strum_macros v0.28.0
[INFO] [stderr]    Compiling wht_corulix_mutation v1.0.0
[INFO] [stderr]    Compiling wht_corulix_syntax v1.0.0
[INFO] [stderr]    Compiling ls-types v0.0.6
[INFO] [stderr]    Compiling outref v0.5.2
[INFO] [stderr]    Compiling num-cmp v0.1.0
[INFO] [stderr]    Compiling vsimd v0.8.0
[INFO] [stderr]    Compiling rmcp v3.0.1
[INFO] [stderr]    Compiling micromap v0.3.0
[INFO] [stderr]    Compiling bytecount v0.6.9
[INFO] [stderr]    Compiling uuid-simd v0.8.0
[INFO] [stderr]    Compiling jsonschema-value v0.54.0
[INFO] [stderr]    Compiling strum v0.28.0
[INFO] [stderr]    Compiling wht_corulix_formatter v1.0.0
[INFO] [stderr]    Compiling referencing v0.54.0
[INFO] [stderr]    Compiling wht_corulix_search v1.0.0
[INFO] [stderr]    Compiling rmcp-macros v3.1.2
[INFO] [stderr]    Compiling futures v0.3.34
[INFO] [stderr]    Compiling fancy-regex v0.19.0
[INFO] [stderr]    Compiling wht_corulix_index v1.0.0
[INFO] [stderr]    Compiling tokio-util v0.7.19
[INFO] [stderr]    Compiling email_address v0.2.9
[INFO] [stderr]    Compiling async-trait v0.1.92
[INFO] [stderr]    Compiling jsonschema-regex v0.54.0
[INFO] [stderr]    Compiling pastey v0.2.3
[INFO] [stderr]    Compiling clap_builder v4.6.6
[INFO] [stderr]    Compiling jsonschema v0.54.0
[INFO] [stderr]    Compiling clap_derive v4.6.4
[INFO] [stderr]    Compiling matchers v0.2.0
[INFO] [stderr]    Compiling tracing-subscriber v0.3.23
[INFO] [stderr]    Compiling clap v4.6.6
[INFO] [stderr]    Compiling wht_corulix_lsp v1.0.0
[INFO] [stderr]    Compiling wht_corulix_engine v1.1.0
[INFO] [stderr]    Compiling wht_corulix_mcp v1.1.0
[INFO] [stderr]    Compiling corulix v1.1.0 (/opt/rustwide/workdir)
[INFO] [stderr]     Finished `release` profile [optimized] target(s) in 9m 27s
[INFO] running `Command { std: "docker" "inspect" "a91a49d058a6e14fe36c09a6989c8929a577c446a751bc133599c594ed947722", kill_on_drop: false }`
[INFO] running `Command { std: "docker" "exec" "-e" "SOURCE_DIR=/opt/rustwide/workdir" "-e" "CARGO_HOME=/opt/rustwide/cargo-home" "-e" "RUSTUP_HOME=/opt/rustwide/rustup-home" "-e" "CARGO_TARGET_DIR=/opt/rustwide/target" "-e" "CARGO_INCREMENTAL=0" "-e" "RUST_BACKTRACE=full" "-e" "RUSTFLAGS=--cap-lints=warn" "-e" "RUSTDOCFLAGS=--cap-lints=warn" "-w" "/opt/rustwide/workdir" "--user" "0:0" "a91a49d058a6e14fe36c09a6989c8929a577c446a751bc133599c594ed947722" "/opt/rustwide/cargo-home/bin/cargo" "+1.100.0-beta.1" "test" "--frozen" "--no-run" "--message-format=json" "--release", kill_on_drop: false }`
[INFO] [stderr] warning: Cargo.toml: only one of `license` or `license-file` is necessary
[INFO] [stderr] `license` should be used if the package license can be expressed with a standard SPDX expression.
[INFO] [stderr] `license-file` should be used if the package uses a non-standard license.
[INFO] [stderr] See https://doc.rust-lang.org/cargo/reference/manifest.html#the-license-and-license-file-fields for more information.
[INFO] [stderr] warning: `corulix` (manifest) generated 1 warning
[INFO] [stderr]    Compiling libc v0.2.189
[INFO] [stderr]    Compiling cfg_aliases v0.2.2
[INFO] [stderr]    Compiling rmcp v3.0.1
[INFO] [stderr]    Compiling nix v0.31.3
[INFO] [stderr]    Compiling errno v0.3.14
[INFO] [stderr]    Compiling mio v1.2.2
[INFO] [stderr]    Compiling getrandom v0.2.17
[INFO] [stderr]    Compiling filetime v0.2.29
[INFO] [stderr]    Compiling getrandom v0.3.4
[INFO] [stderr]    Compiling parking_lot_core v0.9.12
[INFO] [stderr]    Compiling getrandom v0.4.3
[INFO] [stderr]    Compiling signal-hook-registry v1.4.8
[INFO] [stderr]    Compiling ring v0.17.14
[INFO] [stderr]    Compiling ahash v0.8.12
[INFO] [stderr]    Compiling tar v0.4.46
[INFO] [stderr]    Compiling memmap2 v0.9.11
[INFO] [stderr]    Compiling uuid v1.24.1
[INFO] [stderr]    Compiling parking_lot v0.12.5
[INFO] [stderr]    Compiling grep-searcher v0.1.17
[INFO] [stderr]    Compiling referencing v0.54.0
[INFO] [stderr]    Compiling tokio v1.53.1
[INFO] [stderr]    Compiling jsonschema-value v0.54.0
[INFO] [stderr]    Compiling jsonschema v0.54.0
[INFO] [stderr]    Compiling rustls-webpki v0.103.15
[INFO] [stderr]    Compiling rustls v0.23.45
[INFO] [stderr]    Compiling wht_corulix_workspace v1.1.0
[INFO] [stderr]    Compiling wht_corulix_syntax v1.0.0
[INFO] [stderr]    Compiling process-wrap v9.1.0
[INFO] [stderr]    Compiling tokio-util v0.7.19
[INFO] [stderr]    Compiling tokio-stream v0.1.19
[INFO] [stderr]    Compiling wht_corulix_config v1.1.0
[INFO] [stderr]    Compiling wht_corulix_mutation v1.0.0
[INFO] [stderr]    Compiling wht_corulix_search v1.0.0
[INFO] [stderr]    Compiling ureq v3.4.0
[INFO] [stderr]    Compiling wht_corulix_tooling v1.0.0
[INFO] [stderr]    Compiling wht_corulix_lsp v1.0.0
[INFO] [stderr]    Compiling wht_corulix_formatter v1.0.0
[INFO] [stderr]    Compiling wht_corulix_engine v1.1.0
[INFO] [stderr]    Compiling wht_corulix_mcp v1.1.0
[INFO] [stderr]    Compiling corulix v1.1.0 (/opt/rustwide/workdir)
[INFO] [stderr]     Finished `release` profile [optimized] target(s) in 7m 40s
[INFO] running `Command { std: "docker" "inspect" "a91a49d058a6e14fe36c09a6989c8929a577c446a751bc133599c594ed947722", kill_on_drop: false }`
[INFO] running `Command { std: "docker" "exec" "-e" "SOURCE_DIR=/opt/rustwide/workdir" "-e" "CARGO_HOME=/opt/rustwide/cargo-home" "-e" "RUSTUP_HOME=/opt/rustwide/rustup-home" "-e" "CARGO_TARGET_DIR=/opt/rustwide/target" "-e" "CARGO_INCREMENTAL=0" "-e" "RUST_BACKTRACE=full" "-e" "RUSTFLAGS=--cap-lints=warn" "-e" "RUSTDOCFLAGS=--cap-lints=warn" "-w" "/opt/rustwide/workdir" "--user" "0:0" "a91a49d058a6e14fe36c09a6989c8929a577c446a751bc133599c594ed947722" "/opt/rustwide/cargo-home/bin/cargo" "+1.100.0-beta.1" "test" "--frozen" "--release", kill_on_drop: false }`
[INFO] [stderr] warning: Cargo.toml: only one of `license` or `license-file` is necessary
[INFO] [stderr] `license` should be used if the package license can be expressed with a standard SPDX expression.
[INFO] [stderr] `license-file` should be used if the package uses a non-standard license.
[INFO] [stderr] See https://doc.rust-lang.org/cargo/reference/manifest.html#the-license-and-license-file-fields for more information.
[INFO] [stderr] warning: `corulix` (manifest) generated 1 warning
[INFO] [stderr]     Finished `release` profile [optimized] target(s) in 0.57s
[INFO] [stderr]      Running unittests src/main.rs (/opt/rustwide/target/release/build/corulix/74fa7d7158c8ebb8/out/corulix-74fa7d7158c8ebb8)
[INFO] [stdout] 
[INFO] [stdout] running 34 tests
[INFO] [stdout] test cli::tests::command_inventory_matches_expected_public_surface ... ok
[INFO] [stdout] test cli::tests::config_validate_syntax_parses ... ok
[INFO] [stdout] test cli::tests::config_schema_syntax_parses_and_accepts_no_workspace_flags ... ok
[INFO] [stdout] test cli::tests::every_subcommand_help_flag_exits_zero_equivalent ... ok
[INFO] [stdout] test cli::tests::canonical_forms_parse_successfully ... ok
[INFO] [stdout] test cli::tests::built_in_help_subcommand_parses ... ok
[INFO] [stdout] test cli::tests::config_help_flags_exit_zero_equivalent ... ok
[INFO] [stdout] test cli::tests::config_inspect_syntax_parses_with_and_without_root_selector ... ok
[INFO] [stdout] test cli::tests::instructions_generate_rejects_an_unrecognized_format ... ok
[INFO] [stdout] test cli::tests::multi_root_parse_with_root_selector_parses ... ok
[INFO] [stdout] test cli::tests::instructions_generate_rejects_write_and_check_together ... ok
[INFO] [stdout] test cli::tests::instructions_generate_syntax_parses_with_defaults ... ok
[INFO] [stdout] test cli::tests::instructions_help_flags_exit_zero_equivalent ... ok
[INFO] [stdout] test cli::tests::instructions_generate_accepts_format_write_and_check_independently ... ok
[INFO] [stdout] test cli::tests::setup_help_flag_exits_zero_equivalent ... ok
[INFO] [stdout] test cli::tests::mcp_single_root_and_multi_root_launch_syntax_parses ... ok
[INFO] [stdout] test cli::tests::legacy_positional_forms_are_rejected ... ok
[INFO] [stdout] test cli::tests::mcp_stdio_host_config_flag_parses_and_is_optional ... ok
[INFO] [stdout] test cli::tests::multi_root_workspace_inspect_syntax_parses ... ok
[INFO] [stdout] test cli::tests::setup_profile_full_and_on_demand_parse ... ok
[INFO] [stdout] test cli::tests::setup_rejects_an_unrecognized_profile_value ... ok
[INFO] [stdout] test cli::tests::top_level_help_and_version_exit_zero_equivalent ... ok
[INFO] [stdout] test tests::exit_code_model_distinguishes_categories ... ok
[INFO] [stdout] test cli::tests::workspace_detect_syntax_parses ... ok
[INFO] [stdout] test cli::tests::setup_exclude_flag_parses ... ok
[INFO] [stdout] test cli::tests::nested_help_subcommand_forms_parse ... ok
[INFO] [stdout] test cli::tests::setup_only_accepts_repeated_and_comma_delimited_groups ... ok
[INFO] [stdout] test cli::tests::single_root_parse_syntax_parses ... ok
[INFO] [stdout] test cli::tests::setup_bare_invocation_parses ... ok
[INFO] [stdout] test tests::invalid_explicit_workspace_returns_resolution_failure_code ... ok
[INFO] [stdout] test cli::tests::workspace_and_workspace_file_are_mutually_exclusive ... ok
[INFO] [stdout] test tests::explicit_workspace_selection_resolves ... ok
[INFO] [stdout] test tests::multi_root_parse_without_selector_fails_with_resolution_exit_code ... ok
[INFO] [stdout] test tests::multi_root_parse_with_valid_selector_succeeds ... ok
[INFO] [stderr]      Running tests/real_f1_host_config_e2e.rs (/opt/rustwide/target/release/build/corulix/56c6d5d4088b3d58/out/real_f1_host_config_e2e-56c6d5d4088b3d58)
[INFO] [stdout] 
[INFO] [stdout] test result: ok. 34 passed; 0 failed; 0 ignored; 0 measured; 0 filtered out; finished in 0.02s
[INFO] [stdout] 
[INFO] [stdout] 
[INFO] [stdout] running 6 tests
[INFO] [stdout] test host_config_grants_trusted_workspace_execution_for_real_cargo_check ... ok
[INFO] [stdout] test host_config_cli_validation_failure_modes ... ok
[INFO] [stdout] test host_config_absent_reaches_default_full_profile_format_preview_e2e ... FAILED
[INFO] [stdout] test host_config_approved_system_directory_makes_format_preview_reachable ... FAILED
[INFO] [stdout] test host_config_workspace_local_directory_never_satisfies_controlled_external_tool ... ok
[INFO] [stdout] test host_config_provider_absolute_path_makes_format_preview_reachable ... FAILED
[INFO] [stdout] 
[INFO] [stdout] failures:
[INFO] [stdout] 
[INFO] [stdout] ---- host_config_absent_reaches_default_full_profile_format_preview_e2e stdout ----
[INFO] [stdout] 
[INFO] [stdout] thread 'host_config_absent_reaches_default_full_profile_format_preview_e2e' (4471) panicked at tests/real_f1_host_config_e2e.rs:176:5:
[INFO] [stdout] assertion `left == right` failed: expected a successful format_preview call under the default install profile, got: {"reason_code":"REQUIRED_PROVIDER_UNAVAILABLE","status":"unavailable"}
[INFO] [stdout]   left: Some(true)
[INFO] [stdout]  right: Some(false)
[INFO] [stdout] stack backtrace:
[INFO] [stdout]    0:     0x562cc6769051 - <<std[617be2ca0a6fd877]::sys::backtrace::BacktraceLock>::print::DisplayBacktrace as core[a373ad73a504971]::fmt::Display>::fmt
[INFO] [stdout]    1:     0x562cc6780caa - core[a373ad73a504971]::fmt::write
[INFO] [stdout]    2:     0x562cc676defc - <alloc[2e1b2a31b91974c5]::vec::Vec<u8> as core[a373ad73a504971]::io::write::Write>::write_fmt
[INFO] [stdout]    3:     0x562cc6740816 - std[617be2ca0a6fd877]::panicking::default_hook::{closure#0}
[INFO] [stdout]    4:     0x562cc675f499 - std[617be2ca0a6fd877]::panicking::default_hook
[INFO] [stdout]    5:     0x562cc650fce0 - test[aada8e7e76ba119b]::test_main_inner::{closure#0}
[INFO] [stdout]    6:     0x562cc675f7c2 - std[617be2ca0a6fd877]::panicking::panic_with_hook
[INFO] [stdout]    7:     0x562cc67408c2 - std[617be2ca0a6fd877]::panicking::panic_handler::{closure#0}
[INFO] [stdout]    8:     0x562cc67390e9 - std[617be2ca0a6fd877]::sys::backtrace::__rust_end_short_backtrace::<std[617be2ca0a6fd877]::panicking::panic_handler::{closure#0}, !>
[INFO] [stdout]    9:     0x562cc674195d - __rustc[ea4f61d10b84890b]::rust_begin_unwind
[INFO] [stdout]   10:     0x562cc678140c - core[a373ad73a504971]::panicking::panic_fmt
[INFO] [stdout]   11:     0x562cc6781383 - core[a373ad73a504971]::panicking::assert_failed_inner
[INFO] [stdout]   12:     0x562cc64bf23a - core[a373ad73a504971]::panicking::assert_failed::<core[a373ad73a504971]::option::Option<bool>, core[a373ad73a504971]::option::Option<bool>>
[INFO] [stdout]   13:     0x562cc6448b59 - real_f1_host_config_e2e[d56b33b038f90661]::host_config_absent_reaches_default_full_profile_format_preview_e2e::{closure#0}
[INFO] [stdout]   14:     0x562cc64c474d - <tokio[bca8987f6c0f070]::runtime::scheduler::current_thread::Context>::enter::<core[a373ad73a504971]::task::poll::Poll<core[a373ad73a504971]::result::Result<(), alloc[2e1b2a31b91974c5]::boxed::Box<dyn core[a373ad73a504971]::error::Error>>>, <tokio[bca8987f6c0f070]::runtime::scheduler::current_thread::CoreGuard>::block_on<core[a373ad73a504971]::pin::Pin<&mut core[a373ad73a504971]::pin::Pin<&mut dyn core[a373ad73a504971]::future::future::Future<Output = core[a373ad73a504971]::result::Result<(), alloc[2e1b2a31b91974c5]::boxed::Box<dyn core[a373ad73a504971]::error::Error>>>>>>::{closure#0}::{closure#0}>
[INFO] [stdout]   15:     0x562cc647fff8 - <tokio[bca8987f6c0f070]::runtime::context::scoped::Scoped<tokio[bca8987f6c0f070]::runtime::scheduler::Context>>::set::<<tokio[bca8987f6c0f070]::runtime::scheduler::current_thread::CoreGuard>::enter<<tokio[bca8987f6c0f070]::runtime::scheduler::current_thread::CoreGuard>::block_on<core[a373ad73a504971]::pin::Pin<&mut core[a373ad73a504971]::pin::Pin<&mut dyn core[a373ad73a504971]::future::future::Future<Output = core[a373ad73a504971]::result::Result<(), alloc[2e1b2a31b91974c5]::boxed::Box<dyn core[a373ad73a504971]::error::Error>>>>>>::{closure#0}, core[a373ad73a504971]::option::Option<core[a373ad73a504971]::result::Result<(), alloc[2e1b2a31b91974c5]::boxed::Box<dyn core[a373ad73a504971]::error::Error>>>>::{closure#0}, (alloc[2e1b2a31b91974c5]::boxed::Box<tokio[bca8987f6c0f070]::runtime::scheduler::current_thread::Core>, core[a373ad73a504971]::option::Option<core[a373ad73a504971]::result::Result<(), alloc[2e1b2a31b91974c5]::boxed::Box<dyn core[a373ad73a504971]::error::Error>>>)>
[INFO] [stdout]   16:     0x562cc64c5069 - <tokio[bca8987f6c0f070]::runtime::scheduler::current_thread::CoreGuard>::block_on::<core[a373ad73a504971]::pin::Pin<&mut core[a373ad73a504971]::pin::Pin<&mut dyn core[a373ad73a504971]::future::future::Future<Output = core[a373ad73a504971]::result::Result<(), alloc[2e1b2a31b91974c5]::boxed::Box<dyn core[a373ad73a504971]::error::Error>>>>>>
[INFO] [stdout]   17:     0x562cc6484cb2 - tokio[bca8987f6c0f070]::runtime::context::runtime::enter_runtime::<<tokio[bca8987f6c0f070]::runtime::scheduler::current_thread::CurrentThread>::block_on<core[a373ad73a504971]::pin::Pin<&mut dyn core[a373ad73a504971]::future::future::Future<Output = core[a373ad73a504971]::result::Result<(), alloc[2e1b2a31b91974c5]::boxed::Box<dyn core[a373ad73a504971]::error::Error>>>>>::{closure#0}, core[a373ad73a504971]::result::Result<(), alloc[2e1b2a31b91974c5]::boxed::Box<dyn core[a373ad73a504971]::error::Error>>>
[INFO] [stdout]   18:     0x562cc647fc57 - <tokio[bca8987f6c0f070]::runtime::runtime::Runtime>::block_on::<core[a373ad73a504971]::pin::Pin<&mut dyn core[a373ad73a504971]::future::future::Future<Output = core[a373ad73a504971]::result::Result<(), alloc[2e1b2a31b91974c5]::boxed::Box<dyn core[a373ad73a504971]::error::Error>>>>>
[INFO] [stdout]   19:     0x562cc6454053 - <real_f1_host_config_e2e[d56b33b038f90661]::host_config_absent_reaches_default_full_profile_format_preview_e2e::{closure#0} as core[a373ad73a504971]::ops::function::FnOnce<()>>::call_once
[INFO] [stdout]   20:     0x562cc650312b - test[aada8e7e76ba119b]::__rust_begin_short_backtrace::<core[a373ad73a504971]::result::Result<(), alloc[2e1b2a31b91974c5]::string::String>, fn() -> core[a373ad73a504971]::result::Result<(), alloc[2e1b2a31b91974c5]::string::String>>
[INFO] [stdout]   21:     0x562cc6510305 - test[aada8e7e76ba119b]::run_test::{closure#0}
[INFO] [stdout]   22:     0x562cc6509bf4 - std[617be2ca0a6fd877]::sys::backtrace::__rust_begin_short_backtrace::<test[aada8e7e76ba119b]::run_test::{closure#1}, ()>
[INFO] [stdout]   23:     0x562cc6513392 - <std[617be2ca0a6fd877]::thread::lifecycle::spawn_unchecked<test[aada8e7e76ba119b]::run_test::{closure#1}, ()>::{closure#1} as core[a373ad73a504971]::ops::function::FnOnce<()>>::call_once::{shim:vtable#0}
[INFO] [stdout]   24:     0x562cc6767e5f - <std[617be2ca0a6fd877]::sys::thread::unix::Thread>::new::thread_start
[INFO] [stdout]   25:     0x713c1f661dfa - <unknown>
[INFO] [stdout]   26:     0x713c1f6f53d4 - clone
[INFO] [stdout]   27:                0x0 - <unknown>
[INFO] [stdout] 
[INFO] [stdout] ---- host_config_approved_system_directory_makes_format_preview_reachable stdout ----
[INFO] [stdout] 
[INFO] [stdout] thread 'host_config_approved_system_directory_makes_format_preview_reachable' (4472) panicked at tests/real_f1_host_config_e2e.rs:241:5:
[INFO] [stdout] assertion `left == right` failed: expected a successful format_preview call, got: {"reason":null,"status":"invocation_failed"}
[INFO] [stdout]   left: Some(true)
[INFO] [stdout]  right: Some(false)
[INFO] [stdout] stack backtrace:
[INFO] [stdout]    0:     0x562cc6769051 - <<std[617be2ca0a6fd877]::sys::backtrace::BacktraceLock>::print::DisplayBacktrace as core[a373ad73a504971]::fmt::Display>::fmt
[INFO] [stdout]    1:     0x562cc6780caa - core[a373ad73a504971]::fmt::write
[INFO] [stdout]    2:     0x562cc676defc - <alloc[2e1b2a31b91974c5]::vec::Vec<u8> as core[a373ad73a504971]::io::write::Write>::write_fmt
[INFO] [stdout]    3:     0x562cc6740816 - std[617be2ca0a6fd877]::panicking::default_hook::{closure#0}
[INFO] [stdout]    4:     0x562cc675f499 - std[617be2ca0a6fd877]::panicking::default_hook
[INFO] [stdout]    5:     0x562cc650fce0 - test[aada8e7e76ba119b]::test_main_inner::{closure#0}
[INFO] [stdout]    6:     0x562cc675f7c2 - std[617be2ca0a6fd877]::panicking::panic_with_hook
[INFO] [stdout]    7:     0x562cc67408c2 - std[617be2ca0a6fd877]::panicking::panic_handler::{closure#0}
[INFO] [stdout]    8:     0x562cc67390e9 - std[617be2ca0a6fd877]::sys::backtrace::__rust_end_short_backtrace::<std[617be2ca0a6fd877]::panicking::panic_handler::{closure#0}, !>
[INFO] [stdout]    9:     0x562cc674195d - __rustc[ea4f61d10b84890b]::rust_begin_unwind
[INFO] [stdout]   10:     0x562cc678140c - core[a373ad73a504971]::panicking::panic_fmt
[INFO] [stdout]   11:     0x562cc6781383 - core[a373ad73a504971]::panicking::assert_failed_inner
[INFO] [stdout]   12:     0x562cc64bf23a - core[a373ad73a504971]::panicking::assert_failed::<core[a373ad73a504971]::option::Option<bool>, core[a373ad73a504971]::option::Option<bool>>
[INFO] [stdout]   13:     0x562cc644c4c9 - real_f1_host_config_e2e[d56b33b038f90661]::host_config_approved_system_directory_makes_format_preview_reachable::{closure#0}
[INFO] [stdout]   14:     0x562cc64c474d - <tokio[bca8987f6c0f070]::runtime::scheduler::current_thread::Context>::enter::<core[a373ad73a504971]::task::poll::Poll<core[a373ad73a504971]::result::Result<(), alloc[2e1b2a31b91974c5]::boxed::Box<dyn core[a373ad73a504971]::error::Error>>>, <tokio[bca8987f6c0f070]::runtime::scheduler::current_thread::CoreGuard>::block_on<core[a373ad73a504971]::pin::Pin<&mut core[a373ad73a504971]::pin::Pin<&mut dyn core[a373ad73a504971]::future::future::Future<Output = core[a373ad73a504971]::result::Result<(), alloc[2e1b2a31b91974c5]::boxed::Box<dyn core[a373ad73a504971]::error::Error>>>>>>::{closure#0}::{closure#0}>
[INFO] [stdout]   15:     0x562cc647fff8 - <tokio[bca8987f6c0f070]::runtime::context::scoped::Scoped<tokio[bca8987f6c0f070]::runtime::scheduler::Context>>::set::<<tokio[bca8987f6c0f070]::runtime::scheduler::current_thread::CoreGuard>::enter<<tokio[bca8987f6c0f070]::runtime::scheduler::current_thread::CoreGuard>::block_on<core[a373ad73a504971]::pin::Pin<&mut core[a373ad73a504971]::pin::Pin<&mut dyn core[a373ad73a504971]::future::future::Future<Output = core[a373ad73a504971]::result::Result<(), alloc[2e1b2a31b91974c5]::boxed::Box<dyn core[a373ad73a504971]::error::Error>>>>>>::{closure#0}, core[a373ad73a504971]::option::Option<core[a373ad73a504971]::result::Result<(), alloc[2e1b2a31b91974c5]::boxed::Box<dyn core[a373ad73a504971]::error::Error>>>>::{closure#0}, (alloc[2e1b2a31b91974c5]::boxed::Box<tokio[bca8987f6c0f070]::runtime::scheduler::current_thread::Core>, core[a373ad73a504971]::option::Option<core[a373ad73a504971]::result::Result<(), alloc[2e1b2a31b91974c5]::boxed::Box<dyn core[a373ad73a504971]::error::Error>>>)>
[INFO] [stdout]   16:     0x562cc64c5069 - <tokio[bca8987f6c0f070]::runtime::scheduler::current_thread::CoreGuard>::block_on::<core[a373ad73a504971]::pin::Pin<&mut core[a373ad73a504971]::pin::Pin<&mut dyn core[a373ad73a504971]::future::future::Future<Output = core[a373ad73a504971]::result::Result<(), alloc[2e1b2a31b91974c5]::boxed::Box<dyn core[a373ad73a504971]::error::Error>>>>>>
[INFO] [stdout]   17:     0x562cc6484cb2 - tokio[bca8987f6c0f070]::runtime::context::runtime::enter_runtime::<<tokio[bca8987f6c0f070]::runtime::scheduler::current_thread::CurrentThread>::block_on<core[a373ad73a504971]::pin::Pin<&mut dyn core[a373ad73a504971]::future::future::Future<Output = core[a373ad73a504971]::result::Result<(), alloc[2e1b2a31b91974c5]::boxed::Box<dyn core[a373ad73a504971]::error::Error>>>>>::{closure#0}, core[a373ad73a504971]::result::Result<(), alloc[2e1b2a31b91974c5]::boxed::Box<dyn core[a373ad73a504971]::error::Error>>>
[INFO] [stdout]   18:     0x562cc647fc57 - <tokio[bca8987f6c0f070]::runtime::runtime::Runtime>::block_on::<core[a373ad73a504971]::pin::Pin<&mut dyn core[a373ad73a504971]::future::future::Future<Output = core[a373ad73a504971]::result::Result<(), alloc[2e1b2a31b91974c5]::boxed::Box<dyn core[a373ad73a504971]::error::Error>>>>>
[INFO] [stdout]   19:     0x562cc64543d3 - <real_f1_host_config_e2e[d56b33b038f90661]::host_config_approved_system_directory_makes_format_preview_reachable::{closure#0} as core[a373ad73a504971]::ops::function::FnOnce<()>>::call_once
[INFO] [stdout]   20:     0x562cc650312b - test[aada8e7e76ba119b]::__rust_begin_short_backtrace::<core[a373ad73a504971]::result::Result<(), alloc[2e1b2a31b91974c5]::string::String>, fn() -> core[a373ad73a504971]::result::Result<(), alloc[2e1b2a31b91974c5]::string::String>>
[INFO] [stdout]   21:     0x562cc6510305 - test[aada8e7e76ba119b]::run_test::{closure#0}
[INFO] [stdout]   22:     0x562cc6509bf4 - std[617be2ca0a6fd877]::sys::backtrace::__rust_begin_short_backtrace::<test[aada8e7e76ba119b]::run_test::{closure#1}, ()>
[INFO] [stdout]   23:     0x562cc6513392 - <std[617be2ca0a6fd877]::thread::lifecycle::spawn_unchecked<test[aada8e7e76ba119b]::run_test::{closure#1}, ()>::{closure#1} as core[a373ad73a504971]::ops::function::FnOnce<()>>::call_once::{shim:vtable#0}
[INFO] [stdout]   24:     0x562cc6767e5f - <std[617be2ca0a6fd877]::sys::thread::unix::Thread>::new::thread_start
[INFO] [stdout]   25:     0x713c1f661dfa - <unknown>
[INFO] [stdout]   26:     0x713c1f6f53d4 - clone
[INFO] [stdout]   27:                0x0 - <unknown>
[INFO] [stdout] 
[INFO] [stdout] ---- host_config_provider_absolute_path_makes_format_preview_reachable stdout ----
[INFO] [stdout] 
[INFO] [stdout] thread 'host_config_provider_absolute_path_makes_format_preview_reachable' (4475) panicked at tests/real_f1_host_config_e2e.rs:305:5:
[INFO] [stdout] assertion `left == right` failed: expected a real WouldFormat outcome via the explicit provider_absolute_paths entry, got: {"reason":null,"status":"invocation_failed"}
[INFO] [stdout]   left: String("invocation_failed")
[INFO] [stdout]  right: String("would_format")
[INFO] [stdout] stack backtrace:
[INFO] [stdout]    0:     0x562cc6769051 - <<std[617be2ca0a6fd877]::sys::backtrace::BacktraceLock>::print::DisplayBacktrace as core[a373ad73a504971]::fmt::Display>::fmt
[INFO] [stdout]    1:     0x562cc6780caa - core[a373ad73a504971]::fmt::write
[INFO] [stdout]    2:     0x562cc676defc - <alloc[2e1b2a31b91974c5]::vec::Vec<u8> as core[a373ad73a504971]::io::write::Write>::write_fmt
[INFO] [stdout]    3:     0x562cc6740816 - std[617be2ca0a6fd877]::panicking::default_hook::{closure#0}
[INFO] [stdout]    4:     0x562cc675f499 - std[617be2ca0a6fd877]::panicking::default_hook
[INFO] [stdout]    5:     0x562cc650fce0 - test[aada8e7e76ba119b]::test_main_inner::{closure#0}
[INFO] [stdout]    6:     0x562cc675f7c2 - std[617be2ca0a6fd877]::panicking::panic_with_hook
[INFO] [stdout]    7:     0x562cc67408c2 - std[617be2ca0a6fd877]::panicking::panic_handler::{closure#0}
[INFO] [stdout]    8:     0x562cc67390e9 - std[617be2ca0a6fd877]::sys::backtrace::__rust_end_short_backtrace::<std[617be2ca0a6fd877]::panicking::panic_handler::{closure#0}, !>
[INFO] [stdout]    9:     0x562cc674195d - __rustc[ea4f61d10b84890b]::rust_begin_unwind
[INFO] [stdout]   10:     0x562cc678140c - core[a373ad73a504971]::panicking::panic_fmt
[INFO] [stdout]   11:     0x562cc6781383 - core[a373ad73a504971]::panicking::assert_failed_inner
[INFO] [stdout]   12:     0x562cc64bf2a0 - core[a373ad73a504971]::panicking::assert_failed::<serde_json[25d34b75f07a493b]::value::Value, serde_json[25d34b75f07a493b]::value::Value>
[INFO] [stdout]   13:     0x562cc6447e87 - real_f1_host_config_e2e[d56b33b038f90661]::host_config_provider_absolute_path_makes_format_preview_reachable::{closure#0}
[INFO] [stdout]   14:     0x562cc64c474d - <tokio[bca8987f6c0f070]::runtime::scheduler::current_thread::Context>::enter::<core[a373ad73a504971]::task::poll::Poll<core[a373ad73a504971]::result::Result<(), alloc[2e1b2a31b91974c5]::boxed::Box<dyn core[a373ad73a504971]::error::Error>>>, <tokio[bca8987f6c0f070]::runtime::scheduler::current_thread::CoreGuard>::block_on<core[a373ad73a504971]::pin::Pin<&mut core[a373ad73a504971]::pin::Pin<&mut dyn core[a373ad73a504971]::future::future::Future<Output = core[a373ad73a504971]::result::Result<(), alloc[2e1b2a31b91974c5]::boxed::Box<dyn core[a373ad73a504971]::error::Error>>>>>>::{closure#0}::{closure#0}>
[INFO] [stdout]   15:     0x562cc647fff8 - <tokio[bca8987f6c0f070]::runtime::context::scoped::Scoped<tokio[bca8987f6c0f070]::runtime::scheduler::Context>>::set::<<tokio[bca8987f6c0f070]::runtime::scheduler::current_thread::CoreGuard>::enter<<tokio[bca8987f6c0f070]::runtime::scheduler::current_thread::CoreGuard>::block_on<core[a373ad73a504971]::pin::Pin<&mut core[a373ad73a504971]::pin::Pin<&mut dyn core[a373ad73a504971]::future::future::Future<Output = core[a373ad73a504971]::result::Result<(), alloc[2e1b2a31b91974c5]::boxed::Box<dyn core[a373ad73a504971]::error::Error>>>>>>::{closure#0}, core[a373ad73a504971]::option::Option<core[a373ad73a504971]::result::Result<(), alloc[2e1b2a31b91974c5]::boxed::Box<dyn core[a373ad73a504971]::error::Error>>>>::{closure#0}, (alloc[2e1b2a31b91974c5]::boxed::Box<tokio[bca8987f6c0f070]::runtime::scheduler::current_thread::Core>, core[a373ad73a504971]::option::Option<core[a373ad73a504971]::result::Result<(), alloc[2e1b2a31b91974c5]::boxed::Box<dyn core[a373ad73a504971]::error::Error>>>)>
[INFO] [stdout]   16:     0x562cc64c5069 - <tokio[bca8987f6c0f070]::runtime::scheduler::current_thread::CoreGuard>::block_on::<core[a373ad73a504971]::pin::Pin<&mut core[a373ad73a504971]::pin::Pin<&mut dyn core[a373ad73a504971]::future::future::Future<Output = core[a373ad73a504971]::result::Result<(), alloc[2e1b2a31b91974c5]::boxed::Box<dyn core[a373ad73a504971]::error::Error>>>>>>
[INFO] [stdout]   17:     0x562cc6484cb2 - tokio[bca8987f6c0f070]::runtime::context::runtime::enter_runtime::<<tokio[bca8987f6c0f070]::runtime::scheduler::current_thread::CurrentThread>::block_on<core[a373ad73a504971]::pin::Pin<&mut dyn core[a373ad73a504971]::future::future::Future<Output = core[a373ad73a504971]::result::Result<(), alloc[2e1b2a31b91974c5]::boxed::Box<dyn core[a373ad73a504971]::error::Error>>>>>::{closure#0}, core[a373ad73a504971]::result::Result<(), alloc[2e1b2a31b91974c5]::boxed::Box<dyn core[a373ad73a504971]::error::Error>>>
[INFO] [stdout]   18:     0x562cc647fc57 - <tokio[bca8987f6c0f070]::runtime::runtime::Runtime>::block_on::<core[a373ad73a504971]::pin::Pin<&mut dyn core[a373ad73a504971]::future::future::Future<Output = core[a373ad73a504971]::result::Result<(), alloc[2e1b2a31b91974c5]::boxed::Box<dyn core[a373ad73a504971]::error::Error>>>>>
[INFO] [stdout]   19:     0x562cc6453e93 - <real_f1_host_config_e2e[d56b33b038f90661]::host_config_provider_absolute_path_makes_format_preview_reachable::{closure#0} as core[a373ad73a504971]::ops::function::FnOnce<()>>::call_once
[INFO] [stdout]   20:     0x562cc650312b - test[aada8e7e76ba119b]::__rust_begin_short_backtrace::<core[a373ad73a504971]::result::Result<(), alloc[2e1b2a31b91974c5]::string::String>, fn() -> core[a373ad73a504971]::result::Result<(), alloc[2e1b2a31b91974c5]::string::String>>
[INFO] [stdout]   21:     0x562cc6510305 - test[aada8e7e76ba119b]::run_test::{closure#0}
[INFO] [stdout]   22:     0x562cc6509bf4 - std[617be2ca0a6fd877]::sys::backtrace::__rust_begin_short_backtrace::<test[aada8e7e76ba119b]::run_test::{closure#1}, ()>
[INFO] [stdout]   23:     0x562cc6513392 - <std[617be2ca0a6fd877]::thread::lifecycle::spawn_unchecked<test[aada8e7e76ba119b]::run_test::{closure#1}, ()>::{closure#1} as core[a373ad73a504971]::ops::function::FnOnce<()>>::call_once::{shim:vtable#0}
[INFO] [stdout]   24:     0x562cc6767e5f - <std[617be2ca0a6fd877]::sys::thread::unix::Thread>::new::thread_start
[INFO] [stdout]   25:     0x713c1f661dfa - <unknown>
[INFO] [stdout]   26:     0x713c1f6f53d4 - clone
[INFO] [stdout]   27:                0x0 - <unknown>
[INFO] [stdout] 
[INFO] [stdout] 
[INFO] [stdout] failures:
[INFO] [stdout]     host_config_absent_reaches_default_full_profile_format_preview_e2e
[INFO] [stdout]     host_config_approved_system_directory_makes_format_preview_reachable
[INFO] [stdout]     host_config_provider_absolute_path_makes_format_preview_reachable
[INFO] [stdout] 
[INFO] [stdout] test result: FAILED. 3 passed; 3 failed; 0 ignored; 0 measured; 0 filtered out; finished in 0.38s
[INFO] [stdout] 
[INFO] [stderr] error: test failed, to rerun pass `--test real_f1_host_config_e2e`
[INFO] running `Command { std: "docker" "inspect" "a91a49d058a6e14fe36c09a6989c8929a577c446a751bc133599c594ed947722", kill_on_drop: false }`
[INFO] running `Command { std: "docker" "rm" "-f" "a91a49d058a6e14fe36c09a6989c8929a577c446a751bc133599c594ed947722", kill_on_drop: false }`
[INFO] [stdout] a91a49d058a6e14fe36c09a6989c8929a577c446a751bc133599c594ed947722
