[INFO] fetching crate castwright 0.0.8...
[INFO] testing castwright-0.0.8 against 1.99.0-beta.8+cargoflags=--release for beta-release-1.100-2
[INFO] extracting crate castwright 0.0.8 into /workspace/builds/worker-1-tc1/source
[INFO] started tweaking crates.io crate castwright 0.0.8
[INFO] finished tweaking crates.io crate castwright 0.0.8
[INFO] tweaked toml for crates.io crate castwright 0.0.8 written to /workspace/builds/worker-1-tc1/source/Cargo.toml
[INFO] validating manifest of crates.io crate castwright 0.0.8 on toolchain 1.99.0-beta.8
[INFO] running `Command { std: CARGO_HOME="/workspace/cargo-home" RUSTUP_HOME="/workspace/rustup-home" "/workspace/cargo-home/bin/cargo" "+1.99.0-beta.8" "metadata" "--manifest-path" "Cargo.toml" "--no-deps", kill_on_drop: false }`
[INFO] crate crates.io crate castwright 0.0.8 already has a lockfile, it will not be regenerated
[INFO] running `Command { std: CARGO_HOME="/workspace/cargo-home" RUSTUP_HOME="/workspace/rustup-home" "/workspace/cargo-home/bin/cargo" "+1.99.0-beta.8" "fetch" "--manifest-path" "Cargo.toml", kill_on_drop: false }`
[INFO] [stderr]     Updating crates.io index
[INFO] [stderr]  Downloading crates ...
[INFO] [stderr]   Downloaded terminal_size v0.4.1
[INFO] [stderr]   Downloaded thiserror-impl v2.0.11
[INFO] [stderr]   Downloaded thiserror v2.0.11
[INFO] [stderr]   Downloaded optfield v0.4.0
[INFO] [stderr]   Downloaded shared_child v1.0.1
[INFO] [stderr]   Downloaded unicode-ident v1.0.17
[INFO] [stderr]   Downloaded disperror v0.1.2
[INFO] [stderr]   Downloaded os_pipe v1.2.1
[INFO] [stderr]   Downloaded argh_shared v0.1.13
[INFO] [stderr]   Downloaded argh_derive v0.1.13
[INFO] [stderr]   Downloaded duct v0.13.7
[INFO] [stderr]   Downloaded argh v0.1.13
[INFO] [stderr]   Downloaded rust-fuzzy-search v0.1.1
[INFO] running `Command { std: "docker" "create" "-v" "/var/lib/crater-agent-workspace/builds/worker-1-tc1/source:/opt/rustwide/workdir:ro,Z" "-v" "/var/lib/crater-agent-workspace/builds/worker-1-tc1/target:/opt/rustwide/target:rw,Z" "-v" "/var/lib/crater-agent-workspace/cargo-home:/opt/rustwide/cargo-home:ro,Z" "-v" "/var/lib/crater-agent-workspace/rustup-home:/opt/rustwide/rustup-home:ro,Z" "-m" "1610612736" "--network" "none" "ghcr.io/rust-lang/crates-build-env/linux@sha256:77db811e55d90add9212f6832c23229e3de5f1c1f9905e8cb07319ea15df73ac" "sleep" "infinity", kill_on_drop: false }`
[INFO] [stdout] fece708a8253e3169ca479e51ae63b0c3a25a656e7dafb04aef55cdd493230f4
[INFO] running `Command { std: "docker" "start" "fece708a8253e3169ca479e51ae63b0c3a25a656e7dafb04aef55cdd493230f4", kill_on_drop: false }`
[INFO] running `Command { std: "docker" "inspect" "fece708a8253e3169ca479e51ae63b0c3a25a656e7dafb04aef55cdd493230f4", kill_on_drop: false }`
[INFO] running `Command { std: "docker" "exec" "-e" "SOURCE_DIR=/opt/rustwide/workdir" "-e" "CARGO_HOME=/opt/rustwide/cargo-home" "-e" "RUSTUP_HOME=/opt/rustwide/rustup-home" "-e" "CARGO_TARGET_DIR=/opt/rustwide/target" "-w" "/opt/rustwide/workdir" "--user" "0:0" "fece708a8253e3169ca479e51ae63b0c3a25a656e7dafb04aef55cdd493230f4" "/opt/rustwide/cargo-home/bin/cargo" "+1.99.0-beta.8" "metadata" "--no-deps" "--format-version=1", kill_on_drop: false }`
[INFO] running `Command { std: "docker" "inspect" "fece708a8253e3169ca479e51ae63b0c3a25a656e7dafb04aef55cdd493230f4", kill_on_drop: false }`
[INFO] running `Command { std: "docker" "exec" "-e" "SOURCE_DIR=/opt/rustwide/workdir" "-e" "CARGO_HOME=/opt/rustwide/cargo-home" "-e" "RUSTUP_HOME=/opt/rustwide/rustup-home" "-e" "CARGO_TARGET_DIR=/opt/rustwide/target" "-e" "CARGO_INCREMENTAL=0" "-e" "RUST_BACKTRACE=full" "-e" "RUSTFLAGS=--cap-lints=warn" "-e" "RUSTDOCFLAGS=--cap-lints=warn" "-w" "/opt/rustwide/workdir" "--user" "0:0" "fece708a8253e3169ca479e51ae63b0c3a25a656e7dafb04aef55cdd493230f4" "/opt/rustwide/cargo-home/bin/cargo" "+1.99.0-beta.8" "build" "--frozen" "--message-format=json" "--release", kill_on_drop: false }`
[INFO] [stderr]    Compiling proc-macro2 v1.0.93
[INFO] [stderr]    Compiling unicode-ident v1.0.17
[INFO] [stderr]    Compiling libc v0.2.169
[INFO] [stderr]    Compiling rustix v0.38.44
[INFO] [stderr]    Compiling serde v1.0.217
[INFO] [stderr]    Compiling serde_json v1.0.138
[INFO] [stderr]    Compiling linux-raw-sys v0.4.15
[INFO] [stderr]    Compiling bitflags v2.8.0
[INFO] [stderr]    Compiling thiserror v2.0.11
[INFO] [stderr]    Compiling itoa v1.0.14
[INFO] [stderr]    Compiling ryu v1.0.19
[INFO] [stderr]    Compiling once_cell v1.20.3
[INFO] [stderr]    Compiling memchr v2.7.4
[INFO] [stderr]    Compiling quote v1.0.38
[INFO] [stderr]    Compiling syn v2.0.98
[INFO] [stderr]    Compiling terminal_size v0.4.1
[INFO] [stderr]    Compiling shared_child v1.0.1
[INFO] [stderr]    Compiling os_pipe v1.2.1
[INFO] [stderr]    Compiling duct v0.13.7
[INFO] [stderr]    Compiling thiserror-impl v2.0.11
[INFO] [stderr]    Compiling optfield v0.4.0
[INFO] [stderr]    Compiling castwright v0.0.8 (/opt/rustwide/workdir)
[INFO] [stdout] warning: hiding a lifetime that's elided elsewhere is confusing
[INFO] [stdout]    --> src/lib.rs:125:16
[INFO] [stdout]     |
[INFO] [stdout] 125 |     fn combine(&self, temporary: TemporaryConfiguration) -> Cow<Self> {
[INFO] [stdout]     |                ^^^^^ the lifetime is elided here            ^^^^^^^^^ the same lifetime is hidden here
[INFO] [stdout]     |
[INFO] [stdout]     = help: the same lifetime is referred to in inconsistent ways, making the signature confusing
[INFO] [stdout]     = note: `#[warn(mismatched_lifetime_syntaxes)]` on by default
[INFO] [stdout] help: use `'_` for type paths
[INFO] [stdout]     |
[INFO] [stdout] 125 |     fn combine(&self, temporary: TemporaryConfiguration) -> Cow<'_, Self> {
[INFO] [stdout]     |                                                                 +++
[INFO] [stdout] 
[INFO] [stdout] 
[INFO] [stderr]     Finished `release` profile [optimized] target(s) in 11.18s
[INFO] running `Command { std: "docker" "inspect" "fece708a8253e3169ca479e51ae63b0c3a25a656e7dafb04aef55cdd493230f4", kill_on_drop: false }`
[INFO] running `Command { std: "docker" "exec" "-e" "SOURCE_DIR=/opt/rustwide/workdir" "-e" "CARGO_HOME=/opt/rustwide/cargo-home" "-e" "RUSTUP_HOME=/opt/rustwide/rustup-home" "-e" "CARGO_TARGET_DIR=/opt/rustwide/target" "-e" "CARGO_INCREMENTAL=0" "-e" "RUST_BACKTRACE=full" "-e" "RUSTFLAGS=--cap-lints=warn" "-e" "RUSTDOCFLAGS=--cap-lints=warn" "-w" "/opt/rustwide/workdir" "--user" "0:0" "fece708a8253e3169ca479e51ae63b0c3a25a656e7dafb04aef55cdd493230f4" "/opt/rustwide/cargo-home/bin/cargo" "+1.99.0-beta.8" "test" "--frozen" "--no-run" "--message-format=json" "--release", kill_on_drop: false }`
[INFO] [stdout] warning: hiding a lifetime that's elided elsewhere is confusing
[INFO] [stdout]    --> src/lib.rs:125:16
[INFO] [stdout]     |
[INFO] [stdout] 125 |     fn combine(&self, temporary: TemporaryConfiguration) -> Cow<Self> {
[INFO] [stdout]     |                ^^^^^ the lifetime is elided here            ^^^^^^^^^ the same lifetime is hidden here
[INFO] [stdout]     |
[INFO] [stdout]     = help: the same lifetime is referred to in inconsistent ways, making the signature confusing
[INFO] [stdout]     = note: `#[warn(mismatched_lifetime_syntaxes)]` on by default
[INFO] [stdout] help: use `'_` for type paths
[INFO] [stdout]     |
[INFO] [stdout] 125 |     fn combine(&self, temporary: TemporaryConfiguration) -> Cow<'_, Self> {
[INFO] [stdout]     |                                                                 +++
[INFO] [stdout] 
[INFO] [stdout] 
[INFO] [stderr]    Compiling castwright v0.0.8 (/opt/rustwide/workdir)
[INFO] [stdout] warning: hiding a lifetime that's elided elsewhere is confusing
[INFO] [stdout]    --> src/lib.rs:125:16
[INFO] [stdout]     |
[INFO] [stdout] 125 |     fn combine(&self, temporary: TemporaryConfiguration) -> Cow<Self> {
[INFO] [stdout]     |                ^^^^^ the lifetime is elided here            ^^^^^^^^^ the same lifetime is hidden here
[INFO] [stdout]     |
[INFO] [stdout]     = help: the same lifetime is referred to in inconsistent ways, making the signature confusing
[INFO] [stdout]     = note: `#[warn(mismatched_lifetime_syntaxes)]` on by default
[INFO] [stdout] help: use `'_` for type paths
[INFO] [stdout]     |
[INFO] [stdout] 125 |     fn combine(&self, temporary: TemporaryConfiguration) -> Cow<'_, Self> {
[INFO] [stdout]     |                                                                 +++
[INFO] [stdout] 
[INFO] [stdout] 
[INFO] [stderr]     Finished `release` profile [optimized] target(s) in 15.49s
[INFO] running `Command { std: "docker" "inspect" "fece708a8253e3169ca479e51ae63b0c3a25a656e7dafb04aef55cdd493230f4", kill_on_drop: false }`
[INFO] running `Command { std: "docker" "exec" "-e" "SOURCE_DIR=/opt/rustwide/workdir" "-e" "CARGO_HOME=/opt/rustwide/cargo-home" "-e" "RUSTUP_HOME=/opt/rustwide/rustup-home" "-e" "CARGO_TARGET_DIR=/opt/rustwide/target" "-e" "CARGO_INCREMENTAL=0" "-e" "RUST_BACKTRACE=full" "-e" "RUSTFLAGS=--cap-lints=warn" "-e" "RUSTDOCFLAGS=--cap-lints=warn" "-w" "/opt/rustwide/workdir" "--user" "0:0" "fece708a8253e3169ca479e51ae63b0c3a25a656e7dafb04aef55cdd493230f4" "/opt/rustwide/cargo-home/bin/cargo" "+1.99.0-beta.8" "test" "--frozen" "--release", kill_on_drop: false }`
[INFO] [stderr] warning: hiding a lifetime that's elided elsewhere is confusing
[INFO] [stderr]    --> src/lib.rs:125:16
[INFO] [stderr]     |
[INFO] [stderr] 125 |     fn combine(&self, temporary: TemporaryConfiguration) -> Cow<Self> {
[INFO] [stderr]     |                ^^^^^ the lifetime is elided here            ^^^^^^^^^ the same lifetime is hidden here
[INFO] [stderr]     |
[INFO] [stderr]     = help: the same lifetime is referred to in inconsistent ways, making the signature confusing
[INFO] [stderr]     = note: `#[warn(mismatched_lifetime_syntaxes)]` on by default
[INFO] [stderr] help: use `'_` for type paths
[INFO] [stderr]     |
[INFO] [stderr] 125 |     fn combine(&self, temporary: TemporaryConfiguration) -> Cow<'_, Self> {
[INFO] [stderr]     |                                                                 +++
[INFO] [stderr] 
[INFO] [stderr] warning: `castwright` (lib) generated 1 warning (run `cargo fix --lib -p castwright` to apply 1 suggestion)
[INFO] [stderr] warning: `castwright` (lib test) generated 1 warning (1 duplicate)
[INFO] [stderr]     Finished `release` profile [optimized] target(s) in 0.07s
[INFO] [stderr]      Running unittests src/lib.rs (/opt/rustwide/target/release/deps/castwright-726216329e0437ae)
[INFO] [stdout] 
[INFO] [stdout] running 47 tests
[INFO] [stdout] test asciicast::header::tests::header_serialize ... ok
[INFO] [stdout] test instruction::command::tests::error_handling ... ok
[INFO] [stdout] test asciicast::event::tests::event_serialize ... ok
[INFO] [stdout] test asciicast::tests::implicit_write_header ... ok
[INFO] [stdout] test instruction::command::tests::command_instruction ... ok
[INFO] [stdout] test instruction::config::tests::config_instruction_persistent ... ok
[INFO] [stdout] test instruction::config::tests::config_instruction_type ... ok
[INFO] [stdout] test instruction::config::tests::execute_config_instruction ... ok
[INFO] [stdout] test instruction::frontmatter::tests::unknown_front_matter_instruction ... ok
[INFO] [stdout] test asciicast::tests::explicit_header_already_written ... ok
[INFO] [stdout] test asciicast::tests::implicit_header_already_written ... ok
[INFO] [stdout] test instruction::frontmatter::tests::json_error ... ok
[INFO] [stdout] test instruction::tests::empty_instruction ... ok
[INFO] [stdout] test instruction::frontmatter::tests::empty_front_matter ... ok
[INFO] [stdout] test instruction::config::tests::unknown_config_instruction ... ok
[INFO] [stdout] test instruction::frontmatter::tests::expected_key_value_pair ... ok
[INFO] [stdout] test instruction::empty::tests::empty_instruction ... ok
[INFO] [stdout] test instruction::config::tests::malformed_config_instruction ... ok
[INFO] [stdout] test instruction::tests::instruction_without_space ... ok
[INFO] [stdout] test instruction::tests::invalid_instruction ... ok
[INFO] [stdout] test instruction::wait::tests::wait_instruction ... ok
[INFO] [stdout] test shell::cd::tests::cd_absolute ... ok
[INFO] [stdout] test instruction::marker::tests::marker_instruction ... ok
[INFO] [stdout] test instruction::frontmatter::tests::front_matter_instruction ... ok
[INFO] [stdout] test instruction::print::tests::print_instruction ... ok
[INFO] [stdout] test shell::cd::tests::cd_relative ... ok
[INFO] [stdout] test asciicast::tests::explicit_write_header ... ok
[INFO] [stdout] test instruction::frontmatter::tests::malformed_front_matter_instruction ... ok
[INFO] [stdout] test instruction::frontmatter::tests::test_parse_positive_u16 ... ok
[INFO] [stdout] test tests::front_matter_exists ... ok
[INFO] [stdout] test shell::tests::replaced_newline ... ok
[INFO] [stdout] test tests::script_expected_continuation_2 ... ok
[INFO] [stdout] test tests::script_expected_continuation_1 ... ok
[INFO] [stdout] test util::tests::loose_string ... ok
[INFO] [stdout] test instruction::tests::instruction_with_space ... ok
[INFO] [stdout] test tests::script_unexpected_continuation ... ok
[INFO] [stdout] test util::tests::duration ... ok
[INFO] [stdout] test tests::script_unknown_instruction ... ok
[INFO] [stdout] test tests::expected_key_value_pair ... ok
[INFO] [stdout] test tests::version_correct ... ok
[INFO] [stdout] test tests::execution_context_consume_temporary ... ok
[INFO] [stdout] test tests::expected_closing_delimiter ... ok
[INFO] [stdout] test util::tests::loose_string_error ... ok
[INFO] [stdout] test shell::tests::echo_stdout ... ok
[INFO] [stdout] test shell::tests::echo_both ... ok
[INFO] [stdout] test shell::tests::echo_stderr ... ok
[INFO] [stdout] test shell::tests::echo_with_delay ... ok
[INFO] [stdout] 
[INFO] [stdout] test result: ok. 47 passed; 0 failed; 0 ignored; 0 measured; 0 filtered out; finished in 1.05s
[INFO] [stdout] 
[INFO] [stderr]    Doc-tests castwright
[INFO] [stdout] 
[INFO] [stdout] running 14 tests
[INFO] [stdout] test src/instruction/mod.rs - instruction::InstructionTrait::parse (line 28) ... ignored
[INFO] [stdout] test src/instruction/mod.rs - instruction::InstructionTrait::parse (line 36) ... ignored
[INFO] [stdout] test src/asciicast/mod.rs - asciicast::AsciiCast (line 50) - compile fail ... ok
[INFO] [stdout] test src/lib.rs - (line 13) ... FAILED
[INFO] [stdout] test src/asciicast/mod.rs - asciicast::AsciiCast<'a,T>::new (line 125) ... FAILED
[INFO] [stdout] test src/lib.rs - CastWright (line 298) ... ok
[INFO] [stdout] test src/error.rs - error::Error (line 146) ... ok
[INFO] [stdout] test src/asciicast/mod.rs - asciicast::AsciiCast<'a,T>::new (line 132) ... ok
[INFO] [stdout] test src/lib.rs - CastWright (line 277) ... ok
[INFO] [stdout] test src/asciicast/mod.rs - asciicast::AsciiCast (line 79) ... ok
[INFO] [stdout] test src/error.rs - error::Error (line 113) ... ok
[INFO] [stdout] test src/error.rs - error::Error (line 124) ... ok
[INFO] [stdout] test src/asciicast/mod.rs - asciicast::AsciiCast (line 95) ... ok
[INFO] [stdout] test src/asciicast/mod.rs - asciicast::AsciiCast (line 66) ... ok
[INFO] [stdout] 
[INFO] [stdout] failures:
[INFO] [stdout] 
[INFO] [stdout] ---- src/lib.rs - (line 13) stdout ----
[INFO] [stdout] Couldn't compile the test.
[INFO] [stdout] ---- src/asciicast/mod.rs - asciicast::AsciiCast<'a,T>::new (line 125) stdout ----
[INFO] [stdout] Couldn't compile the test.
[INFO] [stdout] 
[INFO] [stdout] failures:
[INFO] [stdout]     src/asciicast/mod.rs - asciicast::AsciiCast<'a,T>::new (line 125)
[INFO] [stdout]     src/lib.rs - (line 13)
[INFO] [stdout] 
[INFO] [stdout] test result: FAILED. 10 passed; 2 failed; 2 ignored; 0 measured; 0 filtered out; finished in 13.48s
[INFO] [stdout] 
[INFO] [stderr] error: doctest failed, to rerun pass `--doc`
[INFO] running `Command { std: "docker" "inspect" "fece708a8253e3169ca479e51ae63b0c3a25a656e7dafb04aef55cdd493230f4", kill_on_drop: false }`
[INFO] running `Command { std: "docker" "rm" "-f" "fece708a8253e3169ca479e51ae63b0c3a25a656e7dafb04aef55cdd493230f4", kill_on_drop: false }`
[INFO] [stdout] fece708a8253e3169ca479e51ae63b0c3a25a656e7dafb04aef55cdd493230f4
