[INFO] cloning repository https://github.com/tx2z/nrs
[INFO] running `Command { std: "git" "-c" "credential.helper=" "-c" "credential.helper=/workspace/cargo-home/bin/git-credential-null" "clone" "--bare" "https://github.com/tx2z/nrs" "/workspace/cache/git-repos/https%3A%2F%2Fgithub.com%2Ftx2z%2Fnrs", kill_on_drop: false }`
[INFO] [stderr] Cloning into bare repository '/workspace/cache/git-repos/https%3A%2F%2Fgithub.com%2Ftx2z%2Fnrs'...
[INFO] running `Command { std: "git" "rev-parse" "HEAD", kill_on_drop: false }`
[INFO] [stdout] 79e3ca34399fea81ef5dd06640a99391558150d3
[INFO] testing tx2z/nrs against 1.100.0-beta.1+cargoflags=--release for beta-release-1.100-2
[INFO] running `Command { std: "git" "clone" "/workspace/cache/git-repos/https%3A%2F%2Fgithub.com%2Ftx2z%2Fnrs" "/workspace/builds/worker-0-tc2/source", kill_on_drop: false }`
[INFO] [stderr] Cloning into '/workspace/builds/worker-0-tc2/source'...
[INFO] [stderr] done.
[INFO] started tweaking git repo https://github.com/tx2z/nrs
[INFO] finished tweaking git repo https://github.com/tx2z/nrs
[INFO] tweaked toml for git repo https://github.com/tx2z/nrs written to /workspace/builds/worker-0-tc2/source/Cargo.toml
[INFO] validating manifest of git repo https://github.com/tx2z/nrs on toolchain 1.100.0-beta.1
[INFO] running `Command { std: CARGO_HOME="/workspace/cargo-home" RUSTUP_HOME="/workspace/rustup-home" "/workspace/cargo-home/bin/cargo" "+1.100.0-beta.1" "metadata" "--manifest-path" "Cargo.toml" "--no-deps", kill_on_drop: false }`
[INFO] crate git repo https://github.com/tx2z/nrs already has a lockfile, it will not be regenerated
[INFO] running `Command { std: CARGO_HOME="/workspace/cargo-home" RUSTUP_HOME="/workspace/rustup-home" "/workspace/cargo-home/bin/cargo" "+1.100.0-beta.1" "fetch" "--manifest-path" "Cargo.toml", kill_on_drop: false }`
[INFO] running `Command { std: "docker" "create" "-v" "/var/lib/crater-agent-workspace/builds/worker-0-tc2/source:/opt/rustwide/workdir:ro,Z" "-v" "/var/lib/crater-agent-workspace/builds/worker-0-tc2/target:/opt/rustwide/target:rw,Z" "-v" "/var/lib/crater-agent-workspace/cargo-home:/opt/rustwide/cargo-home:ro,Z" "-v" "/var/lib/crater-agent-workspace/rustup-home:/opt/rustwide/rustup-home:ro,Z" "-m" "1610612736" "--network" "none" "ghcr.io/rust-lang/crates-build-env/linux@sha256:77db811e55d90add9212f6832c23229e3de5f1c1f9905e8cb07319ea15df73ac" "sleep" "infinity", kill_on_drop: false }`
[INFO] [stdout] 15b54c488332c30c847c7bdb4e339abc719244eda6c7d0e64bcf1072a0b4081a
[INFO] running `Command { std: "docker" "start" "15b54c488332c30c847c7bdb4e339abc719244eda6c7d0e64bcf1072a0b4081a", kill_on_drop: false }`
[INFO] running `Command { std: "docker" "inspect" "15b54c488332c30c847c7bdb4e339abc719244eda6c7d0e64bcf1072a0b4081a", kill_on_drop: false }`
[INFO] running `Command { std: "docker" "exec" "-e" "SOURCE_DIR=/opt/rustwide/workdir" "-e" "CARGO_HOME=/opt/rustwide/cargo-home" "-e" "RUSTUP_HOME=/opt/rustwide/rustup-home" "-e" "CARGO_TARGET_DIR=/opt/rustwide/target" "-w" "/opt/rustwide/workdir" "--user" "0:0" "15b54c488332c30c847c7bdb4e339abc719244eda6c7d0e64bcf1072a0b4081a" "/opt/rustwide/cargo-home/bin/cargo" "+1.100.0-beta.1" "metadata" "--no-deps" "--format-version=1", kill_on_drop: false }`
[INFO] running `Command { std: "docker" "inspect" "15b54c488332c30c847c7bdb4e339abc719244eda6c7d0e64bcf1072a0b4081a", kill_on_drop: false }`
[INFO] running `Command { std: "docker" "exec" "-e" "SOURCE_DIR=/opt/rustwide/workdir" "-e" "CARGO_HOME=/opt/rustwide/cargo-home" "-e" "RUSTUP_HOME=/opt/rustwide/rustup-home" "-e" "CARGO_TARGET_DIR=/opt/rustwide/target" "-e" "CARGO_INCREMENTAL=0" "-e" "RUST_BACKTRACE=full" "-e" "RUSTFLAGS=--cap-lints=warn" "-e" "RUSTDOCFLAGS=--cap-lints=warn" "-w" "/opt/rustwide/workdir" "--user" "0:0" "15b54c488332c30c847c7bdb4e339abc719244eda6c7d0e64bcf1072a0b4081a" "/opt/rustwide/cargo-home/bin/cargo" "+1.100.0-beta.1" "build" "--frozen" "--message-format=json" "--release", kill_on_drop: false }`
[INFO] [stderr]    Compiling proc-macro2 v1.0.103
[INFO] [stderr]    Compiling unicode-ident v1.0.22
[INFO] [stderr]    Compiling quote v1.0.42
[INFO] [stderr]    Compiling libc v0.2.178
[INFO] [stderr]    Compiling strsim v0.11.1
[INFO] [stderr]    Compiling rustversion v1.0.22
[INFO] [stderr]    Compiling cfg-if v1.0.4
[INFO] [stderr]    Compiling equivalent v1.0.2
[INFO] [stderr]    Compiling utf8parse v0.2.2
[INFO] [stderr]    Compiling colorchoice v1.0.4
[INFO] [stderr]    Compiling anstyle-query v1.1.5
[INFO] [stderr]    Compiling is_terminal_polyfill v1.70.2
[INFO] [stderr]    Compiling anstyle v1.0.13
[INFO] [stderr]    Compiling serde_core v1.0.228
[INFO] [stderr]    Compiling serde v1.0.228
[INFO] [stderr]    Compiling ident_case v1.0.1
[INFO] [stderr]    Compiling anstyle-parse v0.2.7
[INFO] [stderr]    Compiling fnv v1.0.7
[INFO] [stderr]    Compiling clap_lex v0.7.6
[INFO] [stderr]    Compiling signal-hook v0.3.18
[INFO] [stderr]    Compiling ryu v1.0.21
[INFO] [stderr]    Compiling smallvec v1.15.1
[INFO] [stderr]    Compiling hashbrown v0.16.1
[INFO] [stderr]    Compiling itoa v1.0.16
[INFO] [stderr]    Compiling scopeguard v1.2.0
[INFO] [stderr]    Compiling rustix v0.38.44
[INFO] [stderr]    Compiling log v0.4.29
[INFO] [stderr]    Compiling lock_api v0.4.14
[INFO] [stderr]    Compiling paste v1.0.15
[INFO] [stderr]    Compiling anstream v0.6.21
[INFO] [stderr]    Compiling linux-raw-sys v0.4.15
[INFO] [stderr]    Compiling foldhash v0.1.5
[INFO] [stderr]    Compiling bitflags v2.10.0
[INFO] [stderr]    Compiling allocator-api2 v0.2.21
[INFO] [stderr]    Compiling either v1.15.0
[INFO] [stderr]    Compiling instability v0.3.10
[INFO] [stderr]    Compiling roff v0.2.2
[INFO] [stderr]    Compiling itertools v0.13.0
[INFO] [stderr]    Compiling num-traits v0.2.19
[INFO] [stderr]    Compiling toml_write v0.1.2
[INFO] [stderr]    Compiling unicode-width v0.1.14
[INFO] [stderr]    Compiling indoc v2.0.7
[INFO] [stderr]    Compiling clap_builder v4.5.53
[INFO] [stderr]    Compiling unicode-segmentation v1.12.0
[INFO] [stderr]    Compiling winnow v0.7.14
[INFO] [stderr]    Compiling static_assertions v1.1.0
[INFO] [stderr]    Compiling option-ext v0.2.0
[INFO] [stderr]    Compiling thiserror v1.0.69
[INFO] [stderr]    Compiling syn v2.0.111
[INFO] [stderr]    Compiling castaway v0.2.4
[INFO] [stderr]    Compiling anyhow v1.0.100
[INFO] [stderr]    Compiling serde_json v1.0.146
[INFO] [stderr]    Compiling hashbrown v0.15.5
[INFO] [stderr]    Compiling compact_str v0.8.1
[INFO] [stderr]    Compiling indexmap v2.12.1
[INFO] [stderr]    Compiling thread_local v1.1.9
[INFO] [stderr]    Compiling cassowary v0.3.0
[INFO] [stderr]    Compiling iana-time-zone v0.1.64
[INFO] [stderr]    Compiling unsafe-libyaml v0.2.11
[INFO] [stderr]    Compiling memchr v2.7.6
[INFO] [stderr]    Compiling unicode-width v0.2.0
[INFO] [stderr]    Compiling fuzzy-matcher v0.3.7
[INFO] [stderr]    Compiling lru v0.12.5
[INFO] [stderr]    Compiling signal-hook-registry v1.4.7
[INFO] [stderr]    Compiling mio v1.1.1
[INFO] [stderr]    Compiling parking_lot_core v0.9.12
[INFO] [stderr]    Compiling unicode-truncate v1.1.0
[INFO] [stderr]    Compiling dirs-sys v0.4.1
[INFO] [stderr]    Compiling shell-words v1.1.1
[INFO] [stderr]    Compiling glob v0.3.3
[INFO] [stderr]    Compiling dirs v5.0.1
[INFO] [stderr]    Compiling parking_lot v0.12.5
[INFO] [stderr]    Compiling signal-hook-mio v0.2.5
[INFO] [stderr]    Compiling crossterm v0.28.1
[INFO] [stderr]    Compiling darling_core v0.20.11
[INFO] [stderr]    Compiling serde_derive v1.0.228
[INFO] [stderr]    Compiling clap_derive v4.5.49
[INFO] [stderr]    Compiling strum_macros v0.26.4
[INFO] [stderr]    Compiling thiserror-impl v1.0.69
[INFO] [stderr]    Compiling clap v4.5.53
[INFO] [stderr]    Compiling clap_complete v4.5.62
[INFO] [stderr]    Compiling clap_mangen v0.2.31
[INFO] [stderr]    Compiling strum v0.26.3
[INFO] [stderr]    Compiling npm-run-scripts v1.0.2 (/opt/rustwide/workdir)
[INFO] [stderr]    Compiling darling_macro v0.20.11
[INFO] [stderr]    Compiling darling v0.20.11
[INFO] [stderr]    Compiling ratatui v0.29.0
[INFO] [stderr]    Compiling toml_datetime v0.6.11
[INFO] [stderr]    Compiling serde_spanned v0.6.9
[INFO] [stderr]    Compiling chrono v0.4.42
[INFO] [stderr]    Compiling serde_yaml v0.9.34+deprecated
[INFO] [stderr]    Compiling toml_edit v0.22.27
[INFO] [stderr]    Compiling toml v0.8.23
[INFO] [stderr]     Finished `release` profile [optimized] target(s) in 1m 16s
[INFO] running `Command { std: "docker" "inspect" "15b54c488332c30c847c7bdb4e339abc719244eda6c7d0e64bcf1072a0b4081a", kill_on_drop: false }`
[INFO] running `Command { std: "docker" "exec" "-e" "SOURCE_DIR=/opt/rustwide/workdir" "-e" "CARGO_HOME=/opt/rustwide/cargo-home" "-e" "RUSTUP_HOME=/opt/rustwide/rustup-home" "-e" "CARGO_TARGET_DIR=/opt/rustwide/target" "-e" "CARGO_INCREMENTAL=0" "-e" "RUST_BACKTRACE=full" "-e" "RUSTFLAGS=--cap-lints=warn" "-e" "RUSTDOCFLAGS=--cap-lints=warn" "-w" "/opt/rustwide/workdir" "--user" "0:0" "15b54c488332c30c847c7bdb4e339abc719244eda6c7d0e64bcf1072a0b4081a" "/opt/rustwide/cargo-home/bin/cargo" "+1.100.0-beta.1" "test" "--frozen" "--no-run" "--message-format=json" "--release", kill_on_drop: false }`
[INFO] [stderr]    Compiling serde_core v1.0.228
[INFO] [stderr]    Compiling serde v1.0.228
[INFO] [stderr]    Compiling memchr v2.7.6
[INFO] [stderr]    Compiling num-traits v0.2.19
[INFO] [stderr]    Compiling libc v0.2.178
[INFO] [stderr]    Compiling anstyle v1.0.13
[INFO] [stderr]    Compiling either v1.15.0
[INFO] [stderr]    Compiling ryu v1.0.21
[INFO] [stderr]    Compiling crossbeam-utils v0.8.21
[INFO] [stderr]    Compiling itoa v1.0.16
[INFO] [stderr]    Compiling bitflags v2.10.0
[INFO] [stderr]    Compiling anstyle-parse v0.2.7
[INFO] [stderr]    Compiling is_terminal_polyfill v1.70.2
[INFO] [stderr]    Compiling regex-syntax v0.8.8
[INFO] [stderr]    Compiling anstyle-query v1.1.5
[INFO] [stderr]    Compiling colorchoice v1.0.4
[INFO] [stderr]    Compiling zerocopy v0.8.31
[INFO] [stderr]    Compiling zerocopy-derive v0.8.31
[INFO] [stderr]    Compiling smallvec v1.15.1
[INFO] [stderr]    Compiling clap_lex v0.7.6
[INFO] [stderr]    Compiling log v0.4.29
[INFO] [stderr]    Compiling strsim v0.11.1
[INFO] [stderr]    Compiling hashbrown v0.16.1
[INFO] [stderr]    Compiling rustix v1.1.3
[INFO] [stderr]    Compiling allocator-api2 v0.2.21
[INFO] [stderr]    Compiling anstream v0.6.21
[INFO] [stderr]    Compiling once_cell v1.21.3
[INFO] [stderr]    Compiling rayon-core v1.13.0
[INFO] [stderr]    Compiling linux-raw-sys v0.4.15
[INFO] [stderr]    Compiling crossbeam-epoch v0.9.18
[INFO] [stderr]    Compiling clap_builder v4.5.53
[INFO] [stderr]    Compiling foldhash v0.1.5
[INFO] [stderr]    Compiling getrandom v0.3.4
[INFO] [stderr]    Compiling itertools v0.13.0
[INFO] [stderr]    Compiling crossbeam-deque v0.8.6
[INFO] [stderr]    Compiling castaway v0.2.4
[INFO] [stderr]    Compiling hashbrown v0.15.5
[INFO] [stderr]    Compiling static_assertions v1.1.0
[INFO] [stderr]    Compiling unicode-width v0.1.14
[INFO] [stderr]    Compiling option-ext v0.2.0
[INFO] [stderr]    Compiling unicode-segmentation v1.12.0
[INFO] [stderr]    Compiling plotters-backend v0.3.7
[INFO] [stderr]    Compiling toml_write v0.1.2
[INFO] [stderr]    Compiling rustix v0.38.44
[INFO] [stderr]    Compiling ciborium-io v0.2.2
[INFO] [stderr]    Compiling predicates-core v1.0.9
[INFO] [stderr]    Compiling linux-raw-sys v0.11.0
[INFO] [stderr]    Compiling aho-corasick v1.1.4
[INFO] [stderr]    Compiling signal-hook-registry v1.4.7
[INFO] [stderr]    Compiling indexmap v2.12.1
[INFO] [stderr]    Compiling parking_lot_core v0.9.12
[INFO] [stderr]    Compiling mio v1.1.1
[INFO] [stderr]    Compiling signal-hook v0.3.18
[INFO] [stderr]    Compiling parking_lot v0.12.5
[INFO] [stderr]    Compiling winnow v0.7.14
[INFO] [stderr]    Compiling float-cmp v0.10.0
[INFO] [stderr]    Compiling signal-hook-mio v0.2.5
[INFO] [stderr]    Compiling lru v0.12.5
[INFO] [stderr]    Compiling crossterm v0.28.1
[INFO] [stderr]    Compiling dirs-sys v0.4.1
[INFO] [stderr]    Compiling plotters-svg v0.3.7
[INFO] [stderr]    Compiling compact_str v0.8.1
[INFO] [stderr]    Compiling itertools v0.10.5
[INFO] [stderr]    Compiling strum v0.26.3
[INFO] [stderr]    Compiling thread_local v1.1.9
[INFO] [stderr]    Compiling termtree v0.5.1
[INFO] [stderr]    Compiling normalize-line-endings v0.3.0
[INFO] [stderr]    Compiling difflib v0.4.0
[INFO] [stderr]    Compiling iana-time-zone v0.1.64
[INFO] [stderr]    Compiling fastrand v2.3.0
[INFO] [stderr]    Compiling unicode-width v0.2.0
[INFO] [stderr]    Compiling same-file v1.0.6
[INFO] [stderr]    Compiling unsafe-libyaml v0.2.11
[INFO] [stderr]    Compiling assert_cmd v2.1.1
[INFO] [stderr]    Compiling regex-automata v0.4.13
[INFO] [stderr]    Compiling unicode-truncate v1.1.0
[INFO] [stderr]    Compiling cast v0.3.0
[INFO] [stderr]    Compiling cassowary v0.3.0
[INFO] [stderr]    Compiling rayon v1.11.0
[INFO] [stderr]    Compiling walkdir v2.5.0
[INFO] [stderr]    Compiling predicates-tree v1.0.12
[INFO] [stderr]    Compiling half v2.7.1
[INFO] [stderr]    Compiling ratatui v0.29.0
[INFO] [stderr]    Compiling fuzzy-matcher v0.3.7
[INFO] [stderr]    Compiling clap v4.5.53
[INFO] [stderr]    Compiling clap_complete v4.5.62
[INFO] [stderr]    Compiling ciborium-ll v0.2.2
[INFO] [stderr]    Compiling serde_json v1.0.146
[INFO] [stderr]    Compiling tempfile v3.23.0
[INFO] [stderr]    Compiling plotters v0.3.7
[INFO] [stderr]    Compiling criterion-plot v0.5.0
[INFO] [stderr]    Compiling dirs v5.0.1
[INFO] [stderr]    Compiling wait-timeout v0.2.1
[INFO] [stderr]    Compiling is-terminal v0.4.17
[INFO] [stderr]    Compiling console v0.15.11
[INFO] [stderr]    Compiling thiserror v1.0.69
[INFO] [stderr]    Compiling toml_datetime v0.6.11
[INFO] [stderr]    Compiling serde_spanned v0.6.9
[INFO] [stderr]    Compiling serde_yaml v0.9.34+deprecated
[INFO] [stderr]    Compiling ciborium v0.2.2
[INFO] [stderr]    Compiling chrono v0.4.42
[INFO] [stderr]    Compiling anyhow v1.0.100
[INFO] [stderr]    Compiling glob v0.3.3
[INFO] [stderr]    Compiling oorandom v11.1.5
[INFO] [stderr]    Compiling toml_edit v0.22.27
[INFO] [stderr]    Compiling shell-words v1.1.1
[INFO] [stderr]    Compiling anes v0.1.6
[INFO] [stderr]    Compiling similar v2.7.0
[INFO] [stderr]    Compiling tinytemplate v1.2.1
[INFO] [stderr]    Compiling regex v1.12.2
[INFO] [stderr]    Compiling bstr v1.12.1
[INFO] [stderr]    Compiling insta v1.45.0
[INFO] [stderr]    Compiling predicates v3.1.3
[INFO] [stderr]    Compiling criterion v0.5.1
[INFO] [stderr]    Compiling toml v0.8.23
[INFO] [stderr]    Compiling npm-run-scripts v1.0.2 (/opt/rustwide/workdir)
[INFO] [stderr]     Finished `release` profile [optimized] target(s) in 2m 41s
[INFO] running `Command { std: "docker" "inspect" "15b54c488332c30c847c7bdb4e339abc719244eda6c7d0e64bcf1072a0b4081a", kill_on_drop: false }`
[INFO] running `Command { std: "docker" "exec" "-e" "SOURCE_DIR=/opt/rustwide/workdir" "-e" "CARGO_HOME=/opt/rustwide/cargo-home" "-e" "RUSTUP_HOME=/opt/rustwide/rustup-home" "-e" "CARGO_TARGET_DIR=/opt/rustwide/target" "-e" "CARGO_INCREMENTAL=0" "-e" "RUST_BACKTRACE=full" "-e" "RUSTFLAGS=--cap-lints=warn" "-e" "RUSTDOCFLAGS=--cap-lints=warn" "-w" "/opt/rustwide/workdir" "--user" "0:0" "15b54c488332c30c847c7bdb4e339abc719244eda6c7d0e64bcf1072a0b4081a" "/opt/rustwide/cargo-home/bin/cargo" "+1.100.0-beta.1" "test" "--frozen" "--release", kill_on_drop: false }`
[INFO] [stderr]     Finished `release` profile [optimized] target(s) in 0.36s
[INFO] [stderr]      Running unittests src/lib.rs (/opt/rustwide/target/release/build/npm-run-scripts/428033210c85058e/out/npm_run_scripts-428033210c85058e)
[INFO] [stdout] 
[INFO] [stdout] running 313 tests
[INFO] [stdout] test config::file::tests::test_load_cli_config_overrides ... ok
[INFO] [stdout] test config::file::tests::test_partial_config ... ok
[INFO] [stdout] test config::file::tests::test_exclude_patterns_merge ... ok
[INFO] [stdout] test config::types::tests::test_default_config ... ok
[INFO] [stdout] test config::types::tests::test_column_direction_serialization ... ok
[INFO] [stdout] test config::file::tests::test_scripts_config ... ok
[INFO] [stdout] test config::file::tests::test_generate_example_config ... ok
[INFO] [stdout] test error::tests::test_error_messages ... ok
[INFO] [stdout] test config::types::tests::test_sort_mode_serialization ... ok
[INFO] [stdout] test error::tests::test_error_with_path_context ... ok
[INFO] [stdout] test config::file::tests::test_load_default_config_returns_defaults ... ok
[INFO] [stdout] test config::types::tests::test_config_merge ... ok
[INFO] [stdout] test filter::fuzzy::tests::test_empty_query_matches_all ... ok
[INFO] [stdout] test filter::fuzzy::tests::test_empty_scripts_list ... ok
[INFO] [stdout] test filter::fuzzy::tests::test_exact_match ... ok
[INFO] [stdout] test filter::fuzzy::tests::test_description_scores_lower_than_name ... ok
[INFO] [stdout] test error::tests::test_script_not_found_with_suggestions ... ok
[INFO] [stdout] test error::tests::test_error_exit_codes ... ok
[INFO] [stdout] test filter::fuzzy::tests::test_exact_match_scores_higher_than_fuzzy ... ok
[INFO] [stdout] test filter::fuzzy::tests::test_filter_many_scripts ... ok
[INFO] [stdout] test filter::fuzzy::tests::test_filter_scripts_case_insensitive ... ok
[INFO] [stdout] test error::tests::test_find_similar_scripts ... ok
[INFO] [stdout] test error::tests::test_simple_distance ... ok
[INFO] [stdout] test filter::fuzzy::tests::test_case_insensitive ... ok
[INFO] [stdout] test cli::tests::test_default_project_dir ... ok
[INFO] [stdout] test config::file::tests::test_all_config_options_have_defaults ... ok
[INFO] [stdout] test filter::fuzzy::tests::test_case_sensitive ... ok
[INFO] [stdout] test config::file::tests::test_load_cli_config_file_not_found ... ok
[INFO] [stdout] test config::file::tests::test_cli_config_uses_defaults_when_section_not_specified ... ok
[INFO] [stdout] test cli::tests::test_should_show_tui ... ok
[INFO] [stdout] test config::file::tests::test_invalid_toml_handling ... ok
[INFO] [stdout] test filter::fuzzy::tests::test_filter_scripts_description_search ... ok
[INFO] [stdout] test config::file::tests::test_load_project_config ... ok
[INFO] [stdout] test filter::fuzzy::tests::test_filter_scripts_empty_query ... ok
[INFO] [stdout] test filter::fuzzy::tests::test_filter_scripts_exact_match ... ok
[INFO] [stdout] test filter::fuzzy::tests::test_filter_scripts_sorted_by_score ... ok
[INFO] [stdout] test filter::fuzzy::tests::test_filter_special_characters ... ok
[INFO] [stdout] test filter::fuzzy::tests::test_filter_scripts_fuzzy_match ... ok
[INFO] [stdout] test filter::fuzzy::tests::test_filter_scripts_no_match ... ok
[INFO] [stdout] test filter::fuzzy::tests::test_fuzzy_match ... ok
[INFO] [stdout] test filter::fuzzy::tests::test_get_match_indices_case_insensitive ... ok
[INFO] [stdout] test filter::fuzzy::tests::test_get_match_indices_empty_query ... ok
[INFO] [stdout] test filter::fuzzy::tests::test_get_match_indices_empty_text ... ok
[INFO] [stdout] test filter::fuzzy::tests::test_get_match_indices_exact ... ok
[INFO] [stdout] test filter::fuzzy::tests::test_global_matcher_consistency ... ok
[INFO] [stdout] test filter::fuzzy::tests::test_get_match_indices_basic ... ok
[INFO] [stdout] test config::types::tests::test_theme_serialization ... ok
[INFO] [stdout] test history::storage::tests::test_history_cleanup_projects ... ok
[INFO] [stdout] test filter::fuzzy::tests::test_prefix_match_scores_higher_than_middle ... ok
[INFO] [stdout] test filter::fuzzy::tests::test_match_score_empty_query ... ok
[INFO] [stdout] test filter::fuzzy::tests::test_unicode_support ... ok
[INFO] [stdout] test filter::fuzzy::tests::test_match_score_exact ... ok
[INFO] [stdout] test history::storage::tests::test_history_cleanup_with_config ... ok
[INFO] [stdout] test filter::fuzzy::tests::test_match_score_no_match ... ok
[INFO] [stdout] test filter::fuzzy::tests::test_matches_empty_query ... ok
[INFO] [stdout] test filter::fuzzy::tests::test_matches_fuzzy ... ok
[INFO] [stdout] test history::storage::tests::test_history_corrupt_file_handling ... ok
[INFO] [stdout] test filter::fuzzy::tests::test_no_match ... ok
[INFO] [stdout] test history::storage::tests::test_history_get_last_script ... ok
[INFO] [stdout] test history::storage::tests::test_history_get_script_stats ... ok
[INFO] [stdout] test history::storage::tests::test_history_get_sorted_by_recent ... ok
[INFO] [stdout] test history::storage::tests::test_history_get_sorted_no_history ... ok
[INFO] [stdout] test history::storage::tests::test_history_missing_file ... ok
[INFO] [stdout] test filter::fuzzy::tests::test_matches_exact ... ok
[INFO] [stdout] test filter::fuzzy::tests::test_matches_no_match ... ok
[INFO] [stdout] test filter::fuzzy::tests::test_get_match_indices_no_match ... ok
[INFO] [stdout] test history::storage::tests::test_script_history_record_run ... ok
[INFO] [stdout] test history::storage::tests::test_script_history_score_medium ... ok
[INFO] [stdout] test history::storage::tests::test_history_version ... ok
[INFO] [stdout] test history::storage::tests::test_project_history_cleanup ... ok
[INFO] [stdout] test package::descriptions::tests::test_extract_descriptions_priority ... ok
[INFO] [stdout] test history::storage::tests::test_project_history_cleanup_preserves_recent ... ok
[INFO] [stdout] test history::storage::tests::test_project_history_last_script_with_args ... ok
[INFO] [stdout] test history::storage::tests::test_score_high_count_beats_old_recent ... ok
[INFO] [stdout] test history::storage::tests::test_script_history_new ... ok
[INFO] [stdout] test history::storage::tests::test_history_record_run ... ok
[INFO] [stdout] test history::storage::tests::test_project_history_record_run ... ok
[INFO] [stdout] test history::storage::tests::test_score_very_recent_beats_high_count_old ... ok
[INFO] [stdout] test history::storage::tests::test_history_save_and_load ... ok
[INFO] [stdout] test package::descriptions::tests::test_get_description_with_desc ... ok
[INFO] [stdout] test package::descriptions::tests::test_get_short_description ... ok
[INFO] [stdout] test package::descriptions::tests::test_get_short_description_no_truncation ... ok
[INFO] [stdout] test package::descriptions::tests::test_parse_comment_key_empty ... ok
[INFO] [stdout] test package::descriptions::tests::test_parse_comment_key_standard ... ok
[INFO] [stdout] test history::storage::tests::test_script_history_score_old ... ok
[INFO] [stdout] test history::storage::tests::test_script_history_score_today ... ok
[INFO] [stdout] test package::descriptions::tests::test_extract_descriptions_comments ... ok
[INFO] [stdout] test package::descriptions::tests::test_extract_descriptions_ntl ... ok
[INFO] [stdout] test package::descriptions::tests::test_extract_descriptions_ntl_over_comments ... ok
[INFO] [stdout] test package::descriptions::tests::test_extract_descriptions_scripts_info ... ok
[INFO] [stdout] test package::descriptions::tests::test_get_description_fallback ... ok
[INFO] [stdout] test package::descriptions::tests::test_parse_comment_key_with_space ... ok
[INFO] [stdout] test package::descriptions::tests::test_parse_comment_key_with_trailing_slashes ... ok
[INFO] [stdout] test package::manager::tests::test_detect_bun_priority_over_other_lock_files ... ok
[INFO] [stdout] test package::descriptions::tests::test_parse_comment_key_non_comment ... ok
[INFO] [stdout] test package::manager::tests::test_detect_fallback_to_npm ... ok
[INFO] [stdout] test package::manager::tests::test_detect_from_package_manager_field ... ok
[INFO] [stdout] test package::manager::tests::test_detect_from_npm_lock ... ok
[INFO] [stdout] test package::manager::tests::test_detect_from_package_manager_field_no_version ... ok
[INFO] [stdout] test package::manager::tests::test_detect_from_bun_lock ... ok
[INFO] [stdout] test package::manager::tests::test_run_command_npm ... ok
[INFO] [stdout] test package::manager::tests::test_detect_from_pnpm_lock ... ok
[INFO] [stdout] test package::manager::tests::test_detect_from_yarn_lock ... ok
[INFO] [stdout] test package::manager::tests::test_run_command_with_args_bun ... ok
[INFO] [stdout] test package::manager::tests::test_run_command_with_args_npm ... ok
[INFO] [stdout] test package::manager::tests::test_detect_no_package_json ... ok
[INFO] [stdout] test package::manager::tests::test_detect_priority_package_manager_over_lock_file ... ok
[INFO] [stdout] test package::manager::tests::test_format_command_with_args ... ok
[INFO] [stdout] test package::manager::tests::test_has_lock_file ... ok
[INFO] [stdout] test package::manager::tests::test_parse_package_manager_field_with_hash ... ok
[INFO] [stdout] test package::manager::tests::test_parse_package_manager_field_with_version ... ok
[INFO] [stdout] test package::manager::tests::test_parse_package_manager_field_without_version ... ok
[INFO] [stdout] test package::manager::tests::test_detect_from_package_manager_field_with_hash ... ok
[INFO] [stdout] test package::manager::tests::test_run_command_bun ... ok
[INFO] [stdout] test package::manager::tests::test_run_command_pnpm ... ok
[INFO] [stdout] test package::manager::tests::test_format_command ... ok
[INFO] [stdout] test package::manager::tests::test_parse_package_manager_field_invalid ... ok
[INFO] [stdout] test package::manager::tests::test_run_command_with_args_pnpm ... ok
[INFO] [stdout] test package::manager::tests::test_runner_executable ... ok
[INFO] [stdout] test package::manager::tests::test_run_command_yarn ... ok
[INFO] [stdout] test package::manager::tests::test_run_command_with_args_yarn ... ok
[INFO] [stdout] test package::manager::tests::test_runner_from_str_case_insensitive ... ok
[INFO] [stdout] test package::manager::tests::test_runner_all ... ok
[INFO] [stdout] test package::manager::tests::test_runner_display ... ok
[INFO] [stdout] test package::manager::tests::test_runner_from_str_invalid ... ok
[INFO] [stdout] test package::manager::tests::test_workspace_command_npm ... ok
[INFO] [stdout] test package::manager::tests::test_runner_from_str ... ok
[INFO] [stdout] test package::manager::tests::test_workspace_command_bun ... ok
[INFO] [stdout] test package::manager::tests::test_run_command_with_empty_args ... ok
[INFO] [stdout] test package::manager::tests::test_workspace_command_pnpm ... ok
[INFO] [stdout] test package::scripts::tests::test_parse_basic_scripts ... ok
[INFO] [stdout] test package::manager::tests::test_workspace_command_yarn ... ok
[INFO] [stdout] test package::scripts::tests::test_parse_minimal_valid_json ... ok
[INFO] [stdout] test package::scripts::tests::test_parse_no_scripts_field ... ok
[INFO] [stdout] test package::manager::tests::test_runner_lock_file ... ok
[INFO] [stdout] test package::scripts::tests::test_format_json_error_shows_context ... ok
[INFO] [stdout] test package::scripts::tests::test_parse_emoji_script_names ... ok
[INFO] [stdout] test package::scripts::tests::test_parse_script_value_as_number ... ok
[INFO] [stdout] test package::scripts::tests::test_parse_many_scripts ... ok
[INFO] [stdout] test package::scripts::tests::test_parse_multiline_command ... ok
[INFO] [stdout] test package::scripts::tests::test_lifecycle_scripts_filtered ... ok
[INFO] [stdout] test package::scripts::tests::test_parse_empty_command ... ok
[INFO] [stdout] test package::scripts::tests::test_parse_hyphen_and_underscore_names ... ok
[INFO] [stdout] test package::scripts::tests::test_parse_empty_scripts ... ok
[INFO] [stdout] test package::scripts::tests::test_parse_json_with_trailing_comma ... ok
[INFO] [stdout] test package::scripts::tests::test_parse_scripts_field_as_array ... ok
[INFO] [stdout] test package::scripts::tests::test_parse_package_json_full ... ok
[INFO] [stdout] test package::scripts::tests::test_parse_script_value_as_object ... ok
[INFO] [stdout] test package::scripts::tests::test_parse_scripts_field_as_null ... ok
[INFO] [stdout] test package::scripts::tests::test_parse_scripts_field_as_string ... ok
[INFO] [stdout] test package::scripts::tests::test_parse_json_with_comments ... ok
[INFO] [stdout] test package::scripts::tests::test_parse_invalid_json ... ok
[INFO] [stdout] test package::scripts::tests::test_parse_with_ntl_descriptions ... ok
[INFO] [stdout] test package::types::tests::test_lifecycle_scripts ... ok
[INFO] [stdout] test package::types::tests::test_package_display_name ... ok
[INFO] [stdout] test package::types::tests::test_package_manager_name ... ok
[INFO] [stdout] test package::scripts::tests::test_parse_skips_comment_entries ... ok
[INFO] [stdout] test package::scripts::tests::test_parse_scripts_required_fails_when_empty ... ok
[INFO] [stdout] test package::scripts::tests::test_parse_scripts_sorted_alphabetically ... ok
[INFO] [stdout] test package::scripts::tests::test_parse_very_long_command ... ok
[INFO] [stdout] test package::scripts::tests::test_parse_special_characters_in_command ... ok
[INFO] [stdout] test package::scripts::tests::test_parse_special_characters_in_script_names ... ok
[INFO] [stdout] test package::scripts::tests::test_parse_unicode_script_names ... ok
[INFO] [stdout] test package::scripts::tests::test_parse_very_long_script_name ... ok
[INFO] [stdout] test package::scripts::tests::test_parse_whitespace_in_script_names ... ok
[INFO] [stdout] test package::scripts::tests::test_parse_with_comment_descriptions ... ok
[INFO] [stdout] test package::scripts::tests::test_parse_with_scripts_info_descriptions ... ok
[INFO] [stdout] test package::types::tests::test_script_display ... ok
[INFO] [stdout] test package::types::tests::test_script_is_hook_for ... ok
[INFO] [stdout] test package::types::tests::test_scripts_collection ... ok
[INFO] [stdout] test package::types::tests::test_scripts_names ... ok
[INFO] [stdout] test package::workspace::tests::test_detect_lerna_default_packages ... ok
[INFO] [stdout] test package::workspace::tests::test_detect_npm_workspaces ... ok
[INFO] [stdout] test package::workspace::tests::test_detect_pnpm_workspaces ... ok
[INFO] [stdout] test runner::executor::tests::test_dry_run ... ok
[INFO] [stdout] test runner::executor::tests::test_dry_run_with_args ... ok
[INFO] [stdout] test runner::executor::tests::test_format_dry_run_command ... ok
[INFO] [stdout] test runner::executor::tests::test_run_script_dry_run ... ok
[INFO] [stdout] test package::workspace::tests::test_workspace_scripts_loaded ... ok
[INFO] [stdout] test package::workspace::tests::test_workspace_type_display ... ok
[INFO] [stdout] test package::workspace::tests::test_is_monorepo_lerna ... ok
[INFO] [stdout] test runner::executor::tests::test_run_script_with_args_dry_run ... ok
[INFO] [stdout] test package::workspace::tests::test_is_monorepo_npm ... ok
[INFO] [stdout] test package::types::tests::test_script_is_lifecycle ... ok
[INFO] [stdout] test package::workspace::tests::test_is_not_monorepo ... ok
[INFO] [stdout] test package::workspace::tests::test_detect_lerna_workspaces ... ok
[INFO] [stdout] test package::workspace::tests::test_no_workspaces ... ok
[INFO] [stdout] test package::workspace::tests::test_workspace_new ... ok
[INFO] [stdout] test package::workspace::tests::test_multiple_workspace_patterns ... ok
[INFO] [stdout] test package::workspace::tests::test_workspace_with_scripts ... ok
[INFO] [stdout] test tui::app::tests::test_empty_scripts ... ok
[INFO] [stdout] test tui::app::tests::test_filter_updates_visible ... ok
[INFO] [stdout] test tui::app::tests::test_calculate_columns ... ok
[INFO] [stdout] test tui::app::tests::test_app_new ... ok
[INFO] [stdout] test tui::app::tests::test_cycle_sort_mode ... ok
[INFO] [stdout] test tui::app::tests::test_enter_args_mode ... ok
[INFO] [stdout] test tui::app::tests::test_calculate_column_width ... ok
[INFO] [stdout] test package::workspace::tests::test_workspace_without_package_json ... ok
[INFO] [stdout] test tui::app::tests::test_filter_adjusts_selection ... ok
[INFO] [stdout] test package::workspace::tests::test_is_monorepo_pnpm ... ok
[INFO] [stdout] test runner::executor::tests::test_run_scripts_dry_run ... ok
[INFO] [stdout] test package::workspace::tests::test_detect_npm_workspaces_object_format ... ok
[INFO] [stdout] test tui::app::tests::test_filter_no_matches ... ok
[INFO] [stdout] test tui::app::tests::test_move_left_right ... ok
[INFO] [stdout] test tui::app::tests::test_move_to_first_last ... ok
[INFO] [stdout] test tui::app::tests::test_multi_select_toggle_selection ... ok
[INFO] [stdout] test tui::app::tests::test_navigation_last_row_partial ... ok
[INFO] [stdout] test tui::app::tests::test_navigation_with_empty_scripts ... ok
[INFO] [stdout] test package::workspace::tests::test_detect_pnpm_empty_packages ... ok
[INFO] [stdout] test tui::app::tests::test_filter_char_operations ... ok
[INFO] [stdout] test tui::app::tests::test_filter_clear ... ok
[INFO] [stdout] test tui::app::tests::test_move_up_down_multi_column ... ok
[INFO] [stdout] test tui::app::tests::test_move_up_down_single_column ... ok
[INFO] [stdout] test tui::app::tests::test_run_selected ... ok
[INFO] [stdout] test tui::app::tests::test_sort_mode_category ... ok
[INFO] [stdout] test tui::app::tests::test_run_with_args ... ok
[INFO] [stdout] test tui::app::tests::test_toggle_help ... ok
[INFO] [stdout] test tui::app::tests::test_quit ... ok
[INFO] [stdout] test tui::app::tests::test_selected_script ... ok
[INFO] [stdout] test tui::app::tests::test_sort_mode_alpha ... ok
[INFO] [stdout] test tui::app::tests::test_update_columns ... ok
[INFO] [stdout] test tui::app::tests::test_select_by_number ... ok
[INFO] [stdout] test tui::app::tests::test_visible_scripts ... ok
[INFO] [stdout] test tui::input::tests::test_args_mode_backspace ... ok
[INFO] [stdout] test tui::input::tests::test_args_mode_enter_runs_with_args ... ok
[INFO] [stdout] test tui::input::tests::test_args_mode_escape_cancels ... ok
[INFO] [stdout] test tui::input::tests::test_args_mode_type_character ... ok
[INFO] [stdout] test tui::app::tests::test_toggle_filter_mode ... ok
[INFO] [stdout] test tui::input::tests::test_error_mode_any_key_dismisses ... ok
[INFO] [stdout] test tui::input::tests::test_filter_mode_escape_clears_and_exits ... ok
[INFO] [stdout] test tui::input::tests::test_filter_mode_backspace ... ok
[INFO] [stdout] test tui::input::tests::test_filter_mode_enter_runs_script ... ok
[INFO] [stdout] test tui::input::tests::test_help_mode_any_key_closes ... ok
[INFO] [stdout] test tui::input::tests::test_filter_mode_navigation ... ok
[INFO] [stdout] test tui::input::tests::test_filter_mode_type_character ... ok
[INFO] [stdout] test tui::input::tests::test_filter_mode_type_multiple_characters ... ok
[INFO] [stdout] test tui::input::tests::test_handle_event_unknown ... ok
[INFO] [stdout] test tui::input::tests::test_help_mode_escape_closes ... ok
[INFO] [stdout] test tui::input::tests::test_handle_event_key ... ok
[INFO] [stdout] test tui::input::tests::test_filter_mode_backspace_exits_when_empty ... ok
[INFO] [stdout] test tui::input::tests::test_filter_mode_quick_select_empty_query ... ok
[INFO] [stdout] test tui::app::tests::test_toggle_multi_select ... ok
[INFO] [stdout] test tui::input::tests::test_args_mode_type_multiple ... ok
[INFO] [stdout] test tui::app::tests::test_run_numbered ... ok
[INFO] [stdout] test tui::input::tests::test_normal_mode_quit_ctrl_c ... ok
[INFO] [stdout] test tui::input::tests::test_normal_mode_enter_args ... ok
[INFO] [stdout] test tui::input::tests::test_normal_mode_enter_multiselect ... ok
[INFO] [stdout] test tui::input::tests::test_normal_mode_run_selected_o ... ok
[INFO] [stdout] test tui::input::tests::test_normal_mode_run_selected ... ok
[INFO] [stdout] test tui::input::tests::test_multiselect_select_none ... ok
[INFO] [stdout] test tui::input::tests::test_normal_mode_enter_filter ... ok
[INFO] [stdout] test tui::input::tests::test_normal_mode_navigation_vim ... ok
[INFO] [stdout] test tui::input::tests::test_normal_mode_navigation_arrows ... ok
[INFO] [stdout] test tui::input::tests::test_multiselect_navigation ... ok
[INFO] [stdout] test tui::input::tests::test_normal_mode_navigation_home_end ... ok
[INFO] [stdout] test tui::input::tests::test_normal_mode_quick_select ... ok
[INFO] [stdout] test tui::input::tests::test_normal_mode_quit_q ... ok
[INFO] [stdout] test tui::input::tests::test_normal_mode_cycle_sort ... ok
[INFO] [stdout] test tui::layout::tests::test_grid_layout_position ... ok
[INFO] [stdout] test tui::input::tests::test_normal_mode_toggle_help ... ok
[INFO] [stdout] test tui::input::tests::test_normal_mode_navigation_g_shift_g ... ok
[INFO] [stdout] test tui::input::tests::test_multiselect_run_selected ... ok
[INFO] [stdout] test tui::input::tests::test_multiselect_toggle_selection ... ok
[INFO] [stdout] test tui::input::tests::test_multiselect_select_all ... ok
[INFO] [stdout] test tui::input::tests::test_multiselect_escape ... ok
[INFO] [stdout] test tui::theme::tests::test_header_style ... ok
[INFO] [stdout] test tui::theme::tests::test_no_color_theme ... ok
[INFO] [stdout] test tui::theme::tests::test_selected_style_minimal ... ok
[INFO] [stdout] test tui::ui::tests::test_render_creates_layout ... ok
[INFO] [stdout] test tui::theme::tests::test_theme_from_config ... ok
[INFO] [stdout] test tui::layout::tests::test_centered_rect ... ok
[INFO] [stdout] test tui::theme::tests::test_default_theme ... ok
[INFO] [stdout] test tui::widgets::description::tests::test_description_compact ... ok
[INFO] [stdout] test tui::layout::tests::test_main_layout_small_terminal ... ok
[INFO] [stdout] test tui::widgets::description::tests::test_description_long_command ... ok
[INFO] [stdout] test tui::widgets::description::tests::test_description_no_script ... ok
[INFO] [stdout] test tui::widgets::description::tests::test_description_with_script ... ok
[INFO] [stdout] test tui::input::tests::test_resize_updates_columns ... ok
[INFO] [stdout] test tui::layout::tests::test_calculate_column_width ... ok
[INFO] [stdout] test tui::widgets::description::tests::test_error_display ... ok
[INFO] [stdout] test tui::widgets::footer::tests::test_footer_help_mode ... ok
[INFO] [stdout] test tui::layout::tests::test_main_layout_default ... ok
[INFO] [stdout] test tui::layout::tests::test_main_layout_compact ... ok
[INFO] [stdout] test tui::layout::tests::test_calculate_columns ... ok
[INFO] [stdout] test tui::widgets::filter::tests::test_args_filter ... ok
[INFO] [stdout] test tui::widgets::filter::tests::test_filter_active ... ok
[INFO] [stdout] test tui::layout::tests::test_centered_rect_fixed ... ok
[INFO] [stdout] test tui::layout::tests::test_grid_layout_index ... ok
[INFO] [stdout] test tui::widgets::footer::tests::test_footer_filter_mode ... ok
[INFO] [stdout] test tui::widgets::header::tests::test_header_build_line ... ok
[INFO] [stdout] test tui::widgets::footer::tests::test_footer_normal_mode ... ok
[INFO] [stdout] test tui::widgets::footer::tests::test_message_footer_error ... ok
[INFO] [stdout] test tui::widgets::header::tests::test_header_unicode_project_name ... ok
[INFO] [stdout] test tui::widgets::header::tests::test_truncate_very_short ... ok
[INFO] [stdout] test tui::widgets::header::tests::test_truncate_unicode ... ok
[INFO] [stdout] test tui::widgets::header::tests::test_truncate_zero_length ... ok
[INFO] [stdout] test tui::widgets::header::tests::test_truncate_with_ellipsis ... ok
[INFO] [stdout] test tui::widgets::scripts::tests::test_calculate_columns ... ok
[INFO] [stdout] test tui::layout::tests::test_main_layout_no_footer ... ok
[INFO] [stdout] test tui::widgets::scripts::tests::test_render_script ... ok
[INFO] [stdout] test tui::layout::tests::test_centered_rect_fixed_clamps_to_area ... ok
[INFO] [stdout] test tui::widgets::scripts::tests::test_render_script_multiselect ... ok
[INFO] [stdout] test tui::layout::tests::test_grid_layout_visibility ... ok
[INFO] [stdout] test tui::widgets::scripts::tests::test_scripts_grid_creation ... ok
[INFO] [stdout] test tui::widgets::filter::tests::test_filter_placeholder ... ok
[INFO] [stdout] test utils::paths::tests::test_find_package_json_in_current_dir ... ok
[INFO] [stdout] test tui::widgets::filter::tests::test_filter_with_query_inactive ... ok
[INFO] [stdout] test tui::widgets::footer::tests::test_footer_adaptive_width ... ok
[INFO] [stdout] test tui::widgets::footer::tests::test_message_footer ... ok
[INFO] [stdout] test utils::paths::tests::test_find_package_json_in_parent ... ok
[INFO] [stdout] test utils::terminal::tests::test_grid_columns ... ok
[INFO] [stdout] test utils::paths::tests::test_find_package_json_not_found ... ok
[INFO] [stdout] test utils::terminal::tests::test_terminal_size_validity ... ok
[INFO] [stdout] 
[INFO] [stderr]      Running unittests src/main.rs (/opt/rustwide/target/release/build/npm-run-scripts/9ec79aab9af5ec9a/out/nrs-9ec79aab9af5ec9a)
[INFO] [stdout] test result: ok. 313 passed; 0 failed; 0 ignored; 0 measured; 0 filtered out; finished in 0.07s
[INFO] [stdout] 
[INFO] [stderr]      Running tests/integration_tests.rs (/opt/rustwide/target/release/build/npm-run-scripts/f9934826f853b3f8/out/integration_tests-f9934826f853b3f8)
[INFO] [stdout] 
[INFO] [stdout] running 0 tests
[INFO] [stdout] 
[INFO] [stdout] test result: ok. 0 passed; 0 failed; 0 ignored; 0 measured; 0 filtered out; finished in 0.00s
[INFO] [stdout] 
[INFO] [stdout] 
[INFO] [stdout] running 152 tests
[INFO] [stdout] test integration::cli_tests::test_detects_bun_from_lockfile ... ok
[INFO] [stdout] test integration::cli_tests::test_config_file_loaded ... ok
[INFO] [stdout] test integration::cli_tests::test_debug_mode ... ok
[INFO] [stdout] test integration::cli_tests::test_dry_run ... ok
[INFO] [stdout] test integration::cli_tests::test_exclude_lifecycle_scripts ... ok
[INFO] [stdout] test integration::cli_tests::test_dry_run_short_flag ... ok
[INFO] [stdout] test integration::cli_tests::test_detects_from_package_manager_field ... ok
[INFO] [stdout] test integration::cli_tests::test_debug_shows_file_locations ... ok
[INFO] [stdout] test integration::cli_tests::test_dry_run_with_args ... ok
[INFO] [stdout] test integration::cli_tests::test_exit_code_no_scripts ... ok
[INFO] [stdout] test integration::cli_tests::test_detects_npm_from_lockfile ... ok
[INFO] [stdout] test integration::cli_tests::test_exit_code_script_failed ... FAILED
[INFO] [stdout] test integration::cli_tests::test_exclude_single_pattern ... ok
[INFO] [stdout] test integration::cli_tests::test_list_basic ... ok
[INFO] [stdout] test integration::cli_tests::test_list_large_project ... ok
[INFO] [stdout] test integration::cli_tests::test_invalid_json ... ok
[INFO] [stdout] test integration::cli_tests::test_detects_pnpm_from_lockfile ... ok
[INFO] [stdout] test integration::cli_tests::test_list_no_scripts_field ... ok
[INFO] [stdout] test integration::cli_tests::test_help_output ... ok
[INFO] [stdout] test integration::cli_tests::test_last_no_history ... ok
[INFO] [stdout] test integration::cli_tests::test_detects_yarn_from_lockfile ... ok
[INFO] [stdout] test integration::cli_tests::test_exclude_wildcard ... ok
[INFO] [stdout] test integration::cli_tests::test_exclude_multiple_patterns ... ok
[INFO] [stdout] test integration::cli_tests::test_dry_run_with_runner ... ok
[INFO] [stdout] test integration::cli_tests::test_exit_code_no_package_json ... ok
[INFO] [stdout] test integration::cli_tests::test_exit_code_success ... FAILED
[INFO] [stdout] test integration::cli_tests::test_list_short_flag ... ok
[INFO] [stdout] test integration::cli_tests::test_list_special_characters ... ok
[INFO] [stdout] test integration::cli_tests::test_list_with_descriptions ... ok
[INFO] [stdout] test integration::cli_tests::test_list_empty_scripts ... ok
[INFO] [stdout] test integration::cli_tests::test_help_short ... ok
[INFO] [stdout] test integration::cli_tests::test_runner_npm ... ok
[INFO] [stdout] test integration::cli_tests::test_runner_pnpm ... ok
[INFO] [stdout] test integration::cli_tests::test_list_unicode_scripts ... ok
[INFO] [stdout] test integration::cli_tests::test_sort_category ... ok
[INFO] [stdout] test integration::cli_tests::test_script_short_flag ... FAILED
[INFO] [stdout] test integration::cli_tests::test_script_with_args ... FAILED
[INFO] [stdout] test integration::cli_tests::test_runner_invalid ... ok
[INFO] [stdout] test integration::config_tests::test_appearance_config_defaults ... ok
[INFO] [stdout] test integration::cli_tests::test_script_special_characters ... FAILED
[INFO] [stdout] test integration::config_tests::test_config_file_in_project ... ok
[INFO] [stdout] test integration::cli_tests::test_list_with_runner_override ... ok
[INFO] [stdout] test integration::config_tests::test_config_merge ... ok
[INFO] [stdout] test integration::config_tests::test_config_new ... ok
[INFO] [stdout] test integration::cli_tests::test_version_short ... ok
[INFO] [stdout] test integration::cli_tests::test_script_valid ... FAILED
[INFO] [stdout] test integration::config_tests::test_config_toml_roundtrip ... ok
[INFO] [stdout] test integration::config_tests::test_config_with_comments ... ok
[INFO] [stdout] test integration::config_tests::test_default_config ... ok
[INFO] [stdout] test integration::cli_tests::test_runner_yarn ... ok
[INFO] [stdout] test integration::cli_tests::test_sort_invalid ... ok
[INFO] [stdout] test integration::config_tests::test_full_config_parsing ... ok
[INFO] [stdout] test integration::config_tests::test_exclude_config_defaults ... ok
[INFO] [stdout] test integration::config_tests::test_empty_config_parsing ... ok
[INFO] [stdout] test integration::config_tests::test_invalid_toml ... ok
[INFO] [stdout] test integration::cli_tests::test_path_argument ... ok
[INFO] [stdout] test integration::cli_tests::test_script_invalid ... ok
[INFO] [stdout] test integration::cli_tests::test_path_nonexistent ... ok
[INFO] [stdout] test integration::cli_tests::test_no_config_flag ... ok
[INFO] [stdout] test integration::config_tests::test_scripts_config ... ok
[INFO] [stdout] test integration::config_tests::test_user_config_path ... ok
[INFO] [stdout] test integration::cli_tests::test_script_with_suggestion ... ok
[INFO] [stdout] test integration::detection_tests::test_bun_lockfile_priority_over_other_lockfiles ... ok
[INFO] [stdout] test integration::config_tests::test_config_with_exclude_patterns ... ok
[INFO] [stdout] test integration::config_tests::test_exclude_patterns_merge ... ok
[INFO] [stdout] test integration::cli_tests::test_sort_recent ... ok
[INFO] [stdout] test integration::detection_tests::test_detect_package_manager_without_version ... ok
[INFO] [stdout] test integration::config_tests::test_general_config_runner ... ok
[INFO] [stdout] test integration::config_tests::test_history_config_defaults ... ok
[INFO] [stdout] test integration::config_tests::test_history_config_parsing ... ok
[INFO] [stdout] test integration::detection_tests::test_detect_pnpm_from_lockfile ... ok
[INFO] [stdout] test integration::detection_tests::test_detect_bun_from_package_manager ... ok
[INFO] [stdout] test integration::detection_tests::test_detect_pnpm_from_package_manager ... ok
[INFO] [stdout] test integration::detection_tests::test_detect_npm_from_lockfile ... ok
[INFO] [stdout] test integration::detection_tests::test_detect_npm_from_package_manager ... ok
[INFO] [stdout] test integration::config_tests::test_partial_config_parsing ... ok
[INFO] [stdout] test integration::detection_tests::test_detect_package_manager_with_sha ... ok
[INFO] [stdout] test integration::detection_tests::test_detect_bun_from_lockfile ... ok
[INFO] [stdout] test integration::cli_tests::test_version_output ... ok
[INFO] [stdout] test integration::detection_tests::test_detect_reason_default ... ok
[INFO] [stdout] test integration::detection_tests::test_detect_yarn_from_lockfile ... ok
[INFO] [stdout] test integration::detection_tests::test_runner_from_str_invalid ... ok
[INFO] [stdout] test integration::detection_tests::test_runner_from_str_case_insensitive ... ok
[INFO] [stdout] test integration::detection_tests::test_runner_run_command_npm ... ok
[INFO] [stdout] test integration::detection_tests::test_runner_run_command_pnpm ... ok
[INFO] [stdout] test integration::detection_tests::test_runner_run_command_with_args_bun ... ok
[INFO] [stdout] test integration::detection_tests::test_runner_run_command_with_args_npm ... ok
[INFO] [stdout] test integration::detection_tests::test_runner_run_command_with_args_pnpm ... ok
[INFO] [stdout] test integration::detection_tests::test_runner_run_command_with_args_yarn ... ok
[INFO] [stdout] test integration::detection_tests::test_runner_run_command_yarn ... ok
[INFO] [stdout] test integration::detection_tests::test_runner_from_str ... ok
[INFO] [stdout] test integration::detection_tests::test_detect_yarn_from_package_manager ... ok
[INFO] [stdout] test integration::detection_tests::test_detect_reason_lockfile ... ok
[INFO] [stdout] test integration::detection_tests::test_runner_lock_files ... ok
[INFO] [stdout] test integration::detection_tests::test_runner_run_command_bun ... ok
[INFO] [stdout] test integration::detection_tests::test_yarn_priority_over_npm ... ok
[INFO] [stdout] test integration::detection_tests::test_empty_package_manager_field ... ok
[INFO] [stdout] test integration::detection_tests::test_detect_reason_package_manager ... ok
[INFO] [stdout] test integration::fixtures::tests::test_create_project ... ok
[INFO] [stdout] test integration::detection_tests::test_no_package_json_fallback ... ok
[INFO] [stdout] test integration::detection_tests::test_package_manager_takes_priority_over_lockfile ... ok
[INFO] [stdout] test integration::detection_tests::test_fallback_to_npm ... ok
[INFO] [stdout] test integration::fixtures::tests::test_create_project_with_config ... ok
[INFO] [stdout] test integration::fixtures::tests::test_create_project_with_lockfile ... ok
[INFO] [stdout] test integration::fixtures::tests::test_lockfile_types ... ok
[INFO] [stdout] test integration::history_tests::test_empty_script_name ... ok
[INFO] [stdout] test integration::history_tests::test_history_missing_file ... ok
[INFO] [stdout] test integration::history_tests::test_history_record_run ... ok
[INFO] [stdout] test integration::history_tests::test_history_run_count ... ok
[INFO] [stdout] test integration::cli_tests::test_sort_alpha ... ok
[INFO] [stdout] test integration::cli_tests::test_runner_bun ... ok
[INFO] [stdout] test integration::history_tests::test_get_last_script_no_history ... ok
[INFO] [stdout] test integration::history_tests::test_history_corrupt_file_recovery ... ok
[INFO] [stdout] test integration::history_tests::test_history_empty_file ... ok
[INFO] [stdout] test integration::history_tests::test_history_record_with_args ... ok
[INFO] [stdout] test integration::history_tests::test_history_multiple_runs ... ok
[INFO] [stdout] test integration::history_tests::test_history_save_and_load ... ok
[INFO] [stdout] test integration::history_tests::test_history_new ... ok
[INFO] [stdout] test integration::history_tests::test_history_serialization_format ... ok
[INFO] [stdout] test integration::history_tests::test_history_cleanup_projects ... ok
[INFO] [stdout] test integration::history_tests::test_history_cleanup_scripts ... ok
[INFO] [stdout] test integration::history_tests::test_history_version ... ok
[INFO] [stdout] test integration::history_tests::test_multiple_projects ... ok
[INFO] [stdout] test integration::history_tests::test_script_score ... ok
[INFO] [stdout] test integration::history_tests::test_script_stats_last_run_time ... ok
[INFO] [stdout] test integration::detection_tests::test_runner_executables ... ok
[INFO] [stdout] test integration::history_tests::test_script_stats_run_count ... ok
[INFO] [stdout] test integration::history_tests::test_get_last_script ... ok
[INFO] [stdout] test integration::history_tests::test_project_isolation ... ok
[INFO] [stdout] test integration::detection_tests::test_pnpm_priority_over_yarn_and_npm ... ok
[INFO] [stdout] test integration::detection_tests::test_invalid_package_manager_field ... ok
[INFO] [stdout] test integration::history_tests::test_special_chars_in_path ... ok
[INFO] [stdout] test integration::history_tests::test_very_long_args ... ok
[INFO] [stdout] test integration::history_tests::test_unicode_script_name ... ok
[INFO] [stdout] test integration::snapshot_tests::test_snapshot_dry_run_with_args ... ok
[INFO] [stdout] test integration::snapshot_tests::test_snapshot_error_script_not_found_with_suggestion ... ok
[INFO] [stdout] test integration::snapshot_tests::test_snapshot_help_short_output ... ok
[INFO] [stdout] test integration::snapshot_tests::test_snapshot_help_output ... ok
[INFO] [stdout] test integration::snapshot_tests::test_snapshot_list_empty_project ... ok
[INFO] [stdout] test integration::snapshot_tests::test_snapshot_dry_run_bun ... ok
[INFO] [stdout] test integration::snapshot_tests::test_snapshot_dry_run_yarn ... ok
[INFO] [stdout] test integration::snapshot_tests::test_snapshot_error_script_not_found ... ok
[INFO] [stdout] test integration::snapshot_tests::test_snapshot_dry_run_npm ... ok
[INFO] [stdout] test integration::snapshot_tests::test_snapshot_error_invalid_runner ... ok
[INFO] [stdout] test integration::snapshot_tests::test_snapshot_error_invalid_json ... ok
[INFO] [stdout] test integration::snapshot_tests::test_snapshot_dry_run_pnpm ... ok
[INFO] [stdout] test integration::snapshot_tests::test_snapshot_list_basic ... ok
[INFO] [stdout] test integration::snapshot_tests::test_snapshot_error_no_package_json ... ok
[INFO] [stdout] test integration::snapshot_tests::test_snapshot_error_no_history ... ok
[INFO] [stdout] test integration::snapshot_tests::test_snapshot_list_with_descriptions ... ok
[INFO] [stdout] test integration::snapshot_tests::test_snapshot_version_output ... FAILED
[INFO] [stdout] test integration::snapshot_tests::test_snapshot_debug_output ... FAILED
[INFO] [stdout] 
[INFO] [stdout] failures:
[INFO] [stdout] 
[INFO] [stdout] ---- integration::cli_tests::test_exit_code_script_failed stdout ----
[INFO] [stdout] 
[INFO] [stdout] thread 'integration::cli_tests::test_exit_code_script_failed' (3197) panicked at /rustc/e3feeb59cd1bdd011a2bfcc0747b55125d9b8527/library/core/src/ops/function.rs:250:5:
[INFO] [stdout] Unexpected return code, failed var == 42
[INFO] [stdout] └── var: 1
[INFO] [stdout] 
[INFO] [stdout] command=`cd "/tmp/.tmpbAsp3a" && "/opt/rustwide/target/release/nrs" "--script" "fail"`
[INFO] [stdout] code=1
[INFO] [stdout] stdout=""
[INFO] [stdout] stderr="Error: Failed to execute: npm run fail: No such file or directory (os error 2)\n"
[INFO] [stdout] 
[INFO] [stdout] stack backtrace:
[INFO] [stdout]    0:     0x5c61871b8b75 - <unknown>
[INFO] [stdout]    1:     0x5c618709ff4a - <unknown>
[INFO] [stdout]    2:     0x5c61871b820b - <unknown>
[INFO] [stdout]    3:     0x5c61871b7cef - <unknown>
[INFO] [stdout]    4:     0x5c61871b791a - <unknown>
[INFO] [stdout]    5:     0x5c61871b7455 - <unknown>
[INFO] [stdout]    6:     0x5c61871de201 - <unknown>
[INFO] [stdout]    7:     0x5c61871de1b9 - <unknown>
[INFO] [stdout]    8:     0x5c61871de6bc - <unknown>
[INFO] [stdout]    9:     0x5c618709fddb - <unknown>
[INFO] [stdout]   10:     0x5c6187012193 - <unknown>
[INFO] [stdout]   11:     0x5c6187062107 - <unknown>
[INFO] [stdout]   12:     0x5c61871fd5cb - <unknown>
[INFO] [stdout]   13:     0x5c61871f9591 - <unknown>
[INFO] [stdout]   14:     0x5c61871f8d7c - <unknown>
[INFO] [stdout]   15:     0x5c61872181ec - <unknown>
[INFO] [stdout]   16:     0x5c61871e01a4 - <unknown>
[INFO] [stdout]   17:     0x7efdac558dfa - <unknown>
[INFO] [stdout]   18:     0x7efdac5ec3d4 - clone
[INFO] [stdout]   19:                0x0 - <unknown>
[INFO] [stdout] 
[INFO] [stdout] ---- integration::cli_tests::test_exit_code_success stdout ----
[INFO] [stdout] 
[INFO] [stdout] thread 'integration::cli_tests::test_exit_code_success' (3216) panicked at /rustc/e3feeb59cd1bdd011a2bfcc0747b55125d9b8527/library/core/src/ops/function.rs:250:5:
[INFO] [stdout] Unexpected return code, failed var == 0
[INFO] [stdout] └── var: 1
[INFO] [stdout] 
[INFO] [stdout] command=`cd "/tmp/.tmpm7cDi5" && "/opt/rustwide/target/release/nrs" "--script" "test"`
[INFO] [stdout] code=1
[INFO] [stdout] stdout=""
[INFO] [stdout] stderr="Error: Failed to execute: npm run test: No such file or directory (os error 2)\n"
[INFO] [stdout] 
[INFO] [stdout] stack backtrace:
[INFO] [stdout]    0:     0x5c61871b8b75 - <unknown>
[INFO] [stdout]    1:     0x5c618709ff4a - <unknown>
[INFO] [stdout]    2:     0x5c61871b820b - <unknown>
[INFO] [stdout]    3:     0x5c61871b7cef - <unknown>
[INFO] [stdout]    4:     0x5c61871b791a - <unknown>
[INFO] [stdout]    5:     0x5c61871b7455 - <unknown>
[INFO] [stdout]    6:     0x5c61871de201 - <unknown>
[INFO] [stdout]    7:     0x5c61871de1b9 - <unknown>
[INFO] [stdout]    8:     0x5c61871de6bc - <unknown>
[INFO] [stdout]    9:     0x5c618709fddb - <unknown>
[INFO] [stdout]   10:     0x5c6187012193 - <unknown>
[INFO] [stdout]   11:     0x5c618705e887 - <unknown>
[INFO] [stdout]   12:     0x5c61871fd5cb - <unknown>
[INFO] [stdout]   13:     0x5c61871f9591 - <unknown>
[INFO] [stdout]   14:     0x5c61871f8d7c - <unknown>
[INFO] [stdout]   15:     0x5c61872181ec - <unknown>
[INFO] [stdout]   16:     0x5c61871e01a4 - <unknown>
[INFO] [stdout]   17:     0x7efdac558dfa - <unknown>
[INFO] [stdout]   18:     0x7efdac5ec3d4 - clone
[INFO] [stdout]   19:                0x0 - <unknown>
[INFO] [stdout] 
[INFO] [stdout] ---- integration::cli_tests::test_script_short_flag stdout ----
[INFO] [stdout] 
[INFO] [stdout] thread 'integration::cli_tests::test_script_short_flag' (3300) panicked at /rustc/e3feeb59cd1bdd011a2bfcc0747b55125d9b8527/library/core/src/ops/function.rs:250:5:
[INFO] [stdout] Unexpected failure.
[INFO] [stdout] code=1
[INFO] [stdout] stderr=```"Error: Failed to execute: npm run test: No such file or directory (os error 2)\n"```
[INFO] [stdout] command=`cd "/tmp/.tmp6uPBUZ" && "/opt/rustwide/target/release/nrs" "-n" "test"`
[INFO] [stdout] code=1
[INFO] [stdout] stdout=""
[INFO] [stdout] stderr="Error: Failed to execute: npm run test: No such file or directory (os error 2)\n"
[INFO] [stdout] 
[INFO] [stdout] stack backtrace:
[INFO] [stdout]    0:     0x5c61871b8b75 - <unknown>
[INFO] [stdout]    1:     0x5c618709ff4a - <unknown>
[INFO] [stdout]    2:     0x5c61871b820b - <unknown>
[INFO] [stdout]    3:     0x5c61871b7cef - <unknown>
[INFO] [stdout]    4:     0x5c61871b791a - <unknown>
[INFO] [stdout]    5:     0x5c61871b7455 - <unknown>
[INFO] [stdout]    6:     0x5c61871de201 - <unknown>
[INFO] [stdout]    7:     0x5c61871de1b9 - <unknown>
[INFO] [stdout]    8:     0x5c61871de6bc - <unknown>
[INFO] [stdout]    9:     0x5c618709fddb - <unknown>
[INFO] [stdout]   10:     0x5c6187097df3 - <unknown>
[INFO] [stdout]   11:     0x5c618705ebaa - <unknown>
[INFO] [stdout]   12:     0x5c61871fd5cb - <unknown>
[INFO] [stdout]   13:     0x5c61871f9591 - <unknown>
[INFO] [stdout]   14:     0x5c61871f8d7c - <unknown>
[INFO] [stdout]   15:     0x5c61872181ec - <unknown>
[INFO] [stdout]   16:     0x5c61871e01a4 - <unknown>
[INFO] [stdout]   17:     0x7efdac558dfa - <unknown>
[INFO] [stdout]   18:     0x7efdac5ec3d4 - clone
[INFO] [stdout]   19:                0x0 - <unknown>
[INFO] [stdout] 
[INFO] [stdout] ---- integration::cli_tests::test_script_with_args stdout ----
[INFO] [stdout] 
[INFO] [stdout] thread 'integration::cli_tests::test_script_with_args' (3314) panicked at /rustc/e3feeb59cd1bdd011a2bfcc0747b55125d9b8527/library/core/src/ops/function.rs:250:5:
[INFO] [stdout] Unexpected failure.
[INFO] [stdout] code=1
[INFO] [stdout] stderr=```"Error: Failed to execute: npm run test -- hello world: No such file or directory (os error 2)\n"```
[INFO] [stdout] command=`cd "/tmp/.tmpBodL83" && "/opt/rustwide/target/release/nrs" "--script" "test" "--args" "hello world"`
[INFO] [stdout] code=1
[INFO] [stdout] stdout=""
[INFO] [stdout] stderr="Error: Failed to execute: npm run test -- hello world: No such file or directory (os error 2)\n"
[INFO] [stdout] 
[INFO] [stdout] stack backtrace:
[INFO] [stdout]    0:     0x5c61871b8b75 - <unknown>
[INFO] [stdout]    1:     0x5c618709ff4a - <unknown>
[INFO] [stdout]    2:     0x5c61871b820b - <unknown>
[INFO] [stdout]    3:     0x5c61871b7cef - <unknown>
[INFO] [stdout]    4:     0x5c61871b791a - <unknown>
[INFO] [stdout]    5:     0x5c61871b7455 - <unknown>
[INFO] [stdout]    6:     0x5c61871de201 - <unknown>
[INFO] [stdout]    7:     0x5c61871de1b9 - <unknown>
[INFO] [stdout]    8:     0x5c61871de6bc - <unknown>
[INFO] [stdout]    9:     0x5c618709fddb - <unknown>
[INFO] [stdout]   10:     0x5c6187097df3 - <unknown>
[INFO] [stdout]   11:     0x5c618705e123 - <unknown>
[INFO] [stdout]   12:     0x5c61871fd5cb - <unknown>
[INFO] [stdout]   13:     0x5c61871f9591 - <unknown>
[INFO] [stdout]   14:     0x5c61871f8d7c - <unknown>
[INFO] [stdout]   15:     0x5c61872181ec - <unknown>
[INFO] [stdout]   16:     0x5c61871e01a4 - <unknown>
[INFO] [stdout]   17:     0x7efdac558dfa - <unknown>
[INFO] [stdout]   18:     0x7efdac5ec3d4 - clone
[INFO] [stdout]   19:                0x0 - <unknown>
[INFO] [stdout] 
[INFO] [stdout] ---- integration::cli_tests::test_script_special_characters stdout ----
[INFO] [stdout] 
[INFO] [stdout] thread 'integration::cli_tests::test_script_special_characters' (3303) panicked at /rustc/e3feeb59cd1bdd011a2bfcc0747b55125d9b8527/library/core/src/ops/function.rs:250:5:
[INFO] [stdout] Unexpected failure.
[INFO] [stdout] code=1
[INFO] [stdout] stderr=```"Error: Failed to execute: npm run build:prod: No such file or directory (os error 2)\n"```
[INFO] [stdout] command=`cd "/tmp/.tmp65gZwO" && "/opt/rustwide/target/release/nrs" "--script" "build:prod"`
[INFO] [stdout] code=1
[INFO] [stdout] stdout=""
[INFO] [stdout] stderr="Error: Failed to execute: npm run build:prod: No such file or directory (os error 2)\n"
[INFO] [stdout] 
[INFO] [stdout] stack backtrace:
[INFO] [stdout]    0:     0x5c61871b8b75 - <unknown>
[INFO] [stdout]    1:     0x5c618709ff4a - <unknown>
[INFO] [stdout]    2:     0x5c61871b820b - <unknown>
[INFO] [stdout]    3:     0x5c61871b7cef - <unknown>
[INFO] [stdout]    4:     0x5c61871b791a - <unknown>
[INFO] [stdout]    5:     0x5c61871b7455 - <unknown>
[INFO] [stdout]    6:     0x5c61871de201 - <unknown>
[INFO] [stdout]    7:     0x5c61871de1b9 - <unknown>
[INFO] [stdout]    8:     0x5c61871de6bc - <unknown>
[INFO] [stdout]    9:     0x5c618709fddb - <unknown>
[INFO] [stdout]   10:     0x5c6187097df3 - <unknown>
[INFO] [stdout]   11:     0x5c6187063fc0 - <unknown>
[INFO] [stdout]   12:     0x5c61871fd5cb - <unknown>
[INFO] [stdout]   13:     0x5c61871f9591 - <unknown>
[INFO] [stdout]   14:     0x5c61871f8d7c - <unknown>
[INFO] [stdout]   15:     0x5c61872181ec - <unknown>
[INFO] [stdout]   16:     0x5c61871e01a4 - <unknown>
[INFO] [stdout]   17:     0x7efdac558dfa - <unknown>
[INFO] [stdout]   18:     0x7efdac5ec3d4 - clone
[INFO] [stdout]   19:                0x0 - <unknown>
[INFO] [stdout] 
[INFO] [stdout] ---- integration::cli_tests::test_script_valid stdout ----
[INFO] [stdout] 
[INFO] [stdout] thread 'integration::cli_tests::test_script_valid' (3309) panicked at /rustc/e3feeb59cd1bdd011a2bfcc0747b55125d9b8527/library/core/src/ops/function.rs:250:5:
[INFO] [stdout] Unexpected failure.
[INFO] [stdout] code=1
[INFO] [stdout] stderr=```"Error: Failed to execute: npm run test: No such file or directory (os error 2)\n"```
[INFO] [stdout] command=`cd "/tmp/.tmplb7P6E" && "/opt/rustwide/target/release/nrs" "--script" "test"`
[INFO] [stdout] code=1
[INFO] [stdout] stdout=""
[INFO] [stdout] stderr="Error: Failed to execute: npm run test: No such file or directory (os error 2)\n"
[INFO] [stdout] 
[INFO] [stdout] stack backtrace:
[INFO] [stdout]    0:     0x5c61871b8b75 - <unknown>
[INFO] [stdout]    1:     0x5c618709ff4a - <unknown>
[INFO] [stdout]    2:     0x5c61871b820b - <unknown>
[INFO] [stdout]    3:     0x5c61871b7cef - <unknown>
[INFO] [stdout]    4:     0x5c61871b791a - <unknown>
[INFO] [stdout]    5:     0x5c61871b7455 - <unknown>
[INFO] [stdout]    6:     0x5c61871de201 - <unknown>
[INFO] [stdout]    7:     0x5c61871de1b9 - <unknown>
[INFO] [stdout]    8:     0x5c61871de6bc - <unknown>
[INFO] [stdout]    9:     0x5c618709fddb - <unknown>
[INFO] [stdout]   10:     0x5c6187097df3 - <unknown>
[INFO] [stdout]   11:     0x5c618705acca - <unknown>
[INFO] [stdout]   12:     0x5c61871fd5cb - <unknown>
[INFO] [stdout]   13:     0x5c61871f9591 - <unknown>
[INFO] [stdout]   14:     0x5c61871f8d7c - <unknown>
[INFO] [stdout]   15:     0x5c61872181ec - <unknown>
[INFO] [stdout]   16:     0x5c61871e01a4 - <unknown>
[INFO] [stdout]   17:     0x7efdac558dfa - <unknown>
[INFO] [stdout]   18:     0x7efdac5ec3d4 - clone
[INFO] [stdout]   19:                0x0 - <unknown>
[INFO] [stdout] 
[INFO] [stdout] ---- integration::snapshot_tests::test_snapshot_version_output stdout ----
[INFO] [stdout] ━━━━━━━━━━━━━━━━━━━━━━━━━━━━━━━ Snapshot Summary ━━━━━━━━━━━━━━━━━━━━━━━━━━━━━━━
[INFO] [stdout] Snapshot file: tests/integration/snapshots/integration_tests__integration__snapshot_tests__version_output.snap
[INFO] [stdout] Snapshot: version_output
[INFO] [stdout] Source: tests/integration/snapshot_tests.rs:46
[INFO] [stdout] ────────────────────────────────────────────────────────────────────────────────
[INFO] [stdout] Expression: stdout
[INFO] [stdout] ────────────────────────────────────────────────────────────────────────────────
[INFO] [stdout] -old snapshot
[INFO] [stdout] +new results
[INFO] [stdout] ────────────┬───────────────────────────────────────────────────────────────────
[INFO] [stdout]     1       │-nrs 1.0.1
[INFO] [stdout]           1 │+nrs 1.0.2
[INFO] [stdout] ────────────┴───────────────────────────────────────────────────────────────────
[INFO] [stdout] 
[INFO] [stdout] thread 'integration::snapshot_tests::test_snapshot_version_output' (3519) panicked at tests/integration/snapshot_tests.rs:46:5:
[INFO] [stdout] called `Result::unwrap()` on an `Err` value: FileIo(Os { code: 30, kind: ReadOnlyFilesystem, message: "Read-only file system" }, "/opt/rustwide/workdir/tests/integration/snapshots/integration_tests__integration__snapshot_tests__version_output.snap.new")
[INFO] [stdout] stack backtrace:
[INFO] [stdout]    0:     0x5c61871b8b75 - <unknown>
[INFO] [stdout]    1:     0x5c618709ff4a - <unknown>
[INFO] [stdout]    2:     0x5c61871b820b - <unknown>
[INFO] [stdout]    3:     0x5c61871b7cef - <unknown>
[INFO] [stdout]    4:     0x5c61871b791a - <unknown>
[INFO] [stdout]    5:     0x5c61871b7455 - <unknown>
[INFO] [stdout]    6:     0x5c61871de201 - <unknown>
[INFO] [stdout]    7:     0x5c61871de1b9 - <unknown>
[INFO] [stdout]    8:     0x5c61871de6bc - <unknown>
[INFO] [stdout]    9:     0x5c618709fddb - <unknown>
[INFO] [stdout]   10:     0x5c61870a4711 - <unknown>
[INFO] [stdout]   11:     0x5c618704ebc9 - <unknown>
[INFO] [stdout]   12:     0x5c61871fd5cb - <unknown>
[INFO] [stdout]   13:     0x5c61871f9591 - <unknown>
[INFO] [stdout]   14:     0x5c61871f8d7c - <unknown>
[INFO] [stdout]   15:     0x5c61872181ec - <unknown>
[INFO] [stdout]   16:     0x5c61871e01a4 - <unknown>
[INFO] [stdout]   17:     0x7efdac558dfa - <unknown>
[INFO] [stdout]   18:     0x7efdac5ec3d4 - clone
[INFO] [stdout]   19:                0x0 - <unknown>
[INFO] [stdout] 
[INFO] [stdout] ---- integration::snapshot_tests::test_snapshot_debug_output stdout ----
[INFO] [stdout] ━━━━━━━━━━━━━━━━━━━━━━━━━━━━━━━ Snapshot Summary ━━━━━━━━━━━━━━━━━━━━━━━━━━━━━━━
[INFO] [stdout] Snapshot file: tests/integration/snapshots/integration_tests__integration__snapshot_tests__debug_output.snap
[INFO] [stdout] Snapshot: debug_output
[INFO] [stdout] Source: tests/integration/snapshot_tests.rs:331
[INFO] [stdout] ────────────────────────────────────────────────────────────────────────────────
[INFO] [stdout] Expression: normalized
[INFO] [stdout] ────────────────────────────────────────────────────────────────────────────────
[INFO] [stdout] -old snapshot
[INFO] [stdout] +new results
[INFO] [stdout] ────────────┬───────────────────────────────────────────────────────────────────
[INFO] [stdout]     1     1 │ === nrs debug mode ===
[INFO] [stdout]     2       │-Version: 1.0.1
[INFO] [stdout]           2 │+Version: 1.0.2
[INFO] [stdout]     3     3 │ 
[INFO] [stdout]     4     4 │ Debug: CLI arguments = Cli {
[INFO] [stdout]     5     5 │     path: None,
[INFO] [stdout]     6     6 │     last: false,
[INFO] [stdout] ┈┈┈┈┈┈┈┈┈┈┈┈┼┈┈┈┈┈┈┈┈┈┈┈┈┈┈┈┈┈┈┈┈┈┈┈┈┈┈┈┈┈┈┈┈┈┈┈┈┈┈┈┈┈┈┈┈┈┈┈┈┈┈┈┈┈┈┈┈┈┈┈┈┈┈┈┈┈┈┈
[INFO] [stdout]    17    17 │     completions: None,
[INFO] [stdout]    18    18 │ }
[INFO] [stdout]    19    19 │ Debug: Project directory = <PATH>
[INFO] [stdout]    20    20 │ Debug: File locations:
[INFO] [stdout]    21       │-  History file: <PATH> Support<PATH> (exists: true)
[INFO] [stdout]    22       │-  Global config: <PATH> Support<PATH> (exists: false)
[INFO] [stdout]          21 │+  History file: <PATH> (exists: true)
[INFO] [stdout]          22 │+  Global config: <PATH> (exists: false)
[INFO] [stdout]    23    23 │   Local config: <PATH> (exists: false)
[INFO] [stdout]    24    24 │   package.json: <PATH> (exists: true)
[INFO] [stdout]    25    25 │ 
[INFO] [stdout]    26    26 │ Debug: Package manager = npm (default (no lock file found))
[INFO] [stdout] ────────────┴───────────────────────────────────────────────────────────────────
[INFO] [stdout] 
[INFO] [stdout] thread 'integration::snapshot_tests::test_snapshot_debug_output' (3453) panicked at tests/integration/snapshot_tests.rs:331:5:
[INFO] [stdout] called `Result::unwrap()` on an `Err` value: FileIo(Os { code: 30, kind: ReadOnlyFilesystem, message: "Read-only file system" }, "/opt/rustwide/workdir/tests/integration/snapshots/integration_tests__integration__snapshot_tests__debug_output.snap.new")
[INFO] [stdout] stack backtrace:
[INFO] [stdout]    0:     0x5c61871b8b75 - <unknown>
[INFO] [stdout]    1:     0x5c618709ff4a - <unknown>
[INFO] [stdout]    2:     0x5c61871b820b - <unknown>
[INFO] [stdout]    3:     0x5c61871b7cef - <unknown>
[INFO] [stdout]    4:     0x5c61871b791a - <unknown>
[INFO] [stdout]    5:     0x5c61871b7455 - <unknown>
[INFO] [stdout]    6:     0x5c61871de201 - <unknown>
[INFO] [stdout]    7:     0x5c61871de1b9 - <unknown>
[INFO] [stdout]    8:     0x5c61871de6bc - <unknown>
[INFO] [stdout]    9:     0x5c618709fddb - <unknown>
[INFO] [stdout]   10:     0x5c61870a4711 - <unknown>
[INFO] [stdout]   11:     0x5c618704db1e - <unknown>
[INFO] [stdout]   12:     0x5c61871fd5cb - <unknown>
[INFO] [stdout]   13:     0x5c61871f9591 - <unknown>
[INFO] [stdout]   14:     0x5c61871f8d7c - <unknown>
[INFO] [stdout]   15:     0x5c61872181ec - <unknown>
[INFO] [stdout]   16:     0x5c61871e01a4 - <unknown>
[INFO] [stdout]   17:     0x7efdac558dfa - <unknown>
[INFO] [stdout]   18:     0x7efdac5ec3d4 - clone
[INFO] [stdout]   19:                0x0 - <unknown>
[INFO] [stdout] 
[INFO] [stdout] 
[INFO] [stdout] failures:
[INFO] [stdout]     integration::cli_tests::test_exit_code_script_failed
[INFO] [stdout]     integration::cli_tests::test_exit_code_success
[INFO] [stdout]     integration::cli_tests::test_script_short_flag
[INFO] [stdout]     integration::cli_tests::test_script_special_characters
[INFO] [stdout]     integration::cli_tests::test_script_valid
[INFO] [stdout]     integration::cli_tests::test_script_with_args
[INFO] [stdout]     integration::snapshot_tests::test_snapshot_debug_output
[INFO] [stdout]     integration::snapshot_tests::test_snapshot_version_output
[INFO] [stdout] 
[INFO] [stdout] test result: FAILED. 144 passed; 8 failed; 0 ignored; 0 measured; 0 filtered out; finished in 0.68s
[INFO] [stdout] 
[INFO] [stderr] error: test failed, to rerun pass `--test integration_tests`
[INFO] running `Command { std: "docker" "inspect" "15b54c488332c30c847c7bdb4e339abc719244eda6c7d0e64bcf1072a0b4081a", kill_on_drop: false }`
[INFO] running `Command { std: "docker" "rm" "-f" "15b54c488332c30c847c7bdb4e339abc719244eda6c7d0e64bcf1072a0b4081a", kill_on_drop: false }`
[INFO] [stdout] 15b54c488332c30c847c7bdb4e339abc719244eda6c7d0e64bcf1072a0b4081a
