[INFO] cloning repository https://github.com/tetedu/tuitio-contract
[INFO] running `Command { std: "git" "-c" "credential.helper=" "-c" "credential.helper=/workspace/cargo-home/bin/git-credential-null" "clone" "--bare" "https://github.com/tetedu/tuitio-contract" "/workspace/cache/git-repos/https%3A%2F%2Fgithub.com%2Ftetedu%2Ftuitio-contract", kill_on_drop: false }`
[INFO] [stderr] Cloning into bare repository '/workspace/cache/git-repos/https%3A%2F%2Fgithub.com%2Ftetedu%2Ftuitio-contract'...
[INFO] running `Command { std: "git" "rev-parse" "HEAD", kill_on_drop: false }`
[INFO] [stdout] 7ae06c49a849a31c4d72d7a8dc2a7a75452020d1
[INFO] testing tetedu/tuitio-contract against 1.100.0-beta.1+cargoflags=--release for beta-release-1.100-2
[INFO] running `Command { std: "git" "clone" "/workspace/cache/git-repos/https%3A%2F%2Fgithub.com%2Ftetedu%2Ftuitio-contract" "/workspace/builds/worker-5-tc2/source", kill_on_drop: false }`
[INFO] [stderr] Cloning into '/workspace/builds/worker-5-tc2/source'...
[INFO] [stderr] done.
[INFO] removed /workspace/builds/worker-5-tc2/source/rust-toolchain.toml
[INFO] started tweaking git repo https://github.com/tetedu/tuitio-contract
[INFO] finished tweaking git repo https://github.com/tetedu/tuitio-contract
[INFO] tweaked toml for git repo https://github.com/tetedu/tuitio-contract written to /workspace/builds/worker-5-tc2/source/Cargo.toml
[INFO] validating manifest of git repo https://github.com/tetedu/tuitio-contract on toolchain 1.100.0-beta.1
[INFO] running `Command { std: CARGO_HOME="/workspace/cargo-home" RUSTUP_HOME="/workspace/rustup-home" "/workspace/cargo-home/bin/cargo" "+1.100.0-beta.1" "metadata" "--manifest-path" "Cargo.toml" "--no-deps", kill_on_drop: false }`
[INFO] crate git repo https://github.com/tetedu/tuitio-contract already has a lockfile, it will not be regenerated
[INFO] running `Command { std: CARGO_HOME="/workspace/cargo-home" RUSTUP_HOME="/workspace/rustup-home" "/workspace/cargo-home/bin/cargo" "+1.100.0-beta.1" "fetch" "--manifest-path" "Cargo.toml", kill_on_drop: false }`
[INFO] running `Command { std: "docker" "create" "-v" "/var/lib/crater-agent-workspace/builds/worker-5-tc2/source:/opt/rustwide/workdir:ro,Z" "-v" "/var/lib/crater-agent-workspace/builds/worker-5-tc2/target:/opt/rustwide/target:rw,Z" "-v" "/var/lib/crater-agent-workspace/cargo-home:/opt/rustwide/cargo-home:ro,Z" "-v" "/var/lib/crater-agent-workspace/rustup-home:/opt/rustwide/rustup-home:ro,Z" "-m" "1610612736" "--network" "none" "ghcr.io/rust-lang/crates-build-env/linux@sha256:77db811e55d90add9212f6832c23229e3de5f1c1f9905e8cb07319ea15df73ac" "sleep" "infinity", kill_on_drop: false }`
[INFO] [stdout] 7a4bb46d981c7eab3218d75931c98963948932594a3dec679d25d907592f8a3f
[INFO] running `Command { std: "docker" "start" "7a4bb46d981c7eab3218d75931c98963948932594a3dec679d25d907592f8a3f", kill_on_drop: false }`
[INFO] running `Command { std: "docker" "inspect" "7a4bb46d981c7eab3218d75931c98963948932594a3dec679d25d907592f8a3f", kill_on_drop: false }`
[INFO] running `Command { std: "docker" "exec" "-e" "SOURCE_DIR=/opt/rustwide/workdir" "-e" "CARGO_HOME=/opt/rustwide/cargo-home" "-e" "RUSTUP_HOME=/opt/rustwide/rustup-home" "-e" "CARGO_TARGET_DIR=/opt/rustwide/target" "-w" "/opt/rustwide/workdir" "--user" "0:0" "7a4bb46d981c7eab3218d75931c98963948932594a3dec679d25d907592f8a3f" "/opt/rustwide/cargo-home/bin/cargo" "+1.100.0-beta.1" "metadata" "--no-deps" "--format-version=1", kill_on_drop: false }`
[INFO] running `Command { std: "docker" "inspect" "7a4bb46d981c7eab3218d75931c98963948932594a3dec679d25d907592f8a3f", kill_on_drop: false }`
[INFO] running `Command { std: "docker" "exec" "-e" "SOURCE_DIR=/opt/rustwide/workdir" "-e" "CARGO_HOME=/opt/rustwide/cargo-home" "-e" "RUSTUP_HOME=/opt/rustwide/rustup-home" "-e" "CARGO_TARGET_DIR=/opt/rustwide/target" "-e" "CARGO_INCREMENTAL=0" "-e" "RUST_BACKTRACE=full" "-e" "RUSTFLAGS=--cap-lints=warn" "-e" "RUSTDOCFLAGS=--cap-lints=warn" "-w" "/opt/rustwide/workdir" "--user" "0:0" "7a4bb46d981c7eab3218d75931c98963948932594a3dec679d25d907592f8a3f" "/opt/rustwide/cargo-home/bin/cargo" "+1.100.0-beta.1" "build" "--frozen" "--message-format=json" "--release", kill_on_drop: false }`
[INFO] [stderr]    Compiling proc-macro2 v1.0.107
[INFO] [stderr]    Compiling quote v1.0.47
[INFO] [stderr]    Compiling unicode-ident v1.0.24
[INFO] [stderr]    Compiling version_check v0.9.5
[INFO] [stderr]    Compiling zmij v1.0.23
[INFO] [stderr]    Compiling serde v1.0.229
[INFO] [stderr]    Compiling serde_core v1.0.229
[INFO] [stderr]    Compiling serde_json v1.0.151
[INFO] [stderr]    Compiling typenum v1.20.1
[INFO] [stderr]    Compiling memchr v2.8.3
[INFO] [stderr]    Compiling itoa v1.0.18
[INFO] [stderr]    Compiling cfg-if v1.0.4
[INFO] [stderr]    Compiling subtle v2.6.1
[INFO] [stderr]    Compiling libc v0.2.189
[INFO] [stderr]    Compiling autocfg v1.5.1
[INFO] [stderr]    Compiling const-oid v0.9.6
[INFO] [stderr]    Compiling strsim v0.11.1
[INFO] [stderr]    Compiling ident_case v1.0.1
[INFO] [stderr]    Compiling semver v1.0.28
[INFO] [stderr]    Compiling zerocopy v0.8.56
[INFO] [stderr]    Compiling generic-array v0.14.9
[INFO] [stderr]    Compiling schemars v0.8.22
[INFO] [stderr]    Compiling paste v1.0.15
[INFO] [stderr]    Compiling dyn-clone v1.0.20
[INFO] [stderr]    Compiling data-encoding v2.11.1
[INFO] [stderr]    Compiling cpufeatures v0.2.17
[INFO] [stderr]    Compiling num-traits v0.2.19
[INFO] [stderr]    Compiling rustc_version v0.4.1
[INFO] [stderr]    Compiling ethnum v1.5.3
[INFO] [stderr]    Compiling escape-bytes v0.1.1
[INFO] [stderr]    Compiling ahash v0.8.12
[INFO] [stderr]    Compiling either v1.18.0
[INFO] [stderr]    Compiling arrayvec v0.7.8
[INFO] [stderr]    Compiling base16ct v0.2.0
[INFO] [stderr]    Compiling itertools v0.13.0
[INFO] [stderr]    Compiling allocator-api2 v0.2.21
[INFO] [stderr]    Compiling once_cell v1.21.4
[INFO] [stderr]    Compiling libm v0.2.16
[INFO] [stderr]    Compiling thiserror v1.0.69
[INFO] [stderr]    Compiling equivalent v1.0.2
[INFO] [stderr]    Compiling hashbrown v0.17.1
[INFO] [stderr]    Compiling curve25519-dalek v4.1.3
[INFO] [stderr]    Compiling syn v2.0.119
[INFO] [stderr]    Compiling syn v3.0.4
[INFO] [stderr]    Compiling num-integer v0.1.47
[INFO] [stderr]    Compiling downcast-rs v1.2.1
[INFO] [stderr]    Compiling hashbrown v0.15.5
[INFO] [stderr]    Compiling num-bigint v0.4.8
[INFO] [stderr]    Compiling hybrid-array v0.4.14
[INFO] [stderr]    Compiling getrandom v0.2.17
[INFO] [stderr]    Compiling crypto-common v0.1.6
[INFO] [stderr]    Compiling block-buffer v0.10.4
[INFO] [stderr]    Compiling digest v0.10.7
[INFO] [stderr]    Compiling indexmap v2.14.1
[INFO] [stderr]    Compiling fnv v1.0.7
[INFO] [stderr]    Compiling rand_core v0.6.4
[INFO] [stderr]    Compiling sha2 v0.10.9
[INFO] [stderr]    Compiling prettyplease v0.2.37
[INFO] [stderr]    Compiling indexmap-nostd v0.4.0
[INFO] [stderr]    Compiling ff v0.13.1
[INFO] [stderr]    Compiling crypto-common v0.2.2
[INFO] [stderr]    Compiling block-buffer v0.12.1
[INFO] [stderr]    Compiling group v0.13.0
[INFO] [stderr]    Compiling wasmi_core v0.13.0
[INFO] [stderr]    Compiling wasmparser-nostd v0.100.2
[INFO] [stderr]    Compiling curve25519-dalek v5.0.0
[INFO] [stderr]    Compiling heapless v0.8.0
[INFO] [stderr]    Compiling wasmparser v0.116.1
[INFO] [stderr]    Compiling wasmi_arena v0.4.1
[INFO] [stderr]    Compiling smallvec v1.16.0
[INFO] [stderr]    Compiling byteorder v1.5.0
[INFO] [stderr]    Compiling base64 v0.22.1
[INFO] [stderr]    Compiling spin v0.9.9
[INFO] [stderr]    Compiling hex v0.4.3
[INFO] [stderr]    Compiling digest v0.11.3
[INFO] [stderr]    Compiling hash32 v0.3.1
[INFO] [stderr]    Compiling keccak v0.1.6
[INFO] [stderr]    Compiling cpufeatures v0.3.1
[INFO] [stderr]    Compiling static_assertions v1.1.0
[INFO] [stderr]    Compiling stable_deref_trait v1.2.1
[INFO] [stderr]    Compiling soroban-env-host v27.0.1
[INFO] [stderr]    Compiling hex-literal v0.4.1
[INFO] [stderr]    Compiling heck v0.5.0
[INFO] [stderr]    Compiling serde_derive v1.0.229
[INFO] [stderr]    Compiling enum-ordinalize-derive v4.4.2
[INFO] [stderr]    Compiling enum-ordinalize v4.4.2
[INFO] [stderr]    Compiling darling_core v0.23.0
[INFO] [stderr]    Compiling darling_core v0.20.11
[INFO] [stderr]    Compiling macro-string v0.1.4
[INFO] [stderr]    Compiling ppv-lite86 v0.2.21
[INFO] [stderr]    Compiling soroban-wasmi v0.31.1-soroban.20.0.1
[INFO] [stderr]    Compiling zeroize_derive v1.5.0
[INFO] [stderr]    Compiling cfg_eval v0.1.2
[INFO] [stderr]    Compiling ark-serialize-derive v0.5.0
[INFO] [stderr]    Compiling ark-ff-macros v0.5.0
[INFO] [stderr]    Compiling ark-ff-asm v0.5.0
[INFO] [stderr]    Compiling educe v0.6.0
[INFO] [stderr]    Compiling rand_chacha v0.3.1
[INFO] [stderr]    Compiling thiserror-impl v1.0.69
[INFO] [stderr]    Compiling rand v0.8.8
[INFO] [stderr]    Compiling num-derive v0.4.2
[INFO] [stderr]    Compiling curve25519-dalek-derive v0.1.1
[INFO] [stderr]    Compiling zeroize v1.9.0
[INFO] [stderr]    Compiling soroban-builtin-sdk-macros v27.0.1
[INFO] [stderr]    Compiling der v0.7.10
[INFO] [stderr]    Compiling visibility v0.1.1
[INFO] [stderr]    Compiling bytes-lit v0.0.6
[INFO] [stderr]    Compiling ark-std v0.5.0
[INFO] [stderr]    Compiling crypto-bigint v0.5.5
[INFO] [stderr]    Compiling ark-serialize v0.5.0
[INFO] [stderr]    Compiling sec1 v0.7.3
[INFO] [stderr]    Compiling darling_macro v0.23.0
[INFO] [stderr]    Compiling darling v0.23.0
[INFO] [stderr]    Compiling signature v2.2.0
[INFO] [stderr]    Compiling serde_with_macros v3.22.0
[INFO] [stderr]    Compiling hmac v0.12.1
[INFO] [stderr]    Compiling rfc6979 v0.4.0
[INFO] [stderr]    Compiling ed25519 v2.2.3
[INFO] [stderr]    Compiling sha3 v0.10.9
[INFO] [stderr]    Compiling ark-ff v0.5.0
[INFO] [stderr]    Compiling darling_macro v0.20.11
[INFO] [stderr]    Compiling crate-git-revision v0.0.6
[INFO] [stderr]    Compiling crate-git-revision v0.0.9
[INFO] [stderr]    Compiling stellar-strkey v0.0.13
[INFO] [stderr]    Compiling stellar-xdr v27.0.0
[INFO] [stderr]    Compiling soroban-env-common v27.0.1
[INFO] [stderr]    Compiling stellar-strkey v0.0.16
[INFO] [stderr]    Compiling soroban-sdk v27.0.6
[INFO] [stderr]    Compiling darling v0.20.11
[INFO] [stderr]    Compiling elliptic-curve v0.13.8
[INFO] [stderr]    Compiling ed25519-dalek v2.2.0
[INFO] [stderr]    Compiling ecdsa v0.16.9
[INFO] [stderr]    Compiling primeorder v0.13.6
[INFO] [stderr]    Compiling k256 v0.13.4
[INFO] [stderr]    Compiling p256 v0.13.2
[INFO] [stderr]    Compiling serde_with v3.22.0
[INFO] [stderr]    Compiling ark-poly v0.5.0
[INFO] [stderr]    Compiling ark-ec v0.5.0
[INFO] [stderr]    Compiling ark-bn254 v0.5.0
[INFO] [stderr]    Compiling ark-bls12-381 v0.5.0
[INFO] [stderr]    Compiling soroban-spec v27.0.6
[INFO] [stderr]    Compiling soroban-spec-rust v27.0.6
[INFO] [stderr]    Compiling soroban-env-macros v27.0.1
[INFO] [stderr]    Compiling soroban-sdk-macros v27.0.6
[INFO] [stderr]    Compiling institution-registry v0.1.0 (/opt/rustwide/workdir/contracts/institution-registry)
[INFO] [stderr]    Compiling tuition-escrow v0.1.0 (/opt/rustwide/workdir/contracts/tuition-escrow)
[INFO] [stderr]     Finished `release` profile [optimized] target(s) in 2m 26s
[INFO] running `Command { std: "docker" "inspect" "7a4bb46d981c7eab3218d75931c98963948932594a3dec679d25d907592f8a3f", kill_on_drop: false }`
[INFO] running `Command { std: "docker" "exec" "-e" "SOURCE_DIR=/opt/rustwide/workdir" "-e" "CARGO_HOME=/opt/rustwide/cargo-home" "-e" "RUSTUP_HOME=/opt/rustwide/rustup-home" "-e" "CARGO_TARGET_DIR=/opt/rustwide/target" "-e" "CARGO_INCREMENTAL=0" "-e" "RUST_BACKTRACE=full" "-e" "RUSTFLAGS=--cap-lints=warn" "-e" "RUSTDOCFLAGS=--cap-lints=warn" "-w" "/opt/rustwide/workdir" "--user" "0:0" "7a4bb46d981c7eab3218d75931c98963948932594a3dec679d25d907592f8a3f" "/opt/rustwide/cargo-home/bin/cargo" "+1.100.0-beta.1" "test" "--frozen" "--no-run" "--message-format=json" "--release", kill_on_drop: false }`
[INFO] [stderr]    Compiling cfg-if v1.0.4
[INFO] [stderr]    Compiling libc v0.2.189
[INFO] [stderr]    Compiling typenum v1.20.1
[INFO] [stderr]    Compiling subtle v2.6.1
[INFO] [stderr]    Compiling const-oid v0.9.6
[INFO] [stderr]    Compiling zeroize v1.9.0
[INFO] [stderr]    Compiling num-traits v0.2.19
[INFO] [stderr]    Compiling zerocopy v0.8.56
[INFO] [stderr]    Compiling serde_core v1.0.229
[INFO] [stderr]    Compiling once_cell v1.21.4
[INFO] [stderr]    Compiling cpufeatures v0.2.17
[INFO] [stderr]    Compiling either v1.18.0
[INFO] [stderr]    Compiling base16ct v0.2.0
[INFO] [stderr]    Compiling arrayvec v0.7.8
[INFO] [stderr]    Compiling zmij v1.0.23
[INFO] [stderr]    Compiling serde_json v1.0.151
[INFO] [stderr]    Compiling itoa v1.0.18
[INFO] [stderr]    Compiling allocator-api2 v0.2.21
[INFO] [stderr]    Compiling der v0.7.10
[INFO] [stderr]    Compiling memchr v2.8.3
[INFO] [stderr]    Compiling schemars v0.8.22
[INFO] [stderr]    Compiling data-encoding v2.11.1
[INFO] [stderr]    Compiling dyn-clone v1.0.20
[INFO] [stderr]    Compiling libm v0.2.16
[INFO] [stderr]    Compiling stellar-xdr v27.0.0
[INFO] [stderr]    Compiling derive_arbitrary v1.3.2
[INFO] [stderr]    Compiling equivalent v1.0.2
[INFO] [stderr]    Compiling hashbrown v0.17.1
[INFO] [stderr]    Compiling indexmap-nostd v0.4.0
[INFO] [stderr]    Compiling downcast-rs v1.2.1
[INFO] [stderr]    Compiling itertools v0.13.0
[INFO] [stderr]    Compiling soroban-env-common v27.0.1
[INFO] [stderr]    Compiling ethnum v1.5.3
[INFO] [stderr]    Compiling smallvec v1.16.0
[INFO] [stderr]    Compiling num-integer v0.1.47
[INFO] [stderr]    Compiling hashbrown v0.15.5
[INFO] [stderr]    Compiling wasmparser-nostd v0.100.2
[INFO] [stderr]    Compiling stellar-strkey v0.0.13
[INFO] [stderr]    Compiling generic-array v0.14.9
[INFO] [stderr]    Compiling num-bigint v0.4.8
[INFO] [stderr]    Compiling hybrid-array v0.4.14
[INFO] [stderr]    Compiling indexmap v2.14.1
[INFO] [stderr]    Compiling getrandom v0.2.17
[INFO] [stderr]    Compiling rand_core v0.6.4
[INFO] [stderr]    Compiling wasmi_core v0.13.0
[INFO] [stderr]    Compiling arbitrary v1.3.2
[INFO] [stderr]    Compiling ff v0.13.1
[INFO] [stderr]    Compiling spin v0.9.9
[INFO] [stderr]    Compiling group v0.13.0
[INFO] [stderr]    Compiling crypto-common v0.1.6
[INFO] [stderr]    Compiling block-buffer v0.10.4
[INFO] [stderr]    Compiling sec1 v0.7.3
[INFO] [stderr]    Compiling crypto-bigint v0.5.5
[INFO] [stderr]    Compiling base64 v0.22.1
[INFO] [stderr]    Compiling digest v0.10.7
[INFO] [stderr]    Compiling semver v1.0.28
[INFO] [stderr]    Compiling wasmi_arena v0.4.1
[INFO] [stderr]    Compiling escape-bytes v0.1.1
[INFO] [stderr]    Compiling cpufeatures v0.3.1
[INFO] [stderr]    Compiling byteorder v1.5.0
[INFO] [stderr]    Compiling crypto-common v0.2.2
[INFO] [stderr]    Compiling block-buffer v0.12.1
[INFO] [stderr]    Compiling soroban-env-host v27.0.1
[INFO] [stderr]    Compiling signature v2.2.0
[INFO] [stderr]    Compiling sha2 v0.10.9
[INFO] [stderr]    Compiling hmac v0.12.1
[INFO] [stderr]    Compiling curve25519-dalek v4.1.3
[INFO] [stderr]    Compiling ed25519 v2.2.3
[INFO] [stderr]    Compiling rfc6979 v0.4.0
[INFO] [stderr]    Compiling wasmparser v0.116.1
[INFO] [stderr]    Compiling keccak v0.1.6
[INFO] [stderr]    Compiling static_assertions v1.1.0
[INFO] [stderr]    Compiling hash32 v0.3.1
[INFO] [stderr]    Compiling thiserror v1.0.69
[INFO] [stderr]    Compiling sha3 v0.10.9
[INFO] [stderr]    Compiling dtor-proc-macro v0.0.6
[INFO] [stderr]    Compiling hex-literal v0.4.1
[INFO] [stderr]    Compiling getrandom v0.3.4
[INFO] [stderr]    Compiling stable_deref_trait v1.2.1
[INFO] [stderr]    Compiling heapless v0.8.0
[INFO] [stderr]    Compiling soroban-sdk v27.0.6
[INFO] [stderr]    Compiling dtor v0.1.1
[INFO] [stderr]    Compiling ctor-proc-macro v0.0.6
[INFO] [stderr]    Compiling soroban-sdk-macros v27.0.6
[INFO] [stderr]    Compiling getrandom v0.4.3
[INFO] [stderr]    Compiling rustix v1.1.5
[INFO] [stderr]    Compiling bitflags v2.13.2
[INFO] [stderr]    Compiling ctor v0.5.0
[INFO] [stderr]    Compiling rand_core v0.9.5
[INFO] [stderr]    Compiling serde v1.0.229
[INFO] [stderr]    Compiling digest v0.11.3
[INFO] [stderr]    Compiling linux-raw-sys v0.12.1
[INFO] [stderr]    Compiling elliptic-curve v0.13.8
[INFO] [stderr]    Compiling curve25519-dalek v5.0.0
[INFO] [stderr]    Compiling ecdsa v0.16.9
[INFO] [stderr]    Compiling primeorder v0.13.6
[INFO] [stderr]    Compiling stellar-strkey v0.0.16
[INFO] [stderr]    Compiling fastrand v2.5.0
[INFO] [stderr]    Compiling wait-timeout v0.2.1
[INFO] [stderr]    Compiling ed25519-dalek v2.2.0
[INFO] [stderr]    Compiling fnv v1.0.7
[INFO] [stderr]    Compiling quick-error v1.2.3
[INFO] [stderr]    Compiling bit-vec v0.8.0
[INFO] [stderr]    Compiling rand v0.9.5
[INFO] [stderr]    Compiling k256 v0.13.4
[INFO] [stderr]    Compiling hex v0.4.3
[INFO] [stderr]    Compiling p256 v0.13.2
[INFO] [stderr]    Compiling bit-set v0.8.0
[INFO] [stderr]    Compiling rand_xorshift v0.4.0
[INFO] [stderr]    Compiling regex-syntax v0.8.11
[INFO] [stderr]    Compiling unarray v0.1.4
[INFO] [stderr]    Compiling soroban-wasmi v0.31.1-soroban.20.0.1
[INFO] [stderr]    Compiling ppv-lite86 v0.2.21
[INFO] [stderr]    Compiling ahash v0.8.12
[INFO] [stderr]    Compiling serde_with v3.22.0
[INFO] [stderr]    Compiling rand_chacha v0.3.1
[INFO] [stderr]    Compiling rand_chacha v0.9.0
[INFO] [stderr]    Compiling rand v0.8.8
[INFO] [stderr]    Compiling tempfile v3.27.0
[INFO] [stderr]    Compiling rusty-fork v0.3.1
[INFO] [stderr]    Compiling proptest v1.11.0
[INFO] [stderr]    Compiling ark-std v0.5.0
[INFO] [stderr]    Compiling ark-serialize v0.5.0
[INFO] [stderr]    Compiling ark-ff v0.5.0
[INFO] [stderr]    Compiling ark-poly v0.5.0
[INFO] [stderr]    Compiling ark-ec v0.5.0
[INFO] [stderr]    Compiling ark-bls12-381 v0.5.0
[INFO] [stderr]    Compiling ark-bn254 v0.5.0
[INFO] [stderr]    Compiling soroban-ledger-snapshot v27.0.6
[INFO] [stderr]    Compiling institution-registry v0.1.0 (/opt/rustwide/workdir/contracts/institution-registry)
[INFO] [stderr]    Compiling tuition-escrow v0.1.0 (/opt/rustwide/workdir/contracts/tuition-escrow)
[INFO] [stderr]     Finished `release` profile [optimized] target(s) in 3m 12s
[INFO] running `Command { std: "docker" "inspect" "7a4bb46d981c7eab3218d75931c98963948932594a3dec679d25d907592f8a3f", kill_on_drop: false }`
[INFO] running `Command { std: "docker" "exec" "-e" "SOURCE_DIR=/opt/rustwide/workdir" "-e" "CARGO_HOME=/opt/rustwide/cargo-home" "-e" "RUSTUP_HOME=/opt/rustwide/rustup-home" "-e" "CARGO_TARGET_DIR=/opt/rustwide/target" "-e" "CARGO_INCREMENTAL=0" "-e" "RUST_BACKTRACE=full" "-e" "RUSTFLAGS=--cap-lints=warn" "-e" "RUSTDOCFLAGS=--cap-lints=warn" "-w" "/opt/rustwide/workdir" "--user" "0:0" "7a4bb46d981c7eab3218d75931c98963948932594a3dec679d25d907592f8a3f" "/opt/rustwide/cargo-home/bin/cargo" "+1.100.0-beta.1" "test" "--frozen" "--release", kill_on_drop: false }`
[INFO] [stderr]     Finished `release` profile [optimized] target(s) in 0.39s
[INFO] [stderr]      Running unittests src/lib.rs (/opt/rustwide/target/release/build/institution-registry/273b9387d1a71894/out/institution_registry-273b9387d1a71894)
[INFO] [stdout] 
[INFO] [stdout] running 24 tests
[INFO] [stdout] test test::list_on_an_empty_registry_is_empty ... FAILED
[INFO] [stdout] test test::register_creates_pending_record ... FAILED
[INFO] [stdout] test test::initialize_sets_admin_and_zero_count ... FAILED
[INFO] [stdout] test test::set_admin_transfers_control ... FAILED
[INFO] [stdout] test test::list_clamps_an_oversized_limit ... FAILED
[INFO] [stdout] test test::suspend_requires_verified_state ... FAILED
[INFO] [stdout] test test::suspended_institution_can_be_reinstated ... FAILED
[INFO] [stdout] test test::initialize_emits_a_genesis_event ... FAILED
[INFO] [stdout] test test::update_payout_rotates_address ... FAILED
[INFO] [stdout] test test::verify_rejects_already_verified ... FAILED
[INFO] [stdout] test test::suspend_blocks_payout_lookup ... FAILED
[INFO] [stdout] test test::count_tracks_registrations ... FAILED
[INFO] [stdout] test test::verify_rejects_unknown_institution ... FAILED
[INFO] [stdout] test test::list_agrees_with_count ... FAILED
[INFO] [stdout] test test::list_returns_registration_order ... FAILED
[INFO] [stdout] test test::register_rejects_bad_metadata ... FAILED
[INFO] [stdout] test test::list_pages_through_the_registry ... FAILED
[INFO] [stdout] test test::initialize_is_single_shot ... FAILED
[INFO] [stdout] test test::list_includes_unverified_and_suspended_institutions ... FAILED
[INFO] [stdout] test test::is_verified_is_false_for_unknown_address ... FAILED
[INFO] [stdout] test test::list_rejects_a_zero_limit ... FAILED
[INFO] [stdout] test test::list_past_the_end_is_empty_not_an_error ... FAILED
[INFO] [stdout] test test::register_rejects_duplicate_address ... FAILED
[INFO] [stdout] test test::verify_makes_institution_payable ... FAILED
[INFO] [stdout] 
[INFO] [stdout] failures:
[INFO] [stdout] 
[INFO] [stdout] ---- test::list_on_an_empty_registry_is_empty stdout ----
[INFO] [stdout] Writing test snapshot file for test "test::list_on_an_empty_registry_is_empty" to "test_snapshots/test/list_on_an_empty_registry_is_empty.1.json".
[INFO] [stdout] 
[INFO] [stdout] thread 'test::list_on_an_empty_registry_is_empty' (4334) panicked at /opt/rustwide/cargo-home/registry/src/index.crates.io-1949cf8c6b5b557f/soroban-sdk-27.0.6/src/env.rs:2100:32:
[INFO] [stdout] called `Result::unwrap()` on an `Err` value: Os { code: 30, kind: ReadOnlyFilesystem, message: "Read-only file system" }
[INFO] [stdout] stack backtrace:
[INFO] [stdout]    0:     0x6451b9bf0ec7 - <unknown>
[INFO] [stdout]    1:     0x6451b9a79b34 - <unknown>
[INFO] [stdout]    2:     0x6451b9bf048b - <unknown>
[INFO] [stdout]    3:     0x6451b9bf0089 - <unknown>
[INFO] [stdout]    4:     0x6451b9befd0a - <unknown>
[INFO] [stdout]    5:     0x6451b9bef83b - <unknown>
[INFO] [stdout]    6:     0x6451b9c156a1 - <unknown>
[INFO] [stdout]    7:     0x6451b9c15659 - <unknown>
[INFO] [stdout]    8:     0x6451b9c15b4c - <unknown>
[INFO] [stdout]    9:     0x6451b9a799cb - <unknown>
[INFO] [stdout]   10:     0x6451b9a7d281 - <unknown>
[INFO] [stdout]   11:     0x6451b9bb786e - <unknown>
[INFO] [stdout]   12:     0x6451b9a677f8 - <unknown>
[INFO] [stdout]   13:     0x6451b9a7290b - <unknown>
[INFO] [stdout]   14:     0x6451b9c2f9bb - <unknown>
[INFO] [stdout]   15:     0x6451b9c2b092 - <unknown>
[INFO] [stdout]   16:     0x6451b9c2ab3c - <unknown>
[INFO] [stdout]   17:     0x6451b9c4983c - <unknown>
[INFO] [stdout]   18:     0x6451b9c17338 - <unknown>
[INFO] [stdout]   19:     0x7d809d4abdfa - <unknown>
[INFO] [stdout]   20:     0x7d809d53f3d4 - clone
[INFO] [stdout]   21:                0x0 - <unknown>
[INFO] [stdout] 
[INFO] [stdout] ---- test::register_creates_pending_record stdout ----
[INFO] [stdout] Writing test snapshot file for test "test::register_creates_pending_record" to "test_snapshots/test/register_creates_pending_record.1.json".
[INFO] [stdout] 
[INFO] [stdout] thread 'test::register_creates_pending_record' (4339) panicked at /opt/rustwide/cargo-home/registry/src/index.crates.io-1949cf8c6b5b557f/soroban-sdk-27.0.6/src/env.rs:2100:32:
[INFO] [stdout] called `Result::unwrap()` on an `Err` value: Os { code: 30, kind: ReadOnlyFilesystem, message: "Read-only file system" }
[INFO] [stdout] stack backtrace:
[INFO] [stdout]    0:     0x6451b9bf0ec7 - <unknown>
[INFO] [stdout]    1:     0x6451b9a79b34 - <unknown>
[INFO] [stdout]    2:     0x6451b9bf048b - <unknown>
[INFO] [stdout]    3:     0x6451b9bf0089 - <unknown>
[INFO] [stdout]    4:     0x6451b9befd0a - <unknown>
[INFO] [stdout]    5:     0x6451b9bef83b - <unknown>
[INFO] [stdout]    6:     0x6451b9c156a1 - <unknown>
[INFO] [stdout]    7:     0x6451b9c15659 - <unknown>
[INFO] [stdout]    8:     0x6451b9c15b4c - <unknown>
[INFO] [stdout]    9:     0x6451b9a799cb - <unknown>
[INFO] [stdout]   10:     0x6451b9a7d281 - <unknown>
[INFO] [stdout]   11:     0x6451b9bb786e - <unknown>
[INFO] [stdout]   12:     0x6451b9a677f8 - <unknown>
[INFO] [stdout]   13:     0x6451b9a71aa5 - <unknown>
[INFO] [stdout]   14:     0x6451b9c2f9bb - <unknown>
[INFO] [stdout]   15:     0x6451b9c2b092 - <unknown>
[INFO] [stdout]   16:     0x6451b9c2ab3c - <unknown>
[INFO] [stdout]   17:     0x6451b9c4983c - <unknown>
[INFO] [stdout]   18:     0x6451b9c17338 - <unknown>
[INFO] [stdout]   19:     0x7d809d4abdfa - <unknown>
[INFO] [stdout]   20:     0x7d809d53f3d4 - clone
[INFO] [stdout]   21:                0x0 - <unknown>
[INFO] [stdout] 
[INFO] [stdout] ---- test::initialize_sets_admin_and_zero_count stdout ----
[INFO] [stdout] Writing test snapshot file for test "test::initialize_sets_admin_and_zero_count" to "test_snapshots/test/initialize_sets_admin_and_zero_count.1.json".
[INFO] [stdout] 
[INFO] [stdout] thread 'test::initialize_sets_admin_and_zero_count' (4329) panicked at /opt/rustwide/cargo-home/registry/src/index.crates.io-1949cf8c6b5b557f/soroban-sdk-27.0.6/src/env.rs:2100:32:
[INFO] [stdout] called `Result::unwrap()` on an `Err` value: Os { code: 30, kind: ReadOnlyFilesystem, message: "Read-only file system" }
[INFO] [stdout] stack backtrace:
[INFO] [stdout]    0:     0x6451b9bf0ec7 - <unknown>
[INFO] [stdout]    1:     0x6451b9a79b34 - <unknown>
[INFO] [stdout]    2:     0x6451b9bf048b - <unknown>
[INFO] [stdout]    3:     0x6451b9bf0089 - <unknown>
[INFO] [stdout]    4:     0x6451b9befd0a - <unknown>
[INFO] [stdout]    5:     0x6451b9bef83b - <unknown>
[INFO] [stdout]    6:     0x6451b9c156a1 - <unknown>
[INFO] [stdout]    7:     0x6451b9c15659 - <unknown>
[INFO] [stdout]    8:     0x6451b9c15b4c - <unknown>
[INFO] [stdout]    9:     0x6451b9a799cb - <unknown>
[INFO] [stdout]   10:     0x6451b9a7d281 - <unknown>
[INFO] [stdout]   11:     0x6451b9bb786e - <unknown>
[INFO] [stdout]   12:     0x6451b9a677f8 - <unknown>
[INFO] [stdout]   13:     0x6451b9a72e83 - <unknown>
[INFO] [stdout]   14:     0x6451b9c2f9bb - <unknown>
[INFO] [stdout]   15:     0x6451b9c2b092 - <unknown>
[INFO] [stdout]   16:     0x6451b9c2ab3c - <unknown>
[INFO] [stdout]   17:     0x6451b9c4983c - <unknown>
[INFO] [stdout]   18:     0x6451b9c17338 - <unknown>
[INFO] [stdout]   19:     0x7d809d4abdfa - <unknown>
[INFO] [stdout]   20:     0x7d809d53f3d4 - clone
[INFO] [stdout]   21:                0x0 - <unknown>
[INFO] [stdout] 
[INFO] [stdout] ---- test::set_admin_transfers_control stdout ----
[INFO] [stdout] Writing test snapshot file for test "test::set_admin_transfers_control" to "test_snapshots/test/set_admin_transfers_control.1.json".
[INFO] [stdout] 
[INFO] [stdout] thread 'test::set_admin_transfers_control' (4342) panicked at /opt/rustwide/cargo-home/registry/src/index.crates.io-1949cf8c6b5b557f/soroban-sdk-27.0.6/src/env.rs:2100:32:
[INFO] [stdout] called `Result::unwrap()` on an `Err` value: Os { code: 30, kind: ReadOnlyFilesystem, message: "Read-only file system" }
[INFO] [stdout] stack backtrace:
[INFO] [stdout]    0:     0x6451b9bf0ec7 - <unknown>
[INFO] [stdout]    1:     0x6451b9a79b34 - <unknown>
[INFO] [stdout]    2:     0x6451b9bf048b - <unknown>
[INFO] [stdout]    3:     0x6451b9bf0089 - <unknown>
[INFO] [stdout]    4:     0x6451b9befd0a - <unknown>
[INFO] [stdout]    5:     0x6451b9bef83b - <unknown>
[INFO] [stdout]    6:     0x6451b9c156a1 - <unknown>
[INFO] [stdout]    7:     0x6451b9c15659 - <unknown>
[INFO] [stdout]    8:     0x6451b9c15b4c - <unknown>
[INFO] [stdout]    9:     0x6451b9a799cb - <unknown>
[INFO] [stdout]   10:     0x6451b9a7d281 - <unknown>
[INFO] [stdout]   11:     0x6451b9bb786e - <unknown>
[INFO] [stdout]   12:     0x6451b9a677f8 - <unknown>
[INFO] [stdout]   13:     0x6451b9a6fdd8 - <unknown>
[INFO] [stdout]   14:     0x6451b9c2f9bb - <unknown>
[INFO] [stdout]   15:     0x6451b9c2b092 - <unknown>
[INFO] [stdout]   16:     0x6451b9c2ab3c - <unknown>
[INFO] [stdout]   17:     0x6451b9c4983c - <unknown>
[INFO] [stdout]   18:     0x6451b9c17338 - <unknown>
[INFO] [stdout]   19:     0x7d809d4abdfa - <unknown>
[INFO] [stdout]   20:     0x7d809d53f3d4 - clone
[INFO] [stdout]   21:                0x0 - <unknown>
[INFO] [stdout] 
[INFO] [stdout] ---- test::list_clamps_an_oversized_limit stdout ----
[INFO] [stdout] Writing test snapshot file for test "test::list_clamps_an_oversized_limit" to "test_snapshots/test/list_clamps_an_oversized_limit.1.json".
[INFO] [stdout] 
[INFO] [stdout] thread 'test::list_clamps_an_oversized_limit' (4332) panicked at /opt/rustwide/cargo-home/registry/src/index.crates.io-1949cf8c6b5b557f/soroban-sdk-27.0.6/src/env.rs:2100:32:
[INFO] [stdout] called `Result::unwrap()` on an `Err` value: Os { code: 30, kind: ReadOnlyFilesystem, message: "Read-only file system" }
[INFO] [stdout] stack backtrace:
[INFO] [stdout]    0:     0x6451b9bf0ec7 - <unknown>
[INFO] [stdout]    1:     0x6451b9a79b34 - <unknown>
[INFO] [stdout]    2:     0x6451b9bf048b - <unknown>
[INFO] [stdout]    3:     0x6451b9bf0089 - <unknown>
[INFO] [stdout]    4:     0x6451b9befd0a - <unknown>
[INFO] [stdout]    5:     0x6451b9bef83b - <unknown>
[INFO] [stdout]    6:     0x6451b9c156a1 - <unknown>
[INFO] [stdout]    7:     0x6451b9c15659 - <unknown>
[INFO] [stdout]    8:     0x6451b9c15b4c - <unknown>
[INFO] [stdout]    9:     0x6451b9a799cb - <unknown>
[INFO] [stdout]   10:     0x6451b9a7d281 - <unknown>
[INFO] [stdout]   11:     0x6451b9bb786e - <unknown>
[INFO] [stdout]   12:     0x6451b9a677f8 - <unknown>
[INFO] [stdout]   13:     0x6451b9a70ea4 - <unknown>
[INFO] [stdout]   14:     0x6451b9c2f9bb - <unknown>
[INFO] [stdout]   15:     0x6451b9c2b092 - <unknown>
[INFO] [stdout]   16:     0x6451b9c2ab3c - <unknown>
[INFO] [stdout]   17:     0x6451b9c4983c - <unknown>
[INFO] [stdout]   18:     0x6451b9c17338 - <unknown>
[INFO] [stdout]   19:     0x7d809d4abdfa - <unknown>
[INFO] [stdout]   20:     0x7d809d53f3d4 - clone
[INFO] [stdout]   21:                0x0 - <unknown>
[INFO] [stdout] 
[INFO] [stdout] ---- test::suspend_requires_verified_state stdout ----
[INFO] [stdout] Writing test snapshot file for test "test::suspend_requires_verified_state" to "test_snapshots/test/suspend_requires_verified_state.1.json".
[INFO] [stdout] 
[INFO] [stdout] thread 'test::suspend_requires_verified_state' (4344) panicked at /opt/rustwide/cargo-home/registry/src/index.crates.io-1949cf8c6b5b557f/soroban-sdk-27.0.6/src/env.rs:2100:32:
[INFO] [stdout] called `Result::unwrap()` on an `Err` value: Os { code: 30, kind: ReadOnlyFilesystem, message: "Read-only file system" }
[INFO] [stdout] stack backtrace:
[INFO] [stdout]    0:     0x6451b9bf0ec7 - <unknown>
[INFO] [stdout]    1:     0x6451b9a79b34 - <unknown>
[INFO] [stdout]    2:     0x6451b9bf048b - <unknown>
[INFO] [stdout]    3:     0x6451b9bf0089 - <unknown>
[INFO] [stdout]    4:     0x6451b9befd0a - <unknown>
[INFO] [stdout]    5:     0x6451b9bef83b - <unknown>
[INFO] [stdout]    6:     0x6451b9c156a1 - <unknown>
[INFO] [stdout]    7:     0x6451b9c15659 - <unknown>
[INFO] [stdout]    8:     0x6451b9c15b4c - <unknown>
[INFO] [stdout]    9:     0x6451b9a799cb - <unknown>
[INFO] [stdout]   10:     0x6451b9a7d281 - <unknown>
[INFO] [stdout]   11:     0x6451b9bb786e - <unknown>
[INFO] [stdout]   12:     0x6451b9a677f8 - <unknown>
[INFO] [stdout]   13:     0x6451b9a71e04 - <unknown>
[INFO] [stdout]   14:     0x6451b9c2f9bb - <unknown>
[INFO] [stdout]   15:     0x6451b9c2b092 - <unknown>
[INFO] [stdout]   16:     0x6451b9c2ab3c - <unknown>
[INFO] [stdout]   17:     0x6451b9c4983c - <unknown>
[INFO] [stdout]   18:     0x6451b9c17338 - <unknown>
[INFO] [stdout]   19:     0x7d809d4abdfa - <unknown>
[INFO] [stdout]   20:     0x7d809d53f3d4 - clone
[INFO] [stdout]   21:                0x0 - <unknown>
[INFO] [stdout] 
[INFO] [stdout] ---- test::suspended_institution_can_be_reinstated stdout ----
[INFO] [stdout] Writing test snapshot file for test "test::suspended_institution_can_be_reinstated" to "test_snapshots/test/suspended_institution_can_be_reinstated.1.json".
[INFO] [stdout] 
[INFO] [stdout] thread 'test::suspended_institution_can_be_reinstated' (4345) panicked at /opt/rustwide/cargo-home/registry/src/index.crates.io-1949cf8c6b5b557f/soroban-sdk-27.0.6/src/env.rs:2100:32:
[INFO] [stdout] called `Result::unwrap()` on an `Err` value: Os { code: 30, kind: ReadOnlyFilesystem, message: "Read-only file system" }
[INFO] [stdout] stack backtrace:
[INFO] [stdout]    0:     0x6451b9bf0ec7 - <unknown>
[INFO] [stdout]    1:     0x6451b9a79b34 - <unknown>
[INFO] [stdout]    2:     0x6451b9bf048b - <unknown>
[INFO] [stdout]    3:     0x6451b9bf0089 - <unknown>
[INFO] [stdout]    4:     0x6451b9befd0a - <unknown>
[INFO] [stdout]    5:     0x6451b9bef83b - <unknown>
[INFO] [stdout]    6:     0x6451b9c156a1 - <unknown>
[INFO] [stdout]    7:     0x6451b9c15659 - <unknown>
[INFO] [stdout]    8:     0x6451b9c15b4c - <unknown>
[INFO] [stdout]    9:     0x6451b9a799cb - <unknown>
[INFO] [stdout]   10:     0x6451b9a7d281 - <unknown>
[INFO] [stdout]   11:     0x6451b9bb786e - <unknown>
[INFO] [stdout]   12:     0x6451b9a677f8 - <unknown>
[INFO] [stdout]   13:     0x6451b9a731fc - <unknown>
[INFO] [stdout]   14:     0x6451b9c2f9bb - <unknown>
[INFO] [stdout]   15:     0x6451b9c2b092 - <unknown>
[INFO] [stdout]   16:     0x6451b9c2ab3c - <unknown>
[INFO] [stdout]   17:     0x6451b9c4983c - <unknown>
[INFO] [stdout]   18:     0x6451b9c17338 - <unknown>
[INFO] [stdout]   19:     0x7d809d4abdfa - <unknown>
[INFO] [stdout]   20:     0x7d809d53f3d4 - clone
[INFO] [stdout]   21:                0x0 - <unknown>
[INFO] [stdout] 
[INFO] [stdout] ---- test::initialize_emits_a_genesis_event stdout ----
[INFO] [stdout] Writing test snapshot file for test "test::initialize_emits_a_genesis_event" to "test_snapshots/test/initialize_emits_a_genesis_event.1.json".
[INFO] [stdout] 
[INFO] [stdout] thread 'test::initialize_emits_a_genesis_event' (4327) panicked at /opt/rustwide/cargo-home/registry/src/index.crates.io-1949cf8c6b5b557f/soroban-sdk-27.0.6/src/env.rs:2100:32:
[INFO] [stdout] called `Result::unwrap()` on an `Err` value: Os { code: 30, kind: ReadOnlyFilesystem, message: "Read-only file system" }
[INFO] [stdout] stack backtrace:
[INFO] [stdout]    0:     0x6451b9bf0ec7 - <unknown>
[INFO] [stdout]    1:     0x6451b9a79b34 - <unknown>
[INFO] [stdout]    2:     0x6451b9bf048b - <unknown>
[INFO] [stdout]    3:     0x6451b9bf0089 - <unknown>
[INFO] [stdout]    4:     0x6451b9befd0a - <unknown>
[INFO] [stdout]    5:     0x6451b9bef83b - <unknown>
[INFO] [stdout]    6:     0x6451b9c156a1 - <unknown>
[INFO] [stdout]    7:     0x6451b9c15659 - <unknown>
[INFO] [stdout]    8:     0x6451b9c15b4c - <unknown>
[INFO] [stdout]    9:     0x6451b9a799cb - <unknown>
[INFO] [stdout]   10:     0x6451b9a7d281 - <unknown>
[INFO] [stdout]   11:     0x6451b9bb786e - <unknown>
[INFO] [stdout]   12:     0x6451b9a677f8 - <unknown>
[INFO] [stdout]   13:     0x6451b9a72458 - <unknown>
[INFO] [stdout]   14:     0x6451b9c2f9bb - <unknown>
[INFO] [stdout]   15:     0x6451b9c2b092 - <unknown>
[INFO] [stdout]   16:     0x6451b9c2ab3c - <unknown>
[INFO] [stdout]   17:     0x6451b9c4983c - <unknown>
[INFO] [stdout]   18:     0x6451b9c17338 - <unknown>
[INFO] [stdout]   19:     0x7d809d4abdfa - <unknown>
[INFO] [stdout]   20:     0x7d809d53f3d4 - clone
[INFO] [stdout]   21:                0x0 - <unknown>
[INFO] [stdout] 
[INFO] [stdout] ---- test::update_payout_rotates_address stdout ----
[INFO] [stdout] Writing test snapshot file for test "test::update_payout_rotates_address" to "test_snapshots/test/update_payout_rotates_address.1.json".
[INFO] [stdout] 
[INFO] [stdout] thread 'test::update_payout_rotates_address' (4346) panicked at /opt/rustwide/cargo-home/registry/src/index.crates.io-1949cf8c6b5b557f/soroban-sdk-27.0.6/src/env.rs:2100:32:
[INFO] [stdout] called `Result::unwrap()` on an `Err` value: Os { code: 30, kind: ReadOnlyFilesystem, message: "Read-only file system" }
[INFO] [stdout] stack backtrace:
[INFO] [stdout]    0:     0x6451b9bf0ec7 - <unknown>
[INFO] [stdout]    1:     0x6451b9a79b34 - <unknown>
[INFO] [stdout]    2:     0x6451b9bf048b - <unknown>
[INFO] [stdout]    3:     0x6451b9bf0089 - <unknown>
[INFO] [stdout]    4:     0x6451b9befd0a - <unknown>
[INFO] [stdout]    5:     0x6451b9bef83b - <unknown>
[INFO] [stdout]    6:     0x6451b9c156a1 - <unknown>
[INFO] [stdout]    7:     0x6451b9c15659 - <unknown>
[INFO] [stdout]    8:     0x6451b9c15b4c - <unknown>
[INFO] [stdout]    9:     0x6451b9a799cb - <unknown>
[INFO] [stdout]   10:     0x6451b9a7d281 - <unknown>
[INFO] [stdout]   11:     0x6451b9bb786e - <unknown>
[INFO] [stdout]   12:     0x6451b9a677f8 - <unknown>
[INFO] [stdout]   13:     0x6451b9a70bf0 - <unknown>
[INFO] [stdout]   14:     0x6451b9c2f9bb - <unknown>
[INFO] [stdout]   15:     0x6451b9c2b092 - <unknown>
[INFO] [stdout]   16:     0x6451b9c2ab3c - <unknown>
[INFO] [stdout]   17:     0x6451b9c4983c - <unknown>
[INFO] [stdout]   18:     0x6451b9c17338 - <unknown>
[INFO] [stdout]   19:     0x7d809d4abdfa - <unknown>
[INFO] [stdout]   20:     0x7d809d53f3d4 - clone
[INFO] [stdout]   21:                0x0 - <unknown>
[INFO] [stdout] 
[INFO] [stdout] ---- test::verify_rejects_already_verified stdout ----
[INFO] [stdout] Writing test snapshot file for test "test::verify_rejects_already_verified" to "test_snapshots/test/verify_rejects_already_verified.1.json".
[INFO] [stdout] 
[INFO] [stdout] thread 'test::verify_rejects_already_verified' (4348) panicked at /opt/rustwide/cargo-home/registry/src/index.crates.io-1949cf8c6b5b557f/soroban-sdk-27.0.6/src/env.rs:2100:32:
[INFO] [stdout] called `Result::unwrap()` on an `Err` value: Os { code: 30, kind: ReadOnlyFilesystem, message: "Read-only file system" }
[INFO] [stdout] stack backtrace:
[INFO] [stdout]    0:     0x6451b9bf0ec7 - <unknown>
[INFO] [stdout]    1:     0x6451b9a79b34 - <unknown>
[INFO] [stdout]    2:     0x6451b9bf048b - <unknown>
[INFO] [stdout]    3:     0x6451b9bf0089 - <unknown>
[INFO] [stdout]    4:     0x6451b9befd0a - <unknown>
[INFO] [stdout]    5:     0x6451b9bef83b - <unknown>
[INFO] [stdout]    6:     0x6451b9c156a1 - <unknown>
[INFO] [stdout]    7:     0x6451b9c15659 - <unknown>
[INFO] [stdout]    8:     0x6451b9c15b4c - <unknown>
[INFO] [stdout]    9:     0x6451b9a799cb - <unknown>
[INFO] [stdout]   10:     0x6451b9a7d281 - <unknown>
[INFO] [stdout]   11:     0x6451b9bb786e - <unknown>
[INFO] [stdout]   12:     0x6451b9a677f8 - <unknown>
[INFO] [stdout]   13:     0x6451b9a720b2 - <unknown>
[INFO] [stdout]   14:     0x6451b9c2f9bb - <unknown>
[INFO] [stdout]   15:     0x6451b9c2b092 - <unknown>
[INFO] [stdout]   16:     0x6451b9c2ab3c - <unknown>
[INFO] [stdout]   17:     0x6451b9c4983c - <unknown>
[INFO] [stdout]   18:     0x6451b9c17338 - <unknown>
[INFO] [stdout]   19:     0x7d809d4abdfa - <unknown>
[INFO] [stdout]   20:     0x7d809d53f3d4 - clone
[INFO] [stdout]   21:                0x0 - <unknown>
[INFO] [stdout] 
[INFO] [stdout] ---- test::suspend_blocks_payout_lookup stdout ----
[INFO] [stdout] Writing test snapshot file for test "test::suspend_blocks_payout_lookup" to "test_snapshots/test/suspend_blocks_payout_lookup.1.json".
[INFO] [stdout] 
[INFO] [stdout] thread 'test::suspend_blocks_payout_lookup' (4343) panicked at /opt/rustwide/cargo-home/registry/src/index.crates.io-1949cf8c6b5b557f/soroban-sdk-27.0.6/src/env.rs:2100:32:
[INFO] [stdout] called `Result::unwrap()` on an `Err` value: Os { code: 30, kind: ReadOnlyFilesystem, message: "Read-only file system" }
[INFO] [stdout] stack backtrace:
[INFO] [stdout]    0:     0x6451b9bf0ec7 - <unknown>
[INFO] [stdout]    1:     0x6451b9a79b34 - <unknown>
[INFO] [stdout]    2:     0x6451b9bf048b - <unknown>
[INFO] [stdout]    3:     0x6451b9bf0089 - <unknown>
[INFO] [stdout]    4:     0x6451b9befd0a - <unknown>
[INFO] [stdout]    5:     0x6451b9bef83b - <unknown>
[INFO] [stdout]    6:     0x6451b9c156a1 - <unknown>
[INFO] [stdout]    7:     0x6451b9c15659 - <unknown>
[INFO] [stdout]    8:     0x6451b9c15b4c - <unknown>
[INFO] [stdout]    9:     0x6451b9a799cb - <unknown>
[INFO] [stdout]   10:     0x6451b9a7d281 - <unknown>
[INFO] [stdout]   11:     0x6451b9bb786e - <unknown>
[INFO] [stdout]   12:     0x6451b9a677f8 - <unknown>
[INFO] [stdout]   13:     0x6451b9a70298 - <unknown>
[INFO] [stdout]   14:     0x6451b9c2f9bb - <unknown>
[INFO] [stdout]   15:     0x6451b9c2b092 - <unknown>
[INFO] [stdout]   16:     0x6451b9c2ab3c - <unknown>
[INFO] [stdout]   17:     0x6451b9c4983c - <unknown>
[INFO] [stdout]   18:     0x6451b9c17338 - <unknown>
[INFO] [stdout]   19:     0x7d809d4abdfa - <unknown>
[INFO] [stdout]   20:     0x7d809d53f3d4 - clone
[INFO] [stdout]   21:                0x0 - <unknown>
[INFO] [stdout] 
[INFO] [stdout] ---- test::count_tracks_registrations stdout ----
[INFO] [stdout] Writing test snapshot file for test "test::count_tracks_registrations" to "test_snapshots/test/count_tracks_registrations.1.json".
[INFO] [stdout] 
[INFO] [stdout] thread 'test::count_tracks_registrations' (4326) panicked at /opt/rustwide/cargo-home/registry/src/index.crates.io-1949cf8c6b5b557f/soroban-sdk-27.0.6/src/env.rs:2100:32:
[INFO] [stdout] called `Result::unwrap()` on an `Err` value: Os { code: 30, kind: ReadOnlyFilesystem, message: "Read-only file system" }
[INFO] [stdout] stack backtrace:
[INFO] [stdout]    0:     0x6451b9bf0ec7 - <unknown>
[INFO] [stdout]    1:     0x6451b9a79b34 - <unknown>
[INFO] [stdout]    2:     0x6451b9bf048b - <unknown>
[INFO] [stdout]    3:     0x6451b9bf0089 - <unknown>
[INFO] [stdout]    4:     0x6451b9befd0a - <unknown>
[INFO] [stdout]    5:     0x6451b9bef83b - <unknown>
[INFO] [stdout]    6:     0x6451b9c156a1 - <unknown>
[INFO] [stdout]    7:     0x6451b9c15659 - <unknown>
[INFO] [stdout]    8:     0x6451b9c15b4c - <unknown>
[INFO] [stdout]    9:     0x6451b9a799cb - <unknown>
[INFO] [stdout]   10:     0x6451b9a7d281 - <unknown>
[INFO] [stdout]   11:     0x6451b9bb786e - <unknown>
[INFO] [stdout]   12:     0x6451b9a677f8 - <unknown>
[INFO] [stdout]   13:     0x6451b9a6fb24 - <unknown>
[INFO] [stdout]   14:     0x6451b9c2f9bb - <unknown>
[INFO] [stdout]   15:     0x6451b9c2b092 - <unknown>
[INFO] [stdout]   16:     0x6451b9c2ab3c - <unknown>
[INFO] [stdout]   17:     0x6451b9c4983c - <unknown>
[INFO] [stdout]   18:     0x6451b9c17338 - <unknown>
[INFO] [stdout]   19:     0x7d809d4abdfa - <unknown>
[INFO] [stdout]   20:     0x7d809d53f3d4 - clone
[INFO] [stdout]   21:                0x0 - <unknown>
[INFO] [stdout] 
[INFO] [stdout] ---- test::verify_rejects_unknown_institution stdout ----
[INFO] [stdout] Writing test snapshot file for test "test::verify_rejects_unknown_institution" to "test_snapshots/test/verify_rejects_unknown_institution.1.json".
[INFO] [stdout] 
[INFO] [stdout] thread 'test::verify_rejects_unknown_institution' (4349) panicked at /opt/rustwide/cargo-home/registry/src/index.crates.io-1949cf8c6b5b557f/soroban-sdk-27.0.6/src/env.rs:2100:32:
[INFO] [stdout] called `Result::unwrap()` on an `Err` value: Os { code: 30, kind: ReadOnlyFilesystem, message: "Read-only file system" }
[INFO] [stdout] stack backtrace:
[INFO] [stdout]    0:     0x6451b9bf0ec7 - <unknown>
[INFO] [stdout]    1:     0x6451b9a79b34 - <unknown>
[INFO] [stdout]    2:     0x6451b9bf048b - <unknown>
[INFO] [stdout]    3:     0x6451b9bf0089 - <unknown>
[INFO] [stdout]    4:     0x6451b9befd0a - <unknown>
[INFO] [stdout]    5:     0x6451b9bef83b - <unknown>
[INFO] [stdout]    6:     0x6451b9c156a1 - <unknown>
[INFO] [stdout]    7:     0x6451b9c15659 - <unknown>
[INFO] [stdout]    8:     0x6451b9c15b4c - <unknown>
[INFO] [stdout]    9:     0x6451b9a799cb - <unknown>
[INFO] [stdout]   10:     0x6451b9a7d281 - <unknown>
[INFO] [stdout]   11:     0x6451b9bb786e - <unknown>
[INFO] [stdout]   12:     0x6451b9a677f8 - <unknown>
[INFO] [stdout]   13:     0x6451b9a72d12 - <unknown>
[INFO] [stdout]   14:     0x6451b9c2f9bb - <unknown>
[INFO] [stdout]   15:     0x6451b9c2b092 - <unknown>
[INFO] [stdout]   16:     0x6451b9c2ab3c - <unknown>
[INFO] [stdout]   17:     0x6451b9c4983c - <unknown>
[INFO] [stdout]   18:     0x6451b9c17338 - <unknown>
[INFO] [stdout]   19:     0x7d809d4abdfa - <unknown>
[INFO] [stdout]   20:     0x7d809d53f3d4 - clone
[INFO] [stdout]   21:                0x0 - <unknown>
[INFO] [stdout] 
[INFO] [stdout] ---- test::list_agrees_with_count stdout ----
[INFO] [stdout] Writing test snapshot file for test "test::list_agrees_with_count" to "test_snapshots/test/list_agrees_with_count.1.json".
[INFO] [stdout] 
[INFO] [stdout] thread 'test::list_agrees_with_count' (4331) panicked at /opt/rustwide/cargo-home/registry/src/index.crates.io-1949cf8c6b5b557f/soroban-sdk-27.0.6/src/env.rs:2100:32:
[INFO] [stdout] called `Result::unwrap()` on an `Err` value: Os { code: 30, kind: ReadOnlyFilesystem, message: "Read-only file system" }
[INFO] [stdout] stack backtrace:
[INFO] [stdout]    0:     0x6451b9bf0ec7 - <unknown>
[INFO] [stdout]    1:     0x6451b9a79b34 - <unknown>
[INFO] [stdout]    2:     0x6451b9bf048b - <unknown>
[INFO] [stdout]    3:     0x6451b9bf0089 - <unknown>
[INFO] [stdout]    4:     0x6451b9befd0a - <unknown>
[INFO] [stdout]    5:     0x6451b9bef83b - <unknown>
[INFO] [stdout]    6:     0x6451b9c156a1 - <unknown>
[INFO] [stdout]    7:     0x6451b9c15659 - <unknown>
[INFO] [stdout]    8:     0x6451b9c15b4c - <unknown>
[INFO] [stdout]    9:     0x6451b9a799cb - <unknown>
[INFO] [stdout]   10:     0x6451b9a7d281 - <unknown>
[INFO] [stdout]   11:     0x6451b9bb786e - <unknown>
[INFO] [stdout]   12:     0x6451b9a677f8 - <unknown>
[INFO] [stdout]   13:     0x6451b9a6f449 - <unknown>
[INFO] [stdout]   14:     0x6451b9c2f9bb - <unknown>
[INFO] [stdout]   15:     0x6451b9c2b092 - <unknown>
[INFO] [stdout]   16:     0x6451b9c2ab3c - <unknown>
[INFO] [stdout]   17:     0x6451b9c4983c - <unknown>
[INFO] [stdout]   18:     0x6451b9c17338 - <unknown>
[INFO] [stdout]   19:     0x7d809d4abdfa - <unknown>
[INFO] [stdout]   20:     0x7d809d53f3d4 - clone
[INFO] [stdout]   21:                0x0 - <unknown>
[INFO] [stdout] 
[INFO] [stdout] ---- test::list_returns_registration_order stdout ----
[INFO] [stdout] Writing test snapshot file for test "test::list_returns_registration_order" to "test_snapshots/test/list_returns_registration_order.1.json".
[INFO] [stdout] 
[INFO] [stdout] thread 'test::list_returns_registration_order' (4338) panicked at /opt/rustwide/cargo-home/registry/src/index.crates.io-1949cf8c6b5b557f/soroban-sdk-27.0.6/src/env.rs:2100:32:
[INFO] [stdout] called `Result::unwrap()` on an `Err` value: Os { code: 30, kind: ReadOnlyFilesystem, message: "Read-only file system" }
[INFO] [stdout] stack backtrace:
[INFO] [stdout]    0:     0x6451b9bf0ec7 - <unknown>
[INFO] [stdout]    1:     0x6451b9a79b34 - <unknown>
[INFO] [stdout]    2:     0x6451b9bf048b - <unknown>
[INFO] [stdout]    3:     0x6451b9bf0089 - <unknown>
[INFO] [stdout]    4:     0x6451b9befd0a - <unknown>
[INFO] [stdout]    5:     0x6451b9bef83b - <unknown>
[INFO] [stdout]    6:     0x6451b9c156a1 - <unknown>
[INFO] [stdout]    7:     0x6451b9c15659 - <unknown>
[INFO] [stdout]    8:     0x6451b9c15b4c - <unknown>
[INFO] [stdout]    9:     0x6451b9a799cb - <unknown>
[INFO] [stdout]   10:     0x6451b9a7d281 - <unknown>
[INFO] [stdout]   11:     0x6451b9bb786e - <unknown>
[INFO] [stdout]   12:     0x6451b9a677f8 - <unknown>
[INFO] [stdout]   13:     0x6451b9a717aa - <unknown>
[INFO] [stdout]   14:     0x6451b9c2f9bb - <unknown>
[INFO] [stdout]   15:     0x6451b9c2b092 - <unknown>
[INFO] [stdout]   16:     0x6451b9c2ab3c - <unknown>
[INFO] [stdout]   17:     0x6451b9c4983c - <unknown>
[INFO] [stdout]   18:     0x6451b9c17338 - <unknown>
[INFO] [stdout]   19:     0x7d809d4abdfa - <unknown>
[INFO] [stdout]   20:     0x7d809d53f3d4 - clone
[INFO] [stdout]   21:                0x0 - <unknown>
[INFO] [stdout] 
[INFO] [stdout] ---- test::register_rejects_bad_metadata stdout ----
[INFO] [stdout] Writing test snapshot file for test "test::register_rejects_bad_metadata" to "test_snapshots/test/register_rejects_bad_metadata.1.json".
[INFO] [stdout] 
[INFO] [stdout] thread 'test::register_rejects_bad_metadata' (4340) panicked at /opt/rustwide/cargo-home/registry/src/index.crates.io-1949cf8c6b5b557f/soroban-sdk-27.0.6/src/env.rs:2100:32:
[INFO] [stdout] called `Result::unwrap()` on an `Err` value: Os { code: 30, kind: ReadOnlyFilesystem, message: "Read-only file system" }
[INFO] [stdout] stack backtrace:
[INFO] [stdout]    0:     0x6451b9bf0ec7 - <unknown>
[INFO] [stdout]    1:     0x6451b9a79b34 - <unknown>
[INFO] [stdout]    2:     0x6451b9bf048b - <unknown>
[INFO] [stdout]    3:     0x6451b9bf0089 - <unknown>
[INFO] [stdout]    4:     0x6451b9befd0a - <unknown>
[INFO] [stdout]    5:     0x6451b9bef83b - <unknown>
[INFO] [stdout]    6:     0x6451b9c156a1 - <unknown>
[INFO] [stdout]    7:     0x6451b9c15659 - <unknown>
[INFO] [stdout]    8:     0x6451b9c15b4c - <unknown>
[INFO] [stdout]    9:     0x6451b9a799cb - <unknown>
[INFO] [stdout]   10:     0x6451b9a7d281 - <unknown>
[INFO] [stdout]   11:     0x6451b9bb786e - <unknown>
[INFO] [stdout]   12:     0x6451b9a677f8 - <unknown>
[INFO] [stdout]   13:     0x6451b9a70740 - <unknown>
[INFO] [stdout]   14:     0x6451b9c2f9bb - <unknown>
[INFO] [stdout]   15:     0x6451b9c2b092 - <unknown>
[INFO] [stdout]   16:     0x6451b9c2ab3c - <unknown>
[INFO] [stdout]   17:     0x6451b9c4983c - <unknown>
[INFO] [stdout]   18:     0x6451b9c17338 - <unknown>
[INFO] [stdout]   19:     0x7d809d4abdfa - <unknown>
[INFO] [stdout]   20:     0x7d809d53f3d4 - clone
[INFO] [stdout]   21:                0x0 - <unknown>
[INFO] [stdout] 
[INFO] [stdout] ---- test::list_pages_through_the_registry stdout ----
[INFO] [stdout] Writing test snapshot file for test "test::list_pages_through_the_registry" to "test_snapshots/test/list_pages_through_the_registry.1.json".
[INFO] [stdout] 
[INFO] [stdout] thread 'test::list_pages_through_the_registry' (4335) panicked at /opt/rustwide/cargo-home/registry/src/index.crates.io-1949cf8c6b5b557f/soroban-sdk-27.0.6/src/env.rs:2100:32:
[INFO] [stdout] called `Result::unwrap()` on an `Err` value: Os { code: 30, kind: ReadOnlyFilesystem, message: "Read-only file system" }
[INFO] [stdout] stack backtrace:
[INFO] [stdout]    0:     0x6451b9bf0ec7 - <unknown>
[INFO] [stdout]    1:     0x6451b9a79b34 - <unknown>
[INFO] [stdout]    2:     0x6451b9bf048b - <unknown>
[INFO] [stdout]    3:     0x6451b9bf0089 - <unknown>
[INFO] [stdout]    4:     0x6451b9befd0a - <unknown>
[INFO] [stdout]    5:     0x6451b9bef83b - <unknown>
[INFO] [stdout]    6:     0x6451b9c156a1 - <unknown>
[INFO] [stdout]    7:     0x6451b9c15659 - <unknown>
[INFO] [stdout]    8:     0x6451b9c15b4c - <unknown>
[INFO] [stdout]    9:     0x6451b9a799cb - <unknown>
[INFO] [stdout]   10:     0x6451b9a7d281 - <unknown>
[INFO] [stdout]   11:     0x6451b9bb786e - <unknown>
[INFO] [stdout]   12:     0x6451b9a677f8 - <unknown>
[INFO] [stdout]   13:     0x6451b9a71294 - <unknown>
[INFO] [stdout]   14:     0x6451b9c2f9bb - <unknown>
[INFO] [stdout]   15:     0x6451b9c2b092 - <unknown>
[INFO] [stdout]   16:     0x6451b9c2ab3c - <unknown>
[INFO] [stdout]   17:     0x6451b9c4983c - <unknown>
[INFO] [stdout]   18:     0x6451b9c17338 - <unknown>
[INFO] [stdout]   19:     0x7d809d4abdfa - <unknown>
[INFO] [stdout]   20:     0x7d809d53f3d4 - clone
[INFO] [stdout]   21:                0x0 - <unknown>
[INFO] [stdout] 
[INFO] [stdout] ---- test::initialize_is_single_shot stdout ----
[INFO] [stdout] Writing test snapshot file for test "test::initialize_is_single_shot" to "test_snapshots/test/initialize_is_single_shot.1.json".
[INFO] [stdout] 
[INFO] [stdout] thread 'test::initialize_is_single_shot' (4328) panicked at /opt/rustwide/cargo-home/registry/src/index.crates.io-1949cf8c6b5b557f/soroban-sdk-27.0.6/src/env.rs:2100:32:
[INFO] [stdout] called `Result::unwrap()` on an `Err` value: Os { code: 30, kind: ReadOnlyFilesystem, message: "Read-only file system" }
[INFO] [stdout] stack backtrace:
[INFO] [stdout]    0:     0x6451b9bf0ec7 - <unknown>
[INFO] [stdout]    1:     0x6451b9a79b34 - <unknown>
[INFO] [stdout]    2:     0x6451b9bf048b - <unknown>
[INFO] [stdout]    3:     0x6451b9bf0089 - <unknown>
[INFO] [stdout]    4:     0x6451b9befd0a - <unknown>
[INFO] [stdout]    5:     0x6451b9bef83b - <unknown>
[INFO] [stdout]    6:     0x6451b9c156a1 - <unknown>
[INFO] [stdout]    7:     0x6451b9c15659 - <unknown>
[INFO] [stdout]    8:     0x6451b9c15b4c - <unknown>
[INFO] [stdout]    9:     0x6451b9a799cb - <unknown>
[INFO] [stdout]   10:     0x6451b9a7d281 - <unknown>
[INFO] [stdout]   11:     0x6451b9bb786e - <unknown>
[INFO] [stdout]   12:     0x6451b9a677f8 - <unknown>
[INFO] [stdout]   13:     0x6451b9a6f736 - <unknown>
[INFO] [stdout]   14:     0x6451b9c2f9bb - <unknown>
[INFO] [stdout]   15:     0x6451b9c2b092 - <unknown>
[INFO] [stdout]   16:     0x6451b9c2ab3c - <unknown>
[INFO] [stdout]   17:     0x6451b9c4983c - <unknown>
[INFO] [stdout]   18:     0x6451b9c17338 - <unknown>
[INFO] [stdout]   19:     0x7d809d4abdfa - <unknown>
[INFO] [stdout]   20:     0x7d809d53f3d4 - clone
[INFO] [stdout]   21:                0x0 - <unknown>
[INFO] [stdout] 
[INFO] [stdout] ---- test::list_includes_unverified_and_suspended_institutions stdout ----
[INFO] [stdout] Writing test snapshot file for test "test::list_includes_unverified_and_suspended_institutions" to "test_snapshots/test/list_includes_unverified_and_suspended_institutions.1.json".
[INFO] [stdout] 
[INFO] [stdout] thread 'test::list_includes_unverified_and_suspended_institutions' (4333) panicked at /opt/rustwide/cargo-home/registry/src/index.crates.io-1949cf8c6b5b557f/soroban-sdk-27.0.6/src/env.rs:2100:32:
[INFO] [stdout] called `Result::unwrap()` on an `Err` value: Os { code: 30, kind: ReadOnlyFilesystem, message: "Read-only file system" }
[INFO] [stdout] stack backtrace:
[INFO] [stdout]    0:     0x6451b9bf0ec7 - <unknown>
[INFO] [stdout]    1:     0x6451b9a79b34 - <unknown>
[INFO] [stdout]    2:     0x6451b9bf048b - <unknown>
[INFO] [stdout]    3:     0x6451b9bf0089 - <unknown>
[INFO] [stdout]    4:     0x6451b9befd0a - <unknown>
[INFO] [stdout]    5:     0x6451b9bef83b - <unknown>
[INFO] [stdout]    6:     0x6451b9c156a1 - <unknown>
[INFO] [stdout]    7:     0x6451b9c15659 - <unknown>
[INFO] [stdout]    8:     0x6451b9c15b4c - <unknown>
[INFO] [stdout]    9:     0x6451b9a799cb - <unknown>
[INFO] [stdout]   10:     0x6451b9a7d281 - <unknown>
[INFO] [stdout]   11:     0x6451b9bb786e - <unknown>
[INFO] [stdout]   12:     0x6451b9a677f8 - <unknown>
[INFO] [stdout]   13:     0x6451b9a73711 - <unknown>
[INFO] [stdout]   14:     0x6451b9c2f9bb - <unknown>
[INFO] [stdout]   15:     0x6451b9c2b092 - <unknown>
[INFO] [stdout]   16:     0x6451b9c2ab3c - <unknown>
[INFO] [stdout]   17:     0x6451b9c4983c - <unknown>
[INFO] [stdout]   18:     0x6451b9c17338 - <unknown>
[INFO] [stdout]   19:     0x7d809d4abdfa - <unknown>
[INFO] [stdout]   20:     0x7d809d53f3d4 - clone
[INFO] [stdout]   21:                0x0 - <unknown>
[INFO] [stdout] 
[INFO] [stdout] ---- test::is_verified_is_false_for_unknown_address stdout ----
[INFO] [stdout] Writing test snapshot file for test "test::is_verified_is_false_for_unknown_address" to "test_snapshots/test/is_verified_is_false_for_unknown_address.1.json".
[INFO] [stdout] 
[INFO] [stdout] thread 'test::is_verified_is_false_for_unknown_address' (4330) panicked at /opt/rustwide/cargo-home/registry/src/index.crates.io-1949cf8c6b5b557f/soroban-sdk-27.0.6/src/env.rs:2100:32:
[INFO] [stdout] called `Result::unwrap()` on an `Err` value: Os { code: 30, kind: ReadOnlyFilesystem, message: "Read-only file system" }
[INFO] [stdout] stack backtrace:
[INFO] [stdout]    0:     0x6451b9bf0ec7 - <unknown>
[INFO] [stdout]    1:     0x6451b9a79b34 - <unknown>
[INFO] [stdout]    2:     0x6451b9bf048b - <unknown>
[INFO] [stdout]    3:     0x6451b9bf0089 - <unknown>
[INFO] [stdout]    4:     0x6451b9befd0a - <unknown>
[INFO] [stdout]    5:     0x6451b9bef83b - <unknown>
[INFO] [stdout]    6:     0x6451b9c156a1 - <unknown>
[INFO] [stdout]    7:     0x6451b9c15659 - <unknown>
[INFO] [stdout]    8:     0x6451b9c15b4c - <unknown>
[INFO] [stdout]    9:     0x6451b9a799cb - <unknown>
[INFO] [stdout]   10:     0x6451b9a7d281 - <unknown>
[INFO] [stdout]   11:     0x6451b9bb786e - <unknown>
[INFO] [stdout]   12:     0x6451b9a677f8 - <unknown>
[INFO] [stdout]   13:     0x6451b9a73332 - <unknown>
[INFO] [stdout]   14:     0x6451b9c2f9bb - <unknown>
[INFO] [stdout]   15:     0x6451b9c2b092 - <unknown>
[INFO] [stdout]   16:     0x6451b9c2ab3c - <unknown>
[INFO] [stdout]   17:     0x6451b9c4983c - <unknown>
[INFO] [stdout]   18:     0x6451b9c17338 - <unknown>
[INFO] [stdout]   19:     0x7d809d4abdfa - <unknown>
[INFO] [stdout]   20:     0x7d809d53f3d4 - clone
[INFO] [stdout]   21:                0x0 - <unknown>
[INFO] [stdout] 
[INFO] [stdout] ---- test::list_rejects_a_zero_limit stdout ----
[INFO] [stdout] Writing test snapshot file for test "test::list_rejects_a_zero_limit" to "test_snapshots/test/list_rejects_a_zero_limit.1.json".
[INFO] [stdout] 
[INFO] [stdout] thread 'test::list_rejects_a_zero_limit' (4337) panicked at /opt/rustwide/cargo-home/registry/src/index.crates.io-1949cf8c6b5b557f/soroban-sdk-27.0.6/src/env.rs:2100:32:
[INFO] [stdout] called `Result::unwrap()` on an `Err` value: Os { code: 30, kind: ReadOnlyFilesystem, message: "Read-only file system" }
[INFO] [stdout] stack backtrace:
[INFO] [stdout]    0:     0x6451b9bf0ec7 - <unknown>
[INFO] [stdout]    1:     0x6451b9a79b34 - <unknown>
[INFO] [stdout]    2:     0x6451b9bf048b - <unknown>
[INFO] [stdout]    3:     0x6451b9bf0089 - <unknown>
[INFO] [stdout]    4:     0x6451b9befd0a - <unknown>
[INFO] [stdout]    5:     0x6451b9bef83b - <unknown>
[INFO] [stdout]    6:     0x6451b9c156a1 - <unknown>
[INFO] [stdout]    7:     0x6451b9c15659 - <unknown>
[INFO] [stdout]    8:     0x6451b9c15b4c - <unknown>
[INFO] [stdout]    9:     0x6451b9a799cb - <unknown>
[INFO] [stdout]   10:     0x6451b9a7d281 - <unknown>
[INFO] [stdout]   11:     0x6451b9bb786e - <unknown>
[INFO] [stdout]   12:     0x6451b9a677f8 - <unknown>
[INFO] [stdout]   13:     0x6451b9a6f9ab - <unknown>
[INFO] [stdout]   14:     0x6451b9c2f9bb - <unknown>
[INFO] [stdout]   15:     0x6451b9c2b092 - <unknown>
[INFO] [stdout]   16:     0x6451b9c2ab3c - <unknown>
[INFO] [stdout]   17:     0x6451b9c4983c - <unknown>
[INFO] [stdout]   18:     0x6451b9c17338 - <unknown>
[INFO] [stdout]   19:     0x7d809d4abdfa - <unknown>
[INFO] [stdout]   20:     0x7d809d53f3d4 - clone
[INFO] [stdout]   21:                0x0 - <unknown>
[INFO] [stdout] 
[INFO] [stdout] ---- test::list_past_the_end_is_empty_not_an_error stdout ----
[INFO] [stdout] Writing test snapshot file for test "test::list_past_the_end_is_empty_not_an_error" to "test_snapshots/test/list_past_the_end_is_empty_not_an_error.1.json".
[INFO] [stdout] 
[INFO] [stdout] thread 'test::list_past_the_end_is_empty_not_an_error' (4336) panicked at /opt/rustwide/cargo-home/registry/src/index.crates.io-1949cf8c6b5b557f/soroban-sdk-27.0.6/src/env.rs:2100:32:
[INFO] [stdout] called `Result::unwrap()` on an `Err` value: Os { code: 30, kind: ReadOnlyFilesystem, message: "Read-only file system" }
[INFO] [stdout] stack backtrace:
[INFO] [stdout]    0:     0x6451b9bf0ec7 - <unknown>
[INFO] [stdout]    1:     0x6451b9a79b34 - <unknown>
[INFO] [stdout]    2:     0x6451b9bf048b - <unknown>
[INFO] [stdout]    3:     0x6451b9bf0089 - <unknown>
[INFO] [stdout]    4:     0x6451b9befd0a - <unknown>
[INFO] [stdout]    5:     0x6451b9bef83b - <unknown>
[INFO] [stdout]    6:     0x6451b9c156a1 - <unknown>
[INFO] [stdout]    7:     0x6451b9c15659 - <unknown>
[INFO] [stdout]    8:     0x6451b9c15b4c - <unknown>
[INFO] [stdout]    9:     0x6451b9a799cb - <unknown>
[INFO] [stdout]   10:     0x6451b9a7d281 - <unknown>
[INFO] [stdout]   11:     0x6451b9bb786e - <unknown>
[INFO] [stdout]   12:     0x6451b9a677f8 - <unknown>
[INFO] [stdout]   13:     0x6451b9a73036 - <unknown>
[INFO] [stdout]   14:     0x6451b9c2f9bb - <unknown>
[INFO] [stdout]   15:     0x6451b9c2b092 - <unknown>
[INFO] [stdout]   16:     0x6451b9c2ab3c - <unknown>
[INFO] [stdout]   17:     0x6451b9c4983c - <unknown>
[INFO] [stdout]   18:     0x6451b9c17338 - <unknown>
[INFO] [stdout]   19:     0x7d809d4abdfa - <unknown>
[INFO] [stdout]   20:     0x7d809d53f3d4 - clone
[INFO] [stdout]   21:                0x0 - <unknown>
[INFO] [stdout] 
[INFO] [stdout] ---- test::register_rejects_duplicate_address stdout ----
[INFO] [stdout] Writing test snapshot file for test "test::register_rejects_duplicate_address" to "test_snapshots/test/register_rejects_duplicate_address.1.json".
[INFO] [stdout] 
[INFO] [stdout] thread 'test::register_rejects_duplicate_address' (4341) panicked at /opt/rustwide/cargo-home/registry/src/index.crates.io-1949cf8c6b5b557f/soroban-sdk-27.0.6/src/env.rs:2100:32:
[INFO] [stdout] called `Result::unwrap()` on an `Err` value: Os { code: 30, kind: ReadOnlyFilesystem, message: "Read-only file system" }
[INFO] [stdout] stack backtrace:
[INFO] [stdout]    0:     0x6451b9bf0ec7 - <unknown>
[INFO] [stdout]    1:     0x6451b9a79b34 - <unknown>
[INFO] [stdout]    2:     0x6451b9bf048b - <unknown>
[INFO] [stdout]    3:     0x6451b9bf0089 - <unknown>
[INFO] [stdout]    4:     0x6451b9befd0a - <unknown>
[INFO] [stdout]    5:     0x6451b9bef83b - <unknown>
[INFO] [stdout]    6:     0x6451b9c156a1 - <unknown>
[INFO] [stdout]    7:     0x6451b9c15659 - <unknown>
[INFO] [stdout]    8:     0x6451b9c15b4c - <unknown>
[INFO] [stdout]    9:     0x6451b9a799cb - <unknown>
[INFO] [stdout]   10:     0x6451b9a7d281 - <unknown>
[INFO] [stdout]   11:     0x6451b9bb786e - <unknown>
[INFO] [stdout]   12:     0x6451b9a677f8 - <unknown>
[INFO] [stdout]   13:     0x6451b9a72b41 - <unknown>
[INFO] [stdout]   14:     0x6451b9c2f9bb - <unknown>
[INFO] [stdout]   15:     0x6451b9c2b092 - <unknown>
[INFO] [stdout]   16:     0x6451b9c2ab3c - <unknown>
[INFO] [stdout]   17:     0x6451b9c4983c - <unknown>
[INFO] [stdout]   18:     0x6451b9c17338 - <unknown>
[INFO] [stdout]   19:     0x7d809d4abdfa - <unknown>
[INFO] [stdout]   20:     0x7d809d53f3d4 - clone
[INFO] [stdout]   21:                0x0 - <unknown>
[INFO] [stdout] 
[INFO] [stdout] ---- test::verify_makes_institution_payable stdout ----
[INFO] [stdout] Writing test snapshot file for test "test::verify_makes_institution_payable" to "test_snapshots/test/verify_makes_institution_payable.1.json".
[INFO] [stdout] 
[INFO] [stdout] thread 'test::verify_makes_institution_payable' (4347) panicked at /opt/rustwide/cargo-home/registry/src/index.crates.io-1949cf8c6b5b557f/soroban-sdk-27.0.6/src/env.rs:2100:32:
[INFO] [stdout] called `Result::unwrap()` on an `Err` value: Os { code: 30, kind: ReadOnlyFilesystem, message: "Read-only file system" }
[INFO] [stdout] stack backtrace:
[INFO] [stdout]    0:     0x6451b9bf0ec7 - <unknown>
[INFO] [stdout]    1:     0x6451b9a79b34 - <unknown>
[INFO] [stdout]    2:     0x6451b9bf048b - <unknown>
[INFO] [stdout]    3:     0x6451b9bf0089 - <unknown>
[INFO] [stdout]    4:     0x6451b9befd0a - <unknown>
[INFO] [stdout]    5:     0x6451b9bef83b - <unknown>
[INFO] [stdout]    6:     0x6451b9c156a1 - <unknown>
[INFO] [stdout]    7:     0x6451b9c15659 - <unknown>
[INFO] [stdout]    8:     0x6451b9c15b4c - <unknown>
[INFO] [stdout]    9:     0x6451b9a799cb - <unknown>
[INFO] [stdout]   10:     0x6451b9a7d281 - <unknown>
[INFO] [stdout]   11:     0x6451b9bb786e - <unknown>
[INFO] [stdout]   12:     0x6451b9a677f8 - <unknown>
[INFO] [stdout]   13:     0x6451b9a72772 - <unknown>
[INFO] [stdout]   14:     0x6451b9c2f9bb - <unknown>
[INFO] [stdout]   15:     0x6451b9c2b092 - <unknown>
[INFO] [stdout]   16:     0x6451b9c2ab3c - <unknown>
[INFO] [stdout]   17:     0x6451b9c4983c - <unknown>
[INFO] [stdout]   18:     0x6451b9c17338 - <unknown>
[INFO] [stdout]   19:     0x7d809d4abdfa - <unknown>
[INFO] [stdout]   20:     0x7d809d53f3d4 - clone
[INFO] [stdout]   21:                0x0 - <unknown>
[INFO] [stdout] 
[INFO] [stdout] 
[INFO] [stdout] failures:
[INFO] [stdout]     test::count_tracks_registrations
[INFO] [stdout]     test::initialize_emits_a_genesis_event
[INFO] [stdout]     test::initialize_is_single_shot
[INFO] [stdout]     test::initialize_sets_admin_and_zero_count
[INFO] [stdout]     test::is_verified_is_false_for_unknown_address
[INFO] [stdout]     test::list_agrees_with_count
[INFO] [stdout]     test::list_clamps_an_oversized_limit
[INFO] [stdout]     test::list_includes_unverified_and_suspended_institutions
[INFO] [stdout]     test::list_on_an_empty_registry_is_empty
[INFO] [stdout]     test::list_pages_through_the_registry
[INFO] [stdout]     test::list_past_the_end_is_empty_not_an_error
[INFO] [stdout]     test::list_rejects_a_zero_limit
[INFO] [stdout]     test::list_returns_registration_order
[INFO] [stdout]     test::register_creates_pending_record
[INFO] [stdout]     test::register_rejects_bad_metadata
[INFO] [stdout]     test::register_rejects_duplicate_address
[INFO] [stdout]     test::set_admin_transfers_control
[INFO] [stdout]     test::suspend_blocks_payout_lookup
[INFO] [stdout]     test::suspend_requires_verified_state
[INFO] [stdout]     test::suspended_institution_can_be_reinstated
[INFO] [stdout]     test::update_payout_rotates_address
[INFO] [stdout]     test::verify_makes_institution_payable
[INFO] [stdout]     test::verify_rejects_already_verified
[INFO] [stdout]     test::verify_rejects_unknown_institution
[INFO] [stdout] 
[INFO] [stdout] test result: FAILED. 0 passed; 24 failed; 0 ignored; 0 measured; 0 filtered out; finished in 0.03s
[INFO] [stdout] 
[INFO] [stderr] error: test failed, to rerun pass `-p institution-registry --lib`
[INFO] running `Command { std: "docker" "inspect" "7a4bb46d981c7eab3218d75931c98963948932594a3dec679d25d907592f8a3f", kill_on_drop: false }`
[INFO] running `Command { std: "docker" "rm" "-f" "7a4bb46d981c7eab3218d75931c98963948932594a3dec679d25d907592f8a3f", kill_on_drop: false }`
[INFO] [stdout] 7a4bb46d981c7eab3218d75931c98963948932594a3dec679d25d907592f8a3f
