[INFO] cloning repository https://github.com/sxrzh/oiph
[INFO] running `Command { std: "git" "-c" "credential.helper=" "-c" "credential.helper=/workspace/cargo-home/bin/git-credential-null" "clone" "--bare" "https://github.com/sxrzh/oiph" "/workspace/cache/git-repos/https%3A%2F%2Fgithub.com%2Fsxrzh%2Foiph", kill_on_drop: false }`
[INFO] [stderr] Cloning into bare repository '/workspace/cache/git-repos/https%3A%2F%2Fgithub.com%2Fsxrzh%2Foiph'...
[INFO] running `Command { std: "git" "rev-parse" "HEAD", kill_on_drop: false }`
[INFO] [stdout] f2841dac7c4c46e0f154ecf2fcc2dd566ca6ce96
[INFO] testing sxrzh/oiph against 1.100.0-beta.1+cargoflags=--release for beta-release-1.100-2
[INFO] running `Command { std: "git" "clone" "/workspace/cache/git-repos/https%3A%2F%2Fgithub.com%2Fsxrzh%2Foiph" "/workspace/builds/worker-2-tc2/source", kill_on_drop: false }`
[INFO] [stderr] Cloning into '/workspace/builds/worker-2-tc2/source'...
[INFO] [stderr] done.
[INFO] removed /workspace/builds/worker-2-tc2/source/.cargo/config.toml
[INFO] started tweaking git repo https://github.com/sxrzh/oiph
[INFO] finished tweaking git repo https://github.com/sxrzh/oiph
[INFO] tweaked toml for git repo https://github.com/sxrzh/oiph written to /workspace/builds/worker-2-tc2/source/Cargo.toml
[INFO] validating manifest of git repo https://github.com/sxrzh/oiph on toolchain 1.100.0-beta.1
[INFO] running `Command { std: CARGO_HOME="/workspace/cargo-home" RUSTUP_HOME="/workspace/rustup-home" "/workspace/cargo-home/bin/cargo" "+1.100.0-beta.1" "metadata" "--manifest-path" "Cargo.toml" "--no-deps", kill_on_drop: false }`
[INFO] crate git repo https://github.com/sxrzh/oiph already has a lockfile, it will not be regenerated
[INFO] running `Command { std: CARGO_HOME="/workspace/cargo-home" RUSTUP_HOME="/workspace/rustup-home" "/workspace/cargo-home/bin/cargo" "+1.100.0-beta.1" "fetch" "--manifest-path" "Cargo.toml", kill_on_drop: false }`
[INFO] running `Command { std: "docker" "create" "-v" "/var/lib/crater-agent-workspace/builds/worker-2-tc2/source:/opt/rustwide/workdir:ro,Z" "-v" "/var/lib/crater-agent-workspace/builds/worker-2-tc2/target:/opt/rustwide/target:rw,Z" "-v" "/var/lib/crater-agent-workspace/cargo-home:/opt/rustwide/cargo-home:ro,Z" "-v" "/var/lib/crater-agent-workspace/rustup-home:/opt/rustwide/rustup-home:ro,Z" "-m" "1610612736" "--network" "none" "ghcr.io/rust-lang/crates-build-env/linux@sha256:77db811e55d90add9212f6832c23229e3de5f1c1f9905e8cb07319ea15df73ac" "sleep" "infinity", kill_on_drop: false }`
[INFO] [stdout] 82ca0b2816ed0401ec83bc52ca8bf2f545727cfa0dfe3fce85c57ba7481a1ff2
[INFO] running `Command { std: "docker" "start" "82ca0b2816ed0401ec83bc52ca8bf2f545727cfa0dfe3fce85c57ba7481a1ff2", kill_on_drop: false }`
[INFO] running `Command { std: "docker" "inspect" "82ca0b2816ed0401ec83bc52ca8bf2f545727cfa0dfe3fce85c57ba7481a1ff2", kill_on_drop: false }`
[INFO] running `Command { std: "docker" "exec" "-e" "SOURCE_DIR=/opt/rustwide/workdir" "-e" "CARGO_HOME=/opt/rustwide/cargo-home" "-e" "RUSTUP_HOME=/opt/rustwide/rustup-home" "-e" "CARGO_TARGET_DIR=/opt/rustwide/target" "-w" "/opt/rustwide/workdir" "--user" "0:0" "82ca0b2816ed0401ec83bc52ca8bf2f545727cfa0dfe3fce85c57ba7481a1ff2" "/opt/rustwide/cargo-home/bin/cargo" "+1.100.0-beta.1" "metadata" "--no-deps" "--format-version=1", kill_on_drop: false }`
[INFO] running `Command { std: "docker" "inspect" "82ca0b2816ed0401ec83bc52ca8bf2f545727cfa0dfe3fce85c57ba7481a1ff2", kill_on_drop: false }`
[INFO] running `Command { std: "docker" "exec" "-e" "SOURCE_DIR=/opt/rustwide/workdir" "-e" "CARGO_HOME=/opt/rustwide/cargo-home" "-e" "RUSTUP_HOME=/opt/rustwide/rustup-home" "-e" "CARGO_TARGET_DIR=/opt/rustwide/target" "-e" "CARGO_INCREMENTAL=0" "-e" "RUST_BACKTRACE=full" "-e" "RUSTFLAGS=--cap-lints=warn" "-e" "RUSTDOCFLAGS=--cap-lints=warn" "-w" "/opt/rustwide/workdir" "--user" "0:0" "82ca0b2816ed0401ec83bc52ca8bf2f545727cfa0dfe3fce85c57ba7481a1ff2" "/opt/rustwide/cargo-home/bin/cargo" "+1.100.0-beta.1" "build" "--frozen" "--message-format=json" "--release", kill_on_drop: false }`
[INFO] [stderr]    Compiling cfg-if v1.0.4
[INFO] [stderr]    Compiling smallvec v1.15.2
[INFO] [stderr]    Compiling log v0.4.34
[INFO] [stderr]    Compiling itoa v1.0.18
[INFO] [stderr]    Compiling scopeguard v1.2.0
[INFO] [stderr]    Compiling stable_deref_trait v1.2.1
[INFO] [stderr]    Compiling bytes v1.12.1
[INFO] [stderr]    Compiling pin-project-lite v0.2.17
[INFO] [stderr]    Compiling siphasher v1.0.3
[INFO] [stderr]    Compiling rand_core v0.6.4
[INFO] [stderr]    Compiling libc v0.2.189
[INFO] [stderr]    Compiling parking_lot_core v0.9.12
[INFO] [stderr]    Compiling futures-core v0.3.34
[INFO] [stderr]    Compiling serde_core v1.0.229
[INFO] [stderr]    Compiling syn v3.0.4
[INFO] [stderr]    Compiling syn v2.0.119
[INFO] [stderr]    Compiling once_cell v1.21.4
[INFO] [stderr]    Compiling serde v1.0.229
[INFO] [stderr]    Compiling rand v0.8.8
[INFO] [stderr]    Compiling bitflags v2.13.1
[INFO] [stderr]    Compiling cc v1.4.4
[INFO] [stderr]    Compiling futures-sink v0.3.34
[INFO] [stderr]    Compiling lock_api v0.4.14
[INFO] [stderr]    Compiling litemap v0.8.3
[INFO] [stderr]    Compiling writeable v0.6.4
[INFO] [stderr]    Compiling phf_shared v0.11.3
[INFO] [stderr]    Compiling httparse v1.10.1
[INFO] [stderr]    Compiling tracing-core v0.1.36
[INFO] [stderr]    Compiling generic-array v0.14.7
[INFO] [stderr]    Compiling percent-encoding v2.3.2
[INFO] [stderr]    Compiling slab v0.4.12
[INFO] [stderr]    Compiling typenum v1.20.1
[INFO] [stderr]    Compiling futures-task v0.3.34
[INFO] [stderr]    Compiling phf_generator v0.11.3
[INFO] [stderr]    Compiling utf8_iter v1.0.4
[INFO] [stderr]    Compiling getrandom v0.3.4
[INFO] [stderr]    Compiling icu_normalizer_data v2.3.0
[INFO] [stderr]    Compiling zerocopy v0.8.56
[INFO] [stderr]    Compiling futures-util v0.3.34
[INFO] [stderr]    Compiling icu_properties_data v2.3.0
[INFO] [stderr]    Compiling new_debug_unreachable v1.0.6
[INFO] [stderr]    Compiling tower-service v0.3.3
[INFO] [stderr]    Compiling phf_codegen v0.11.3
[INFO] [stderr]    Compiling zeroize v1.9.0
[INFO] [stderr]    Compiling untrusted v0.9.0
[INFO] [stderr]    Compiling httpdate v1.0.3
[INFO] [stderr]    Compiling try-lock v0.2.5
[INFO] [stderr]    Compiling rustls-pki-types v1.15.1
[INFO] [stderr]    Compiling string_cache_codegen v0.5.4
[INFO] [stderr]    Compiling tracing v0.1.44
[INFO] [stderr]    Compiling want v0.3.1
[INFO] [stderr]    Compiling http v1.5.0
[INFO] [stderr]    Compiling form_urlencoded v1.2.2
[INFO] [stderr]    Compiling futures-channel v0.3.34
[INFO] [stderr]    Compiling sync_wrapper v1.0.2
[INFO] [stderr]    Compiling mime v0.3.17
[INFO] [stderr]    Compiling utf8parse v0.2.2
[INFO] [stderr]    Compiling rustls v0.23.43
[INFO] [stderr]    Compiling atomic-waker v1.1.2
[INFO] [stderr]    Compiling tower-layer v0.3.3
[INFO] [stderr]    Compiling mac v0.1.1
[INFO] [stderr]    Compiling precomputed-hash v0.1.1
[INFO] [stderr]    Compiling futf v0.1.5
[INFO] [stderr]    Compiling mime_guess v2.0.5
[INFO] [stderr]    Compiling zmij v1.0.23
[INFO] [stderr]    Compiling thiserror v2.0.20
[INFO] [stderr]    Compiling markup5ever v0.14.1
[INFO] [stderr]    Compiling ryu v1.0.23
[INFO] [stderr]    Compiling dtoa v1.0.11
[INFO] [stderr]    Compiling ipnet v2.12.1
[INFO] [stderr]    Compiling cpufeatures v0.2.17
[INFO] [stderr]    Compiling memchr v2.8.3
[INFO] [stderr]    Compiling utf-8 v0.7.6
[INFO] [stderr]    Compiling base64 v0.22.1
[INFO] [stderr]    Compiling subtle v2.6.1
[INFO] [stderr]    Compiling nix v0.29.0
[INFO] [stderr]    Compiling tendril v0.4.3
[INFO] [stderr]    Compiling serde_json v1.0.151
[INFO] [stderr]    Compiling rustix v1.1.4
[INFO] [stderr]    Compiling crypto-common v0.1.7
[INFO] [stderr]    Compiling synstructure v0.13.2
[INFO] [stderr]    Compiling block-buffer v0.10.4
[INFO] [stderr]    Compiling dtoa-short v0.3.5
[INFO] [stderr]    Compiling digest v0.10.7
[INFO] [stderr]    Compiling ring v0.17.14
[INFO] [stderr]    Compiling signal-hook v0.3.18
[INFO] [stderr]    Compiling anstyle-parse v1.0.0
[INFO] [stderr]    Compiling sha1 v0.10.7
[INFO] [stderr]    Compiling selectors v0.26.0
[INFO] [stderr]    Compiling unicode-width v0.2.2
[INFO] [stderr]    Compiling is_terminal_polyfill v1.70.2
[INFO] [stderr]    Compiling data-encoding v2.11.1
[INFO] [stderr]    Compiling byteorder v1.5.0
[INFO] [stderr]    Compiling http-body v1.1.0
[INFO] [stderr]    Compiling anstyle v1.0.14
[INFO] [stderr]    Compiling anstyle-query v1.1.5
[INFO] [stderr]    Compiling http-body-util v0.1.5
[INFO] [stderr]    Compiling linux-raw-sys v0.12.1
[INFO] [stderr]    Compiling colorchoice v1.0.5
[INFO] [stderr]    Compiling unicase v2.9.0
[INFO] [stderr]    Compiling getrandom v0.4.3
[INFO] [stderr]    Compiling rustix v0.38.44
[INFO] [stderr]    Compiling fxhash v0.2.1
[INFO] [stderr]    Compiling anstream v1.0.0
[INFO] [stderr]    Compiling errno v0.3.14
[INFO] [stderr]    Compiling mio v1.2.2
[INFO] [stderr]    Compiling signal-hook-registry v1.4.8
[INFO] [stderr]    Compiling socket2 v0.6.5
[INFO] [stderr]    Compiling parking_lot v0.12.5
[INFO] [stderr]    Compiling getrandom v0.2.17
[INFO] [stderr]    Compiling rand_core v0.9.5
[INFO] [stderr]    Compiling num-traits v0.2.19
[INFO] [stderr]    Compiling webpki-roots v1.0.9
[INFO] [stderr]    Compiling nibble_vec v0.1.0
[INFO] [stderr]    Compiling servo_arc v0.4.3
[INFO] [stderr]    Compiling endian-type v0.1.2
[INFO] [stderr]    Compiling http-range-header v0.4.2
[INFO] [stderr]    Compiling equivalent v1.0.2
[INFO] [stderr]    Compiling linux-raw-sys v0.4.15
[INFO] [stderr]    Compiling hashbrown v0.17.1
[INFO] [stderr]    Compiling clap_lex v1.1.0
[INFO] [stderr]    Compiling strsim v0.11.1
[INFO] [stderr]    Compiling anyhow v1.0.104
[INFO] [stderr]    Compiling clap_builder v4.6.6
[INFO] [stderr]    Compiling radix_trie v0.2.1
[INFO] [stderr]    Compiling signal-hook-mio v0.2.5
[INFO] [stderr]    Compiling zerofrom-derive v0.1.7
[INFO] [stderr]    Compiling yoke-derive v0.8.2
[INFO] [stderr]    Compiling phf_macros v0.11.3
[INFO] [stderr]    Compiling cssparser-macros v0.6.1
[INFO] [stderr]    Compiling derive_more v0.99.20
[INFO] [stderr]    Compiling match_token v0.1.0
[INFO] [stderr]    Compiling serde_path_to_error v0.1.20
[INFO] [stderr]    Compiling indexmap v2.14.1
[INFO] [stderr]    Compiling phf v0.11.3
[INFO] [stderr]    Compiling cssparser v0.34.0
[INFO] [stderr]    Compiling axum-core v0.5.6
[INFO] [stderr]    Compiling getopts v0.2.24
[INFO] [stderr]    Compiling unicode-segmentation v1.13.3
[INFO] [stderr]    Compiling ego-tree v0.10.0
[INFO] [stderr]    Compiling unsafe-libyaml v0.2.11
[INFO] [stderr]    Compiling home v0.5.12
[INFO] [stderr]    Compiling iana-time-zone v0.1.65
[INFO] [stderr]    Compiling oiph v0.1.6 (/opt/rustwide/workdir)
[INFO] [stderr]    Compiling matchit v0.8.4
[INFO] [stderr]    Compiling zerofrom v0.1.8
[INFO] [stderr]    Compiling crossterm v0.28.1
[INFO] [stderr]    Compiling yoke v0.8.3
[INFO] [stderr]    Compiling uuid v1.26.0
[INFO] [stderr]    Compiling fd-lock v4.0.4
[INFO] [stderr]    Compiling ppv-lite86 v0.2.21
[INFO] [stderr]    Compiling rustyline v15.0.0
[INFO] [stderr]    Compiling zerovec-derive v0.11.6
[INFO] [stderr]    Compiling displaydoc v0.2.7
[INFO] [stderr]    Compiling tokio-macros v2.7.2
[INFO] [stderr]    Compiling serde_derive v1.0.229
[INFO] [stderr]    Compiling rand_chacha v0.9.0
[INFO] [stderr]    Compiling thiserror-impl v2.0.20
[INFO] [stderr]    Compiling zerotrie v0.2.5
[INFO] [stderr]    Compiling rand v0.9.5
[INFO] [stderr]    Compiling clap_derive v4.6.4
[INFO] [stderr]    Compiling tokio v1.53.1
[INFO] [stderr]    Compiling rustls-webpki v0.103.15
[INFO] [stderr]    Compiling zerovec v0.11.8
[INFO] [stderr]    Compiling tungstenite v0.29.0
[INFO] [stderr]    Compiling tinystr v0.8.4
[INFO] [stderr]    Compiling icu_locale_core v2.3.0
[INFO] [stderr]    Compiling potential_utf v0.1.6
[INFO] [stderr]    Compiling icu_collections v2.3.0
[INFO] [stderr]    Compiling clap v4.6.6
[INFO] [stderr]    Compiling icu_provider v2.3.1
[INFO] [stderr]    Compiling string_cache v0.8.9
[INFO] [stderr]    Compiling serde_urlencoded v0.7.1
[INFO] [stderr]    Compiling serde_yaml v0.9.34+deprecated
[INFO] [stderr]    Compiling chrono v0.4.45
[INFO] [stderr]    Compiling icu_normalizer v2.3.0
[INFO] [stderr]    Compiling icu_properties v2.3.0
[INFO] [stderr]    Compiling html5ever v0.29.1
[INFO] [stderr]    Compiling idna_adapter v1.2.2
[INFO] [stderr]    Compiling idna v1.1.0
[INFO] [stderr]    Compiling url v2.5.8
[INFO] [stderr]    Compiling scraper v0.22.0
[INFO] [stderr]    Compiling hyper v1.11.1
[INFO] [stderr]    Compiling tower v0.5.3
[INFO] [stderr]    Compiling tokio-rustls v0.26.4
[INFO] [stderr]    Compiling tokio-util v0.7.19
[INFO] [stderr]    Compiling tokio-tungstenite v0.29.0
[INFO] [stderr]    Compiling tokio-stream v0.1.19
[INFO] [stderr]    Compiling tower-http v0.6.11
[INFO] [stderr]    Compiling hyper-util v0.1.20
[INFO] [stderr]    Compiling hyper-rustls v0.27.9
[INFO] [stderr]    Compiling axum v0.8.9
[INFO] [stderr]    Compiling reqwest v0.12.28
[INFO] [stderr]     Finished `release` profile [optimized] target(s) in 2m 30s
[INFO] running `Command { std: "docker" "inspect" "82ca0b2816ed0401ec83bc52ca8bf2f545727cfa0dfe3fce85c57ba7481a1ff2", kill_on_drop: false }`
[INFO] running `Command { std: "docker" "exec" "-e" "SOURCE_DIR=/opt/rustwide/workdir" "-e" "CARGO_HOME=/opt/rustwide/cargo-home" "-e" "RUSTUP_HOME=/opt/rustwide/rustup-home" "-e" "CARGO_TARGET_DIR=/opt/rustwide/target" "-e" "CARGO_INCREMENTAL=0" "-e" "RUST_BACKTRACE=full" "-e" "RUSTFLAGS=--cap-lints=warn" "-e" "RUSTDOCFLAGS=--cap-lints=warn" "-w" "/opt/rustwide/workdir" "--user" "0:0" "82ca0b2816ed0401ec83bc52ca8bf2f545727cfa0dfe3fce85c57ba7481a1ff2" "/opt/rustwide/cargo-home/bin/cargo" "+1.100.0-beta.1" "test" "--frozen" "--no-run" "--message-format=json" "--release", kill_on_drop: false }`
[INFO] [stderr]    Compiling oiph v0.1.6 (/opt/rustwide/workdir)
[INFO] [stderr]     Finished `release` profile [optimized] target(s) in 29.49s
[INFO] running `Command { std: "docker" "inspect" "82ca0b2816ed0401ec83bc52ca8bf2f545727cfa0dfe3fce85c57ba7481a1ff2", kill_on_drop: false }`
[INFO] running `Command { std: "docker" "exec" "-e" "SOURCE_DIR=/opt/rustwide/workdir" "-e" "CARGO_HOME=/opt/rustwide/cargo-home" "-e" "RUSTUP_HOME=/opt/rustwide/rustup-home" "-e" "CARGO_TARGET_DIR=/opt/rustwide/target" "-e" "CARGO_INCREMENTAL=0" "-e" "RUST_BACKTRACE=full" "-e" "RUSTFLAGS=--cap-lints=warn" "-e" "RUSTDOCFLAGS=--cap-lints=warn" "-w" "/opt/rustwide/workdir" "--user" "0:0" "82ca0b2816ed0401ec83bc52ca8bf2f545727cfa0dfe3fce85c57ba7481a1ff2" "/opt/rustwide/cargo-home/bin/cargo" "+1.100.0-beta.1" "test" "--frozen" "--release", kill_on_drop: false }`
[INFO] [stderr]     Finished `release` profile [optimized] target(s) in 0.25s
[INFO] [stderr]      Running unittests src/main.rs (/opt/rustwide/target/release/build/oiph/16e7dddaab7f0a2c/out/oiph-16e7dddaab7f0a2c)
[INFO] [stdout] 
[INFO] [stdout] running 106 tests
[INFO] [stdout] test agent::tests::parse_result_ok_and_failed ... ok
[INFO] [stdout] test assets::tests::all_checkers_resolvable ... ok
[INFO] [stdout] test agent::tests::role_definitions_contain_calls_for_supervisor ... ok
[INFO] [stdout] test agent::tests::usage_sink_shared_accumulation ... ok
[INFO] [stdout] test agent::tests::subagent_definitions_exclude_supervisor_tools ... ok
[INFO] [stdout] test client::tests::coalescer_reasoning_independent_of_content ... ok
[INFO] [stdout] test config::tests::agent_config_new_fields_parse ... ok
[INFO] [stdout] test client::tests::stream_chunk_reasoning_alias ... ok
[INFO] [stdout] test client::tests::fallback_usage_none_when_nothing_streamed ... ok
[INFO] [stdout] test client::tests::stream_chunk_usage ... ok
[INFO] [stdout] test client::tests::format_usage_includes_cache ... ok
[INFO] [stdout] test client::tests::fallback_usage_estimates_when_missing ... ok
[INFO] [stdout] test client::tests::format_usage_without_cache ... ok
[INFO] [stdout] test config::tests::build_pricing_rejects_unknown_policy ... ok
[INFO] [stdout] test client::tests::coalescer_skips_empty_and_preserves_text ... ok
[INFO] [stdout] test config::tests::build_pricing_fixed_overrides_policy ... ok
[INFO] [stdout] test agent::tests::parse_types_and_sources ... ok
[INFO] [stdout] test client::tests::reasoning_is_never_serialized_back ... ok
[INFO] [stdout] test client::tests::stream_chunk_parse ... ok
[INFO] [stdout] test config::tests::build_pricing_auto_deepseek ... ok
[INFO] [stdout] test dupcheck::tests::backend_parse ... ok
[INFO] [stdout] test agent::tests::tools_require_contest ... ok
[INFO] [stdout] test client::tests::coalescer_newline_flushes_immediately ... ok
[INFO] [stdout] test dupcheck::tests::is_likely_duplicate_threshold ... ok
[INFO] [stdout] test dupcheck::tests::parse_cpret_html_empty ... ok
[INFO] [stdout] test dupcheck::tests::parse_cpret_html_extracts_results ... ok
[INFO] [stdout] test dupcheck::tests::yuantiji_response_parse ... ok
[INFO] [stdout] test kb::tests::fnv1a_is_deterministic ... ok
[INFO] [stdout] test kb::tests::add_search_clear_roundtrip ... ok
[INFO] [stdout] test kb::tests::hash_embed_matches_cjk_query ... ok
[INFO] [stdout] test kb::tests::search_merges_two_dirs ... ok
[INFO] [stdout] test kb::tests::search_missing_dirs_is_empty ... ok
[INFO] [stdout] test kb::tests::hash_embed_same_text_is_self_similar ... ok
[INFO] [stdout] test model::tests::aggregate_all_completed ... ok
[INFO] [stdout] test model::tests::aggregate_empty_is_not_started ... ok
[INFO] [stdout] test model::tests::aggregate_failed_wins ... ok
[INFO] [stdout] test model::tests::component_status_yaml_internal_tag ... ok
[INFO] [stdout] test model::tests::contest_yaml_keeps_problem_ids_only ... ok
[INFO] [stdout] test model::tests::problem_type_interactive_lib_alias ... ok
[INFO] [stdout] test model::tests::problem_yaml_roundtrip ... ok
[INFO] [stdout] test model::tests::verdict_parse_accepts_variants ... ok
[INFO] [stdout] test model::tests::aggregate_in_progress_wins_over_completed ... ok
[INFO] [stdout] test paths::tests::paths_compose ... ok
[INFO] [stdout] test pricing::tests::fixed_price_math ... ok
[INFO] [stdout] test pricing::tests::deepseek_fixed_cost_math ... ok
[INFO] [stdout] test pricing::tests::deepseek_valley_is_half ... ok
[INFO] [stdout] test paths::tests::user_home_follows_home_crate ... ok
[INFO] [stdout] test pricing::tests::auto_detect ... ok
[INFO] [stdout] test pricing::tests::normalize_currency_codes ... ok
[INFO] [stdout] test pricing::tests::peak_hours ... ok
[INFO] [stdout] test project::tests::init_and_load_contest ... ok
[INFO] [stdout] test project::tests::add_solution_and_sol_status ... ok
[INFO] [stdout] test project::tests::sanitize_rejects_bad ... ok
[INFO] [stdout] test prompts::tests::agent_prompts_get_set ... ok
[INFO] [stdout] test prompts::tests::each_role_has_name ... ok
[INFO] [stdout] test session::tests::apply_compaction_drops_history_merges_into_system ... ok
[INFO] [stdout] test session::tests::apply_compaction_multiple_keeps_latest_summary ... ok
[INFO] [stdout] test session::tests::apply_compaction_noop_without_marker ... ok
[INFO] [stdout] test session::tests::apply_compaction_without_system_creates_one ... ok
[INFO] [stdout] test session::tests::auto_name_unique ... ok
[INFO] [stdout] test agent::tests::project_tools_work_end_to_end ... ok
[INFO] [stdout] test paths::tests::lookup_user_home_root_and_unknown ... ok
[INFO] [stdout] test budget::tests::roundtrip_and_over_warn ... ok
[INFO] [stdout] test config::tests::expand_tilde_works ... ok
[INFO] [stdout] test session::tests::repair_tool_history_fills_missing ... ok
[INFO] [stdout] test session::tests::repair_tool_history_noop_when_complete ... ok
[INFO] [stdout] test session::tests::export_json_all_includes_sub_sessions ... FAILED
[INFO] [stdout] test session::tests::export_markdown_contains_messages ... ok
[INFO] [stdout] test session::tests::sanitize_rejects_bad ... ok
[INFO] [stdout] test config::tests::theme_default_light_and_roundtrip ... ok
[INFO] [stdout] test session::tests::save_load_list_roundtrip ... ok
[INFO] [stdout] test skills::tests::parse_frontmatter_and_fallbacks ... ok
[INFO] [stdout] test session::tests::pending_roundtrip_and_recover ... ok
[INFO] [stdout] test skills::tests::project_overrides_global ... ok
[INFO] [stdout] test skills::tests::prompt_section_lists_skills ... ok
[INFO] [stdout] test config::tests::resolve_agent_env_fallback ... ok
[INFO] [stdout] test term::tests::cancel_flag_works ... ok
[INFO] [stdout] test session::tests::sub_session_save_load ... ok
[INFO] [stdout] test state::tests::app_contest_dir_roundtrip ... ok
[INFO] [stdout] test test_runner::tests::clean_report ... ok
[INFO] [stdout] test test_runner::tests::report_to_string ... ok
[INFO] [stdout] test tests::parse_type_arg_works ... ok
[INFO] [stdout] test test_runner::tests::document_checks_missing_and_empty ... ok
[INFO] [stdout] test tests::ws_state_roundtrip ... ok
[INFO] [stdout] test test_runner::tests::data_coverage_reports_uncovered ... ok
[INFO] [stdout] test tools::tests::decode_bing_href_decodes_u_param ... ok
[INFO] [stdout] test state::tests::dirs_follow_contest ... ok
[INFO] [stdout] test tools::tests::definitions_include_base_tools ... ok
[INFO] [stdout] test tools::tests::kb_search_empty_kb ... ok
[INFO] [stdout] test export_lemon::tests::export_basic_contest ... ok
[INFO] [stdout] test tools::tests::unknown_tool_returns_none ... ok
[INFO] [stdout] test tools::tests::write_then_read_file ... ok
[INFO] [stdout] test export_lemon::tests::export_skips_io_interactive_with_warning ... ok
[INFO] [stdout] test export_lemon::tests::export_interactive ... ok
[INFO] [stdout] test tools::tests::bash_runs_echo ... ok
[INFO] [stdout] test tools::tests::bash_timeout_default_20s_and_normal_run ... ok
[INFO] [stdout] test export_lemon::tests::export_with_spj ... ok
[INFO] [stdout] test project::tests::add_problem_interactive_skeleton ... ok
[INFO] [stdout] test project::tests::add_problem_creates_layout ... ok
[INFO] [stdout] test snapshot::tests::capture_restore_roundtrip ... ok
[INFO] [stdout] test export_lemon::tests::export_generates_configured_cases ... ok
[INFO] [stdout] test project::tests::resolve_problem_single_default ... ok
[INFO] [stdout] test project::tests::set_component_status_persists ... ok
[INFO] [stdout] test tools::tests::get_testlib_writes_file ... ok
[INFO] [stdout] test tools::tests::bash_timeout_kills_and_reports ... ok
[INFO] [stdout] test session::tests::last_uses_current_pointer ... ok
[INFO] [stdout] 
[INFO] [stdout] failures:
[INFO] [stdout] 
[INFO] [stdout] ---- session::tests::export_json_all_includes_sub_sessions stdout ----
[INFO] [stdout] 
[INFO] [stdout] thread 'session::tests::export_json_all_includes_sub_sessions' (3264) panicked at src/session.rs:653:9:
[INFO] [stdout] assertion `left == right` failed
[INFO] [stdout]   left: 0
[INFO] [stdout]  right: 1
[INFO] [stdout] stack backtrace:
[INFO] [stdout]    0:     0x631a2bfd4f71 - <<std[617be2ca0a6fd877]::sys::backtrace::BacktraceLock>::print::DisplayBacktrace as core[a373ad73a504971]::fmt::Display>::fmt
[INFO] [stdout]    1:     0x631a2bfee9aa - core[a373ad73a504971]::fmt::write
[INFO] [stdout]    2:     0x631a2bfda19c - <alloc[2e1b2a31b91974c5]::vec::Vec<u8> as core[a373ad73a504971]::io::write::Write>::write_fmt
[INFO] [stdout]    3:     0x631a2bfabfb6 - std[617be2ca0a6fd877]::panicking::default_hook::{closure#0}
[INFO] [stdout]    4:     0x631a2bfcac19 - std[617be2ca0a6fd877]::panicking::default_hook
[INFO] [stdout]    5:     0x631a2be6ec00 - test[aada8e7e76ba119b]::test_main_inner::{closure#0}
[INFO] [stdout]    6:     0x631a2bfcaf42 - std[617be2ca0a6fd877]::panicking::panic_with_hook
[INFO] [stdout]    7:     0x631a2bfac062 - std[617be2ca0a6fd877]::panicking::panic_handler::{closure#0}
[INFO] [stdout]    8:     0x631a2bfa4229 - std[617be2ca0a6fd877]::sys::backtrace::__rust_end_short_backtrace::<std[617be2ca0a6fd877]::panicking::panic_handler::{closure#0}, !>
[INFO] [stdout]    9:     0x631a2bfad18d - __rustc[ea4f61d10b84890b]::rust_begin_unwind
[INFO] [stdout]   10:     0x631a2bfef14c - core[a373ad73a504971]::panicking::panic_fmt
[INFO] [stdout]   11:     0x631a2bfef063 - core[a373ad73a504971]::panicking::assert_failed_inner
[INFO] [stdout]   12:     0x631a2bfe8e1d - core[a373ad73a504971]::panicking::assert_failed::<usize, usize>
[INFO] [stdout]   13:     0x631a2bbbb490 - <oiph[521818b1798ce20b]::session::tests::export_json_all_includes_sub_sessions::{closure#0} as core[a373ad73a504971]::ops::function::FnOnce<()>>::call_once
[INFO] [stdout]   14:     0x631a2be6204b - test[aada8e7e76ba119b]::__rust_begin_short_backtrace::<core[a373ad73a504971]::result::Result<(), alloc[2e1b2a31b91974c5]::string::String>, fn() -> core[a373ad73a504971]::result::Result<(), alloc[2e1b2a31b91974c5]::string::String>>
[INFO] [stdout]   15:     0x631a2be6f225 - test[aada8e7e76ba119b]::run_test::{closure#0}
[INFO] [stdout]   16:     0x631a2be68b14 - std[617be2ca0a6fd877]::sys::backtrace::__rust_begin_short_backtrace::<test[aada8e7e76ba119b]::run_test::{closure#1}, ()>
[INFO] [stdout]   17:     0x631a2be722b2 - <std[617be2ca0a6fd877]::thread::lifecycle::spawn_unchecked<test[aada8e7e76ba119b]::run_test::{closure#1}, ()>::{closure#1} as core[a373ad73a504971]::ops::function::FnOnce<()>>::call_once::{shim:vtable#0}
[INFO] [stdout]   18:     0x631a2bfd3b0f - <std[617be2ca0a6fd877]::sys::thread::unix::Thread>::new::thread_start
[INFO] [stdout]   19:     0x77dda841cdfa - <unknown>
[INFO] [stdout]   20:     0x77dda84b03d4 - clone
[INFO] [stdout]   21:                0x0 - <unknown>
[INFO] [stdout] 
[INFO] [stdout] 
[INFO] [stdout] failures:
[INFO] [stdout]     session::tests::export_json_all_includes_sub_sessions
[INFO] [stdout] 
[INFO] [stdout] test result: FAILED. 105 passed; 1 failed; 0 ignored; 0 measured; 0 filtered out; finished in 1.14s
[INFO] [stdout] 
[INFO] [stderr] error: test failed, to rerun pass `--bin oiph`
[INFO] running `Command { std: "docker" "inspect" "82ca0b2816ed0401ec83bc52ca8bf2f545727cfa0dfe3fce85c57ba7481a1ff2", kill_on_drop: false }`
[INFO] running `Command { std: "docker" "rm" "-f" "82ca0b2816ed0401ec83bc52ca8bf2f545727cfa0dfe3fce85c57ba7481a1ff2", kill_on_drop: false }`
[INFO] [stdout] 82ca0b2816ed0401ec83bc52ca8bf2f545727cfa0dfe3fce85c57ba7481a1ff2
