[INFO] cloning repository https://github.com/sory-apt-os-org/cosmic-ctl
[INFO] running `Command { std: "git" "-c" "credential.helper=" "-c" "credential.helper=/workspace/cargo-home/bin/git-credential-null" "clone" "--bare" "https://github.com/sory-apt-os-org/cosmic-ctl" "/workspace/cache/git-repos/https%3A%2F%2Fgithub.com%2Fsory-apt-os-org%2Fcosmic-ctl", kill_on_drop: false }`
[INFO] [stderr] Cloning into bare repository '/workspace/cache/git-repos/https%3A%2F%2Fgithub.com%2Fsory-apt-os-org%2Fcosmic-ctl'...
[INFO] running `Command { std: "git" "rev-parse" "HEAD", kill_on_drop: false }`
[INFO] [stdout] 08b4e26ceddcba8d3df8df29ae865055a5bc3a04
[INFO] testing sory-apt-os-org/cosmic-ctl against 1.100.0-beta.1+cargoflags=--release for beta-release-1.100-2
[INFO] running `Command { std: "git" "clone" "/workspace/cache/git-repos/https%3A%2F%2Fgithub.com%2Fsory-apt-os-org%2Fcosmic-ctl" "/workspace/builds/worker-4-tc2/source", kill_on_drop: false }`
[INFO] [stderr] Cloning into '/workspace/builds/worker-4-tc2/source'...
[INFO] [stderr] done.
[INFO] started tweaking git repo https://github.com/sory-apt-os-org/cosmic-ctl
[INFO] finished tweaking git repo https://github.com/sory-apt-os-org/cosmic-ctl
[INFO] tweaked toml for git repo https://github.com/sory-apt-os-org/cosmic-ctl written to /workspace/builds/worker-4-tc2/source/Cargo.toml
[INFO] validating manifest of git repo https://github.com/sory-apt-os-org/cosmic-ctl on toolchain 1.100.0-beta.1
[INFO] running `Command { std: CARGO_HOME="/workspace/cargo-home" RUSTUP_HOME="/workspace/rustup-home" "/workspace/cargo-home/bin/cargo" "+1.100.0-beta.1" "metadata" "--manifest-path" "Cargo.toml" "--no-deps", kill_on_drop: false }`
[INFO] crate git repo https://github.com/sory-apt-os-org/cosmic-ctl already has a lockfile, it will not be regenerated
[INFO] running `Command { std: CARGO_HOME="/workspace/cargo-home" RUSTUP_HOME="/workspace/rustup-home" "/workspace/cargo-home/bin/cargo" "+1.100.0-beta.1" "fetch" "--manifest-path" "Cargo.toml", kill_on_drop: false }`
[INFO] [stderr] warning: `package.homepage` is redundant with `package.repository`
[INFO] [stderr]   --> Cargo.toml:39:12
[INFO] [stderr]    |
[INFO] [stderr] 39 | homepage = "https://github.com/cosmic-utils/cosmic-ctl"
[INFO] [stderr]    |            ^^^^^^^^^^^^^^^^^^^^^^^^^^^^^^^^^^^^^^^^^^^^
[INFO] [stderr] ...
[INFO] [stderr] 44 | repository = "https://github.com/cosmic-utils/cosmic-ctl"
[INFO] [stderr]    |              --------------------------------------------
[INFO] [stderr]    |
[INFO] [stderr]    = note: `cargo::redundant_homepage` is set to `warn` by default
[INFO] [stderr] help: consider removing `package.homepage`
[INFO] [stderr] warning: `cosmic-ctl` (manifest) generated 1 warning
[INFO] running `Command { std: "docker" "create" "-v" "/var/lib/crater-agent-workspace/builds/worker-4-tc2/source:/opt/rustwide/workdir:ro,Z" "-v" "/var/lib/crater-agent-workspace/builds/worker-4-tc2/target:/opt/rustwide/target:rw,Z" "-v" "/var/lib/crater-agent-workspace/cargo-home:/opt/rustwide/cargo-home:ro,Z" "-v" "/var/lib/crater-agent-workspace/rustup-home:/opt/rustwide/rustup-home:ro,Z" "-m" "1610612736" "--network" "none" "ghcr.io/rust-lang/crates-build-env/linux@sha256:77db811e55d90add9212f6832c23229e3de5f1c1f9905e8cb07319ea15df73ac" "sleep" "infinity", kill_on_drop: false }`
[INFO] [stdout] deb147cdc9806898f0de61ac0f5e99a0bb028c7e2dbe615e4ef69d5a79c4998d
[INFO] running `Command { std: "docker" "start" "deb147cdc9806898f0de61ac0f5e99a0bb028c7e2dbe615e4ef69d5a79c4998d", kill_on_drop: false }`
[INFO] running `Command { std: "docker" "inspect" "deb147cdc9806898f0de61ac0f5e99a0bb028c7e2dbe615e4ef69d5a79c4998d", kill_on_drop: false }`
[INFO] running `Command { std: "docker" "exec" "-e" "SOURCE_DIR=/opt/rustwide/workdir" "-e" "CARGO_HOME=/opt/rustwide/cargo-home" "-e" "RUSTUP_HOME=/opt/rustwide/rustup-home" "-e" "CARGO_TARGET_DIR=/opt/rustwide/target" "-w" "/opt/rustwide/workdir" "--user" "0:0" "deb147cdc9806898f0de61ac0f5e99a0bb028c7e2dbe615e4ef69d5a79c4998d" "/opt/rustwide/cargo-home/bin/cargo" "+1.100.0-beta.1" "metadata" "--no-deps" "--format-version=1", kill_on_drop: false }`
[INFO] running `Command { std: "docker" "inspect" "deb147cdc9806898f0de61ac0f5e99a0bb028c7e2dbe615e4ef69d5a79c4998d", kill_on_drop: false }`
[INFO] running `Command { std: "docker" "exec" "-e" "SOURCE_DIR=/opt/rustwide/workdir" "-e" "CARGO_HOME=/opt/rustwide/cargo-home" "-e" "RUSTUP_HOME=/opt/rustwide/rustup-home" "-e" "CARGO_TARGET_DIR=/opt/rustwide/target" "-e" "CARGO_INCREMENTAL=0" "-e" "RUST_BACKTRACE=full" "-e" "RUSTFLAGS=--cap-lints=warn" "-e" "RUSTDOCFLAGS=--cap-lints=warn" "-w" "/opt/rustwide/workdir" "--user" "0:0" "deb147cdc9806898f0de61ac0f5e99a0bb028c7e2dbe615e4ef69d5a79c4998d" "/opt/rustwide/cargo-home/bin/cargo" "+1.100.0-beta.1" "build" "--frozen" "--message-format=json" "--release", kill_on_drop: false }`
[INFO] [stderr] warning: `package.homepage` is redundant with `package.repository`
[INFO] [stderr]   --> Cargo.toml:39:12
[INFO] [stderr]    |
[INFO] [stderr] 39 | homepage = "https://github.com/cosmic-utils/cosmic-ctl"
[INFO] [stderr]    |            ^^^^^^^^^^^^^^^^^^^^^^^^^^^^^^^^^^^^^^^^^^^^
[INFO] [stderr] ...
[INFO] [stderr] 44 | repository = "https://github.com/cosmic-utils/cosmic-ctl"
[INFO] [stderr]    |              --------------------------------------------
[INFO] [stderr]    |
[INFO] [stderr]    = note: `cargo::redundant_homepage` is set to `warn` by default
[INFO] [stderr] help: consider removing `package.homepage`
[INFO] [stderr] warning: `cosmic-ctl` (manifest) generated 1 warning
[INFO] [stderr]    Compiling serde v1.0.219
[INFO] [stderr]    Compiling libc v0.2.172
[INFO] [stderr]    Compiling smallvec v1.15.0
[INFO] [stderr]    Compiling rustix v0.38.44
[INFO] [stderr]    Compiling libloading v0.8.6
[INFO] [stderr]    Compiling libm v0.2.13
[INFO] [stderr]    Compiling syn v2.0.101
[INFO] [stderr]    Compiling cc v1.2.21
[INFO] [stderr]    Compiling wayland-sys v0.31.6
[INFO] [stderr]    Compiling dlib v0.5.2
[INFO] [stderr]    Compiling quick-xml v0.37.5
[INFO] [stderr]    Compiling tracing-core v0.1.33
[INFO] [stderr]    Compiling slab v0.4.9
[INFO] [stderr]    Compiling wayland-client v0.31.10
[INFO] [stderr]    Compiling num-traits v0.2.19
[INFO] [stderr]    Compiling siphasher v1.0.1
[INFO] [stderr]    Compiling rand_core v0.6.4
[INFO] [stderr]    Compiling memmap2 v0.9.5
[INFO] [stderr]    Compiling rand v0.8.5
[INFO] [stderr]    Compiling phf_shared v0.11.3
[INFO] [stderr]    Compiling wayland-scanner v0.31.6
[INFO] [stderr]    Compiling as-raw-xcb-connection v1.0.1
[INFO] [stderr]    Compiling x11rb-protocol v0.13.1
[INFO] [stderr]    Compiling simd-adler32 v0.3.7
[INFO] [stderr]    Compiling phf_generator v0.11.3
[INFO] [stderr]    Compiling futures-core v0.3.31
[INFO] [stderr]    Compiling futures-sink v0.3.31
[INFO] [stderr]    Compiling wayland-backend v0.3.10
[INFO] [stderr]    Compiling futures-channel v0.3.31
[INFO] [stderr]    Compiling adler2 v2.0.0
[INFO] [stderr]    Compiling futures-io v0.3.31
[INFO] [stderr]    Compiling palette v0.7.6
[INFO] [stderr]    Compiling by_address v1.2.1
[INFO] [stderr]    Compiling miniz_oxide v0.8.8
[INFO] [stderr]    Compiling num_cpus v1.16.0
[INFO] [stderr]    Compiling fast-srgb8 v1.0.0
[INFO] [stderr]    Compiling roxmltree v0.20.0
[INFO] [stderr]    Compiling approx v0.5.1
[INFO] [stderr]    Compiling smol_str v0.2.2
[INFO] [stderr]    Compiling ttf-parser v0.21.1
[INFO] [stderr]    Compiling flate2 v1.1.1
[INFO] [stderr]    Compiling glam v0.25.0
[INFO] [stderr]    Compiling fontconfig-parser v0.5.7
[INFO] [stderr]    Compiling web-time v1.1.0
[INFO] [stderr]    Compiling fdeflate v0.3.7
[INFO] [stderr]    Compiling unicode-properties v0.1.3
[INFO] [stderr]    Compiling drm-sys v0.6.1
[INFO] [stderr]    Compiling unicode-bidi-mirroring v0.2.0
[INFO] [stderr]    Compiling unicode-script v0.5.7
[INFO] [stderr]    Compiling synstructure v0.13.2
[INFO] [stderr]    Compiling unicode-ccc v0.2.0
[INFO] [stderr]    Compiling float-cmp v0.9.0
[INFO] [stderr]    Compiling png v0.17.16
[INFO] [stderr]    Compiling strict-num v0.1.1
[INFO] [stderr]    Compiling core_maths v0.1.1
[INFO] [stderr]    Compiling writeable v0.5.5
[INFO] [stderr]    Compiling icu_locid_transform_data v1.5.1
[INFO] [stderr]    Compiling drm-fourcc v2.2.0
[INFO] [stderr]    Compiling unicode-segmentation v1.12.0
[INFO] [stderr]    Compiling litemap v0.7.5
[INFO] [stderr]    Compiling linux-raw-sys v0.6.5
[INFO] [stderr]    Compiling ttf-parser v0.25.1
[INFO] [stderr]    Compiling euclid v0.22.11
[INFO] [stderr]    Compiling serde_derive v1.0.219
[INFO] [stderr]    Compiling tracing-attributes v0.1.28
[INFO] [stderr]    Compiling thiserror-impl v1.0.69
[INFO] [stderr]    Compiling bytemuck_derive v1.9.3
[INFO] [stderr]    Compiling tracing v0.1.41
[INFO] [stderr]    Compiling zerofrom-derive v0.1.6
[INFO] [stderr]    Compiling thiserror v1.0.69
[INFO] [stderr]    Compiling phf_macros v0.11.3
[INFO] [stderr]    Compiling futures-macro v0.3.31
[INFO] [stderr]    Compiling bytemuck v1.23.0
[INFO] [stderr]    Compiling phf v0.11.3
[INFO] [stderr]    Compiling yoke-derive v0.7.5
[INFO] [stderr]    Compiling palette_derive v0.7.6
[INFO] [stderr]    Compiling futures-util v0.3.31
[INFO] [stderr]    Compiling zerovec-derive v0.10.3
[INFO] [stderr]    Compiling zerofrom v0.1.6
[INFO] [stderr]    Compiling displaydoc v0.2.5
[INFO] [stderr]    Compiling font-types v0.8.4
[INFO] [stderr]    Compiling yoke v0.7.5
[INFO] [stderr]    Compiling tiny-skia-path v0.11.4
[INFO] [stderr]    Compiling icu_provider_macros v1.5.0
[INFO] [stderr]    Compiling zerovec v0.10.4
[INFO] [stderr]    Compiling read-fonts v0.25.3
[INFO] [stderr]    Compiling kurbo v0.11.2
[INFO] [stderr]    Compiling tiny-xlib v0.2.4
[INFO] [stderr]    Compiling tinystr v0.7.6
[INFO] [stderr]    Compiling icu_locid v1.5.0
[INFO] [stderr]    Compiling yazi v0.2.1
[INFO] [stderr]    Compiling futures-executor v0.3.31
[INFO] [stderr]    Compiling futures v0.3.31
[INFO] [stderr]    Compiling zune-core v0.4.12
[INFO] [stderr]    Compiling option-ext v0.2.0
[INFO] [stderr]    Compiling zeno v0.3.2
[INFO] [stderr]    Compiling icu_properties_data v1.5.1
[INFO] [stderr]    Compiling softbuffer v0.4.1 (https://github.com/pop-os/softbuffer?tag=cosmic-4.0#6e75b1ad)
[INFO] [stderr]    Compiling bitflags v2.9.0
[INFO] [stderr]    Compiling zune-jpeg v0.4.14
[INFO] [stderr]    Compiling rustybuzz v0.14.1
[INFO] [stderr]    Compiling icu_provider v1.5.0
[INFO] [stderr]    Compiling svgtypes v0.15.3
[INFO] [stderr]    Compiling fontdb v0.23.0
[INFO] [stderr]    Compiling lyon_geom v1.0.6
[INFO] [stderr]    Compiling fontdb v0.18.0
[INFO] [stderr]    Compiling proc-macro2-diagnostics v0.10.1
[INFO] [stderr]    Compiling simplecss v0.2.2
[INFO] [stderr]    Compiling skrifa v0.26.6
[INFO] [stderr]    Compiling pico-args v0.5.0
[INFO] [stderr]    Compiling data-url v0.3.1
[INFO] [stderr]    Compiling imagesize v0.12.0
[INFO] [stderr]    Compiling unicode-vo v0.1.0
[INFO] [stderr]    Compiling self_cell v1.2.0
[INFO] [stderr]    Compiling xmlwriter v0.1.0
[INFO] [stderr]    Compiling weezl v0.1.8
[INFO] [stderr]    Compiling sys-locale v0.3.2
[INFO] [stderr]    Compiling byteorder-lite v0.1.0
[INFO] [stderr]    Compiling ctor-lite v0.1.0
[INFO] [stderr]    Compiling mutate_once v0.1.1
[INFO] [stderr]    Compiling rangemap v1.5.1
[INFO] [stderr]    Compiling hashbrown v0.15.3
[INFO] [stderr]    Compiling icu_normalizer_data v1.5.1
[INFO] [stderr]    Compiling rustc-hash v1.1.0
[INFO] [stderr]    Compiling getrandom v0.3.2
[INFO] [stderr]    Compiling unicode-linebreak v0.1.5
[INFO] [stderr]    Compiling color_quant v1.1.0
[INFO] [stderr]    Compiling gif v0.13.1
[INFO] [stderr]    Compiling indexmap v2.9.0
[INFO] [stderr]    Compiling image v0.25.6
[INFO] [stderr]    Compiling polling v3.7.4
[INFO] [stderr]    Compiling calloop v0.13.0
[INFO] [stderr]    Compiling x11rb v0.13.1
[INFO] [stderr]    Compiling wayland-csd-frame v0.3.0
[INFO] [stderr]    Compiling clipboard_x11 v0.4.2 (https://github.com/pop-os/window_clipboard.git?tag=pop-0.13-2#6b9faab8)
[INFO] [stderr]    Compiling swash v0.2.2
[INFO] [stderr]    Compiling wayland-protocols v0.32.8
[INFO] [stderr]    Compiling wayland-cursor v0.31.10
[INFO] [stderr]    Compiling calloop-wayland-source v0.3.0
[INFO] [stderr]    Compiling drm-ffi v0.7.1
[INFO] [stderr]    Compiling kamadak-exif v0.5.5
[INFO] [stderr]    Compiling drm v0.11.1
[INFO] [stderr]    Compiling usvg v0.42.0
[INFO] [stderr]    Compiling lyon_path v1.0.7
[INFO] [stderr]    Compiling icu_locid_transform v1.5.0
[INFO] [stderr]    Compiling cosmic-text v0.14.2 (https://github.com/pop-os/cosmic-text.git#b017d7c8)
[INFO] [stderr]    Compiling icu_collections v1.5.0
[INFO] [stderr]    Compiling tiny-skia v0.11.4
[INFO] [stderr]    Compiling rgb v0.8.50
[INFO] [stderr]    Compiling half v2.6.0
[INFO] [stderr]    Compiling yansi v1.0.1
[INFO] [stderr]    Compiling syn v1.0.109
[INFO] [stderr]    Compiling jpeg-decoder v0.3.1
[INFO] [stderr]    Compiling wayland-protocols-wlr v0.3.8
[INFO] [stderr]    Compiling smithay-client-toolkit v0.19.2
[INFO] [stderr]    Compiling resvg v0.42.0
[INFO] [stderr]    Compiling smithay-clipboard v0.8.0 (https://github.com/pop-os/smithay-clipboard?tag=pop-dnd-5#5a3007de)
[INFO] [stderr]    Compiling mime v0.1.0 (https://github.com/pop-os/window_clipboard.git?tag=pop-0.13-2#6b9faab8)
[INFO] [stderr]    Compiling dnd v0.1.0 (https://github.com/pop-os/window_clipboard.git?tag=pop-0.13-2#6b9faab8)
[INFO] [stderr]    Compiling clipboard_wayland v0.2.2 (https://github.com/pop-os/window_clipboard.git?tag=pop-0.13-2#6b9faab8)
[INFO] [stderr]    Compiling rustix v1.0.7
[INFO] [stderr]    Compiling icu_properties v1.5.1
[INFO] [stderr]    Compiling window_clipboard v0.4.1 (https://github.com/pop-os/window_clipboard.git?tag=pop-0.13-2#6b9faab8)
[INFO] [stderr]    Compiling iced_core v0.14.0-dev (https://github.com/pop-os/libcosmic.git#7151638f)
[INFO] [stderr]    Compiling thiserror-impl v2.0.12
[INFO] [stderr]    Compiling kurbo v0.10.4
[INFO] [stderr]    Compiling inotify-sys v0.1.5
[INFO] [stderr]    Compiling lock_api v0.4.12
[INFO] [stderr]    Compiling iced_futures v0.14.0-dev (https://github.com/pop-os/libcosmic.git#7151638f)
[INFO] [stderr]    Compiling write16 v1.0.0
[INFO] [stderr]    Compiling utf16_iter v1.0.5
[INFO] [stderr]    Compiling unicode-ident v1.0.18
[INFO] [stderr]    Compiling signal-hook v0.3.17
[INFO] [stderr]    Compiling darling_core v0.20.11
[INFO] [stderr]    Compiling iced_graphics v0.14.0-dev (https://github.com/pop-os/libcosmic.git#7151638f)
[INFO] [stderr]    Compiling thiserror v2.0.12
[INFO] [stderr]    Compiling ouroboros_macro v0.18.5
[INFO] [stderr]    Compiling iced_tiny_skia v0.14.0-dev (https://github.com/pop-os/libcosmic.git#7151638f)
[INFO] [stderr]    Compiling walkdir v2.5.0
[INFO] [stderr]    Compiling icu_normalizer v1.5.0
[INFO] [stderr]    Compiling inotify v0.11.0
[INFO] [stderr]    Compiling tempfile v3.19.1
[INFO] [stderr]    Compiling dirs-sys v0.5.0
[INFO] [stderr]    Compiling filetime v0.2.25
[INFO] [stderr]    Compiling signal-hook-registry v1.4.5
[INFO] [stderr]    Compiling mio v1.0.3
[INFO] [stderr]    Compiling static_assertions v1.1.0
[INFO] [stderr]    Compiling notify-types v2.0.0
[INFO] [stderr]    Compiling aliasable v0.1.3
[INFO] [stderr]    Compiling serde_json v1.0.140
[INFO] [stderr]    Compiling xdg v2.5.2
[INFO] [stderr]    Compiling ouroboros v0.18.5
[INFO] [stderr]    Compiling notify v8.0.0
[INFO] [stderr]    Compiling anstyle-parse v0.2.6
[INFO] [stderr]    Compiling dirs v6.0.0
[INFO] [stderr]    Compiling atomicwrites v0.4.2 (https://github.com/jackpot51/rust-atomicwrites#043ab485)
[INFO] [stderr]    Compiling idna_adapter v1.2.0
[INFO] [stderr]    Compiling darling_macro v0.20.11
[INFO] [stderr]    Compiling iced_renderer v0.14.0-dev (https://github.com/pop-os/libcosmic.git#7151638f)
[INFO] [stderr]    Compiling parking_lot_core v0.9.10
[INFO] [stderr]    Compiling iced_runtime v0.14.0-dev (https://github.com/pop-os/libcosmic.git#7151638f)
[INFO] [stderr]    Compiling ron v0.9.0
[INFO] [stderr]    Compiling cosmic-config-derive v0.1.0 (https://github.com/pop-os/libcosmic.git#7151638f)
[INFO] [stderr]    Compiling dirs-sys v0.4.1
[INFO] [stderr]    Compiling mio v0.8.11
[INFO] [stderr]    Compiling anstyle-query v1.1.2
[INFO] [stderr]    Compiling colorchoice v1.0.3
[INFO] [stderr]    Compiling percent-encoding v2.3.1
[INFO] [stderr]    Compiling anstyle v1.0.10
[INFO] [stderr]    Compiling form_urlencoded v1.2.1
[INFO] [stderr]    Compiling signal-hook-mio v0.2.4
[INFO] [stderr]    Compiling anstream v0.6.18
[INFO] [stderr]    Compiling iced_widget v0.14.0-dev (https://github.com/pop-os/libcosmic.git#7151638f)
[INFO] [stderr]    Compiling dirs v5.0.1
[INFO] [stderr]    Compiling parking_lot v0.12.3
[INFO] [stderr]    Compiling darling v0.20.11
[INFO] [stderr]    Compiling idna v1.0.3
[INFO] [stderr]    Compiling cosmic-config v0.1.0 (https://github.com/pop-os/libcosmic.git#7151638f)
[INFO] [stderr]    Compiling serde_spanned v0.6.8
[INFO] [stderr]    Compiling csscolorparser v0.7.0
[INFO] [stderr]    Compiling toml_datetime v0.6.9
[INFO] [stderr]    Compiling derive_utils v0.15.0
[INFO] [stderr]    Compiling thread_local v1.1.8
[INFO] [stderr]    Compiling ini_core v0.2.0
[INFO] [stderr]    Compiling winnow v0.7.9
[INFO] [stderr]    Compiling clap_lex v0.7.4
[INFO] [stderr]    Compiling grid v0.11.0
[INFO] [stderr]    Compiling toml_write v0.1.1
[INFO] [stderr]    Compiling almost v0.2.0
[INFO] [stderr]    Compiling clap_derive v4.5.32
[INFO] [stderr]    Compiling clap_builder v4.5.37
[INFO] [stderr]    Compiling cosmic-theme v0.1.0 (https://github.com/pop-os/libcosmic.git#7151638f)
[INFO] [stderr]    Compiling taffy v0.3.11 (https://github.com/DioxusLabs/taffy?rev=7781c70#7781c702)
[INFO] [stderr]    Compiling fxhash v0.2.1
[INFO] [stderr]    Compiling iced v0.14.0-dev (https://github.com/pop-os/libcosmic.git#7151638f)
[INFO] [stderr]    Compiling chrono v0.4.41
[INFO] [stderr]    Compiling cosmic-freedesktop-icons v0.3.0 (https://github.com/pop-os/freedesktop-icons#8a05c322)
[INFO] [stderr]    Compiling toml_edit v0.22.26
[INFO] [stderr]    Compiling auto_enums v0.8.7
[INFO] [stderr]    Compiling fuzzy-matcher v0.3.7
[INFO] [stderr]    Compiling url v2.5.4
[INFO] [stderr]    Compiling crossterm v0.25.0
[INFO] [stderr]    Compiling derive_setters v0.1.6
[INFO] [stderr]    Compiling newline-converter v0.3.0
[INFO] [stderr]    Compiling unsafe-libyaml v0.2.11
[INFO] [stderr]    Compiling apply v0.3.0
[INFO] [stderr]    Compiling unicode-width v0.1.14
[INFO] [stderr]    Compiling css-color v0.2.8
[INFO] [stderr]    Compiling dyn-clone v1.0.19
[INFO] [stderr]    Compiling inquire v0.7.5
[INFO] [stderr]    Compiling libcosmic v0.1.0 (https://github.com/pop-os/libcosmic.git#7151638f)
[INFO] [stderr]    Compiling serde_yaml v0.9.34+deprecated
[INFO] [stderr]    Compiling etcetera v0.8.0
[INFO] [stderr]    Compiling toml v0.8.22
[INFO] [stderr]    Compiling clap v4.5.37
[INFO] [stderr]    Compiling unescaper v0.1.6
[INFO] [stderr]    Compiling ron v0.10.1
[INFO] [stderr]    Compiling bracoxide v0.1.5
[INFO] [stderr]    Compiling glob v0.3.2
[INFO] [stderr]    Compiling cosmic-ctl v1.5.0 (/opt/rustwide/workdir)
[INFO] [stderr] warning: unused dependency `serde_yaml`
[INFO] [stderr]  --> Cargo.toml:8:1
[INFO] [stderr]   |
[INFO] [stderr] 8 | serde_yaml = "0.9.34"
[INFO] [stderr]   | ^^^^^^^^^^^^^^^^^^^^^
[INFO] [stderr]   |
[INFO] [stderr]   = note: `cargo::unused_dependencies` is set to `warn` by default
[INFO] [stderr] help: consider removing the dependency on `serde_yaml`
[INFO] [stderr] warning: `cosmic-ctl` (manifest) generated 1 warning
[INFO] [stderr]     Finished `release` profile [optimized] target(s) in 8m 26s
[INFO] [stderr] warning: the following packages contain code that will be rejected by a future version of Rust: softbuffer v0.4.1 (https://github.com/pop-os/softbuffer?tag=cosmic-4.0#6e75b1ad)
[INFO] [stderr] note: to see what the problems were, use the option `--future-incompat-report`, or run `cargo report future-incompatibilities --id 6`
[INFO] running `Command { std: "docker" "inspect" "deb147cdc9806898f0de61ac0f5e99a0bb028c7e2dbe615e4ef69d5a79c4998d", kill_on_drop: false }`
[INFO] running `Command { std: "docker" "exec" "-e" "SOURCE_DIR=/opt/rustwide/workdir" "-e" "CARGO_HOME=/opt/rustwide/cargo-home" "-e" "RUSTUP_HOME=/opt/rustwide/rustup-home" "-e" "CARGO_TARGET_DIR=/opt/rustwide/target" "-e" "CARGO_INCREMENTAL=0" "-e" "RUST_BACKTRACE=full" "-e" "RUSTFLAGS=--cap-lints=warn" "-e" "RUSTDOCFLAGS=--cap-lints=warn" "-w" "/opt/rustwide/workdir" "--user" "0:0" "deb147cdc9806898f0de61ac0f5e99a0bb028c7e2dbe615e4ef69d5a79c4998d" "/opt/rustwide/cargo-home/bin/cargo" "+1.100.0-beta.1" "test" "--frozen" "--no-run" "--message-format=json" "--release", kill_on_drop: false }`
[INFO] [stderr] warning: `package.homepage` is redundant with `package.repository`
[INFO] [stderr]   --> Cargo.toml:39:12
[INFO] [stderr]    |
[INFO] [stderr] 39 | homepage = "https://github.com/cosmic-utils/cosmic-ctl"
[INFO] [stderr]    |            ^^^^^^^^^^^^^^^^^^^^^^^^^^^^^^^^^^^^^^^^^^^^
[INFO] [stderr] ...
[INFO] [stderr] 44 | repository = "https://github.com/cosmic-utils/cosmic-ctl"
[INFO] [stderr]    |              --------------------------------------------
[INFO] [stderr]    |
[INFO] [stderr]    = note: `cargo::redundant_homepage` is set to `warn` by default
[INFO] [stderr] help: consider removing `package.homepage`
[INFO] [stderr] warning: `cosmic-ctl` (manifest) generated 1 warning
[INFO] [stderr]    Compiling predicates-core v1.0.9
[INFO] [stderr]    Compiling regex-automata v0.4.9
[INFO] [stderr]    Compiling assert_cmd v2.0.17
[INFO] [stderr]    Compiling termtree v0.5.1
[INFO] [stderr]    Compiling wait-timeout v0.2.1
[INFO] [stderr]    Compiling predicates v3.1.3
[INFO] [stderr]    Compiling predicates-tree v1.0.12
[INFO] [stderr]    Compiling bstr v1.12.0
[INFO] [stderr]    Compiling cosmic-ctl v1.5.0 (/opt/rustwide/workdir)
[INFO] [stderr] warning: unused dependency `serde_yaml`
[INFO] [stderr]  --> Cargo.toml:8:1
[INFO] [stderr]   |
[INFO] [stderr] 8 | serde_yaml = "0.9.34"
[INFO] [stderr]   | ^^^^^^^^^^^^^^^^^^^^^
[INFO] [stderr]   |
[INFO] [stderr]   = note: `cargo::unused_dependencies` is set to `warn` by default
[INFO] [stderr] help: consider removing the dependency on `serde_yaml`
[INFO] [stderr] warning: `cosmic-ctl` (manifest) generated 1 warning
[INFO] [stderr]     Finished `release` profile [optimized] target(s) in 16.61s
[INFO] [stderr] warning: the following packages contain code that will be rejected by a future version of Rust: softbuffer v0.4.1 (https://github.com/pop-os/softbuffer?tag=cosmic-4.0#6e75b1ad)
[INFO] [stderr] note: to see what the problems were, use the option `--future-incompat-report`, or run `cargo report future-incompatibilities --id 6`
[INFO] running `Command { std: "docker" "inspect" "deb147cdc9806898f0de61ac0f5e99a0bb028c7e2dbe615e4ef69d5a79c4998d", kill_on_drop: false }`
[INFO] running `Command { std: "docker" "exec" "-e" "SOURCE_DIR=/opt/rustwide/workdir" "-e" "CARGO_HOME=/opt/rustwide/cargo-home" "-e" "RUSTUP_HOME=/opt/rustwide/rustup-home" "-e" "CARGO_TARGET_DIR=/opt/rustwide/target" "-e" "CARGO_INCREMENTAL=0" "-e" "RUST_BACKTRACE=full" "-e" "RUSTFLAGS=--cap-lints=warn" "-e" "RUSTDOCFLAGS=--cap-lints=warn" "-w" "/opt/rustwide/workdir" "--user" "0:0" "deb147cdc9806898f0de61ac0f5e99a0bb028c7e2dbe615e4ef69d5a79c4998d" "/opt/rustwide/cargo-home/bin/cargo" "+1.100.0-beta.1" "test" "--frozen" "--release", kill_on_drop: false }`
[INFO] [stderr] warning: `package.homepage` is redundant with `package.repository`
[INFO] [stderr]   --> Cargo.toml:39:12
[INFO] [stderr]    |
[INFO] [stderr] 39 | homepage = "https://github.com/cosmic-utils/cosmic-ctl"
[INFO] [stderr]    |            ^^^^^^^^^^^^^^^^^^^^^^^^^^^^^^^^^^^^^^^^^^^^
[INFO] [stderr] ...
[INFO] [stderr] 44 | repository = "https://github.com/cosmic-utils/cosmic-ctl"
[INFO] [stderr]    |              --------------------------------------------
[INFO] [stderr]    |
[INFO] [stderr]    = note: `cargo::redundant_homepage` is set to `warn` by default
[INFO] [stderr] help: consider removing `package.homepage`
[INFO] [stderr] warning: `cosmic-ctl` (manifest) generated 1 warning
[INFO] [stderr] warning: unused dependency `serde_yaml`
[INFO] [stderr]  --> Cargo.toml:8:1
[INFO] [stderr]   |
[INFO] [stderr] 8 | serde_yaml = "0.9.34"
[INFO] [stderr]   | ^^^^^^^^^^^^^^^^^^^^^
[INFO] [stderr]   |
[INFO] [stderr]   = note: `cargo::unused_dependencies` is set to `warn` by default
[INFO] [stderr] help: consider removing the dependency on `serde_yaml`
[INFO] [stderr] warning: `cosmic-ctl` (manifest) generated 1 warning
[INFO] [stderr]     Finished `release` profile [optimized] target(s) in 0.59s
[INFO] [stderr] warning: the following packages contain code that will be rejected by a future version of Rust: softbuffer v0.4.1 (https://github.com/pop-os/softbuffer?tag=cosmic-4.0#6e75b1ad)
[INFO] [stderr] note: to see what the problems were, use the option `--future-incompat-report`, or run `cargo report future-incompatibilities --id 6`
[INFO] [stderr]      Running unittests src/main.rs (/opt/rustwide/target/release/build/cosmic-ctl/b82fde3d723ca3c8/out/cosmic_ctl-b82fde3d723ca3c8)
[INFO] [stdout] 
[INFO] [stdout] running 21 tests
[INFO] [stdout] test tests::cli::test_backup_command_ron ... FAILED
[INFO] [stdout] test tests::cli::test_backup_command ... FAILED
[INFO] [stdout] test tests::cli::test_backup_command_toml ... FAILED
[INFO] [stdout] test tests::cli::test_apply_command ... FAILED
[INFO] [stdout] test tests::cli::test_apply_command_toml ... FAILED
[INFO] [stdout] test tests::cli::test_backup_command_with_explicit_format ... FAILED
[INFO] [stdout] test tests::cli::test_read_command ... FAILED
[INFO] [stdout] test tests::cli::test_delete_command ... FAILED
[INFO] [stdout] test tests::cli::test_reset_command_with_exclude ... FAILED
[INFO] [stdout] test tests::cli::test_backup_command_verbose ... FAILED
[INFO] [stdout] test tests::cli::test_reset_command_empty_config ... FAILED
[INFO] [stdout] test tests::cli::test_reset_command_verbose ... FAILED
[INFO] [stdout] test tests::cli::test_reset_command_with_exclude_component_version ... FAILED
[INFO] [stdout] test tests::cli::test_apply_command_verbose ... FAILED
[INFO] [stdout] test tests::cli::test_apply_command_ron ... FAILED
[INFO] [stdout] test tests::cli::test_write_command ... FAILED
[INFO] [stdout] test tests::cli::test_reset_command_with_exclude_entire_component ... FAILED
[INFO] [stdout] test tests::cli::test_reset_command_with_exclude_with_brace_expansion_and_wildcard ... FAILED
[INFO] [stdout] test tests::cli::test_reset_command_with_exclude_with_wildcard ... FAILED
[INFO] [stdout] test tests::cli::test_reset_command ... FAILED
[INFO] [stdout] test tests::cli::test_reset_command_with_exclude_brace_expansion ... FAILED
[INFO] [stdout] 
[INFO] [stdout] failures:
[INFO] [stdout] 
[INFO] [stdout] ---- tests::cli::test_backup_command_ron stdout ----
[INFO] [stdout] 
[INFO] [stdout] thread 'tests::cli::test_backup_command_ron' (4766) panicked at src/tests/cli.rs:1317:10:
[INFO] [stdout] called `Result::unwrap()` on an `Err` value: CargoError { cause: Some(NotFoundError { path: "/opt/rustwide/target/release/build/cosmic-ctl/b82fde3d723ca3c8/out/cosmic-ctl" }) }
[INFO] [stdout] stack backtrace:
[INFO] [stdout]    0:     0x5cb6fbb4feb1 - <<std[617be2ca0a6fd877]::sys::backtrace::BacktraceLock>::print::DisplayBacktrace as core[a373ad73a504971]::fmt::Display>::fmt
[INFO] [stdout]    1:     0x5cb6fbb685da - core[a373ad73a504971]::fmt::write
[INFO] [stdout]    2:     0x5cb6fbb5573c - <alloc[2e1b2a31b91974c5]::vec::Vec<u8> as core[a373ad73a504971]::io::write::Write>::write_fmt
[INFO] [stdout]    3:     0x5cb6fbb2a2e6 - std[617be2ca0a6fd877]::panicking::default_hook::{closure#0}
[INFO] [stdout]    4:     0x5cb6fbb47869 - std[617be2ca0a6fd877]::panicking::default_hook
[INFO] [stdout]    5:     0x5cb6fbac2120 - test[aada8e7e76ba119b]::test_main_inner::{closure#0}
[INFO] [stdout]    6:     0x5cb6fbb47a22 - std[617be2ca0a6fd877]::panicking::panic_with_hook
[INFO] [stdout]    7:     0x5cb6fbb2a392 - std[617be2ca0a6fd877]::panicking::panic_handler::{closure#0}
[INFO] [stdout]    8:     0x5cb6fbb22df9 - std[617be2ca0a6fd877]::sys::backtrace::__rust_end_short_backtrace::<std[617be2ca0a6fd877]::panicking::panic_handler::{closure#0}, !>
[INFO] [stdout]    9:     0x5cb6fbb2af9d - __rustc[ea4f61d10b84890b]::rust_begin_unwind
[INFO] [stdout]   10:     0x5cb6fbb68d8c - core[a373ad73a504971]::panicking::panic_fmt
[INFO] [stdout]   11:     0x5cb6fbb68b62 - core[a373ad73a504971]::result::unwrap_failed
[INFO] [stdout]   12:     0x5cb6fba3922e - <cosmic_ctl[4309561979579555]::tests::cli::test_backup_command_ron::{closure#0} as core[a373ad73a504971]::ops::function::FnOnce<()>>::call_once
[INFO] [stdout]   13:     0x5cb6fbab556b - test[aada8e7e76ba119b]::__rust_begin_short_backtrace::<core[a373ad73a504971]::result::Result<(), alloc[2e1b2a31b91974c5]::string::String>, fn() -> core[a373ad73a504971]::result::Result<(), alloc[2e1b2a31b91974c5]::string::String>>
[INFO] [stdout]   14:     0x5cb6fbac2745 - test[aada8e7e76ba119b]::run_test::{closure#0}
[INFO] [stdout]   15:     0x5cb6fbabc034 - std[617be2ca0a6fd877]::sys::backtrace::__rust_begin_short_backtrace::<test[aada8e7e76ba119b]::run_test::{closure#1}, ()>
[INFO] [stdout]   16:     0x5cb6fbac57d2 - <std[617be2ca0a6fd877]::thread::lifecycle::spawn_unchecked<test[aada8e7e76ba119b]::run_test::{closure#1}, ()>::{closure#1} as core[a373ad73a504971]::ops::function::FnOnce<()>>::call_once::{shim:vtable#0}
[INFO] [stdout]   17:     0x5cb6fbb4f14f - <std[617be2ca0a6fd877]::sys::thread::unix::Thread>::new::thread_start
[INFO] [stdout]   18:     0x7ff068e52dfa - <unknown>
[INFO] [stdout]   19:     0x7ff068ee63d4 - clone
[INFO] [stdout]   20:                0x0 - <unknown>
[INFO] [stdout] 
[INFO] [stdout] ---- tests::cli::test_backup_command stdout ----
[INFO] [stdout] 
[INFO] [stdout] thread 'tests::cli::test_backup_command' (4765) panicked at src/tests/cli.rs:309:10:
[INFO] [stdout] called `Result::unwrap()` on an `Err` value: CargoError { cause: Some(NotFoundError { path: "/opt/rustwide/target/release/build/cosmic-ctl/b82fde3d723ca3c8/out/cosmic-ctl" }) }
[INFO] [stdout] stack backtrace:
[INFO] [stdout]    0:     0x5cb6fbb4feb1 - <<std[617be2ca0a6fd877]::sys::backtrace::BacktraceLock>::print::DisplayBacktrace as core[a373ad73a504971]::fmt::Display>::fmt
[INFO] [stdout]    1:     0x5cb6fbb685da - core[a373ad73a504971]::fmt::write
[INFO] [stdout]    2:     0x5cb6fbb5573c - <alloc[2e1b2a31b91974c5]::vec::Vec<u8> as core[a373ad73a504971]::io::write::Write>::write_fmt
[INFO] [stdout]    3:     0x5cb6fbb2a2e6 - std[617be2ca0a6fd877]::panicking::default_hook::{closure#0}
[INFO] [stdout]    4:     0x5cb6fbb47869 - std[617be2ca0a6fd877]::panicking::default_hook
[INFO] [stdout]    5:     0x5cb6fbac2120 - test[aada8e7e76ba119b]::test_main_inner::{closure#0}
[INFO] [stdout]    6:     0x5cb6fbb47a22 - std[617be2ca0a6fd877]::panicking::panic_with_hook
[INFO] [stdout]    7:     0x5cb6fbb2a392 - std[617be2ca0a6fd877]::panicking::panic_handler::{closure#0}
[INFO] [stdout]    8:     0x5cb6fbb22df9 - std[617be2ca0a6fd877]::sys::backtrace::__rust_end_short_backtrace::<std[617be2ca0a6fd877]::panicking::panic_handler::{closure#0}, !>
[INFO] [stdout]    9:     0x5cb6fbb2af9d - __rustc[ea4f61d10b84890b]::rust_begin_unwind
[INFO] [stdout]   10:     0x5cb6fbb68d8c - core[a373ad73a504971]::panicking::panic_fmt
[INFO] [stdout]   11:     0x5cb6fbb68b62 - core[a373ad73a504971]::result::unwrap_failed
[INFO] [stdout]   12:     0x5cb6fba3594b - <cosmic_ctl[4309561979579555]::tests::cli::test_backup_command::{closure#0} as core[a373ad73a504971]::ops::function::FnOnce<()>>::call_once
[INFO] [stdout]   13:     0x5cb6fbab556b - test[aada8e7e76ba119b]::__rust_begin_short_backtrace::<core[a373ad73a504971]::result::Result<(), alloc[2e1b2a31b91974c5]::string::String>, fn() -> core[a373ad73a504971]::result::Result<(), alloc[2e1b2a31b91974c5]::string::String>>
[INFO] [stdout]   14:     0x5cb6fbac2745 - test[aada8e7e76ba119b]::run_test::{closure#0}
[INFO] [stdout]   15:     0x5cb6fbabc034 - std[617be2ca0a6fd877]::sys::backtrace::__rust_begin_short_backtrace::<test[aada8e7e76ba119b]::run_test::{closure#1}, ()>
[INFO] [stdout]   16:     0x5cb6fbac57d2 - <std[617be2ca0a6fd877]::thread::lifecycle::spawn_unchecked<test[aada8e7e76ba119b]::run_test::{closure#1}, ()>::{closure#1} as core[a373ad73a504971]::ops::function::FnOnce<()>>::call_once::{shim:vtable#0}
[INFO] [stdout]   17:     0x5cb6fbb4f14f - <std[617be2ca0a6fd877]::sys::thread::unix::Thread>::new::thread_start
[INFO] [stdout]   18:     0x7ff068e52dfa - <unknown>
[INFO] [stdout]   19:     0x7ff068ee63d4 - clone
[INFO] [stdout]   20:                0x0 - <unknown>
[INFO] [stdout] 
[INFO] [stdout] ---- tests::cli::test_backup_command_toml stdout ----
[INFO] [stdout] 
[INFO] [stdout] thread 'tests::cli::test_backup_command_toml' (4767) panicked at src/tests/cli.rs:1276:10:
[INFO] [stdout] called `Result::unwrap()` on an `Err` value: CargoError { cause: Some(NotFoundError { path: "/opt/rustwide/target/release/build/cosmic-ctl/b82fde3d723ca3c8/out/cosmic-ctl" }) }
[INFO] [stdout] stack backtrace:
[INFO] [stdout]    0:     0x5cb6fbb4feb1 - <<std[617be2ca0a6fd877]::sys::backtrace::BacktraceLock>::print::DisplayBacktrace as core[a373ad73a504971]::fmt::Display>::fmt
[INFO] [stdout]    1:     0x5cb6fbb685da - core[a373ad73a504971]::fmt::write
[INFO] [stdout]    2:     0x5cb6fbb5573c - <alloc[2e1b2a31b91974c5]::vec::Vec<u8> as core[a373ad73a504971]::io::write::Write>::write_fmt
[INFO] [stdout]    3:     0x5cb6fbb2a2e6 - std[617be2ca0a6fd877]::panicking::default_hook::{closure#0}
[INFO] [stdout]    4:     0x5cb6fbb47869 - std[617be2ca0a6fd877]::panicking::default_hook
[INFO] [stdout]    5:     0x5cb6fbac2120 - test[aada8e7e76ba119b]::test_main_inner::{closure#0}
[INFO] [stdout]    6:     0x5cb6fbb47a22 - std[617be2ca0a6fd877]::panicking::panic_with_hook
[INFO] [stdout]    7:     0x5cb6fbb2a392 - std[617be2ca0a6fd877]::panicking::panic_handler::{closure#0}
[INFO] [stdout]    8:     0x5cb6fbb22df9 - std[617be2ca0a6fd877]::sys::backtrace::__rust_end_short_backtrace::<std[617be2ca0a6fd877]::panicking::panic_handler::{closure#0}, !>
[INFO] [stdout]    9:     0x5cb6fbb2af9d - __rustc[ea4f61d10b84890b]::rust_begin_unwind
[INFO] [stdout]   10:     0x5cb6fbb68d8c - core[a373ad73a504971]::panicking::panic_fmt
[INFO] [stdout]   11:     0x5cb6fbb68b62 - core[a373ad73a504971]::result::unwrap_failed
[INFO] [stdout]   12:     0x5cb6fba3a003 - <cosmic_ctl[4309561979579555]::tests::cli::test_backup_command_toml::{closure#0} as core[a373ad73a504971]::ops::function::FnOnce<()>>::call_once
[INFO] [stdout]   13:     0x5cb6fbab556b - test[aada8e7e76ba119b]::__rust_begin_short_backtrace::<core[a373ad73a504971]::result::Result<(), alloc[2e1b2a31b91974c5]::string::String>, fn() -> core[a373ad73a504971]::result::Result<(), alloc[2e1b2a31b91974c5]::string::String>>
[INFO] [stdout]   14:     0x5cb6fbac2745 - test[aada8e7e76ba119b]::run_test::{closure#0}
[INFO] [stdout]   15:     0x5cb6fbabc034 - std[617be2ca0a6fd877]::sys::backtrace::__rust_begin_short_backtrace::<test[aada8e7e76ba119b]::run_test::{closure#1}, ()>
[INFO] [stdout]   16:     0x5cb6fbac57d2 - <std[617be2ca0a6fd877]::thread::lifecycle::spawn_unchecked<test[aada8e7e76ba119b]::run_test::{closure#1}, ()>::{closure#1} as core[a373ad73a504971]::ops::function::FnOnce<()>>::call_once::{shim:vtable#0}
[INFO] [stdout]   17:     0x5cb6fbb4f14f - <std[617be2ca0a6fd877]::sys::thread::unix::Thread>::new::thread_start
[INFO] [stdout]   18:     0x7ff068e52dfa - <unknown>
[INFO] [stdout]   19:     0x7ff068ee63d4 - clone
[INFO] [stdout]   20:                0x0 - <unknown>
[INFO] [stdout] 
[INFO] [stdout] ---- tests::cli::test_apply_command stdout ----
[INFO] [stdout] 
[INFO] [stdout] thread 'tests::cli::test_apply_command' (4761) panicked at src/tests/cli.rs:192:10:
[INFO] [stdout] called `Result::unwrap()` on an `Err` value: CargoError { cause: Some(NotFoundError { path: "/opt/rustwide/target/release/build/cosmic-ctl/b82fde3d723ca3c8/out/cosmic-ctl" }) }
[INFO] [stdout] stack backtrace:
[INFO] [stdout]    0:     0x5cb6fbb4feb1 - <<std[617be2ca0a6fd877]::sys::backtrace::BacktraceLock>::print::DisplayBacktrace as core[a373ad73a504971]::fmt::Display>::fmt
[INFO] [stdout]    1:     0x5cb6fbb685da - core[a373ad73a504971]::fmt::write
[INFO] [stdout]    2:     0x5cb6fbb5573c - <alloc[2e1b2a31b91974c5]::vec::Vec<u8> as core[a373ad73a504971]::io::write::Write>::write_fmt
[INFO] [stdout]    3:     0x5cb6fbb2a2e6 - std[617be2ca0a6fd877]::panicking::default_hook::{closure#0}
[INFO] [stdout]    4:     0x5cb6fbb47869 - std[617be2ca0a6fd877]::panicking::default_hook
[INFO] [stdout]    5:     0x5cb6fbac2120 - test[aada8e7e76ba119b]::test_main_inner::{closure#0}
[INFO] [stdout]    6:     0x5cb6fbb47a22 - std[617be2ca0a6fd877]::panicking::panic_with_hook
[INFO] [stdout]    7:     0x5cb6fbb2a392 - std[617be2ca0a6fd877]::panicking::panic_handler::{closure#0}
[INFO] [stdout]    8:     0x5cb6fbb22df9 - std[617be2ca0a6fd877]::sys::backtrace::__rust_end_short_backtrace::<std[617be2ca0a6fd877]::panicking::panic_handler::{closure#0}, !>
[INFO] [stdout]    9:     0x5cb6fbb2af9d - __rustc[ea4f61d10b84890b]::rust_begin_unwind
[INFO] [stdout]   10:     0x5cb6fbb68d8c - core[a373ad73a504971]::panicking::panic_fmt
[INFO] [stdout]   11:     0x5cb6fbb68b62 - core[a373ad73a504971]::result::unwrap_failed
[INFO] [stdout]   12:     0x5cb6fba33461 - <cosmic_ctl[4309561979579555]::tests::cli::test_apply_command::{closure#0} as core[a373ad73a504971]::ops::function::FnOnce<()>>::call_once
[INFO] [stdout]   13:     0x5cb6fbab556b - test[aada8e7e76ba119b]::__rust_begin_short_backtrace::<core[a373ad73a504971]::result::Result<(), alloc[2e1b2a31b91974c5]::string::String>, fn() -> core[a373ad73a504971]::result::Result<(), alloc[2e1b2a31b91974c5]::string::String>>
[INFO] [stdout]   14:     0x5cb6fbac2745 - test[aada8e7e76ba119b]::run_test::{closure#0}
[INFO] [stdout]   15:     0x5cb6fbabc034 - std[617be2ca0a6fd877]::sys::backtrace::__rust_begin_short_backtrace::<test[aada8e7e76ba119b]::run_test::{closure#1}, ()>
[INFO] [stdout]   16:     0x5cb6fbac57d2 - <std[617be2ca0a6fd877]::thread::lifecycle::spawn_unchecked<test[aada8e7e76ba119b]::run_test::{closure#1}, ()>::{closure#1} as core[a373ad73a504971]::ops::function::FnOnce<()>>::call_once::{shim:vtable#0}
[INFO] [stdout]   17:     0x5cb6fbb4f14f - <std[617be2ca0a6fd877]::sys::thread::unix::Thread>::new::thread_start
[INFO] [stdout]   18:     0x7ff068e52dfa - <unknown>
[INFO] [stdout]   19:     0x7ff068ee63d4 - clone
[INFO] [stdout]   20:                0x0 - <unknown>
[INFO] [stdout] 
[INFO] [stdout] ---- tests::cli::test_apply_command_toml stdout ----
[INFO] [stdout] 
[INFO] [stdout] thread 'tests::cli::test_apply_command_toml' (4763) panicked at src/tests/cli.rs:1171:10:
[INFO] [stdout] called `Result::unwrap()` on an `Err` value: CargoError { cause: Some(NotFoundError { path: "/opt/rustwide/target/release/build/cosmic-ctl/b82fde3d723ca3c8/out/cosmic-ctl" }) }
[INFO] [stdout] stack backtrace:
[INFO] [stdout]    0:     0x5cb6fbb4feb1 - <<std[617be2ca0a6fd877]::sys::backtrace::BacktraceLock>::print::DisplayBacktrace as core[a373ad73a504971]::fmt::Display>::fmt
[INFO] [stdout]    1:     0x5cb6fbb685da - core[a373ad73a504971]::fmt::write
[INFO] [stdout]    2:     0x5cb6fbb5573c - <alloc[2e1b2a31b91974c5]::vec::Vec<u8> as core[a373ad73a504971]::io::write::Write>::write_fmt
[INFO] [stdout]    3:     0x5cb6fbb2a2e6 - std[617be2ca0a6fd877]::panicking::default_hook::{closure#0}
[INFO] [stdout]    4:     0x5cb6fbb47869 - std[617be2ca0a6fd877]::panicking::default_hook
[INFO] [stdout]    5:     0x5cb6fbac2120 - test[aada8e7e76ba119b]::test_main_inner::{closure#0}
[INFO] [stdout]    6:     0x5cb6fbb47a22 - std[617be2ca0a6fd877]::panicking::panic_with_hook
[INFO] [stdout]    7:     0x5cb6fbb2a392 - std[617be2ca0a6fd877]::panicking::panic_handler::{closure#0}
[INFO] [stdout]    8:     0x5cb6fbb22df9 - std[617be2ca0a6fd877]::sys::backtrace::__rust_end_short_backtrace::<std[617be2ca0a6fd877]::panicking::panic_handler::{closure#0}, !>
[INFO] [stdout]    9:     0x5cb6fbb2af9d - __rustc[ea4f61d10b84890b]::rust_begin_unwind
[INFO] [stdout]   10:     0x5cb6fbb68d8c - core[a373ad73a504971]::panicking::panic_fmt
[INFO] [stdout]   11:     0x5cb6fbb68b62 - core[a373ad73a504971]::result::unwrap_failed
[INFO] [stdout]   12:     0x5cb6fba386d9 - <cosmic_ctl[4309561979579555]::tests::cli::test_apply_command_toml::{closure#0} as core[a373ad73a504971]::ops::function::FnOnce<()>>::call_once
[INFO] [stdout]   13:     0x5cb6fbab556b - test[aada8e7e76ba119b]::__rust_begin_short_backtrace::<core[a373ad73a504971]::result::Result<(), alloc[2e1b2a31b91974c5]::string::String>, fn() -> core[a373ad73a504971]::result::Result<(), alloc[2e1b2a31b91974c5]::string::String>>
[INFO] [stdout]   14:     0x5cb6fbac2745 - test[aada8e7e76ba119b]::run_test::{closure#0}
[INFO] [stdout]   15:     0x5cb6fbabc034 - std[617be2ca0a6fd877]::sys::backtrace::__rust_begin_short_backtrace::<test[aada8e7e76ba119b]::run_test::{closure#1}, ()>
[INFO] [stdout]   16:     0x5cb6fbac57d2 - <std[617be2ca0a6fd877]::thread::lifecycle::spawn_unchecked<test[aada8e7e76ba119b]::run_test::{closure#1}, ()>::{closure#1} as core[a373ad73a504971]::ops::function::FnOnce<()>>::call_once::{shim:vtable#0}
[INFO] [stdout]   17:     0x5cb6fbb4f14f - <std[617be2ca0a6fd877]::sys::thread::unix::Thread>::new::thread_start
[INFO] [stdout]   18:     0x7ff068e52dfa - <unknown>
[INFO] [stdout]   19:     0x7ff068ee63d4 - clone
[INFO] [stdout]   20:                0x0 - <unknown>
[INFO] [stdout] 
[INFO] [stdout] ---- tests::cli::test_backup_command_with_explicit_format stdout ----
[INFO] [stdout] 
[INFO] [stdout] thread 'tests::cli::test_backup_command_with_explicit_format' (4769) panicked at src/tests/cli.rs:1359:10:
[INFO] [stdout] called `Result::unwrap()` on an `Err` value: CargoError { cause: Some(NotFoundError { path: "/opt/rustwide/target/release/build/cosmic-ctl/b82fde3d723ca3c8/out/cosmic-ctl" }) }
[INFO] [stdout] stack backtrace:
[INFO] [stdout]    0:     0x5cb6fbb4feb1 - <<std[617be2ca0a6fd877]::sys::backtrace::BacktraceLock>::print::DisplayBacktrace as core[a373ad73a504971]::fmt::Display>::fmt
[INFO] [stdout]    1:     0x5cb6fbb685da - core[a373ad73a504971]::fmt::write
[INFO] [stdout]    2:     0x5cb6fbb5573c - <alloc[2e1b2a31b91974c5]::vec::Vec<u8> as core[a373ad73a504971]::io::write::Write>::write_fmt
[INFO] [stdout]    3:     0x5cb6fbb2a2e6 - std[617be2ca0a6fd877]::panicking::default_hook::{closure#0}
[INFO] [stdout]    4:     0x5cb6fbb47869 - std[617be2ca0a6fd877]::panicking::default_hook
[INFO] [stdout]    5:     0x5cb6fbac2120 - test[aada8e7e76ba119b]::test_main_inner::{closure#0}
[INFO] [stdout]    6:     0x5cb6fbb47a22 - std[617be2ca0a6fd877]::panicking::panic_with_hook
[INFO] [stdout]    7:     0x5cb6fbb2a392 - std[617be2ca0a6fd877]::panicking::panic_handler::{closure#0}
[INFO] [stdout]    8:     0x5cb6fbb22df9 - std[617be2ca0a6fd877]::sys::backtrace::__rust_end_short_backtrace::<std[617be2ca0a6fd877]::panicking::panic_handler::{closure#0}, !>
[INFO] [stdout]    9:     0x5cb6fbb2af9d - __rustc[ea4f61d10b84890b]::rust_begin_unwind
[INFO] [stdout]   10:     0x5cb6fbb68d8c - core[a373ad73a504971]::panicking::panic_fmt
[INFO] [stdout]   11:     0x5cb6fbb68b62 - core[a373ad73a504971]::result::unwrap_failed
[INFO] [stdout]   12:     0x5cb6fba3f326 - <cosmic_ctl[4309561979579555]::tests::cli::test_backup_command_with_explicit_format::{closure#0} as core[a373ad73a504971]::ops::function::FnOnce<()>>::call_once
[INFO] [stdout]   13:     0x5cb6fbab556b - test[aada8e7e76ba119b]::__rust_begin_short_backtrace::<core[a373ad73a504971]::result::Result<(), alloc[2e1b2a31b91974c5]::string::String>, fn() -> core[a373ad73a504971]::result::Result<(), alloc[2e1b2a31b91974c5]::string::String>>
[INFO] [stdout]   14:     0x5cb6fbac2745 - test[aada8e7e76ba119b]::run_test::{closure#0}
[INFO] [stdout]   15:     0x5cb6fbabc034 - std[617be2ca0a6fd877]::sys::backtrace::__rust_begin_short_backtrace::<test[aada8e7e76ba119b]::run_test::{closure#1}, ()>
[INFO] [stdout]   16:     0x5cb6fbac57d2 - <std[617be2ca0a6fd877]::thread::lifecycle::spawn_unchecked<test[aada8e7e76ba119b]::run_test::{closure#1}, ()>::{closure#1} as core[a373ad73a504971]::ops::function::FnOnce<()>>::call_once::{shim:vtable#0}
[INFO] [stdout]   17:     0x5cb6fbb4f14f - <std[617be2ca0a6fd877]::sys::thread::unix::Thread>::new::thread_start
[INFO] [stdout]   18:     0x7ff068e52dfa - <unknown>
[INFO] [stdout]   19:     0x7ff068ee63d4 - clone
[INFO] [stdout]   20:                0x0 - <unknown>
[INFO] [stdout] 
[INFO] [stdout] ---- tests::cli::test_read_command stdout ----
[INFO] [stdout] 
[INFO] [stdout] thread 'tests::cli::test_read_command' (4771) panicked at src/tests/cli.rs:84:10:
[INFO] [stdout] called `Result::unwrap()` on an `Err` value: CargoError { cause: Some(NotFoundError { path: "/opt/rustwide/target/release/build/cosmic-ctl/b82fde3d723ca3c8/out/cosmic-ctl" }) }
[INFO] [stdout] stack backtrace:
[INFO] [stdout]    0:     0x5cb6fbb4feb1 - <<std[617be2ca0a6fd877]::sys::backtrace::BacktraceLock>::print::DisplayBacktrace as core[a373ad73a504971]::fmt::Display>::fmt
[INFO] [stdout]    1:     0x5cb6fbb685da - core[a373ad73a504971]::fmt::write
[INFO] [stdout]    2:     0x5cb6fbb5573c - <alloc[2e1b2a31b91974c5]::vec::Vec<u8> as core[a373ad73a504971]::io::write::Write>::write_fmt
[INFO] [stdout]    3:     0x5cb6fbb2a2e6 - std[617be2ca0a6fd877]::panicking::default_hook::{closure#0}
[INFO] [stdout]    4:     0x5cb6fbb47869 - std[617be2ca0a6fd877]::panicking::default_hook
[INFO] [stdout]    5:     0x5cb6fbac2120 - test[aada8e7e76ba119b]::test_main_inner::{closure#0}
[INFO] [stdout]    6:     0x5cb6fbb47a22 - std[617be2ca0a6fd877]::panicking::panic_with_hook
[INFO] [stdout]    7:     0x5cb6fbb2a392 - std[617be2ca0a6fd877]::panicking::panic_handler::{closure#0}
[INFO] [stdout]    8:     0x5cb6fbb22df9 - std[617be2ca0a6fd877]::sys::backtrace::__rust_end_short_backtrace::<std[617be2ca0a6fd877]::panicking::panic_handler::{closure#0}, !>
[INFO] [stdout]    9:     0x5cb6fbb2af9d - __rustc[ea4f61d10b84890b]::rust_begin_unwind
[INFO] [stdout]   10:     0x5cb6fbb68d8c - core[a373ad73a504971]::panicking::panic_fmt
[INFO] [stdout]   11:     0x5cb6fbb68b62 - core[a373ad73a504971]::result::unwrap_failed
[INFO] [stdout]   12:     0x5cb6fba31d5f - <cosmic_ctl[4309561979579555]::tests::cli::test_read_command::{closure#0} as core[a373ad73a504971]::ops::function::FnOnce<()>>::call_once
[INFO] [stdout]   13:     0x5cb6fbab556b - test[aada8e7e76ba119b]::__rust_begin_short_backtrace::<core[a373ad73a504971]::result::Result<(), alloc[2e1b2a31b91974c5]::string::String>, fn() -> core[a373ad73a504971]::result::Result<(), alloc[2e1b2a31b91974c5]::string::String>>
[INFO] [stdout]   14:     0x5cb6fbac2745 - test[aada8e7e76ba119b]::run_test::{closure#0}
[INFO] [stdout]   15:     0x5cb6fbabc034 - std[617be2ca0a6fd877]::sys::backtrace::__rust_begin_short_backtrace::<test[aada8e7e76ba119b]::run_test::{closure#1}, ()>
[INFO] [stdout]   16:     0x5cb6fbac57d2 - <std[617be2ca0a6fd877]::thread::lifecycle::spawn_unchecked<test[aada8e7e76ba119b]::run_test::{closure#1}, ()>::{closure#1} as core[a373ad73a504971]::ops::function::FnOnce<()>>::call_once::{shim:vtable#0}
[INFO] [stdout]   17:     0x5cb6fbb4f14f - <std[617be2ca0a6fd877]::sys::thread::unix::Thread>::new::thread_start
[INFO] [stdout]   18:     0x7ff068e52dfa - <unknown>
[INFO] [stdout]   19:     0x7ff068ee63d4 - clone
[INFO] [stdout]   20:                0x0 - <unknown>
[INFO] [stdout] 
[INFO] [stdout] ---- tests::cli::test_delete_command stdout ----
[INFO] [stdout] 
[INFO] [stdout] thread 'tests::cli::test_delete_command' (4770) panicked at src/tests/cli.rs:122:10:
[INFO] [stdout] called `Result::unwrap()` on an `Err` value: CargoError { cause: Some(NotFoundError { path: "/opt/rustwide/target/release/build/cosmic-ctl/b82fde3d723ca3c8/out/cosmic-ctl" }) }
[INFO] [stdout] stack backtrace:
[INFO] [stdout]    0:     0x5cb6fbb4feb1 - <<std[617be2ca0a6fd877]::sys::backtrace::BacktraceLock>::print::DisplayBacktrace as core[a373ad73a504971]::fmt::Display>::fmt
[INFO] [stdout]    1:     0x5cb6fbb685da - core[a373ad73a504971]::fmt::write
[INFO] [stdout]    2:     0x5cb6fbb5573c - <alloc[2e1b2a31b91974c5]::vec::Vec<u8> as core[a373ad73a504971]::io::write::Write>::write_fmt
[INFO] [stdout]    3:     0x5cb6fbb2a2e6 - std[617be2ca0a6fd877]::panicking::default_hook::{closure#0}
[INFO] [stdout]    4:     0x5cb6fbb47869 - std[617be2ca0a6fd877]::panicking::default_hook
[INFO] [stdout]    5:     0x5cb6fbac2120 - test[aada8e7e76ba119b]::test_main_inner::{closure#0}
[INFO] [stdout]    6:     0x5cb6fbb47a22 - std[617be2ca0a6fd877]::panicking::panic_with_hook
[INFO] [stdout]    7:     0x5cb6fbb2a392 - std[617be2ca0a6fd877]::panicking::panic_handler::{closure#0}
[INFO] [stdout]    8:     0x5cb6fbb22df9 - std[617be2ca0a6fd877]::sys::backtrace::__rust_end_short_backtrace::<std[617be2ca0a6fd877]::panicking::panic_handler::{closure#0}, !>
[INFO] [stdout]    9:     0x5cb6fbb2af9d - __rustc[ea4f61d10b84890b]::rust_begin_unwind
[INFO] [stdout]   10:     0x5cb6fbb68d8c - core[a373ad73a504971]::panicking::panic_fmt
[INFO] [stdout]   11:     0x5cb6fbb68b62 - core[a373ad73a504971]::result::unwrap_failed
[INFO] [stdout]   12:     0x5cb6fba36271 - <cosmic_ctl[4309561979579555]::tests::cli::test_delete_command::{closure#0} as core[a373ad73a504971]::ops::function::FnOnce<()>>::call_once
[INFO] [stdout]   13:     0x5cb6fbab556b - test[aada8e7e76ba119b]::__rust_begin_short_backtrace::<core[a373ad73a504971]::result::Result<(), alloc[2e1b2a31b91974c5]::string::String>, fn() -> core[a373ad73a504971]::result::Result<(), alloc[2e1b2a31b91974c5]::string::String>>
[INFO] [stdout]   14:     0x5cb6fbac2745 - test[aada8e7e76ba119b]::run_test::{closure#0}
[INFO] [stdout]   15:     0x5cb6fbabc034 - std[617be2ca0a6fd877]::sys::backtrace::__rust_begin_short_backtrace::<test[aada8e7e76ba119b]::run_test::{closure#1}, ()>
[INFO] [stdout]   16:     0x5cb6fbac57d2 - <std[617be2ca0a6fd877]::thread::lifecycle::spawn_unchecked<test[aada8e7e76ba119b]::run_test::{closure#1}, ()>::{closure#1} as core[a373ad73a504971]::ops::function::FnOnce<()>>::call_once::{shim:vtable#0}
[INFO] [stdout]   17:     0x5cb6fbb4f14f - <std[617be2ca0a6fd877]::sys::thread::unix::Thread>::new::thread_start
[INFO] [stdout]   18:     0x7ff068e52dfa - <unknown>
[INFO] [stdout]   19:     0x7ff068ee63d4 - clone
[INFO] [stdout]   20:                0x0 - <unknown>
[INFO] [stdout] 
[INFO] [stdout] ---- tests::cli::test_reset_command_with_exclude stdout ----
[INFO] [stdout] 
[INFO] [stdout] thread 'tests::cli::test_reset_command_with_exclude' (4775) panicked at src/tests/cli.rs:524:10:
[INFO] [stdout] called `Result::unwrap()` on an `Err` value: CargoError { cause: Some(NotFoundError { path: "/opt/rustwide/target/release/build/cosmic-ctl/b82fde3d723ca3c8/out/cosmic-ctl" }) }
[INFO] [stdout] stack backtrace:
[INFO] [stdout]    0:     0x5cb6fbb4feb1 - <<std[617be2ca0a6fd877]::sys::backtrace::BacktraceLock>::print::DisplayBacktrace as core[a373ad73a504971]::fmt::Display>::fmt
[INFO] [stdout]    1:     0x5cb6fbb685da - core[a373ad73a504971]::fmt::write
[INFO] [stdout]    2:     0x5cb6fbb5573c - <alloc[2e1b2a31b91974c5]::vec::Vec<u8> as core[a373ad73a504971]::io::write::Write>::write_fmt
[INFO] [stdout]    3:     0x5cb6fbb2a2e6 - std[617be2ca0a6fd877]::panicking::default_hook::{closure#0}
[INFO] [stdout]    4:     0x5cb6fbb47869 - std[617be2ca0a6fd877]::panicking::default_hook
[INFO] [stdout]    5:     0x5cb6fbac2120 - test[aada8e7e76ba119b]::test_main_inner::{closure#0}
[INFO] [stdout]    6:     0x5cb6fbb47a22 - std[617be2ca0a6fd877]::panicking::panic_with_hook
[INFO] [stdout]    7:     0x5cb6fbb2a392 - std[617be2ca0a6fd877]::panicking::panic_handler::{closure#0}
[INFO] [stdout]    8:     0x5cb6fbb22df9 - std[617be2ca0a6fd877]::sys::backtrace::__rust_end_short_backtrace::<std[617be2ca0a6fd877]::panicking::panic_handler::{closure#0}, !>
[INFO] [stdout]    9:     0x5cb6fbb2af9d - __rustc[ea4f61d10b84890b]::rust_begin_unwind
[INFO] [stdout]   10:     0x5cb6fbb68d8c - core[a373ad73a504971]::panicking::panic_fmt
[INFO] [stdout]   11:     0x5cb6fbb68b62 - core[a373ad73a504971]::result::unwrap_failed
[INFO] [stdout]   12:     0x5cb6fba3e74f - <cosmic_ctl[4309561979579555]::tests::cli::test_reset_command_with_exclude::{closure#0} as core[a373ad73a504971]::ops::function::FnOnce<()>>::call_once
[INFO] [stdout]   13:     0x5cb6fbab556b - test[aada8e7e76ba119b]::__rust_begin_short_backtrace::<core[a373ad73a504971]::result::Result<(), alloc[2e1b2a31b91974c5]::string::String>, fn() -> core[a373ad73a504971]::result::Result<(), alloc[2e1b2a31b91974c5]::string::String>>
[INFO] [stdout]   14:     0x5cb6fbac2745 - test[aada8e7e76ba119b]::run_test::{closure#0}
[INFO] [stdout]   15:     0x5cb6fbabc034 - std[617be2ca0a6fd877]::sys::backtrace::__rust_begin_short_backtrace::<test[aada8e7e76ba119b]::run_test::{closure#1}, ()>
[INFO] [stdout]   16:     0x5cb6fbac57d2 - <std[617be2ca0a6fd877]::thread::lifecycle::spawn_unchecked<test[aada8e7e76ba119b]::run_test::{closure#1}, ()>::{closure#1} as core[a373ad73a504971]::ops::function::FnOnce<()>>::call_once::{shim:vtable#0}
[INFO] [stdout]   17:     0x5cb6fbb4f14f - <std[617be2ca0a6fd877]::sys::thread::unix::Thread>::new::thread_start
[INFO] [stdout]   18:     0x7ff068e52dfa - <unknown>
[INFO] [stdout]   19:     0x7ff068ee63d4 - clone
[INFO] [stdout]   20:                0x0 - <unknown>
[INFO] [stdout] 
[INFO] [stdout] ---- tests::cli::test_backup_command_verbose stdout ----
[INFO] [stdout] 
[INFO] [stdout] thread 'tests::cli::test_backup_command_verbose' (4768) panicked at src/tests/cli.rs:349:10:
[INFO] [stdout] called `Result::unwrap()` on an `Err` value: CargoError { cause: Some(NotFoundError { path: "/opt/rustwide/target/release/build/cosmic-ctl/b82fde3d723ca3c8/out/cosmic-ctl" }) }
[INFO] [stdout] stack backtrace:
[INFO] [stdout]    0:     0x5cb6fbb4feb1 - <<std[617be2ca0a6fd877]::sys::backtrace::BacktraceLock>::print::DisplayBacktrace as core[a373ad73a504971]::fmt::Display>::fmt
[INFO] [stdout]    1:     0x5cb6fbb685da - core[a373ad73a504971]::fmt::write
[INFO] [stdout]    2:     0x5cb6fbb5573c - <alloc[2e1b2a31b91974c5]::vec::Vec<u8> as core[a373ad73a504971]::io::write::Write>::write_fmt
[INFO] [stdout]    3:     0x5cb6fbb2a2e6 - std[617be2ca0a6fd877]::panicking::default_hook::{closure#0}
[INFO] [stdout]    4:     0x5cb6fbb47869 - std[617be2ca0a6fd877]::panicking::default_hook
[INFO] [stdout]    5:     0x5cb6fbac2120 - test[aada8e7e76ba119b]::test_main_inner::{closure#0}
[INFO] [stdout]    6:     0x5cb6fbb47a22 - std[617be2ca0a6fd877]::panicking::panic_with_hook
[INFO] [stdout]    7:     0x5cb6fbb2a392 - std[617be2ca0a6fd877]::panicking::panic_handler::{closure#0}
[INFO] [stdout]    8:     0x5cb6fbb22df9 - std[617be2ca0a6fd877]::sys::backtrace::__rust_end_short_backtrace::<std[617be2ca0a6fd877]::panicking::panic_handler::{closure#0}, !>
[INFO] [stdout]    9:     0x5cb6fbb2af9d - __rustc[ea4f61d10b84890b]::rust_begin_unwind
[INFO] [stdout]   10:     0x5cb6fbb68d8c - core[a373ad73a504971]::panicking::panic_fmt
[INFO] [stdout]   11:     0x5cb6fbb68b62 - core[a373ad73a504971]::result::unwrap_failed
[INFO] [stdout]   12:     0x5cb6fba3d36c - <cosmic_ctl[4309561979579555]::tests::cli::test_backup_command_verbose::{closure#0} as core[a373ad73a504971]::ops::function::FnOnce<()>>::call_once
[INFO] [stdout]   13:     0x5cb6fbab556b - test[aada8e7e76ba119b]::__rust_begin_short_backtrace::<core[a373ad73a504971]::result::Result<(), alloc[2e1b2a31b91974c5]::string::String>, fn() -> core[a373ad73a504971]::result::Result<(), alloc[2e1b2a31b91974c5]::string::String>>
[INFO] [stdout]   14:     0x5cb6fbac2745 - test[aada8e7e76ba119b]::run_test::{closure#0}
[INFO] [stdout]   15:     0x5cb6fbabc034 - std[617be2ca0a6fd877]::sys::backtrace::__rust_begin_short_backtrace::<test[aada8e7e76ba119b]::run_test::{closure#1}, ()>
[INFO] [stdout]   16:     0x5cb6fbac57d2 - <std[617be2ca0a6fd877]::thread::lifecycle::spawn_unchecked<test[aada8e7e76ba119b]::run_test::{closure#1}, ()>::{closure#1} as core[a373ad73a504971]::ops::function::FnOnce<()>>::call_once::{shim:vtable#0}
[INFO] [stdout]   17:     0x5cb6fbb4f14f - <std[617be2ca0a6fd877]::sys::thread::unix::Thread>::new::thread_start
[INFO] [stdout]   18:     0x7ff068e52dfa - <unknown>
[INFO] [stdout]   19:     0x7ff068ee63d4 - clone
[INFO] [stdout]   20:                0x0 - <unknown>
[INFO] [stdout] 
[INFO] [stdout] ---- tests::cli::test_reset_command_empty_config stdout ----
[INFO] [stdout] 
[INFO] [stdout] thread 'tests::cli::test_reset_command_empty_config' (4773) panicked at src/tests/cli.rs:510:10:
[INFO] [stdout] called `Result::unwrap()` on an `Err` value: CargoError { cause: Some(NotFoundError { path: "/opt/rustwide/target/release/build/cosmic-ctl/b82fde3d723ca3c8/out/cosmic-ctl" }) }
[INFO] [stdout] stack backtrace:
[INFO] [stdout]    0:     0x5cb6fbb4feb1 - <<std[617be2ca0a6fd877]::sys::backtrace::BacktraceLock>::print::DisplayBacktrace as core[a373ad73a504971]::fmt::Display>::fmt
[INFO] [stdout]    1:     0x5cb6fbb685da - core[a373ad73a504971]::fmt::write
[INFO] [stdout]    2:     0x5cb6fbb5573c - <alloc[2e1b2a31b91974c5]::vec::Vec<u8> as core[a373ad73a504971]::io::write::Write>::write_fmt
[INFO] [stdout]    3:     0x5cb6fbb2a2e6 - std[617be2ca0a6fd877]::panicking::default_hook::{closure#0}
[INFO] [stdout]    4:     0x5cb6fbb47869 - std[617be2ca0a6fd877]::panicking::default_hook
[INFO] [stdout]    5:     0x5cb6fbac2120 - test[aada8e7e76ba119b]::test_main_inner::{closure#0}
[INFO] [stdout]    6:     0x5cb6fbb47a22 - std[617be2ca0a6fd877]::panicking::panic_with_hook
[INFO] [stdout]    7:     0x5cb6fbb2a392 - std[617be2ca0a6fd877]::panicking::panic_handler::{closure#0}
[INFO] [stdout]    8:     0x5cb6fbb22df9 - std[617be2ca0a6fd877]::sys::backtrace::__rust_end_short_backtrace::<std[617be2ca0a6fd877]::panicking::panic_handler::{closure#0}, !>
[INFO] [stdout]    9:     0x5cb6fbb2af9d - __rustc[ea4f61d10b84890b]::rust_begin_unwind
[INFO] [stdout]   10:     0x5cb6fbb68d8c - core[a373ad73a504971]::panicking::panic_fmt
[INFO] [stdout]   11:     0x5cb6fbb68b62 - core[a373ad73a504971]::result::unwrap_failed
[INFO] [stdout]   12:     0x5cb6fba3d7bf - <cosmic_ctl[4309561979579555]::tests::cli::test_reset_command_empty_config::{closure#0} as core[a373ad73a504971]::ops::function::FnOnce<()>>::call_once
[INFO] [stdout]   13:     0x5cb6fbab556b - test[aada8e7e76ba119b]::__rust_begin_short_backtrace::<core[a373ad73a504971]::result::Result<(), alloc[2e1b2a31b91974c5]::string::String>, fn() -> core[a373ad73a504971]::result::Result<(), alloc[2e1b2a31b91974c5]::string::String>>
[INFO] [stdout]   14:     0x5cb6fbac2745 - test[aada8e7e76ba119b]::run_test::{closure#0}
[INFO] [stdout]   15:     0x5cb6fbabc034 - std[617be2ca0a6fd877]::sys::backtrace::__rust_begin_short_backtrace::<test[aada8e7e76ba119b]::run_test::{closure#1}, ()>
[INFO] [stdout]   16:     0x5cb6fbac57d2 - <std[617be2ca0a6fd877]::thread::lifecycle::spawn_unchecked<test[aada8e7e76ba119b]::run_test::{closure#1}, ()>::{closure#1} as core[a373ad73a504971]::ops::function::FnOnce<()>>::call_once::{shim:vtable#0}
[INFO] [stdout]   17:     0x5cb6fbb4f14f - <std[617be2ca0a6fd877]::sys::thread::unix::Thread>::new::thread_start
[INFO] [stdout]   18:     0x7ff068e52dfa - <unknown>
[INFO] [stdout]   19:     0x7ff068ee63d4 - clone
[INFO] [stdout]   20:                0x0 - <unknown>
[INFO] [stdout] 
[INFO] [stdout] ---- tests::cli::test_reset_command_verbose stdout ----
[INFO] [stdout] 
[INFO] [stdout] thread 'tests::cli::test_reset_command_verbose' (4774) panicked at src/tests/cli.rs:461:10:
[INFO] [stdout] called `Result::unwrap()` on an `Err` value: CargoError { cause: Some(NotFoundError { path: "/opt/rustwide/target/release/build/cosmic-ctl/b82fde3d723ca3c8/out/cosmic-ctl" }) }
[INFO] [stdout] stack backtrace:
[INFO] [stdout]    0:     0x5cb6fbb4feb1 - <<std[617be2ca0a6fd877]::sys::backtrace::BacktraceLock>::print::DisplayBacktrace as core[a373ad73a504971]::fmt::Display>::fmt
[INFO] [stdout]    1:     0x5cb6fbb685da - core[a373ad73a504971]::fmt::write
[INFO] [stdout]    2:     0x5cb6fbb5573c - <alloc[2e1b2a31b91974c5]::vec::Vec<u8> as core[a373ad73a504971]::io::write::Write>::write_fmt
[INFO] [stdout]    3:     0x5cb6fbb2a2e6 - std[617be2ca0a6fd877]::panicking::default_hook::{closure#0}
[INFO] [stdout]    4:     0x5cb6fbb47869 - std[617be2ca0a6fd877]::panicking::default_hook
[INFO] [stdout]    5:     0x5cb6fbac2120 - test[aada8e7e76ba119b]::test_main_inner::{closure#0}
[INFO] [stdout]    6:     0x5cb6fbb47a22 - std[617be2ca0a6fd877]::panicking::panic_with_hook
[INFO] [stdout]    7:     0x5cb6fbb2a392 - std[617be2ca0a6fd877]::panicking::panic_handler::{closure#0}
[INFO] [stdout]    8:     0x5cb6fbb22df9 - std[617be2ca0a6fd877]::sys::backtrace::__rust_end_short_backtrace::<std[617be2ca0a6fd877]::panicking::panic_handler::{closure#0}, !>
[INFO] [stdout]    9:     0x5cb6fbb2af9d - __rustc[ea4f61d10b84890b]::rust_begin_unwind
[INFO] [stdout]   10:     0x5cb6fbb68d8c - core[a373ad73a504971]::panicking::panic_fmt
[INFO] [stdout]   11:     0x5cb6fbb68b62 - core[a373ad73a504971]::result::unwrap_failed
[INFO] [stdout]   12:     0x5cb6fba3c953 - <cosmic_ctl[4309561979579555]::tests::cli::test_reset_command_verbose::{closure#0} as core[a373ad73a504971]::ops::function::FnOnce<()>>::call_once
[INFO] [stdout]   13:     0x5cb6fbab556b - test[aada8e7e76ba119b]::__rust_begin_short_backtrace::<core[a373ad73a504971]::result::Result<(), alloc[2e1b2a31b91974c5]::string::String>, fn() -> core[a373ad73a504971]::result::Result<(), alloc[2e1b2a31b91974c5]::string::String>>
[INFO] [stdout]   14:     0x5cb6fbac2745 - test[aada8e7e76ba119b]::run_test::{closure#0}
[INFO] [stdout]   15:     0x5cb6fbabc034 - std[617be2ca0a6fd877]::sys::backtrace::__rust_begin_short_backtrace::<test[aada8e7e76ba119b]::run_test::{closure#1}, ()>
[INFO] [stdout]   16:     0x5cb6fbac57d2 - <std[617be2ca0a6fd877]::thread::lifecycle::spawn_unchecked<test[aada8e7e76ba119b]::run_test::{closure#1}, ()>::{closure#1} as core[a373ad73a504971]::ops::function::FnOnce<()>>::call_once::{shim:vtable#0}
[INFO] [stdout]   17:     0x5cb6fbb4f14f - <std[617be2ca0a6fd877]::sys::thread::unix::Thread>::new::thread_start
[INFO] [stdout]   18:     0x7ff068e52dfa - <unknown>
[INFO] [stdout]   19:     0x7ff068ee63d4 - clone
[INFO] [stdout]   20:                0x0 - <unknown>
[INFO] [stdout] 
[INFO] [stdout] ---- tests::cli::test_reset_command_with_exclude_component_version stdout ----
[INFO] [stdout] 
[INFO] [stdout] thread 'tests::cli::test_reset_command_with_exclude_component_version' (4777) panicked at src/tests/cli.rs:709:10:
[INFO] [stdout] called `Result::unwrap()` on an `Err` value: CargoError { cause: Some(NotFoundError { path: "/opt/rustwide/target/release/build/cosmic-ctl/b82fde3d723ca3c8/out/cosmic-ctl" }) }
[INFO] [stdout] stack backtrace:
[INFO] [stdout]    0:     0x5cb6fbb4feb1 - <<std[617be2ca0a6fd877]::sys::backtrace::BacktraceLock>::print::DisplayBacktrace as core[a373ad73a504971]::fmt::Display>::fmt
[INFO] [stdout]    1:     0x5cb6fbb685da - core[a373ad73a504971]::fmt::write
[INFO] [stdout]    2:     0x5cb6fbb5573c - <alloc[2e1b2a31b91974c5]::vec::Vec<u8> as core[a373ad73a504971]::io::write::Write>::write_fmt
[INFO] [stdout]    3:     0x5cb6fbb2a2e6 - std[617be2ca0a6fd877]::panicking::default_hook::{closure#0}
[INFO] [stdout]    4:     0x5cb6fbb47869 - std[617be2ca0a6fd877]::panicking::default_hook
[INFO] [stdout]    5:     0x5cb6fbac2120 - test[aada8e7e76ba119b]::test_main_inner::{closure#0}
[INFO] [stdout]    6:     0x5cb6fbb47a22 - std[617be2ca0a6fd877]::panicking::panic_with_hook
[INFO] [stdout]    7:     0x5cb6fbb2a392 - std[617be2ca0a6fd877]::panicking::panic_handler::{closure#0}
[INFO] [stdout]    8:     0x5cb6fbb22df9 - std[617be2ca0a6fd877]::sys::backtrace::__rust_end_short_backtrace::<std[617be2ca0a6fd877]::panicking::panic_handler::{closure#0}, !>
[INFO] [stdout]    9:     0x5cb6fbb2af9d - __rustc[ea4f61d10b84890b]::rust_begin_unwind
[INFO] [stdout]   10:     0x5cb6fbb68d8c - core[a373ad73a504971]::panicking::panic_fmt
[INFO] [stdout]   11:     0x5cb6fbb68b62 - core[a373ad73a504971]::result::unwrap_failed
[INFO] [stdout]   12:     0x5cb6fba44018 - <cosmic_ctl[4309561979579555]::tests::cli::test_reset_command_with_exclude_component_version::{closure#0} as core[a373ad73a504971]::ops::function::FnOnce<()>>::call_once
[INFO] [stdout]   13:     0x5cb6fbab556b - test[aada8e7e76ba119b]::__rust_begin_short_backtrace::<core[a373ad73a504971]::result::Result<(), alloc[2e1b2a31b91974c5]::string::String>, fn() -> core[a373ad73a504971]::result::Result<(), alloc[2e1b2a31b91974c5]::string::String>>
[INFO] [stdout]   14:     0x5cb6fbac2745 - test[aada8e7e76ba119b]::run_test::{closure#0}
[INFO] [stdout]   15:     0x5cb6fbabc034 - std[617be2ca0a6fd877]::sys::backtrace::__rust_begin_short_backtrace::<test[aada8e7e76ba119b]::run_test::{closure#1}, ()>
[INFO] [stdout]   16:     0x5cb6fbac57d2 - <std[617be2ca0a6fd877]::thread::lifecycle::spawn_unchecked<test[aada8e7e76ba119b]::run_test::{closure#1}, ()>::{closure#1} as core[a373ad73a504971]::ops::function::FnOnce<()>>::call_once::{shim:vtable#0}
[INFO] [stdout]   17:     0x5cb6fbb4f14f - <std[617be2ca0a6fd877]::sys::thread::unix::Thread>::new::thread_start
[INFO] [stdout]   18:     0x7ff068e52dfa - <unknown>
[INFO] [stdout]   19:     0x7ff068ee63d4 - clone
[INFO] [stdout]   20:                0x0 - <unknown>
[INFO] [stdout] 
[INFO] [stdout] ---- tests::cli::test_apply_command_verbose stdout ----
[INFO] [stdout] 
[INFO] [stdout] thread 'tests::cli::test_apply_command_verbose' (4764) panicked at src/tests/cli.rs:253:10:
[INFO] [stdout] called `Result::unwrap()` on an `Err` value: CargoError { cause: Some(NotFoundError { path: "/opt/rustwide/target/release/build/cosmic-ctl/b82fde3d723ca3c8/out/cosmic-ctl" }) }
[INFO] [stdout] stack backtrace:
[INFO] [stdout]    0:     0x5cb6fbb4feb1 - <<std[617be2ca0a6fd877]::sys::backtrace::BacktraceLock>::print::DisplayBacktrace as core[a373ad73a504971]::fmt::Display>::fmt
[INFO] [stdout]    1:     0x5cb6fbb685da - core[a373ad73a504971]::fmt::write
[INFO] [stdout]    2:     0x5cb6fbb5573c - <alloc[2e1b2a31b91974c5]::vec::Vec<u8> as core[a373ad73a504971]::io::write::Write>::write_fmt
[INFO] [stdout]    3:     0x5cb6fbb2a2e6 - std[617be2ca0a6fd877]::panicking::default_hook::{closure#0}
[INFO] [stdout]    4:     0x5cb6fbb47869 - std[617be2ca0a6fd877]::panicking::default_hook
[INFO] [stdout]    5:     0x5cb6fbac2120 - test[aada8e7e76ba119b]::test_main_inner::{closure#0}
[INFO] [stdout]    6:     0x5cb6fbb47a22 - std[617be2ca0a6fd877]::panicking::panic_with_hook
[INFO] [stdout]    7:     0x5cb6fbb2a392 - std[617be2ca0a6fd877]::panicking::panic_handler::{closure#0}
[INFO] [stdout]    8:     0x5cb6fbb22df9 - std[617be2ca0a6fd877]::sys::backtrace::__rust_end_short_backtrace::<std[617be2ca0a6fd877]::panicking::panic_handler::{closure#0}, !>
[INFO] [stdout]    9:     0x5cb6fbb2af9d - __rustc[ea4f61d10b84890b]::rust_begin_unwind
[INFO] [stdout]   10:     0x5cb6fbb68d8c - core[a373ad73a504971]::panicking::panic_fmt
[INFO] [stdout]   11:     0x5cb6fbb68b62 - core[a373ad73a504971]::result::unwrap_failed
[INFO] [stdout]   12:     0x5cb6fba3bafd - <cosmic_ctl[4309561979579555]::tests::cli::test_apply_command_verbose::{closure#0} as core[a373ad73a504971]::ops::function::FnOnce<()>>::call_once
[INFO] [stdout]   13:     0x5cb6fbab556b - test[aada8e7e76ba119b]::__rust_begin_short_backtrace::<core[a373ad73a504971]::result::Result<(), alloc[2e1b2a31b91974c5]::string::String>, fn() -> core[a373ad73a504971]::result::Result<(), alloc[2e1b2a31b91974c5]::string::String>>
[INFO] [stdout]   14:     0x5cb6fbac2745 - test[aada8e7e76ba119b]::run_test::{closure#0}
[INFO] [stdout]   15:     0x5cb6fbabc034 - std[617be2ca0a6fd877]::sys::backtrace::__rust_begin_short_backtrace::<test[aada8e7e76ba119b]::run_test::{closure#1}, ()>
[INFO] [stdout]   16:     0x5cb6fbac57d2 - <std[617be2ca0a6fd877]::thread::lifecycle::spawn_unchecked<test[aada8e7e76ba119b]::run_test::{closure#1}, ()>::{closure#1} as core[a373ad73a504971]::ops::function::FnOnce<()>>::call_once::{shim:vtable#0}
[INFO] [stdout]   17:     0x5cb6fbb4f14f - <std[617be2ca0a6fd877]::sys::thread::unix::Thread>::new::thread_start
[INFO] [stdout]   18:     0x7ff068e52dfa - <unknown>
[INFO] [stdout]   19:     0x7ff068ee63d4 - clone
[INFO] [stdout]   20:                0x0 - <unknown>
[INFO] [stdout] 
[INFO] [stdout] ---- tests::cli::test_apply_command_ron stdout ----
[INFO] [stdout] 
[INFO] [stdout] thread 'tests::cli::test_apply_command_ron' (4762) panicked at src/tests/cli.rs:1238:10:
[INFO] [stdout] called `Result::unwrap()` on an `Err` value: CargoError { cause: Some(NotFoundError { path: "/opt/rustwide/target/release/build/cosmic-ctl/b82fde3d723ca3c8/out/cosmic-ctl" }) }
[INFO] [stdout] stack backtrace:
[INFO] [stdout]    0:     0x5cb6fbb4feb1 - <<std[617be2ca0a6fd877]::sys::backtrace::BacktraceLock>::print::DisplayBacktrace as core[a373ad73a504971]::fmt::Display>::fmt
[INFO] [stdout]    1:     0x5cb6fbb685da - core[a373ad73a504971]::fmt::write
[INFO] [stdout]    2:     0x5cb6fbb5573c - <alloc[2e1b2a31b91974c5]::vec::Vec<u8> as core[a373ad73a504971]::io::write::Write>::write_fmt
[INFO] [stdout]    3:     0x5cb6fbb2a2e6 - std[617be2ca0a6fd877]::panicking::default_hook::{closure#0}
[INFO] [stdout]    4:     0x5cb6fbb47869 - std[617be2ca0a6fd877]::panicking::default_hook
[INFO] [stdout]    5:     0x5cb6fbac2120 - test[aada8e7e76ba119b]::test_main_inner::{closure#0}
[INFO] [stdout]    6:     0x5cb6fbb47a22 - std[617be2ca0a6fd877]::panicking::panic_with_hook
[INFO] [stdout]    7:     0x5cb6fbb2a392 - std[617be2ca0a6fd877]::panicking::panic_handler::{closure#0}
[INFO] [stdout]    8:     0x5cb6fbb22df9 - std[617be2ca0a6fd877]::sys::backtrace::__rust_end_short_backtrace::<std[617be2ca0a6fd877]::panicking::panic_handler::{closure#0}, !>
[INFO] [stdout]    9:     0x5cb6fbb2af9d - __rustc[ea4f61d10b84890b]::rust_begin_unwind
[INFO] [stdout]   10:     0x5cb6fbb68d8c - core[a373ad73a504971]::panicking::panic_fmt
[INFO] [stdout]   11:     0x5cb6fbb68b62 - core[a373ad73a504971]::result::unwrap_failed
[INFO] [stdout]   12:     0x5cb6fba3717e - <cosmic_ctl[4309561979579555]::tests::cli::test_apply_command_ron::{closure#0} as core[a373ad73a504971]::ops::function::FnOnce<()>>::call_once
[INFO] [stdout]   13:     0x5cb6fbab556b - test[aada8e7e76ba119b]::__rust_begin_short_backtrace::<core[a373ad73a504971]::result::Result<(), alloc[2e1b2a31b91974c5]::string::String>, fn() -> core[a373ad73a504971]::result::Result<(), alloc[2e1b2a31b91974c5]::string::String>>
[INFO] [stdout]   14:     0x5cb6fbac2745 - test[aada8e7e76ba119b]::run_test::{closure#0}
[INFO] [stdout]   15:     0x5cb6fbabc034 - std[617be2ca0a6fd877]::sys::backtrace::__rust_begin_short_backtrace::<test[aada8e7e76ba119b]::run_test::{closure#1}, ()>
[INFO] [stdout]   16:     0x5cb6fbac57d2 - <std[617be2ca0a6fd877]::thread::lifecycle::spawn_unchecked<test[aada8e7e76ba119b]::run_test::{closure#1}, ()>::{closure#1} as core[a373ad73a504971]::ops::function::FnOnce<()>>::call_once::{shim:vtable#0}
[INFO] [stdout]   17:     0x5cb6fbb4f14f - <std[617be2ca0a6fd877]::sys::thread::unix::Thread>::new::thread_start
[INFO] [stdout]   18:     0x7ff068e52dfa - <unknown>
[INFO] [stdout]   19:     0x7ff068ee63d4 - clone
[INFO] [stdout]   20:                0x0 - <unknown>
[INFO] [stdout] 
[INFO] [stdout] ---- tests::cli::test_write_command stdout ----
[INFO] [stdout] 
[INFO] [stdout] thread 'tests::cli::test_write_command' (4781) panicked at src/tests/cli.rs:34:10:
[INFO] [stdout] called `Result::unwrap()` on an `Err` value: CargoError { cause: Some(NotFoundError { path: "/opt/rustwide/target/release/build/cosmic-ctl/b82fde3d723ca3c8/out/cosmic-ctl" }) }
[INFO] [stdout] stack backtrace:
[INFO] [stdout]    0:     0x5cb6fbb4feb1 - <<std[617be2ca0a6fd877]::sys::backtrace::BacktraceLock>::print::DisplayBacktrace as core[a373ad73a504971]::fmt::Display>::fmt
[INFO] [stdout]    1:     0x5cb6fbb685da - core[a373ad73a504971]::fmt::write
[INFO] [stdout]    2:     0x5cb6fbb5573c - <alloc[2e1b2a31b91974c5]::vec::Vec<u8> as core[a373ad73a504971]::io::write::Write>::write_fmt
[INFO] [stdout]    3:     0x5cb6fbb2a2e6 - std[617be2ca0a6fd877]::panicking::default_hook::{closure#0}
[INFO] [stdout]    4:     0x5cb6fbb47869 - std[617be2ca0a6fd877]::panicking::default_hook
[INFO] [stdout]    5:     0x5cb6fbac2120 - test[aada8e7e76ba119b]::test_main_inner::{closure#0}
[INFO] [stdout]    6:     0x5cb6fbb47a22 - std[617be2ca0a6fd877]::panicking::panic_with_hook
[INFO] [stdout]    7:     0x5cb6fbb2a392 - std[617be2ca0a6fd877]::panicking::panic_handler::{closure#0}
[INFO] [stdout]    8:     0x5cb6fbb22df9 - std[617be2ca0a6fd877]::sys::backtrace::__rust_end_short_backtrace::<std[617be2ca0a6fd877]::panicking::panic_handler::{closure#0}, !>
[INFO] [stdout]    9:     0x5cb6fbb2af9d - __rustc[ea4f61d10b84890b]::rust_begin_unwind
[INFO] [stdout]   10:     0x5cb6fbb68d8c - core[a373ad73a504971]::panicking::panic_fmt
[INFO] [stdout]   11:     0x5cb6fbb68b62 - core[a373ad73a504971]::result::unwrap_failed
[INFO] [stdout]   12:     0x5cb6fba35065 - <cosmic_ctl[4309561979579555]::tests::cli::test_write_command::{closure#0} as core[a373ad73a504971]::ops::function::FnOnce<()>>::call_once
[INFO] [stdout]   13:     0x5cb6fbab556b - test[aada8e7e76ba119b]::__rust_begin_short_backtrace::<core[a373ad73a504971]::result::Result<(), alloc[2e1b2a31b91974c5]::string::String>, fn() -> core[a373ad73a504971]::result::Result<(), alloc[2e1b2a31b91974c5]::string::String>>
[INFO] [stdout]   14:     0x5cb6fbac2745 - test[aada8e7e76ba119b]::run_test::{closure#0}
[INFO] [stdout]   15:     0x5cb6fbabc034 - std[617be2ca0a6fd877]::sys::backtrace::__rust_begin_short_backtrace::<test[aada8e7e76ba119b]::run_test::{closure#1}, ()>
[INFO] [stdout]   16:     0x5cb6fbac57d2 - <std[617be2ca0a6fd877]::thread::lifecycle::spawn_unchecked<test[aada8e7e76ba119b]::run_test::{closure#1}, ()>::{closure#1} as core[a373ad73a504971]::ops::function::FnOnce<()>>::call_once::{shim:vtable#0}
[INFO] [stdout]   17:     0x5cb6fbb4f14f - <std[617be2ca0a6fd877]::sys::thread::unix::Thread>::new::thread_start
[INFO] [stdout]   18:     0x7ff068e52dfa - <unknown>
[INFO] [stdout]   19:     0x7ff068ee63d4 - clone
[INFO] [stdout]   20:                0x0 - <unknown>
[INFO] [stdout] 
[INFO] [stdout] ---- tests::cli::test_reset_command_with_exclude_entire_component stdout ----
[INFO] [stdout] 
[INFO] [stdout] thread 'tests::cli::test_reset_command_with_exclude_entire_component' (4778) panicked at src/tests/cli.rs:619:10:
[INFO] [stdout] called `Result::unwrap()` on an `Err` value: CargoError { cause: Some(NotFoundError { path: "/opt/rustwide/target/release/build/cosmic-ctl/b82fde3d723ca3c8/out/cosmic-ctl" }) }
[INFO] [stdout] stack backtrace:
[INFO] [stdout]    0:     0x5cb6fbb4feb1 - <<std[617be2ca0a6fd877]::sys::backtrace::BacktraceLock>::print::DisplayBacktrace as core[a373ad73a504971]::fmt::Display>::fmt
[INFO] [stdout]    1:     0x5cb6fbb685da - core[a373ad73a504971]::fmt::write
[INFO] [stdout]    2:     0x5cb6fbb5573c - <alloc[2e1b2a31b91974c5]::vec::Vec<u8> as core[a373ad73a504971]::io::write::Write>::write_fmt
[INFO] [stdout]    3:     0x5cb6fbb2a2e6 - std[617be2ca0a6fd877]::panicking::default_hook::{closure#0}
[INFO] [stdout]    4:     0x5cb6fbb47869 - std[617be2ca0a6fd877]::panicking::default_hook
[INFO] [stdout]    5:     0x5cb6fbac2120 - test[aada8e7e76ba119b]::test_main_inner::{closure#0}
[INFO] [stdout]    6:     0x5cb6fbb47a22 - std[617be2ca0a6fd877]::panicking::panic_with_hook
[INFO] [stdout]    7:     0x5cb6fbb2a392 - std[617be2ca0a6fd877]::panicking::panic_handler::{closure#0}
[INFO] [stdout]    8:     0x5cb6fbb22df9 - std[617be2ca0a6fd877]::sys::backtrace::__rust_end_short_backtrace::<std[617be2ca0a6fd877]::panicking::panic_handler::{closure#0}, !>
[INFO] [stdout]    9:     0x5cb6fbb2af9d - __rustc[ea4f61d10b84890b]::rust_begin_unwind
[INFO] [stdout]   10:     0x5cb6fbb68d8c - core[a373ad73a504971]::panicking::panic_fmt
[INFO] [stdout]   11:     0x5cb6fbb68b62 - core[a373ad73a504971]::result::unwrap_failed
[INFO] [stdout]   12:     0x5cb6fba42bd2 - <cosmic_ctl[4309561979579555]::tests::cli::test_reset_command_with_exclude_entire_component::{closure#0} as core[a373ad73a504971]::ops::function::FnOnce<()>>::call_once
[INFO] [stdout]   13:     0x5cb6fbab556b - test[aada8e7e76ba119b]::__rust_begin_short_backtrace::<core[a373ad73a504971]::result::Result<(), alloc[2e1b2a31b91974c5]::string::String>, fn() -> core[a373ad73a504971]::result::Result<(), alloc[2e1b2a31b91974c5]::string::String>>
[INFO] [stdout]   14:     0x5cb6fbac2745 - test[aada8e7e76ba119b]::run_test::{closure#0}
[INFO] [stdout]   15:     0x5cb6fbabc034 - std[617be2ca0a6fd877]::sys::backtrace::__rust_begin_short_backtrace::<test[aada8e7e76ba119b]::run_test::{closure#1}, ()>
[INFO] [stdout]   16:     0x5cb6fbac57d2 - <std[617be2ca0a6fd877]::thread::lifecycle::spawn_unchecked<test[aada8e7e76ba119b]::run_test::{closure#1}, ()>::{closure#1} as core[a373ad73a504971]::ops::function::FnOnce<()>>::call_once::{shim:vtable#0}
[INFO] [stdout]   17:     0x5cb6fbb4f14f - <std[617be2ca0a6fd877]::sys::thread::unix::Thread>::new::thread_start
[INFO] [stdout]   18:     0x7ff068e52dfa - <unknown>
[INFO] [stdout]   19:     0x7ff068ee63d4 - clone
[INFO] [stdout]   20:                0x0 - <unknown>
[INFO] [stdout] 
[INFO] [stdout] ---- tests::cli::test_reset_command_with_exclude_with_brace_expansion_and_wildcard stdout ----
[INFO] [stdout] 
[INFO] [stdout] thread 'tests::cli::test_reset_command_with_exclude_with_brace_expansion_and_wildcard' (4779) panicked at src/tests/cli.rs:1002:10:
[INFO] [stdout] called `Result::unwrap()` on an `Err` value: CargoError { cause: Some(NotFoundError { path: "/opt/rustwide/target/release/build/cosmic-ctl/b82fde3d723ca3c8/out/cosmic-ctl" }) }
[INFO] [stdout] stack backtrace:
[INFO] [stdout]    0:     0x5cb6fbb4feb1 - <<std[617be2ca0a6fd877]::sys::backtrace::BacktraceLock>::print::DisplayBacktrace as core[a373ad73a504971]::fmt::Display>::fmt
[INFO] [stdout]    1:     0x5cb6fbb685da - core[a373ad73a504971]::fmt::write
[INFO] [stdout]    2:     0x5cb6fbb5573c - <alloc[2e1b2a31b91974c5]::vec::Vec<u8> as core[a373ad73a504971]::io::write::Write>::write_fmt
[INFO] [stdout]    3:     0x5cb6fbb2a2e6 - std[617be2ca0a6fd877]::panicking::default_hook::{closure#0}
[INFO] [stdout]    4:     0x5cb6fbb47869 - std[617be2ca0a6fd877]::panicking::default_hook
[INFO] [stdout]    5:     0x5cb6fbac2120 - test[aada8e7e76ba119b]::test_main_inner::{closure#0}
[INFO] [stdout]    6:     0x5cb6fbb47a22 - std[617be2ca0a6fd877]::panicking::panic_with_hook
[INFO] [stdout]    7:     0x5cb6fbb2a392 - std[617be2ca0a6fd877]::panicking::panic_handler::{closure#0}
[INFO] [stdout]    8:     0x5cb6fbb22df9 - std[617be2ca0a6fd877]::sys::backtrace::__rust_end_short_backtrace::<std[617be2ca0a6fd877]::panicking::panic_handler::{closure#0}, !>
[INFO] [stdout]    9:     0x5cb6fbb2af9d - __rustc[ea4f61d10b84890b]::rust_begin_unwind
[INFO] [stdout]   10:     0x5cb6fbb68d8c - core[a373ad73a504971]::panicking::panic_fmt
[INFO] [stdout]   11:     0x5cb6fbb68b62 - core[a373ad73a504971]::result::unwrap_failed
[INFO] [stdout]   12:     0x5cb6fba457a7 - <cosmic_ctl[4309561979579555]::tests::cli::test_reset_command_with_exclude_with_brace_expansion_and_wildcard::{closure#0} as core[a373ad73a504971]::ops::function::FnOnce<()>>::call_once
[INFO] [stdout]   13:     0x5cb6fbab556b - test[aada8e7e76ba119b]::__rust_begin_short_backtrace::<core[a373ad73a504971]::result::Result<(), alloc[2e1b2a31b91974c5]::string::String>, fn() -> core[a373ad73a504971]::result::Result<(), alloc[2e1b2a31b91974c5]::string::String>>
[INFO] [stdout]   14:     0x5cb6fbac2745 - test[aada8e7e76ba119b]::run_test::{closure#0}
[INFO] [stdout]   15:     0x5cb6fbabc034 - std[617be2ca0a6fd877]::sys::backtrace::__rust_begin_short_backtrace::<test[aada8e7e76ba119b]::run_test::{closure#1}, ()>
[INFO] [stdout]   16:     0x5cb6fbac57d2 - <std[617be2ca0a6fd877]::thread::lifecycle::spawn_unchecked<test[aada8e7e76ba119b]::run_test::{closure#1}, ()>::{closure#1} as core[a373ad73a504971]::ops::function::FnOnce<()>>::call_once::{shim:vtable#0}
[INFO] [stdout]   17:     0x5cb6fbb4f14f - <std[617be2ca0a6fd877]::sys::thread::unix::Thread>::new::thread_start
[INFO] [stdout]   18:     0x7ff068e52dfa - <unknown>
[INFO] [stdout]   19:     0x7ff068ee63d4 - clone
[INFO] [stdout]   20:                0x0 - <unknown>
[INFO] [stdout] 
[INFO] [stdout] ---- tests::cli::test_reset_command_with_exclude_with_wildcard stdout ----
[INFO] [stdout] 
[INFO] [stdout] thread 'tests::cli::test_reset_command_with_exclude_with_wildcard' (4780) panicked at src/tests/cli.rs:907:10:
[INFO] [stdout] called `Result::unwrap()` on an `Err` value: CargoError { cause: Some(NotFoundError { path: "/opt/rustwide/target/release/build/cosmic-ctl/b82fde3d723ca3c8/out/cosmic-ctl" }) }
[INFO] [stdout] stack backtrace:
[INFO] [stdout]    0:     0x5cb6fbb4feb1 - <<std[617be2ca0a6fd877]::sys::backtrace::BacktraceLock>::print::DisplayBacktrace as core[a373ad73a504971]::fmt::Display>::fmt
[INFO] [stdout]    1:     0x5cb6fbb685da - core[a373ad73a504971]::fmt::write
[INFO] [stdout]    2:     0x5cb6fbb5573c - <alloc[2e1b2a31b91974c5]::vec::Vec<u8> as core[a373ad73a504971]::io::write::Write>::write_fmt
[INFO] [stdout]    3:     0x5cb6fbb2a2e6 - std[617be2ca0a6fd877]::panicking::default_hook::{closure#0}
[INFO] [stdout]    4:     0x5cb6fbb47869 - std[617be2ca0a6fd877]::panicking::default_hook
[INFO] [stdout]    5:     0x5cb6fbac2120 - test[aada8e7e76ba119b]::test_main_inner::{closure#0}
[INFO] [stdout]    6:     0x5cb6fbb47a22 - std[617be2ca0a6fd877]::panicking::panic_with_hook
[INFO] [stdout]    7:     0x5cb6fbb2a392 - std[617be2ca0a6fd877]::panicking::panic_handler::{closure#0}
[INFO] [stdout]    8:     0x5cb6fbb22df9 - std[617be2ca0a6fd877]::sys::backtrace::__rust_end_short_backtrace::<std[617be2ca0a6fd877]::panicking::panic_handler::{closure#0}, !>
[INFO] [stdout]    9:     0x5cb6fbb2af9d - __rustc[ea4f61d10b84890b]::rust_begin_unwind
[INFO] [stdout]   10:     0x5cb6fbb68d8c - core[a373ad73a504971]::panicking::panic_fmt
[INFO] [stdout]   11:     0x5cb6fbb68b62 - core[a373ad73a504971]::result::unwrap_failed
[INFO] [stdout]   12:     0x5cb6fba403e6 - <cosmic_ctl[4309561979579555]::tests::cli::test_reset_command_with_exclude_with_wildcard::{closure#0} as core[a373ad73a504971]::ops::function::FnOnce<()>>::call_once
[INFO] [stdout]   13:     0x5cb6fbab556b - test[aada8e7e76ba119b]::__rust_begin_short_backtrace::<core[a373ad73a504971]::result::Result<(), alloc[2e1b2a31b91974c5]::string::String>, fn() -> core[a373ad73a504971]::result::Result<(), alloc[2e1b2a31b91974c5]::string::String>>
[INFO] [stdout]   14:     0x5cb6fbac2745 - test[aada8e7e76ba119b]::run_test::{closure#0}
[INFO] [stdout]   15:     0x5cb6fbabc034 - std[617be2ca0a6fd877]::sys::backtrace::__rust_begin_short_backtrace::<test[aada8e7e76ba119b]::run_test::{closure#1}, ()>
[INFO] [stdout]   16:     0x5cb6fbac57d2 - <std[617be2ca0a6fd877]::thread::lifecycle::spawn_unchecked<test[aada8e7e76ba119b]::run_test::{closure#1}, ()>::{closure#1} as core[a373ad73a504971]::ops::function::FnOnce<()>>::call_once::{shim:vtable#0}
[INFO] [stdout]   17:     0x5cb6fbb4f14f - <std[617be2ca0a6fd877]::sys::thread::unix::Thread>::new::thread_start
[INFO] [stdout]   18:     0x7ff068e52dfa - <unknown>
[INFO] [stdout]   19:     0x7ff068ee63d4 - clone
[INFO] [stdout]   20:                0x0 - <unknown>
[INFO] [stdout] 
[INFO] [stdout] ---- tests::cli::test_reset_command stdout ----
[INFO] [stdout] 
[INFO] [stdout] thread 'tests::cli::test_reset_command' (4772) panicked at src/tests/cli.rs:392:10:
[INFO] [stdout] called `Result::unwrap()` on an `Err` value: CargoError { cause: Some(NotFoundError { path: "/opt/rustwide/target/release/build/cosmic-ctl/b82fde3d723ca3c8/out/cosmic-ctl" }) }
[INFO] [stdout] stack backtrace:
[INFO] [stdout]    0:     0x5cb6fbb4feb1 - <<std[617be2ca0a6fd877]::sys::backtrace::BacktraceLock>::print::DisplayBacktrace as core[a373ad73a504971]::fmt::Display>::fmt
[INFO] [stdout]    1:     0x5cb6fbb685da - core[a373ad73a504971]::fmt::write
[INFO] [stdout]    2:     0x5cb6fbb5573c - <alloc[2e1b2a31b91974c5]::vec::Vec<u8> as core[a373ad73a504971]::io::write::Write>::write_fmt
[INFO] [stdout]    3:     0x5cb6fbb2a2e6 - std[617be2ca0a6fd877]::panicking::default_hook::{closure#0}
[INFO] [stdout]    4:     0x5cb6fbb47869 - std[617be2ca0a6fd877]::panicking::default_hook
[INFO] [stdout]    5:     0x5cb6fbac2120 - test[aada8e7e76ba119b]::test_main_inner::{closure#0}
[INFO] [stdout]    6:     0x5cb6fbb47a22 - std[617be2ca0a6fd877]::panicking::panic_with_hook
[INFO] [stdout]    7:     0x5cb6fbb2a392 - std[617be2ca0a6fd877]::panicking::panic_handler::{closure#0}
[INFO] [stdout]    8:     0x5cb6fbb22df9 - std[617be2ca0a6fd877]::sys::backtrace::__rust_end_short_backtrace::<std[617be2ca0a6fd877]::panicking::panic_handler::{closure#0}, !>
[INFO] [stdout]    9:     0x5cb6fbb2af9d - __rustc[ea4f61d10b84890b]::rust_begin_unwind
[INFO] [stdout]   10:     0x5cb6fbb68d8c - core[a373ad73a504971]::panicking::panic_fmt
[INFO] [stdout]   11:     0x5cb6fbb68b62 - core[a373ad73a504971]::result::unwrap_failed
[INFO] [stdout]   12:     0x5cb6fba34465 - <cosmic_ctl[4309561979579555]::tests::cli::test_reset_command::{closure#0} as core[a373ad73a504971]::ops::function::FnOnce<()>>::call_once
[INFO] [stdout]   13:     0x5cb6fbab556b - test[aada8e7e76ba119b]::__rust_begin_short_backtrace::<core[a373ad73a504971]::result::Result<(), alloc[2e1b2a31b91974c5]::string::String>, fn() -> core[a373ad73a504971]::result::Result<(), alloc[2e1b2a31b91974c5]::string::String>>
[INFO] [stdout]   14:     0x5cb6fbac2745 - test[aada8e7e76ba119b]::run_test::{closure#0}
[INFO] [stdout]   15:     0x5cb6fbabc034 - std[617be2ca0a6fd877]::sys::backtrace::__rust_begin_short_backtrace::<test[aada8e7e76ba119b]::run_test::{closure#1}, ()>
[INFO] [stdout]   16:     0x5cb6fbac57d2 - <std[617be2ca0a6fd877]::thread::lifecycle::spawn_unchecked<test[aada8e7e76ba119b]::run_test::{closure#1}, ()>::{closure#1} as core[a373ad73a504971]::ops::function::FnOnce<()>>::call_once::{shim:vtable#0}
[INFO] [stdout]   17:     0x5cb6fbb4f14f - <std[617be2ca0a6fd877]::sys::thread::unix::Thread>::new::thread_start
[INFO] [stdout]   18:     0x7ff068e52dfa - <unknown>
[INFO] [stdout]   19:     0x7ff068ee63d4 - clone
[INFO] [stdout]   20:                0x0 - <unknown>
[INFO] [stdout] 
[INFO] [stdout] ---- tests::cli::test_reset_command_with_exclude_brace_expansion stdout ----
[INFO] [stdout] 
[INFO] [stdout] thread 'tests::cli::test_reset_command_with_exclude_brace_expansion' (4776) panicked at src/tests/cli.rs:804:10:
[INFO] [stdout] called `Result::unwrap()` on an `Err` value: CargoError { cause: Some(NotFoundError { path: "/opt/rustwide/target/release/build/cosmic-ctl/b82fde3d723ca3c8/out/cosmic-ctl" }) }
[INFO] [stdout] stack backtrace:
[INFO] [stdout]    0:     0x5cb6fbb4feb1 - <<std[617be2ca0a6fd877]::sys::backtrace::BacktraceLock>::print::DisplayBacktrace as core[a373ad73a504971]::fmt::Display>::fmt
[INFO] [stdout]    1:     0x5cb6fbb685da - core[a373ad73a504971]::fmt::write
[INFO] [stdout]    2:     0x5cb6fbb5573c - <alloc[2e1b2a31b91974c5]::vec::Vec<u8> as core[a373ad73a504971]::io::write::Write>::write_fmt
[INFO] [stdout]    3:     0x5cb6fbb2a2e6 - std[617be2ca0a6fd877]::panicking::default_hook::{closure#0}
[INFO] [stdout]    4:     0x5cb6fbb47869 - std[617be2ca0a6fd877]::panicking::default_hook
[INFO] [stdout]    5:     0x5cb6fbac2120 - test[aada8e7e76ba119b]::test_main_inner::{closure#0}
[INFO] [stdout]    6:     0x5cb6fbb47a22 - std[617be2ca0a6fd877]::panicking::panic_with_hook
[INFO] [stdout]    7:     0x5cb6fbb2a392 - std[617be2ca0a6fd877]::panicking::panic_handler::{closure#0}
[INFO] [stdout]    8:     0x5cb6fbb22df9 - std[617be2ca0a6fd877]::sys::backtrace::__rust_end_short_backtrace::<std[617be2ca0a6fd877]::panicking::panic_handler::{closure#0}, !>
[INFO] [stdout]    9:     0x5cb6fbb2af9d - __rustc[ea4f61d10b84890b]::rust_begin_unwind
[INFO] [stdout]   10:     0x5cb6fbb68d8c - core[a373ad73a504971]::panicking::panic_fmt
[INFO] [stdout]   11:     0x5cb6fbb68b62 - core[a373ad73a504971]::result::unwrap_failed
[INFO] [stdout]   12:     0x5cb6fba41805 - <cosmic_ctl[4309561979579555]::tests::cli::test_reset_command_with_exclude_brace_expansion::{closure#0} as core[a373ad73a504971]::ops::function::FnOnce<()>>::call_once
[INFO] [stdout]   13:     0x5cb6fbab556b - test[aada8e7e76ba119b]::__rust_begin_short_backtrace::<core[a373ad73a504971]::result::Result<(), alloc[2e1b2a31b91974c5]::string::String>, fn() -> core[a373ad73a504971]::result::Result<(), alloc[2e1b2a31b91974c5]::string::String>>
[INFO] [stdout]   14:     0x5cb6fbac2745 - test[aada8e7e76ba119b]::run_test::{closure#0}
[INFO] [stdout]   15:     0x5cb6fbabc034 - std[617be2ca0a6fd877]::sys::backtrace::__rust_begin_short_backtrace::<test[aada8e7e76ba119b]::run_test::{closure#1}, ()>
[INFO] [stdout]   16:     0x5cb6fbac57d2 - <std[617be2ca0a6fd877]::thread::lifecycle::spawn_unchecked<test[aada8e7e76ba119b]::run_test::{closure#1}, ()>::{closure#1} as core[a373ad73a504971]::ops::function::FnOnce<()>>::call_once::{shim:vtable#0}
[INFO] [stdout]   17:     0x5cb6fbb4f14f - <std[617be2ca0a6fd877]::sys::thread::unix::Thread>::new::thread_start
[INFO] [stdout]   18:     0x7ff068e52dfa - <unknown>
[INFO] [stdout]   19:     0x7ff068ee63d4 - clone
[INFO] [stdout]   20:                0x0 - <unknown>
[INFO] [stdout] 
[INFO] [stdout] 
[INFO] [stdout] failures:
[INFO] [stdout]     tests::cli::test_apply_command
[INFO] [stdout]     tests::cli::test_apply_command_ron
[INFO] [stdout]     tests::cli::test_apply_command_toml
[INFO] [stdout]     tests::cli::test_apply_command_verbose
[INFO] [stdout]     tests::cli::test_backup_command
[INFO] [stdout]     tests::cli::test_backup_command_ron
[INFO] [stdout]     tests::cli::test_backup_command_toml
[INFO] [stdout]     tests::cli::test_backup_command_verbose
[INFO] [stdout]     tests::cli::test_backup_command_with_explicit_format
[INFO] [stdout]     tests::cli::test_delete_command
[INFO] [stdout]     tests::cli::test_read_command
[INFO] [stdout]     tests::cli::test_reset_command
[INFO] [stdout]     tests::cli::test_reset_command_empty_config
[INFO] [stdout]     tests::cli::test_reset_command_verbose
[INFO] [stdout]     tests::cli::test_reset_command_with_exclude
[INFO] [stdout]     tests::cli::test_reset_command_with_exclude_brace_expansion
[INFO] [stdout]     tests::cli::test_reset_command_with_exclude_component_version
[INFO] [stdout]     tests::cli::test_reset_command_with_exclude_entire_component
[INFO] [stdout]     tests::cli::test_reset_command_with_exclude_with_brace_expansion_and_wildcard
[INFO] [stdout]     tests::cli::test_reset_command_with_exclude_with_wildcard
[INFO] [stdout]     tests::cli::test_write_command
[INFO] [stdout] 
[INFO] [stdout] test result: FAILED. 0 passed; 21 failed; 0 ignored; 0 measured; 0 filtered out; finished in 0.01s
[INFO] [stdout] 
[INFO] [stderr] error: test failed, to rerun pass `--bin cosmic-ctl`
[INFO] running `Command { std: "docker" "inspect" "deb147cdc9806898f0de61ac0f5e99a0bb028c7e2dbe615e4ef69d5a79c4998d", kill_on_drop: false }`
[INFO] running `Command { std: "docker" "rm" "-f" "deb147cdc9806898f0de61ac0f5e99a0bb028c7e2dbe615e4ef69d5a79c4998d", kill_on_drop: false }`
[INFO] [stdout] deb147cdc9806898f0de61ac0f5e99a0bb028c7e2dbe615e4ef69d5a79c4998d
