[INFO] cloning repository https://github.com/rcoh/wdyt
[INFO] running `Command { std: "git" "-c" "credential.helper=" "-c" "credential.helper=/workspace/cargo-home/bin/git-credential-null" "clone" "--bare" "https://github.com/rcoh/wdyt" "/workspace/cache/git-repos/https%3A%2F%2Fgithub.com%2Frcoh%2Fwdyt", kill_on_drop: false }`
[INFO] [stderr] Cloning into bare repository '/workspace/cache/git-repos/https%3A%2F%2Fgithub.com%2Frcoh%2Fwdyt'...
[INFO] running `Command { std: "git" "rev-parse" "HEAD", kill_on_drop: false }`
[INFO] [stdout] a6c7d5e7d969b6ec928e0a51aed6130653767bb0
[INFO] testing rcoh/wdyt against 1.100.0-beta.1+cargoflags=--release for beta-release-1.100-2
[INFO] running `Command { std: "git" "clone" "/workspace/cache/git-repos/https%3A%2F%2Fgithub.com%2Frcoh%2Fwdyt" "/workspace/builds/worker-3-tc2/source", kill_on_drop: false }`
[INFO] [stderr] Cloning into '/workspace/builds/worker-3-tc2/source'...
[INFO] [stderr] done.
[INFO] started tweaking git repo https://github.com/rcoh/wdyt
[INFO] finished tweaking git repo https://github.com/rcoh/wdyt
[INFO] tweaked toml for git repo https://github.com/rcoh/wdyt written to /workspace/builds/worker-3-tc2/source/Cargo.toml
[INFO] validating manifest of git repo https://github.com/rcoh/wdyt on toolchain 1.100.0-beta.1
[INFO] running `Command { std: CARGO_HOME="/workspace/cargo-home" RUSTUP_HOME="/workspace/rustup-home" "/workspace/cargo-home/bin/cargo" "+1.100.0-beta.1" "metadata" "--manifest-path" "Cargo.toml" "--no-deps", kill_on_drop: false }`
[INFO] crate git repo https://github.com/rcoh/wdyt already has a lockfile, it will not be regenerated
[INFO] running `Command { std: CARGO_HOME="/workspace/cargo-home" RUSTUP_HOME="/workspace/rustup-home" "/workspace/cargo-home/bin/cargo" "+1.100.0-beta.1" "fetch" "--manifest-path" "Cargo.toml", kill_on_drop: false }`
[INFO] running `Command { std: "docker" "create" "-v" "/var/lib/crater-agent-workspace/builds/worker-3-tc2/source:/opt/rustwide/workdir:ro,Z" "-v" "/var/lib/crater-agent-workspace/builds/worker-3-tc2/target:/opt/rustwide/target:rw,Z" "-v" "/var/lib/crater-agent-workspace/cargo-home:/opt/rustwide/cargo-home:ro,Z" "-v" "/var/lib/crater-agent-workspace/rustup-home:/opt/rustwide/rustup-home:ro,Z" "-m" "1610612736" "--network" "none" "ghcr.io/rust-lang/crates-build-env/linux@sha256:77db811e55d90add9212f6832c23229e3de5f1c1f9905e8cb07319ea15df73ac" "sleep" "infinity", kill_on_drop: false }`
[INFO] [stdout] be88fb289564c4a3f9260eab1dc58ae5124bbe6b1c8bc2e73b5fb478e3fdf1b8
[INFO] running `Command { std: "docker" "start" "be88fb289564c4a3f9260eab1dc58ae5124bbe6b1c8bc2e73b5fb478e3fdf1b8", kill_on_drop: false }`
[INFO] running `Command { std: "docker" "inspect" "be88fb289564c4a3f9260eab1dc58ae5124bbe6b1c8bc2e73b5fb478e3fdf1b8", kill_on_drop: false }`
[INFO] running `Command { std: "docker" "exec" "-e" "SOURCE_DIR=/opt/rustwide/workdir" "-e" "CARGO_HOME=/opt/rustwide/cargo-home" "-e" "RUSTUP_HOME=/opt/rustwide/rustup-home" "-e" "CARGO_TARGET_DIR=/opt/rustwide/target" "-w" "/opt/rustwide/workdir" "--user" "0:0" "be88fb289564c4a3f9260eab1dc58ae5124bbe6b1c8bc2e73b5fb478e3fdf1b8" "/opt/rustwide/cargo-home/bin/cargo" "+1.100.0-beta.1" "metadata" "--no-deps" "--format-version=1", kill_on_drop: false }`
[INFO] running `Command { std: "docker" "inspect" "be88fb289564c4a3f9260eab1dc58ae5124bbe6b1c8bc2e73b5fb478e3fdf1b8", kill_on_drop: false }`
[INFO] running `Command { std: "docker" "exec" "-e" "SOURCE_DIR=/opt/rustwide/workdir" "-e" "CARGO_HOME=/opt/rustwide/cargo-home" "-e" "RUSTUP_HOME=/opt/rustwide/rustup-home" "-e" "CARGO_TARGET_DIR=/opt/rustwide/target" "-e" "CARGO_INCREMENTAL=0" "-e" "RUST_BACKTRACE=full" "-e" "RUSTFLAGS=--cap-lints=warn" "-e" "RUSTDOCFLAGS=--cap-lints=warn" "-w" "/opt/rustwide/workdir" "--user" "0:0" "be88fb289564c4a3f9260eab1dc58ae5124bbe6b1c8bc2e73b5fb478e3fdf1b8" "/opt/rustwide/cargo-home/bin/cargo" "+1.100.0-beta.1" "build" "--frozen" "--message-format=json" "--release", kill_on_drop: false }`
[INFO] [stderr]    Compiling proc-macro2 v1.0.107
[INFO] [stderr]    Compiling quote v1.0.47
[INFO] [stderr]    Compiling unicode-ident v1.0.24
[INFO] [stderr]    Compiling libc v0.2.189
[INFO] [stderr]    Compiling itoa v1.0.18
[INFO] [stderr]    Compiling bytes v1.12.1
[INFO] [stderr]    Compiling shlex v2.0.1
[INFO] [stderr]    Compiling find-msvc-tools v0.1.9
[INFO] [stderr]    Compiling pin-project-lite v0.2.17
[INFO] [stderr]    Compiling pkg-config v0.3.33
[INFO] [stderr]    Compiling cfg-if v1.0.4
[INFO] [stderr]    Compiling thiserror v2.0.19
[INFO] [stderr]    Compiling serde_core v1.0.229
[INFO] [stderr]    Compiling once_cell v1.21.4
[INFO] [stderr]    Compiling futures-core v0.3.33
[INFO] [stderr]    Compiling allocator-api2 v0.2.21
[INFO] [stderr]    Compiling foldhash v0.2.0
[INFO] [stderr]    Compiling equivalent v1.0.2
[INFO] [stderr]    Compiling stable_deref_trait v1.2.1
[INFO] [stderr]    Compiling smallvec v1.15.2
[INFO] [stderr]    Compiling bitflags v2.13.1
[INFO] [stderr]    Compiling http v1.5.0
[INFO] [stderr]    Compiling syn v3.0.3
[INFO] [stderr]    Compiling syn v2.0.119
[INFO] [stderr]    Compiling hashbrown v0.17.1
[INFO] [stderr]    Compiling memchr v2.8.3
[INFO] [stderr]    Compiling jobserver v0.1.35
[INFO] [stderr]    Compiling errno v0.3.14
[INFO] [stderr]    Compiling signal-hook-registry v1.4.8
[INFO] [stderr]    Compiling cc v1.4.0
[INFO] [stderr]    Compiling socket2 v0.6.5
[INFO] [stderr]    Compiling mio v1.2.2
[INFO] [stderr]    Compiling futures-sink v0.3.33
[INFO] [stderr]    Compiling cmake v0.1.58
[INFO] [stderr]    Compiling anyhow v1.0.104
[INFO] [stderr]    Compiling fs_extra v1.3.0
[INFO] [stderr]    Compiling dunce v1.0.5
[INFO] [stderr]    Compiling slab v0.4.12
[INFO] [stderr]    Compiling indexmap v2.14.0
[INFO] [stderr]    Compiling serde v1.0.229
[INFO] [stderr]    Compiling crc32fast v1.5.0
[INFO] [stderr]    Compiling aws-lc-sys v0.43.0
[INFO] [stderr]    Compiling httparse v1.10.1
[INFO] [stderr]    Compiling winnow v1.0.4
[INFO] [stderr]    Compiling fnv v1.0.7
[INFO] [stderr]    Compiling futures-task v0.3.33
[INFO] [stderr]    Compiling percent-encoding v2.3.2
[INFO] [stderr]    Compiling adler2 v2.0.1
[INFO] [stderr]    Compiling version_check v0.9.5
[INFO] [stderr]    Compiling simd-adler32 v0.3.10
[INFO] [stderr]    Compiling generic-array v0.14.7
[INFO] [stderr]    Compiling miniz_oxide v0.8.9
[INFO] [stderr]    Compiling http-body v1.1.0
[INFO] [stderr]    Compiling zmij v1.0.23
[INFO] [stderr]    Compiling litemap v0.8.2
[INFO] [stderr]    Compiling writeable v0.6.3
[INFO] [stderr]    Compiling toml_parser v1.1.3+spec-1.1.0
[INFO] [stderr]    Compiling aws-lc-rs v1.17.3
[INFO] [stderr]    Compiling base64 v0.22.1
[INFO] [stderr]    Compiling toml_datetime v1.1.1+spec-1.1.0
[INFO] [stderr]    Compiling zeroize v1.9.0
[INFO] [stderr]    Compiling flate2 v1.1.9
[INFO] [stderr]    Compiling toml_edit v0.25.13+spec-1.1.0
[INFO] [stderr]    Compiling tracing-core v0.1.36
[INFO] [stderr]    Compiling synstructure v0.13.2
[INFO] [stderr]    Compiling tokio-macros v2.7.2
[INFO] [stderr]    Compiling thiserror-impl v2.0.19
[INFO] [stderr]    Compiling displaydoc v0.2.7
[INFO] [stderr]    Compiling serde_derive v1.0.229
[INFO] [stderr]    Compiling tokio v1.53.1
[INFO] [stderr]    Compiling heck v0.5.0
[INFO] [stderr]    Compiling tower-service v0.3.3
[INFO] [stderr]    Compiling zerocopy v0.8.55
[INFO] [stderr]    Compiling icu_properties_data v2.2.0
[INFO] [stderr]    Compiling icu_normalizer_data v2.2.0
[INFO] [stderr]    Compiling alloc-no-stdlib v2.0.4
[INFO] [stderr]    Compiling utf8_iter v1.0.4
[INFO] [stderr]    Compiling getrandom v0.3.4
[INFO] [stderr]    Compiling serde_json v1.0.151
[INFO] [stderr]    Compiling typenum v1.20.1
[INFO] [stderr]    Compiling alloc-stdlib v0.2.4
[INFO] [stderr]    Compiling proc-macro-crate v3.5.0
[INFO] [stderr]    Compiling tracing v0.1.44
[INFO] [stderr]    Compiling rustls-pki-types v1.15.1
[INFO] [stderr]    Compiling zerofrom-derive v0.1.7
[INFO] [stderr]    Compiling yoke-derive v0.8.2
[INFO] [stderr]    Compiling zerovec-derive v0.11.3
[INFO] [stderr]    Compiling futures-macro v0.3.33
[INFO] [stderr]    Compiling zerofrom v0.1.8
[INFO] [stderr]    Compiling futures-util v0.3.33
[INFO] [stderr]    Compiling httpdate v1.0.3
[INFO] [stderr]    Compiling yoke v0.8.3
[INFO] [stderr]    Compiling try-lock v0.2.5
[INFO] [stderr]    Compiling atomic-waker v1.1.2
[INFO] [stderr]    Compiling want v0.3.1
[INFO] [stderr]    Compiling zerovec v0.11.6
[INFO] [stderr]    Compiling zerotrie v0.2.4
[INFO] [stderr]    Compiling topcoat-core-grammar v0.5.0
[INFO] [stderr]    Compiling tinystr v0.8.3
[INFO] [stderr]    Compiling potential_utf v0.1.5
[INFO] [stderr]    Compiling icu_collections v2.2.0
[INFO] [stderr]    Compiling icu_locale_core v2.2.0
[INFO] [stderr]    Compiling brotli-decompressor v5.0.3
[INFO] [stderr]    Compiling form_urlencoded v1.2.2
[INFO] [stderr]    Compiling onig_sys v69.9.3
[INFO] [stderr]    Compiling icu_provider v2.2.0
[INFO] [stderr]    Compiling futures-channel v0.3.33
[INFO] [stderr]    Compiling siphasher v1.0.3
[INFO] [stderr]    Compiling rustix v1.1.4
[INFO] [stderr]    Compiling tower-layer v0.3.3
[INFO] [stderr]    Compiling untrusted v0.9.0
[INFO] [stderr]    Compiling unicase v2.9.0
[INFO] [stderr]    Compiling strsim v0.11.1
[INFO] [stderr]    Compiling rustls v0.23.43
[INFO] [stderr]    Compiling ident_case v1.0.1
[INFO] [stderr]    Compiling mime_guess v2.0.5
[INFO] [stderr]    Compiling darling_core v0.23.0
[INFO] [stderr]    Compiling tokio-util v0.7.19
[INFO] [stderr]    Compiling h2 v0.4.15
[INFO] [stderr]    Compiling phf_shared v0.13.1
[INFO] [stderr]    Compiling brotli v8.0.4
[INFO] [stderr]    Compiling ppv-lite86 v0.2.21
[INFO] [stderr]    Compiling icu_properties v2.2.0
[INFO] [stderr]    Compiling icu_normalizer v2.2.0
[INFO] [stderr]    Compiling rand_core v0.9.5
[INFO] [stderr]    Compiling block-buffer v0.10.4
[INFO] [stderr]    Compiling crypto-common v0.1.7
[INFO] [stderr]    Compiling sync_wrapper v1.0.2
[INFO] [stderr]    Compiling time-core v0.1.9
[INFO] [stderr]    Compiling utf8parse v0.2.2
[INFO] [stderr]    Compiling fastrand v2.5.0
[INFO] [stderr]    Compiling boxcar v0.2.14
[INFO] [stderr]    Compiling prettyplease v0.2.37
[INFO] [stderr]    Compiling deranged v0.5.8
[INFO] [stderr]    Compiling ipnet v2.12.0
[INFO] [stderr]    Compiling hyper v1.11.0
[INFO] [stderr]    Compiling compression-core v0.4.32
[INFO] [stderr]    Compiling log v0.4.33
[INFO] [stderr]    Compiling rustversion v1.0.23
[INFO] [stderr]    Compiling linux-raw-sys v0.12.1
[INFO] [stderr]    Compiling num-conv v0.2.2
[INFO] [stderr]    Compiling anymap3 v1.1.0
[INFO] [stderr]    Compiling mime v0.3.17
[INFO] [stderr]    Compiling powerfmt v0.2.0
[INFO] [stderr]    Compiling subtle v2.6.1
[INFO] [stderr]    Compiling hyper-util v0.1.20
[INFO] [stderr]    Compiling time v0.3.54
[INFO] [stderr]    Compiling topcoat-core v0.5.0
[INFO] [stderr]    Compiling compression-codecs v0.4.38
[INFO] [stderr]    Compiling phf_generator v0.13.1
[INFO] [stderr]    Compiling anstyle-parse v1.0.0
[INFO] [stderr]    Compiling tower v0.5.3
[INFO] [stderr]    Compiling idna_adapter v1.2.2
[INFO] [stderr]    Compiling digest v0.10.7
[INFO] [stderr]    Compiling rand_chacha v0.9.0
[INFO] [stderr]    Compiling darling_macro v0.23.0
[INFO] [stderr]    Compiling http-body-util v0.1.4
[INFO] [stderr]    Compiling quick-xml v0.41.0
[INFO] [stderr]    Compiling same-file v1.0.6
[INFO] [stderr]    Compiling ref-cast v1.0.26
[INFO] [stderr]    Compiling linked-hash-map v0.5.6
[INFO] [stderr]    Compiling colorchoice v1.0.5
[INFO] [stderr]    Compiling tinyvec_macros v0.1.1
[INFO] [stderr]    Compiling is_terminal_polyfill v1.70.2
[INFO] [stderr]    Compiling anstyle v1.0.14
[INFO] [stderr]    Compiling cpufeatures v0.2.17
[INFO] [stderr]    Compiling anstyle-query v1.1.5
[INFO] [stderr]    Compiling anstream v1.0.0
[INFO] [stderr]    Compiling topcoat-view v0.5.0
[INFO] [stderr]    Compiling plist v1.10.0
[INFO] [stderr]    Compiling sha1 v0.10.7
[INFO] [stderr]    Compiling yaml-rust v0.4.5
[INFO] [stderr]    Compiling tinyvec v1.12.0
[INFO] [stderr]    Compiling walkdir v2.5.0
[INFO] [stderr]    Compiling darling v0.23.0
[INFO] [stderr]    Compiling rand v0.9.5
[INFO] [stderr]    Compiling idna v1.1.0
[INFO] [stderr]    Compiling terminal_size v0.4.4
[INFO] [stderr]    Compiling phf_codegen v0.13.1
[INFO] [stderr]    Compiling async-compression v0.4.43
[INFO] [stderr]    Compiling bincode v1.3.3
[INFO] [stderr]    Compiling ref-cast-impl v1.0.26
[INFO] [stderr]    Compiling data-encoding v2.11.0
[INFO] [stderr]    Compiling entities v1.0.1
[INFO] [stderr]    Compiling openssl-probe v0.2.1
[INFO] [stderr]    Compiling jetscii v0.5.3
[INFO] [stderr]    Compiling clap_lex v1.1.0
[INFO] [stderr]    Compiling regex-syntax v0.8.11
[INFO] [stderr]    Compiling ryu v1.0.23
[INFO] [stderr]    Compiling http-range-header v0.4.2
[INFO] [stderr]    Compiling tower-http v0.7.0
[INFO] [stderr]    Compiling serde_urlencoded v0.7.1
[INFO] [stderr]    Compiling clap_builder v4.6.2
[INFO] [stderr]    Compiling rustls-native-certs v0.8.4
[INFO] [stderr]    Compiling comrak v0.54.0
[INFO] [stderr]    Compiling tungstenite v0.29.0
[INFO] [stderr]    Compiling bon-macros v3.9.3
[INFO] [stderr]    Compiling url v2.5.8
[INFO] [stderr]    Compiling onig v6.5.3
[INFO] [stderr]    Compiling unicode-normalization v0.1.25
[INFO] [stderr]    Compiling syntect v5.3.0
[INFO] [stderr]    Compiling phf v0.13.1
[INFO] [stderr]    Compiling topcoat-view-grammar v0.5.0
[INFO] [stderr]    Compiling topcoat-router-grammar v0.5.0
[INFO] [stderr]    Compiling clap_derive v4.6.4
[INFO] [stderr]    Compiling serde_path_to_error v0.1.20
[INFO] [stderr]    Compiling option-ext v0.2.0
[INFO] [stderr]    Compiling inventory v0.3.24
[INFO] [stderr]    Compiling matchit v0.9.2
[INFO] [stderr]    Compiling topcoat-router v0.5.0
[INFO] [stderr]    Compiling dirs-sys v0.5.0
[INFO] [stderr]    Compiling clap v4.6.4
[INFO] [stderr]    Compiling bon v3.9.3
[INFO] [stderr]    Compiling topcoat-router-macro v0.5.0
[INFO] [stderr]    Compiling topcoat-view-macro v0.5.0
[INFO] [stderr]    Compiling emojis v0.8.2
[INFO] [stderr]    Compiling caseless v0.2.2
[INFO] [stderr]    Compiling tower-http v0.6.11
[INFO] [stderr]    Compiling tokio-tungstenite v0.29.0
[INFO] [stderr]    Compiling topcoat-core-macro v0.5.0
[INFO] [stderr]    Compiling serde_spanned v1.1.1
[INFO] [stderr]    Compiling toml_datetime v0.7.5+spec-1.1.0
[INFO] [stderr]    Compiling encoding_rs v0.8.35
[INFO] [stderr]    Compiling finl_unicode v1.4.0
[INFO] [stderr]    Compiling fmt2io v1.0.0
[INFO] [stderr]    Compiling toml_writer v1.1.2+spec-1.1.0
[INFO] [stderr]    Compiling winnow v0.7.15
[INFO] [stderr]    Compiling rustc-hash v2.1.3
[INFO] [stderr]    Compiling typed-arena v2.0.2
[INFO] [stderr]    Compiling xdg v3.0.0
[INFO] [stderr]    Compiling shell-words v1.1.1
[INFO] [stderr]    Compiling topcoat v0.5.0
[INFO] [stderr]    Compiling directories v6.0.0
[INFO] [stderr]    Compiling two-face v0.5.1
[INFO] [stderr]    Compiling toml v0.9.12+spec-1.1.0
[INFO] [stderr]    Compiling base64 v0.23.0
[INFO] [stderr]    Compiling rustls-webpki v0.103.13
[INFO] [stderr]    Compiling tokio-rustls v0.26.4
[INFO] [stderr]    Compiling rustls-platform-verifier v0.6.2
[INFO] [stderr]    Compiling hyper-rustls v0.27.9
[INFO] [stderr]    Compiling reqwest v0.13.1
[INFO] [stderr]    Compiling wdyt v0.3.0 (/opt/rustwide/workdir)
[INFO] [stderr]     Finished `release` profile [optimized] target(s) in 8m 31s
[INFO] running `Command { std: "docker" "inspect" "be88fb289564c4a3f9260eab1dc58ae5124bbe6b1c8bc2e73b5fb478e3fdf1b8", kill_on_drop: false }`
[INFO] running `Command { std: "docker" "exec" "-e" "SOURCE_DIR=/opt/rustwide/workdir" "-e" "CARGO_HOME=/opt/rustwide/cargo-home" "-e" "RUSTUP_HOME=/opt/rustwide/rustup-home" "-e" "CARGO_TARGET_DIR=/opt/rustwide/target" "-e" "CARGO_INCREMENTAL=0" "-e" "RUST_BACKTRACE=full" "-e" "RUSTFLAGS=--cap-lints=warn" "-e" "RUSTDOCFLAGS=--cap-lints=warn" "-w" "/opt/rustwide/workdir" "--user" "0:0" "be88fb289564c4a3f9260eab1dc58ae5124bbe6b1c8bc2e73b5fb478e3fdf1b8" "/opt/rustwide/cargo-home/bin/cargo" "+1.100.0-beta.1" "test" "--frozen" "--no-run" "--message-format=json" "--release", kill_on_drop: false }`
[INFO] [stderr]    Compiling parking_lot_core v0.9.12
[INFO] [stderr]    Compiling scopeguard v1.2.0
[INFO] [stderr]    Compiling rustix v1.1.4
[INFO] [stderr]    Compiling getrandom v0.4.3
[INFO] [stderr]    Compiling fastrand v2.5.0
[INFO] [stderr]    Compiling lock_api v0.4.14
[INFO] [stderr]    Compiling parking_lot v0.12.5
[INFO] [stderr]    Compiling tokio v1.53.1
[INFO] [stderr]    Compiling terminal_size v0.4.4
[INFO] [stderr]    Compiling tempfile v3.27.0
[INFO] [stderr]    Compiling clap_builder v4.6.2
[INFO] [stderr]    Compiling clap v4.6.4
[INFO] [stderr]    Compiling comrak v0.54.0
[INFO] [stderr]    Compiling tokio-util v0.7.19
[INFO] [stderr]    Compiling tower v0.5.3
[INFO] [stderr]    Compiling async-compression v0.4.43
[INFO] [stderr]    Compiling h2 v0.4.15
[INFO] [stderr]    Compiling topcoat-core v0.5.0
[INFO] [stderr]    Compiling topcoat-view v0.5.0
[INFO] [stderr]    Compiling tower-http v0.7.0
[INFO] [stderr]    Compiling tokio-rustls v0.26.4
[INFO] [stderr]    Compiling tower-http v0.6.11
[INFO] [stderr]    Compiling tokio-tungstenite v0.29.0
[INFO] [stderr]    Compiling hyper v1.11.0
[INFO] [stderr]    Compiling hyper-util v0.1.20
[INFO] [stderr]    Compiling topcoat-router v0.5.0
[INFO] [stderr]    Compiling hyper-rustls v0.27.9
[INFO] [stderr]    Compiling reqwest v0.13.1
[INFO] [stderr]    Compiling topcoat v0.5.0
[INFO] [stderr]    Compiling wdyt v0.3.0 (/opt/rustwide/workdir)
[INFO] [stderr]     Finished `release` profile [optimized] target(s) in 4m 57s
[INFO] running `Command { std: "docker" "inspect" "be88fb289564c4a3f9260eab1dc58ae5124bbe6b1c8bc2e73b5fb478e3fdf1b8", kill_on_drop: false }`
[INFO] running `Command { std: "docker" "exec" "-e" "SOURCE_DIR=/opt/rustwide/workdir" "-e" "CARGO_HOME=/opt/rustwide/cargo-home" "-e" "RUSTUP_HOME=/opt/rustwide/rustup-home" "-e" "CARGO_TARGET_DIR=/opt/rustwide/target" "-e" "CARGO_INCREMENTAL=0" "-e" "RUST_BACKTRACE=full" "-e" "RUSTFLAGS=--cap-lints=warn" "-e" "RUSTDOCFLAGS=--cap-lints=warn" "-w" "/opt/rustwide/workdir" "--user" "0:0" "be88fb289564c4a3f9260eab1dc58ae5124bbe6b1c8bc2e73b5fb478e3fdf1b8" "/opt/rustwide/cargo-home/bin/cargo" "+1.100.0-beta.1" "test" "--frozen" "--release", kill_on_drop: false }`
[INFO] [stderr]     Finished `release` profile [optimized] target(s) in 0.60s
[INFO] [stderr]      Running unittests src/lib.rs (/opt/rustwide/target/release/build/wdyt/bd5ed1d0c6d6c4bf/out/wdyt-bd5ed1d0c6d6c4bf)
[INFO] [stdout] 
[INFO] [stdout] running 207 tests
[INFO] [stdout] test config::tests::rejects_non_http_webhook ... ok
[INFO] [stdout] test config::tests::round_trips_through_toml ... ok
[INFO] [stdout] test client::tests::presentation_id_limits_are_enforced_after_deduplication ... ok
[INFO] [stdout] test config::tests::missing_file_yields_defaults ... ok
[INFO] [stdout] test client::tests::presentation_ids_are_deduplicated_in_first_seen_order ... ok
[INFO] [stdout] test config::tests::parses_range_and_single_port ... ok
[INFO] [stdout] test client::tests::presentation_ids_are_length_bounded ... ok
[INFO] [stdout] test config::tests::rejects_inverted_and_zero_ports ... ok
[INFO] [stdout] test diff::tests::a_real_source_file_ranks_highest ... ok
[INFO] [stdout] test config::tests::state_path_can_be_overridden_for_an_isolated_daemon ... ok
[INFO] [stdout] test diff::tests::a_no_newline_marker_does_not_end_a_hunk_early ... ok
[INFO] [stdout] test diff::tests::a_deletion_only_hunk_still_has_a_place_in_the_new_file ... ok
[INFO] [stdout] test diff::tests::a_captured_file_is_highlighted_line_for_line ... ok
[INFO] [stdout] test diff::tests::a_file_that_disagrees_with_the_patch_is_refused ... ok
[INFO] [stdout] test diff::tests::a_deleted_file_keeps_its_old_name ... ok
[INFO] [stdout] test diff::tests::every_line_gets_highlighted_html ... ok
[INFO] [stdout] test diff::tests::a_new_file_starts_numbering_at_one ... ok
[INFO] [stdout] test diff::tests::hunk_lengths_reads_both_range_forms ... ok
[INFO] [stdout] test diff::tests::lockfiles_and_generated_config_are_low_signal ... ok
[INFO] [stdout] test diff::tests::handles_a_plain_diff_u_with_timestamps ... ok
[INFO] [stdout] test diff::tests::no_newline_marker_is_not_a_line ... ok
[INFO] [stdout] test diff::tests::a_second_file_is_found_after_a_hunk_ends ... ok
[INFO] [stdout] test diff::tests::a_removed_line_of_dashes_is_not_a_file_header ... ok
[INFO] [stdout] test diff::tests::old_side_numbers_follow_the_nearest_context_line ... ok
[INFO] [stdout] test diff::tests::numbers_both_sides_independently ... ok
[INFO] [stdout] test diff::tests::parses_a_git_diff ... ok
[INFO] [stdout] test diff::tests::hunk_starts_parses_both_range_forms ... ok
[INFO] [stdout] test diff::tests::rejects_input_that_is_not_a_diff ... ok
[INFO] [stdout] test diff::tests::skips_headers_with_no_hunks ... ok
[INFO] [stdout] test diff::tests::sort_is_stable_within_a_rank ... ok
[INFO] [stdout] test diff::tests::source_ranks_before_docs_before_lockfiles ... ok
[INFO] [stdout] test diff::tests::without_a_captured_file_there_are_no_runs ... ok
[INFO] [stdout] test fragment::tests::backwards_range_is_normalised ... ok
[INFO] [stdout] test diff::tests::splits_multiple_files ... ok
[INFO] [stdout] test diff::tests::the_hidden_runs_are_the_ones_between_the_hunks ... ok
[INFO] [stdout] test fragment::tests::rejects_empty_path ... ok
[INFO] [stdout] test fragment::tests::comment_fragment_rejects_non_numeric ... ok
[INFO] [stdout] test fragment::tests::cross_language_known_vectors ... ok
[INFO] [stdout] test fragment::tests::does_not_collide_with_file_anchors ... ok
[INFO] [stdout] test fragment::tests::invalid_fragments_return_none ... ok
[INFO] [stdout] test fragment::tests::path_encoding_with_a_hyphen_round_trips ... ok
[INFO] [stdout] test fragment::tests::comment_fragment_round_trips ... ok
[INFO] [stdout] test fragment::tests::degenerate_range_becomes_single_line ... ok
[INFO] [stdout] test fragment::tests::rejects_oversized_fragment ... ok
[INFO] [stdout] test fragment::tests::round_trips_a_path_with_dashes ... ok
[INFO] [stdout] test fragment::tests::round_trips_a_simple_path ... ok
[INFO] [stdout] test fragment::tests::round_trips_a_range ... ok
[INFO] [stdout] test fragment::tests::round_trips_a_path_with_special_chars ... ok
[INFO] [stdout] test fragment::tests::rejects_line_numbers_above_max_safe_integer ... ok
[INFO] [stdout] test fragment::tests::rejects_oversized_encoded_path ... ok
[INFO] [stdout] test guided::tests::code_paths_must_stay_beneath_the_workspace ... ok
[INFO] [stdout] test fragment::tests::rejects_huge_line_numbers ... ok
[INFO] [stdout] test guided::tests::code_symlinks_cannot_escape_the_workspace ... ok
[INFO] [stdout] test guided::tests::diff_blocks_retain_validated_source_for_expansion ... ok
[INFO] [stdout] test guided::tests::directive_json_is_strict ... ok
[INFO] [stdout] test guided::tests::guides_are_limited_to_one_hundred_blocks ... ok
[INFO] [stdout] test guided::tests::mismatched_workspace_source_is_not_retained ... ok
[INFO] [stdout] test guided::tests::new_side_selection_includes_removed_replacement_lines ... ok
[INFO] [stdout] test guided::tests::missing_diff_and_code_files_are_rejected ... ok
[INFO] [stdout] test guided::tests::old_content_serde_remains_compatible_and_guided_round_trips ... ok
[INFO] [stdout] test guided::tests::ranges_that_select_no_lines_are_rejected ... ok
[INFO] [stdout] test guided::tests::old_side_selection_includes_added_replacement_lines ... ok
[INFO] [stdout] test guided::tests::oversized_code_files_are_rejected_before_highlighting ... ok
[INFO] [stdout] test notify::tests::context_block_carries_kind_and_details ... ok
[INFO] [stdout] test guided::tests::zero_reversed_and_large_ranges_are_rejected ... ok
[INFO] [stdout] test notify::tests::note_block_is_omitted_when_absent ... ok
[INFO] [stdout] test notify::tests::payload_has_fallback_text_with_url ... ok
[INFO] [stdout] test notify::tests::payload_links_the_url_and_escapes_markup ... ok
[INFO] [stdout] test notify::tests::send_without_webhook_is_a_no_op ... ok
[INFO] [stdout] test notify::tests::trigger_urls_get_a_flat_variable_map ... ok
[INFO] [stdout] test ports::tests::detects_a_bound_port_as_taken ... ok
[INFO] [stdout] test notify::tests::the_trigger_variable_name_is_configurable ... ok
[INFO] [stdout] test ports::tests::free_ports_excludes_bound_ports ... ok
[INFO] [stdout] test ports::tests::pick_skips_taken_and_reserved_ports ... ok
[INFO] [stdout] test render::tests::code_content_is_escaped ... ok
[INFO] [stdout] test render::tests::dark_and_light_themes_are_detected ... ok
[INFO] [stdout] test ports::tests::pick_errors_when_everything_is_reserved ... ok
[INFO] [stdout] test render::tests::empty_file_still_renders ... ok
[INFO] [stdout] test render::tests::highlights_rust_with_line_numbers ... ok
[INFO] [stdout] test render::tests::per_line_sources_and_highlighting_are_stored_for_commenting ... ok
[INFO] [stdout] test guided::tests::diff_source_symlinks_cannot_escape_the_workspace ... ok
[INFO] [stdout] test render::tests::theme_list_is_not_empty ... ok
[INFO] [stdout] test render::tests::unknown_extension_falls_back_to_plain_text ... ok
[INFO] [stdout] test render::tests::unknown_theme_falls_back ... ok
[INFO] [stdout] test server::tests::anchors_are_url_safe_and_stable ... ok
[INFO] [stdout] test guided::tests::nested_directive_fences_remain_markdown ... ok
[INFO] [stdout] test server::tests::escape_json_for_script_prevents_breakout ... ok
[INFO] [stdout] test session::tests::a_collected_but_unacked_reply_stays_in_the_unread_inbox ... ok
[INFO] [stdout] test session::tests::a_comment_is_a_question_until_an_agent_takes_it ... ok
[INFO] [stdout] test session::tests::a_context_line_is_addressed_on_the_new_side_only ... ok
[INFO] [stdout] test server::tests::escape_json_for_script_preserves_normal_content ... ok
[INFO] [stdout] test session::tests::a_message_needs_a_thread_that_exists ... ok
[INFO] [stdout] test session::tests::a_range_that_covers_one_line_is_not_a_range ... ok
[INFO] [stdout] test session::tests::a_reply_is_undelivered_until_collected ... ok
[INFO] [stdout] test server::tests::escape_html_escapes_markup ... ok
[INFO] [stdout] test session::tests::a_thread_cannot_grow_without_bound ... ok
[INFO] [stdout] test session::tests::accepts_one_reply_only ... ok
[INFO] [stdout] test session::tests::acking_or_collecting_with_no_reply_is_not_an_error ... ok
[INFO] [stdout] test session::tests::an_ack_implies_delivery ... ok
[INFO] [stdout] test session::tests::an_ack_can_be_replaced_so_an_agent_can_report_progress ... ok
[INFO] [stdout] test session::tests::anchor_span_does_not_panic_on_edge_cases ... ok
[INFO] [stdout] test session::tests::an_anchor_puts_a_dragged_range_in_order ... ok
[INFO] [stdout] test session::tests::comments_accumulate_with_rising_ids ... ok
[INFO] [stdout] test session::tests::delivery_is_not_a_claim_that_anything_read_the_reply ... ok
[INFO] [stdout] test session::tests::expired_sessions_are_evicted_on_insert ... ok
[INFO] [stdout] test session::tests::failed_persistence_does_not_change_live_state ... ok
[INFO] [stdout] test session::tests::expired_sessions_are_pruned_when_state_is_loaded ... ok
[INFO] [stdout] test session::tests::ids_are_unique ... ok
[INFO] [stdout] test render::tests::renders_markdown_tables_and_tasklists ... ok
[INFO] [stdout] test session::tests::insert_then_read ... ok
[INFO] [stdout] test session::tests::only_the_readers_words_are_questions ... ok
[INFO] [stdout] test session::tests::reply_to_unknown_session_errors ... ok
[INFO] [stdout] test session::tests::persistent_store_excludes_a_second_writer_for_every_clones_lifetime ... ok
[INFO] [stdout] test session::tests::subscribe_after_reply_resolves_immediately ... ok
[INFO] [stdout] test session::tests::subscribe_receives_later_reply ... ok
[INFO] [stdout] test session::tests::archive_state_is_reversible_and_persisted ... ok
[INFO] [stdout] test session::tests::summaries_are_newest_first ... ok
[INFO] [stdout] test session::tests::the_inbox_holds_replies_the_waiter_never_saw ... ok
[INFO] [stdout] test session::tests::watching_is_woken_again_by_a_follow_up ... ok
[INFO] [stdout] test session::tests::watching_is_woken_by_a_new_comment ... ok
[INFO] [stdout] test session::tests::unsupported_state_version_is_preserved_and_rejected ... ok
[INFO] [stdout] test session::tests::the_last_word_says_who_is_waiting ... ok
[INFO] [stdout] test tests::file_anchor_handles_empty_label ... ok
[INFO] [stdout] test session::tests::watching_resolves_for_a_question_already_asked ... ok
[INFO] [stdout] test tests::file_anchor_handles_consecutive_separators ... ok
[INFO] [stdout] test tests::file_anchor_handles_unicode ... ok
[INFO] [stdout] test tests::file_anchor_is_deterministic ... ok
[INFO] [stdout] test render::tests::highlights_fenced_code_in_markdown ... ok
[INFO] [stdout] test tests::file_line_anchor_appends_capital_l_marker ... ok
[INFO] [stdout] test tests::file_range_anchor_normalises_and_collapses ... ok
[INFO] [stdout] test tests::file_anchor_replaces_non_alphanumeric ... ok
[INFO] [stdout] test session::tests::persistent_store_restores_the_complete_reply_lifecycle ... ok
[INFO] [stdout] test tests::parse_file_line_anchor_disambiguates_dashed_paths ... ok
[INFO] [stdout] test tests::parse_file_line_anchor_normalises_reversed_range ... ok
[INFO] [stdout] test tests::validate_file_anchors_accepts_distinct ... ok
[INFO] [stdout] test tests::parse_file_line_anchor_rejects_non_line_anchors ... ok
[INFO] [stdout] test tests::parse_file_line_anchor_reads_single_and_range ... ok
[INFO] [stdout] test tests::parse_file_line_anchor_round_trips_with_formatters ... ok
[INFO] [stdout] test tests::parse_file_line_anchor_rejects_out_of_range_lines ... ok
[INFO] [stdout] test tests::validate_file_anchors_empty_is_ok ... ok
[INFO] [stdout] test tests::validate_file_anchors_rejects_exact_duplicates ... ok
[INFO] [stdout] test ui::tests::a_drag_redraws_only_when_the_row_changes ... ok
[INFO] [stdout] test ui::tests::a_range_can_be_dragged_and_is_bounded_to_one_file_and_side ... ok
[INFO] [stdout] test tests::validate_file_anchors_rejects_normalization_collisions ... ok
[INFO] [stdout] test tests::validate_file_anchors_single_is_ok ... ok
[INFO] [stdout] test ui::tests::comment_js_includes_keyboard_hint_with_accessible_markup ... ok
[INFO] [stdout] test ui::tests::a_ranged_comment_is_labelled_and_marked ... ok
[INFO] [stdout] test ui::tests::comment_js_keyboard_hint_renders_ctrl_on_non_mac ... ok
[INFO] [stdout] test ui::tests::a_thread_shows_who_said_what_and_who_is_waiting ... ok
[INFO] [stdout] test ui::tests::active_link_styling_is_global_not_desktop_only ... ok
[INFO] [stdout] test ui::tests::comment_js_posts_to_the_session_it_was_rendered_for ... ok
[INFO] [stdout] test ui::tests::comment_js_updates_url_on_range_gesture ... ok
[INFO] [stdout] test ui::tests::comment_js_uses_attribute_comparison_not_selector_interpolation ... ok
[INFO] [stdout] test ui::tests::comment_js_validates_line_numbers_as_safe_integers ... ok
[INFO] [stdout] test ui::tests::diff_rows_are_tinted_and_commentable ... ok
[INFO] [stdout] test ui::tests::desktop_brief_and_wrap_share_left_axis ... ok
[INFO] [stdout] test ui::tests::comment_js_renders_permalink_on_saved_comments ... ok
[INFO] [stdout] test ui::tests::deep_link_highlight_styles_exist ... ok
[INFO] [stdout] test ui::tests::doc_comment_js_keyboard_hint_renders_ctrl_on_non_mac ... ok
[INFO] [stdout] test ui::tests::fragment_js_falls_through_for_file_anchors ... ok
[INFO] [stdout] test ui::tests::fragment_js_handles_comment_and_selection_anchors ... ok
[INFO] [stdout] test ui::tests::fragment_js_iterates_dom_not_numeric_range ... ok
[INFO] [stdout] test ui::tests::fragment_js_listens_to_hashchange_and_page_load ... ok
[INFO] [stdout] test ui::tests::fragment_js_respects_reduced_motion ... ok
[INFO] [stdout] test ui::tests::fragment_js_validates_safe_integers ... ok
[INFO] [stdout] test ui::tests::framed_modes_share_the_full_viewport_rules ... ok
[INFO] [stdout] test ui::tests::jump_to_top_is_styled_and_hidden_on_framed ... ok
[INFO] [stdout] test ui::tests::jump_to_top_respects_reduced_motion ... ok
[INFO] [stdout] test ui::tests::keyboard_hint_is_styled_unobtrusively ... ok
[INFO] [stdout] test ui::tests::line_classes_and_markers_agree ... ok
[INFO] [stdout] test ui::tests::fragment_js_handles_hand_written_file_line_anchors ... ok
[INFO] [stdout] test ui::tests::markdown_alerts_are_styled ... ok
[INFO] [stdout] test ui::tests::fragment_js_updates_url_on_line_click ... ok
[INFO] [stdout] test ui::tests::doc_comment_js_handles_hand_written_file_line_anchors ... ok
[INFO] [stdout] test ui::tests::doc_comment_js_includes_keyboard_hint ... ok
[INFO] [stdout] test ui::tests::permalink_visible_on_focus_not_hover_only_code_diff ... ok
[INFO] [stdout] test ui::tests::permalink_visible_on_focus_not_hover_only_docs ... ok
[INFO] [stdout] test ui::tests::reply_js_posts_json_and_is_not_escaped ... ok
[INFO] [stdout] test ui::tests::revealing_lines_keeps_the_page_still ... ok
[INFO] [stdout] test ui::tests::sidebar_desktop_rules_are_responsive ... ok
[INFO] [stdout] test ui::tests::the_chrome_does_not_change_with_the_theme ... ok
[INFO] [stdout] test ui::tests::the_comment_editor_floats_rather_than_reflowing_the_table ... ok
[INFO] [stdout] test ui::tests::the_gutter_sticks_only_while_the_code_is_panned ... ok
[INFO] [stdout] test ui::tests::the_hidden_lines_can_be_revealed ... ok
[INFO] [stdout] test ui::tests::reply_js_bails_out_when_the_form_is_absent ... ok
[INFO] [stdout] test ui::tests::narrow_nav_is_single_row_scrollable_strip ... ok
[INFO] [stdout] test ui::tests::the_read_receipt_has_all_three_states ... ok
[INFO] [stdout] test ui::tests::nav_js_uses_intersection_observer_and_passive_scroll ... ok
[INFO] [stdout] test ui::tests::nochrome_does_not_activate_sidebar ... ok
[INFO] [stdout] test guided::tests::markdown_is_escaped_and_uses_the_selected_theme ... ok
[INFO] [stdout] test ui::tests::the_toggle_outranks_the_generic_button_rule ... ok
[INFO] [stdout] test ui::tests::the_top_bar_can_be_hidden ... ok
[INFO] [stdout] test zellij_origin::tests::a_tab_name_containing_a_space_survives ... ok
[INFO] [stdout] test ui::tests::the_receipt_never_calls_a_mere_delivery_read ... ok
[INFO] [stdout] test ui::tests::the_syntax_theme_reaches_the_code_card_only ... ok
[INFO] [stdout] test zellij_origin::tests::an_unknown_pane_yields_nothing_rather_than_a_wrong_tab ... ok
[INFO] [stdout] test zellij_origin::tests::nothing_known_is_empty ... ok
[INFO] [stdout] test zellij_origin::tests::outside_zellij_it_reports_only_the_directory ... ok
[INFO] [stdout] test guided::tests::mixed_blocks_preserve_source_order_and_code_numbers ... ok
[INFO] [stdout] test zellij_origin::tests::the_summary_reads_as_a_place ... ok
[INFO] [stdout] test ui::tests::the_widget_can_be_dragged_off_the_default_corner ... ok
[INFO] [stdout] test zellij_origin::tests::under_zellij_it_probes_for_tab_and_pane ... ok
[INFO] [stdout] test zellij_origin::tests::a_bare_shell_still_reports_its_directory ... ok
[INFO] [stdout] test zellij_origin::tests::a_pane_resolves_to_its_tab_and_title ... ok
[INFO] [stdout] test zellij_origin::tests::garbage_input_is_not_a_panic ... ok
[INFO] [stdout] test zellij_origin::tests::with_nothing_at_all_it_is_empty ... ok
[INFO] [stdout] test guided::tests::diff_source_uses_the_git_root_from_a_subdirectory ... ok
[INFO] [stdout] 
[INFO] [stdout] test result: ok. 207 passed; 0 failed; 0 ignored; 0 measured; 0 filtered out; finished in 0.17s
[INFO] [stdout] 
[INFO] [stdout] 
[INFO] [stderr]      Running unittests src/main.rs (/opt/rustwide/target/release/build/wdyt/b409e16a6c7920ed/out/wdyt-b409e16a6c7920ed)
[INFO] [stdout] running 14 tests
[INFO] [stdout] test tests::create_has_no_presentation_flags ... ok
[INFO] [stdout] test tests::installer_bundles_mechanics_code_and_design_skills ... ok
[INFO] [stdout] test tests::create_and_present_commands_parse ... ok
[INFO] [stdout] test tests::default_titles_describe_the_selection ... ok
[INFO] [stdout] test tests::collect_no_wait_and_timeout_parse ... ok
[INFO] [stdout] test tests::cli_parses_the_documented_invocations ... ok
[INFO] [stdout] test tests::collect_waits_by_default ... ok
[INFO] [stdout] test tests::collect_no_wait_and_timeout_conflict ... ok
[INFO] [stdout] test tests::parse_range_rejects_bad_input ... ok
[INFO] [stdout] test tests::summarize_pluralizes ... ok
[INFO] [stdout] test tests::only_create_exposes_content_modes ... ok
[INFO] [stdout] test tests::present_wait_controls_are_consistent ... ok
[INFO] [stdout] test tests::standalone_recv_command_parses ... ok
[INFO] [stdout] test tests::the_discussion_commands_parse ... ok
[INFO] [stdout] 
[INFO] [stdout] test result: ok. 14 passed; 0 failed; 0 ignored; 0 measured; 0 filtered out; finished in 0.01s
[INFO] [stdout] 
[INFO] [stderr]      Running tests/cli_create_present.rs (/opt/rustwide/target/release/build/wdyt/b7e6735c43e69dd0/out/cli_create_present-b7e6735c43e69dd0)
[INFO] [stdout] 
[INFO] [stdout] running 8 tests
[INFO] [stdout] test present_rejects_valid_shaped_unknown_ids_before_output_or_notification ... ok
[INFO] [stdout] test present_rejects_more_than_twelve_unique_tabs ... ok
[INFO] [stdout] test present_deduplicates_tabs_in_first_seen_order ... ok
[INFO] [stdout] test create_code_and_diff_return_json_without_waiting ... ok
[INFO] [stdout] test create_guided_diff_accepts_patch_file_and_stdin ... ok
[INFO] [stdout] test present_waits_for_the_first_session_reply ... ok
[INFO] [stdout] test create_never_notifies_and_present_notifies_once_unless_suppressed ... ok
[INFO] [stdout] test present_timeout_and_invalid_ids_fail_cleanly ... ok
[INFO] [stdout] 
[INFO] [stdout] test result: ok. 8 passed; 0 failed; 0 ignored; 0 measured; 0 filtered out; finished in 1.28s
[INFO] [stdout] 
[INFO] [stderr]      Running tests/cli_skill.rs (/opt/rustwide/target/release/build/wdyt/eab6027a4082b58e/out/cli_skill-eab6027a4082b58e)
[INFO] [stdout] 
[INFO] [stdout] running 29 tests
[INFO] [stdout] test ack_help_mentions_receipt ... FAILED
[INFO] [stdout] test brief_arg_help_shows_anchor_examples ... FAILED
[INFO] [stdout] test collect_help_mentions_json_shape ... FAILED
[INFO] [stdout] test collect_help_describes_target_for_markdown_comments ... FAILED
[INFO] [stdout] test create_code_help_has_creation_options_only ... FAILED
[INFO] [stdout] test diff_help_mentions_stdin_caveat ... FAILED
[INFO] [stdout] test collect_comments_only_does_not_suggest_ack ... FAILED
[INFO] [stdout] test code_session_prints_anchors_to_stderr ... FAILED
[INFO] [stdout] test code_session_page_anchors_match_stderr_output ... FAILED
[INFO] [stdout] test diff_collision_labels_fail_before_session_creation ... FAILED
[INFO] [stdout] test file_anchor_all_special_chars ... ok
[INFO] [stdout] test file_anchor_empty_input ... ok
[INFO] [stdout] test file_anchor_known_vectors ... ok
[INFO] [stdout] test file_anchor_server_uses_shared_helper ... ok
[INFO] [stdout] test file_anchor_uppercase_lowered ... ok
[INFO] [stdout] test code_collision_labels_fail_before_session_creation ... FAILED
[INFO] [stdout] test inbox_help_mentions_ack_based_filtering ... FAILED
[INFO] [stdout] test recv_help_mentions_exit_2_and_recovery ... FAILED
[INFO] [stdout] test collect_stderr_shows_ack_guidance ... FAILED
[INFO] [stdout] test root_help_contains_workflow_section ... FAILED
[INFO] [stdout] test skill_installs_all_three_skills_for_supported_agents ... FAILED
[INFO] [stdout] test diff_session_page_anchors_match_stderr_output ... FAILED
[INFO] [stdout] test diff_session_prints_anchors_to_stderr ... FAILED
[INFO] [stdout] test docs_collision_labels_fail_before_session_creation ... FAILED
[INFO] [stdout] test docs_session_page_anchors_match_stderr_output ... FAILED
[INFO] [stdout] test docs_session_prints_anchors_to_stderr ... FAILED
[INFO] [stdout] test standalone_recv_success_prints_collect_and_ack_guidance ... FAILED
[INFO] [stdout] test stdout_never_contains_coaching_text ... FAILED
[INFO] [stdout] test ordinary_non_colliding_code_session_preserves_anchors ... FAILED
[INFO] [stdout] 
[INFO] [stdout] failures:
[INFO] [stdout] 
[INFO] [stdout] ---- ack_help_mentions_receipt stdout ----
[INFO] [stdout] 
[INFO] [stdout] thread 'ack_help_mentions_receipt' (6800) panicked at tests/cli_skill.rs:108:5:
[INFO] [stdout] binary not found at /opt/rustwide/target/release/build/wdyt/eab6027a4082b58e/wdyt; run `cargo build` first
[INFO] [stdout] stack backtrace:
[INFO] [stdout]    0:     0x64c15bf15471 - <unknown>
[INFO] [stdout]    1:     0x64c15bf2d10a - <unknown>
[INFO] [stdout]    2:     0x64c15bf1acec - <unknown>
[INFO] [stdout]    3:     0x64c15beed8e6 - <unknown>
[INFO] [stdout]    4:     0x64c15bf0c2d9 - <unknown>
[INFO] [stdout]    5:     0x64c15b8c8ad0 - <unknown>
[INFO] [stdout]    6:     0x64c15bf0c602 - <unknown>
[INFO] [stdout]    7:     0x64c15beed992 - <unknown>
[INFO] [stdout]    8:     0x64c15bee5c89 - <unknown>
[INFO] [stdout]    9:     0x64c15beee98d - <unknown>
[INFO] [stdout]   10:     0x64c15bf2d86c - <unknown>
[INFO] [stdout]   11:     0x64c15b843d43 - <unknown>
[INFO] [stdout]   12:     0x64c15b8448a9 - <unknown>
[INFO] [stdout]   13:     0x64c15b8bbf1b - <unknown>
[INFO] [stdout]   14:     0x64c15b8c90f5 - <unknown>
[INFO] [stdout]   15:     0x64c15b8c29e4 - <unknown>
[INFO] [stdout]   16:     0x64c15b8cc182 - <unknown>
[INFO] [stdout]   17:     0x64c15bf143df - <unknown>
[INFO] [stdout]   18:     0x7befd5234dfa - <unknown>
[INFO] [stdout]   19:     0x7befd52c83d4 - clone
[INFO] [stdout]   20:                0x0 - <unknown>
[INFO] [stdout] 
[INFO] [stdout] ---- brief_arg_help_shows_anchor_examples stdout ----
[INFO] [stdout] 
[INFO] [stdout] thread 'brief_arg_help_shows_anchor_examples' (6801) panicked at tests/cli_skill.rs:108:5:
[INFO] [stdout] binary not found at /opt/rustwide/target/release/build/wdyt/eab6027a4082b58e/wdyt; run `cargo build` first
[INFO] [stdout] stack backtrace:
[INFO] [stdout]    0:     0x64c15bf15471 - <unknown>
[INFO] [stdout]    1:     0x64c15bf2d10a - <unknown>
[INFO] [stdout]    2:     0x64c15bf1acec - <unknown>
[INFO] [stdout]    3:     0x64c15beed8e6 - <unknown>
[INFO] [stdout]    4:     0x64c15bf0c2d9 - <unknown>
[INFO] [stdout]    5:     0x64c15b8c8ad0 - <unknown>
[INFO] [stdout]    6:     0x64c15bf0c602 - <unknown>
[INFO] [stdout]    7:     0x64c15beed992 - <unknown>
[INFO] [stdout]    8:     0x64c15bee5c89 - <unknown>
[INFO] [stdout]    9:     0x64c15beee98d - <unknown>
[INFO] [stdout]   10:     0x64c15bf2d86c - <unknown>
[INFO] [stdout]   11:     0x64c15b843d43 - <unknown>
[INFO] [stdout]   12:     0x64c15b845c7c - <unknown>
[INFO] [stdout]   13:     0x64c15b8bbf1b - <unknown>
[INFO] [stdout]   14:     0x64c15b8c90f5 - <unknown>
[INFO] [stdout]   15:     0x64c15b8c29e4 - <unknown>
[INFO] [stdout]   16:     0x64c15b8cc182 - <unknown>
[INFO] [stdout]   17:     0x64c15bf143df - <unknown>
[INFO] [stdout]   18:     0x7befd5234dfa - <unknown>
[INFO] [stdout]   19:     0x7befd52c83d4 - clone
[INFO] [stdout]   20:                0x0 - <unknown>
[INFO] [stdout] 
[INFO] [stdout] ---- collect_help_mentions_json_shape stdout ----
[INFO] [stdout] 
[INFO] [stdout] thread 'collect_help_mentions_json_shape' (6807) panicked at tests/cli_skill.rs:108:5:
[INFO] [stdout] binary not found at /opt/rustwide/target/release/build/wdyt/eab6027a4082b58e/wdyt; run `cargo build` first
[INFO] [stdout] stack backtrace:
[INFO] [stdout]    0:     0x64c15bf15471 - <unknown>
[INFO] [stdout]    1:     0x64c15bf2d10a - <unknown>
[INFO] [stdout]    2:     0x64c15bf1acec - <unknown>
[INFO] [stdout]    3:     0x64c15beed8e6 - <unknown>
[INFO] [stdout]    4:     0x64c15bf0c2d9 - <unknown>
[INFO] [stdout]    5:     0x64c15b8c8ad0 - <unknown>
[INFO] [stdout]    6:     0x64c15bf0c602 - <unknown>
[INFO] [stdout]    7:     0x64c15beed992 - <unknown>
[INFO] [stdout]    8:     0x64c15bee5c89 - <unknown>
[INFO] [stdout]    9:     0x64c15beee98d - <unknown>
[INFO] [stdout]   10:     0x64c15bf2d86c - <unknown>
[INFO] [stdout]   11:     0x64c15b843d43 - <unknown>
[INFO] [stdout]   12:     0x64c15b84530c - <unknown>
[INFO] [stdout]   13:     0x64c15b8bbf1b - <unknown>
[INFO] [stdout]   14:     0x64c15b8c90f5 - <unknown>
[INFO] [stdout]   15:     0x64c15b8c29e4 - <unknown>
[INFO] [stdout]   16:     0x64c15b8cc182 - <unknown>
[INFO] [stdout]   17:     0x64c15bf143df - <unknown>
[INFO] [stdout]   18:     0x7befd5234dfa - <unknown>
[INFO] [stdout]   19:     0x7befd52c83d4 - clone
[INFO] [stdout]   20:                0x0 - <unknown>
[INFO] [stdout] 
[INFO] [stdout] ---- collect_help_describes_target_for_markdown_comments stdout ----
[INFO] [stdout] 
[INFO] [stdout] thread 'collect_help_describes_target_for_markdown_comments' (6806) panicked at tests/cli_skill.rs:108:5:
[INFO] [stdout] binary not found at /opt/rustwide/target/release/build/wdyt/eab6027a4082b58e/wdyt; run `cargo build` first
[INFO] [stdout] stack backtrace:
[INFO] [stdout]    0:     0x64c15bf15471 - <unknown>
[INFO] [stdout]    1:     0x64c15bf2d10a - <unknown>
[INFO] [stdout]    2:     0x64c15bf1acec - <unknown>
[INFO] [stdout]    3:     0x64c15beed8e6 - <unknown>
[INFO] [stdout]    4:     0x64c15bf0c2d9 - <unknown>
[INFO] [stdout]    5:     0x64c15b8c8ad0 - <unknown>
[INFO] [stdout]    6:     0x64c15bf0c602 - <unknown>
[INFO] [stdout]    7:     0x64c15beed992 - <unknown>
[INFO] [stdout]    8:     0x64c15bee5c89 - <unknown>
[INFO] [stdout]    9:     0x64c15beee98d - <unknown>
[INFO] [stdout]   10:     0x64c15bf2d86c - <unknown>
[INFO] [stdout]   11:     0x64c15b843d43 - <unknown>
[INFO] [stdout]   12:     0x64c15b83e906 - <unknown>
[INFO] [stdout]   13:     0x64c15b86e0c3 - <unknown>
[INFO] [stdout]   14:     0x64c15b87e68c - <unknown>
[INFO] [stdout]   15:     0x64c15b86e937 - <unknown>
[INFO] [stdout]   16:     0x64c15b8ac0db - <unknown>
[INFO] [stdout]   17:     0x64c15b8a0bd5 - <unknown>
[INFO] [stdout]   18:     0x64c15b8473ee - <unknown>
[INFO] [stdout]   19:     0x64c15b8bbf1b - <unknown>
[INFO] [stdout]   20:     0x64c15b8c90f5 - <unknown>
[INFO] [stdout]   21:     0x64c15b8c29e4 - <unknown>
[INFO] [stdout]   22:     0x64c15b8cc182 - <unknown>
[INFO] [stdout]   23:     0x64c15bf143df - <unknown>
[INFO] [stdout]   24:     0x7befd5234dfa - <unknown>
[INFO] [stdout]   25:     0x7befd52c83d4 - clone
[INFO] [stdout]   26:                0x0 - <unknown>
[INFO] [stdout] 
[INFO] [stdout] ---- create_code_help_has_creation_options_only stdout ----
[INFO] [stdout] 
[INFO] [stdout] thread 'create_code_help_has_creation_options_only' (6809) panicked at tests/cli_skill.rs:108:5:
[INFO] [stdout] binary not found at /opt/rustwide/target/release/build/wdyt/eab6027a4082b58e/wdyt; run `cargo build` first
[INFO] [stdout] stack backtrace:
[INFO] [stdout]    0:     0x64c15bf15471 - <unknown>
[INFO] [stdout]    1:     0x64c15bf2d10a - <unknown>
[INFO] [stdout]    2:     0x64c15bf1acec - <unknown>
[INFO] [stdout]    3:     0x64c15beed8e6 - <unknown>
[INFO] [stdout]    4:     0x64c15bf0c2d9 - <unknown>
[INFO] [stdout]    5:     0x64c15b8c8ad0 - <unknown>
[INFO] [stdout]    6:     0x64c15bf0c602 - <unknown>
[INFO] [stdout]    7:     0x64c15beed992 - <unknown>
[INFO] [stdout]    8:     0x64c15bee5c89 - <unknown>
[INFO] [stdout]    9:     0x64c15beee98d - <unknown>
[INFO] [stdout]   10:     0x64c15bf2d86c - <unknown>
[INFO] [stdout]   11:     0x64c15b843d43 - <unknown>
[INFO] [stdout]   12:     0x64c15b84683c - <unknown>
[INFO] [stdout]   13:     0x64c15b8bbf1b - <unknown>
[INFO] [stdout]   14:     0x64c15b8c90f5 - <unknown>
[INFO] [stdout]   15:     0x64c15b8c29e4 - <unknown>
[INFO] [stdout]   16:     0x64c15b8cc182 - <unknown>
[INFO] [stdout]   17:     0x64c15bf143df - <unknown>
[INFO] [stdout]   18:     0x7befd5234dfa - <unknown>
[INFO] [stdout]   19:     0x7befd52c83d4 - clone
[INFO] [stdout]   20:                0x0 - <unknown>
[INFO] [stdout] 
[INFO] [stdout] ---- diff_help_mentions_stdin_caveat stdout ----
[INFO] [stdout] 
[INFO] [stdout] thread 'diff_help_mentions_stdin_caveat' (6811) panicked at tests/cli_skill.rs:108:5:
[INFO] [stdout] binary not found at /opt/rustwide/target/release/build/wdyt/eab6027a4082b58e/wdyt; run `cargo build` first
[INFO] [stdout] stack backtrace:
[INFO] [stdout]    0:     0x64c15bf15471 - <unknown>
[INFO] [stdout]    1:     0x64c15bf2d10a - <unknown>
[INFO] [stdout]    2:     0x64c15bf1acec - <unknown>
[INFO] [stdout]    3:     0x64c15beed8e6 - <unknown>
[INFO] [stdout]    4:     0x64c15bf0c2d9 - <unknown>
[INFO] [stdout]    5:     0x64c15b8c8ad0 - <unknown>
[INFO] [stdout]    6:     0x64c15bf0c602 - <unknown>
[INFO] [stdout]    7:     0x64c15beed992 - <unknown>
[INFO] [stdout]    8:     0x64c15bee5c89 - <unknown>
[INFO] [stdout]    9:     0x64c15beee98d - <unknown>
[INFO] [stdout]   10:     0x64c15bf2d86c - <unknown>
[INFO] [stdout]   11:     0x64c15b843d43 - <unknown>
[INFO] [stdout]   12:     0x64c15b84503c - <unknown>
[INFO] [stdout]   13:     0x64c15b8bbf1b - <unknown>
[INFO] [stdout]   14:     0x64c15b8c90f5 - <unknown>
[INFO] [stdout]   15:     0x64c15b8c29e4 - <unknown>
[INFO] [stdout]   16:     0x64c15b8cc182 - <unknown>
[INFO] [stdout]   17:     0x64c15bf143df - <unknown>
[INFO] [stdout]   18:     0x7befd5234dfa - <unknown>
[INFO] [stdout]   19:     0x7befd52c83d4 - clone
[INFO] [stdout]   20:                0x0 - <unknown>
[INFO] [stdout] 
[INFO] [stdout] ---- collect_comments_only_does_not_suggest_ack stdout ----
[INFO] [stdout] wdyt listening on http://localhost:60400
[INFO] [stdout] 
[INFO] [stdout] thread 'collect_comments_only_does_not_suggest_ack' (6805) panicked at tests/cli_skill.rs:108:5:
[INFO] [stdout] binary not found at /opt/rustwide/target/release/build/wdyt/eab6027a4082b58e/wdyt; run `cargo build` first
[INFO] [stdout] stack backtrace:
[INFO] [stdout]    0:     0x64c15bf15471 - <unknown>
[INFO] [stdout]    1:     0x64c15bf2d10a - <unknown>
[INFO] [stdout]    2:     0x64c15bf1acec - <unknown>
[INFO] [stdout]    3:     0x64c15beed8e6 - <unknown>
[INFO] [stdout]    4:     0x64c15bf0c2d9 - <unknown>
[INFO] [stdout]    5:     0x64c15b8c8ad0 - <unknown>
[INFO] [stdout]    6:     0x64c15bf0c602 - <unknown>
[INFO] [stdout]    7:     0x64c15beed992 - <unknown>
[INFO] [stdout]    8:     0x64c15bee5c89 - <unknown>
[INFO] [stdout]    9:     0x64c15beee98d - <unknown>
[INFO] [stdout]   10:     0x64c15bf2d86c - <unknown>
[INFO] [stdout]   11:     0x64c15b843d43 - <unknown>
[INFO] [stdout]   12:     0x64c15b838504 - <unknown>
[INFO] [stdout]   13:     0x64c15b86e0c3 - <unknown>
[INFO] [stdout]   14:     0x64c15b87e68c - <unknown>
[INFO] [stdout]   15:     0x64c15b86e937 - <unknown>
[INFO] [stdout]   16:     0x64c15b8ac0db - <unknown>
[INFO] [stdout]   17:     0x64c15b8a0bd5 - <unknown>
[INFO] [stdout]   18:     0x64c15b84675e - <unknown>
[INFO] [stdout]   19:     0x64c15b8bbf1b - <unknown>
[INFO] [stdout]   20:     0x64c15b8c90f5 - <unknown>
[INFO] [stdout]   21:     0x64c15b8c29e4 - <unknown>
[INFO] [stdout]   22:     0x64c15b8cc182 - <unknown>
[INFO] [stdout]   23:     0x64c15bf143df - <unknown>
[INFO] [stdout]   24:     0x7befd5234dfa - <unknown>
[INFO] [stdout]   25:     0x7befd52c83d4 - clone
[INFO] [stdout]   26:                0x0 - <unknown>
[INFO] [stdout] 
[INFO] [stdout] ---- code_session_prints_anchors_to_stderr stdout ----
[INFO] [stdout] wdyt listening on http://localhost:60408
[INFO] [stdout] 
[INFO] [stdout] thread 'code_session_prints_anchors_to_stderr' (6804) panicked at tests/cli_skill.rs:108:5:
[INFO] [stdout] binary not found at /opt/rustwide/target/release/build/wdyt/eab6027a4082b58e/wdyt; run `cargo build` first
[INFO] [stdout] stack backtrace:
[INFO] [stdout]    0:     0x64c15bf15471 - <unknown>
[INFO] [stdout]    1:     0x64c15bf2d10a - <unknown>
[INFO] [stdout]    2:     0x64c15bf1acec - <unknown>
[INFO] [stdout]    3:     0x64c15beed8e6 - <unknown>
[INFO] [stdout]    4:     0x64c15bf0c2d9 - <unknown>
[INFO] [stdout]    5:     0x64c15b8c8ad0 - <unknown>
[INFO] [stdout]    6:     0x64c15bf0c602 - <unknown>
[INFO] [stdout]    7:     0x64c15beed992 - <unknown>
[INFO] [stdout]    8:     0x64c15bee5c89 - <unknown>
[INFO] [stdout]    9:     0x64c15beee98d - <unknown>
[INFO] [stdout]   10:     0x64c15bf2d86c - <unknown>
[INFO] [stdout]   11:     0x64c15b843d43 - <unknown>
[INFO] [stdout]   12:     0x64c15b835aa4 - <unknown>
[INFO] [stdout]   13:     0x64c15b86e0c3 - <unknown>
[INFO] [stdout]   14:     0x64c15b87e68c - <unknown>
[INFO] [stdout]   15:     0x64c15b86e937 - <unknown>
[INFO] [stdout]   16:     0x64c15b8ac0db - <unknown>
[INFO] [stdout]   17:     0x64c15b8a0bd5 - <unknown>
[INFO] [stdout]   18:     0x64c15b845fce - <unknown>
[INFO] [stdout]   19:     0x64c15b8bbf1b - <unknown>
[INFO] [stdout]   20:     0x64c15b8c90f5 - <unknown>
[INFO] [stdout]   21:     0x64c15b8c29e4 - <unknown>
[INFO] [stdout]   22:     0x64c15b8cc182 - <unknown>
[INFO] [stdout]   23:     0x64c15bf143df - <unknown>
[INFO] [stdout]   24:     0x7befd5234dfa - <unknown>
[INFO] [stdout]   25:     0x7befd52c83d4 - clone
[INFO] [stdout]   26:                0x0 - <unknown>
[INFO] [stdout] 
[INFO] [stdout] ---- code_session_page_anchors_match_stderr_output stdout ----
[INFO] [stdout] wdyt listening on http://localhost:60392
[INFO] [stdout] 
[INFO] [stdout] thread 'code_session_page_anchors_match_stderr_output' (6803) panicked at tests/cli_skill.rs:108:5:
[INFO] [stdout] binary not found at /opt/rustwide/target/release/build/wdyt/eab6027a4082b58e/wdyt; run `cargo build` first
[INFO] [stdout] stack backtrace:
[INFO] [stdout]    0:     0x64c15bf15471 - <unknown>
[INFO] [stdout]    1:     0x64c15bf2d10a - <unknown>
[INFO] [stdout]    2:     0x64c15bf1acec - <unknown>
[INFO] [stdout]    3:     0x64c15beed8e6 - <unknown>
[INFO] [stdout]    4:     0x64c15bf0c2d9 - <unknown>
[INFO] [stdout]    5:     0x64c15b8c8ad0 - <unknown>
[INFO] [stdout]    6:     0x64c15bf0c602 - <unknown>
[INFO] [stdout]    7:     0x64c15beed992 - <unknown>
[INFO] [stdout]    8:     0x64c15bee5c89 - <unknown>
[INFO] [stdout]    9:     0x64c15beee98d - <unknown>
[INFO] [stdout]   10:     0x64c15bf2d86c - <unknown>
[INFO] [stdout]   11:     0x64c15b843d43 - <unknown>
[INFO] [stdout]   12:     0x64c15b839183 - <unknown>
[INFO] [stdout]   13:     0x64c15b86e0c3 - <unknown>
[INFO] [stdout]   14:     0x64c15b87e68c - <unknown>
[INFO] [stdout]   15:     0x64c15b86e937 - <unknown>
[INFO] [stdout]   16:     0x64c15b8ac0db - <unknown>
[INFO] [stdout]   17:     0x64c15b8a0bd5 - <unknown>
[INFO] [stdout]   18:     0x64c15b846bae - <unknown>
[INFO] [stdout]   19:     0x64c15b8bbf1b - <unknown>
[INFO] [stdout]   20:     0x64c15b8c90f5 - <unknown>
[INFO] [stdout]   21:     0x64c15b8c29e4 - <unknown>
[INFO] [stdout]   22:     0x64c15b8cc182 - <unknown>
[INFO] [stdout]   23:     0x64c15bf143df - <unknown>
[INFO] [stdout]   24:     0x7befd5234dfa - <unknown>
[INFO] [stdout]   25:     0x7befd52c83d4 - clone
[INFO] [stdout]   26:                0x0 - <unknown>
[INFO] [stdout] 
[INFO] [stdout] ---- diff_collision_labels_fail_before_session_creation stdout ----
[INFO] [stdout] wdyt listening on http://localhost:60432
[INFO] [stdout] 
[INFO] [stdout] thread 'diff_collision_labels_fail_before_session_creation' (6810) panicked at tests/cli_skill.rs:108:5:
[INFO] [stdout] binary not found at /opt/rustwide/target/release/build/wdyt/eab6027a4082b58e/wdyt; run `cargo build` first
[INFO] [stdout] stack backtrace:
[INFO] [stdout]    0:     0x64c15bf15471 - <unknown>
[INFO] [stdout]    1:     0x64c15bf2d10a - <unknown>
[INFO] [stdout]    2:     0x64c15bf1acec - <unknown>
[INFO] [stdout]    3:     0x64c15beed8e6 - <unknown>
[INFO] [stdout]    4:     0x64c15bf0c2d9 - <unknown>
[INFO] [stdout]    5:     0x64c15b8c8ad0 - <unknown>
[INFO] [stdout]    6:     0x64c15bf0c602 - <unknown>
[INFO] [stdout]    7:     0x64c15beed992 - <unknown>
[INFO] [stdout]    8:     0x64c15bee5c89 - <unknown>
[INFO] [stdout]    9:     0x64c15beee98d - <unknown>
[INFO] [stdout]   10:     0x64c15bf2d86c - <unknown>
[INFO] [stdout]   11:     0x64c15b843d43 - <unknown>
[INFO] [stdout]   12:     0x64c15b83d504 - <unknown>
[INFO] [stdout]   13:     0x64c15b86e0c3 - <unknown>
[INFO] [stdout]   14:     0x64c15b87e68c - <unknown>
[INFO] [stdout]   15:     0x64c15b86e937 - <unknown>
[INFO] [stdout]   16:     0x64c15b8ac0db - <unknown>
[INFO] [stdout]   17:     0x64c15b8a0bd5 - <unknown>
[INFO] [stdout]   18:     0x64c15b84712e - <unknown>
[INFO] [stdout]   19:     0x64c15b8bbf1b - <unknown>
[INFO] [stdout]   20:     0x64c15b8c90f5 - <unknown>
[INFO] [stdout]   21:     0x64c15b8c29e4 - <unknown>
[INFO] [stdout]   22:     0x64c15b8cc182 - <unknown>
[INFO] [stdout]   23:     0x64c15bf143df - <unknown>
[INFO] [stdout]   24:     0x7befd5234dfa - <unknown>
[INFO] [stdout]   25:     0x7befd52c83d4 - clone
[INFO] [stdout]   26:                0x0 - <unknown>
[INFO] [stdout] 
[INFO] [stdout] ---- code_collision_labels_fail_before_session_creation stdout ----
[INFO] [stdout] wdyt listening on http://localhost:60416
[INFO] [stdout] 
[INFO] [stdout] thread 'code_collision_labels_fail_before_session_creation' (6802) panicked at tests/cli_skill.rs:108:5:
[INFO] [stdout] binary not found at /opt/rustwide/target/release/build/wdyt/eab6027a4082b58e/wdyt; run `cargo build` first
[INFO] [stdout] stack backtrace:
[INFO] [stdout]    0:     0x64c15bf15471 - <unknown>
[INFO] [stdout]    1:     0x64c15bf2d10a - <unknown>
[INFO] [stdout]    2:     0x64c15bf1acec - <unknown>
[INFO] [stdout]    3:     0x64c15beed8e6 - <unknown>
[INFO] [stdout]    4:     0x64c15bf0c2d9 - <unknown>
[INFO] [stdout]    5:     0x64c15b8c8ad0 - <unknown>
[INFO] [stdout]    6:     0x64c15bf0c602 - <unknown>
[INFO] [stdout]    7:     0x64c15beed992 - <unknown>
[INFO] [stdout]    8:     0x64c15bee5c89 - <unknown>
[INFO] [stdout]    9:     0x64c15beee98d - <unknown>
[INFO] [stdout]   10:     0x64c15bf2d86c - <unknown>
[INFO] [stdout]   11:     0x64c15b843d43 - <unknown>
[INFO] [stdout]   12:     0x64c15b83c98d - <unknown>
[INFO] [stdout]   13:     0x64c15b86e0c3 - <unknown>
[INFO] [stdout]   14:     0x64c15b87e68c - <unknown>
[INFO] [stdout]   15:     0x64c15b86e937 - <unknown>
[INFO] [stdout]   16:     0x64c15b8ac0db - <unknown>
[INFO] [stdout]   17:     0x64c15b8a0bd5 - <unknown>
[INFO] [stdout]   18:     0x64c15b846fce - <unknown>
[INFO] [stdout]   19:     0x64c15b8bbf1b - <unknown>
[INFO] [stdout]   20:     0x64c15b8c90f5 - <unknown>
[INFO] [stdout]   21:     0x64c15b8c29e4 - <unknown>
[INFO] [stdout]   22:     0x64c15b8cc182 - <unknown>
[INFO] [stdout]   23:     0x64c15bf143df - <unknown>
[INFO] [stdout]   24:     0x7befd5234dfa - <unknown>
[INFO] [stdout]   25:     0x7befd52c83d4 - clone
[INFO] [stdout]   26:                0x0 - <unknown>
[INFO] [stdout] 
[INFO] [stdout] ---- inbox_help_mentions_ack_based_filtering stdout ----
[INFO] [stdout] 
[INFO] [stdout] thread 'inbox_help_mentions_ack_based_filtering' (6822) panicked at tests/cli_skill.rs:108:5:
[INFO] [stdout] binary not found at /opt/rustwide/target/release/build/wdyt/eab6027a4082b58e/wdyt; run `cargo build` first
[INFO] [stdout] stack backtrace:
[INFO] [stdout]    0:     0x64c15bf15471 - <unknown>
[INFO] [stdout]    1:     0x64c15bf2d10a - <unknown>
[INFO] [stdout]    2:     0x64c15bf1acec - <unknown>
[INFO] [stdout]    3:     0x64c15beed8e6 - <unknown>
[INFO] [stdout]    4:     0x64c15bf0c2d9 - <unknown>
[INFO] [stdout]    5:     0x64c15b8c8ad0 - <unknown>
[INFO] [stdout]    6:     0x64c15bf0c602 - <unknown>
[INFO] [stdout]    7:     0x64c15beed992 - <unknown>
[INFO] [stdout]    8:     0x64c15bee5c89 - <unknown>
[INFO] [stdout]    9:     0x64c15beee98d - <unknown>
[INFO] [stdout]   10:     0x64c15bf2d86c - <unknown>
[INFO] [stdout]   11:     0x64c15b843d43 - <unknown>
[INFO] [stdout]   12:     0x64c15b837bf5 - <unknown>
[INFO] [stdout]   13:     0x64c15b86e0c3 - <unknown>
[INFO] [stdout]   14:     0x64c15b87e68c - <unknown>
[INFO] [stdout]   15:     0x64c15b86e937 - <unknown>
[INFO] [stdout]   16:     0x64c15b8ac0db - <unknown>
[INFO] [stdout]   17:     0x64c15b8a0bd5 - <unknown>
[INFO] [stdout]   18:     0x64c15b8465fe - <unknown>
[INFO] [stdout]   19:     0x64c15b8bbf1b - <unknown>
[INFO] [stdout]   20:     0x64c15b8c90f5 - <unknown>
[INFO] [stdout]   21:     0x64c15b8c29e4 - <unknown>
[INFO] [stdout]   22:     0x64c15b8cc182 - <unknown>
[INFO] [stdout]   23:     0x64c15bf143df - <unknown>
[INFO] [stdout]   24:     0x7befd5234dfa - <unknown>
[INFO] [stdout]   25:     0x7befd52c83d4 - clone
[INFO] [stdout]   26:                0x0 - <unknown>
[INFO] [stdout] 
[INFO] [stdout] ---- recv_help_mentions_exit_2_and_recovery stdout ----
[INFO] [stdout] 
[INFO] [stdout] thread 'recv_help_mentions_exit_2_and_recovery' (6824) panicked at tests/cli_skill.rs:108:5:
[INFO] [stdout] binary not found at /opt/rustwide/target/release/build/wdyt/eab6027a4082b58e/wdyt; run `cargo build` first
[INFO] [stdout] stack backtrace:
[INFO] [stdout]    0:     0x64c15bf15471 - <unknown>
[INFO] [stdout]    1:     0x64c15bf2d10a - <unknown>
[INFO] [stdout]    2:     0x64c15bf1acec - <unknown>
[INFO] [stdout]    3:     0x64c15beed8e6 - <unknown>
[INFO] [stdout]    4:     0x64c15bf0c2d9 - <unknown>
[INFO] [stdout]    5:     0x64c15b8c8ad0 - <unknown>
[INFO] [stdout]    6:     0x64c15bf0c602 - <unknown>
[INFO] [stdout]    7:     0x64c15beed992 - <unknown>
[INFO] [stdout]    8:     0x64c15bee5c89 - <unknown>
[INFO] [stdout]    9:     0x64c15beee98d - <unknown>
[INFO] [stdout]   10:     0x64c15bf2d86c - <unknown>
[INFO] [stdout]   11:     0x64c15b843d43 - <unknown>
[INFO] [stdout]   12:     0x64c15b837756 - <unknown>
[INFO] [stdout]   13:     0x64c15b86e0c3 - <unknown>
[INFO] [stdout]   14:     0x64c15b87e68c - <unknown>
[INFO] [stdout]   15:     0x64c15b86e937 - <unknown>
[INFO] [stdout]   16:     0x64c15b8ac0db - <unknown>
[INFO] [stdout]   17:     0x64c15b8a0bd5 - <unknown>
[INFO] [stdout]   18:     0x64c15b84649e - <unknown>
[INFO] [stdout]   19:     0x64c15b8bbf1b - <unknown>
[INFO] [stdout]   20:     0x64c15b8c90f5 - <unknown>
[INFO] [stdout]   21:     0x64c15b8c29e4 - <unknown>
[INFO] [stdout]   22:     0x64c15b8cc182 - <unknown>
[INFO] [stdout]   23:     0x64c15bf143df - <unknown>
[INFO] [stdout]   24:     0x7befd5234dfa - <unknown>
[INFO] [stdout]   25:     0x7befd52c83d4 - clone
[INFO] [stdout]   26:                0x0 - <unknown>
[INFO] [stdout] 
[INFO] [stdout] ---- collect_stderr_shows_ack_guidance stdout ----
[INFO] [stdout] wdyt listening on http://localhost:60424
[INFO] [stdout] 
[INFO] [stdout] thread 'collect_stderr_shows_ack_guidance' (6808) panicked at tests/cli_skill.rs:108:5:
[INFO] [stdout] binary not found at /opt/rustwide/target/release/build/wdyt/eab6027a4082b58e/wdyt; run `cargo build` first
[INFO] [stdout] stack backtrace:
[INFO] [stdout]    0:     0x64c15bf15471 - <unknown>
[INFO] [stderr] error: test failed, to rerun pass `--test cli_skill`
[INFO] [stdout]    1:     0x64c15bf2d10a - <unknown>
[INFO] [stdout]    2:     0x64c15bf1acec - <unknown>
[INFO] [stdout]    3:     0x64c15beed8e6 - <unknown>
[INFO] [stdout]    4:     0x64c15bf0c2d9 - <unknown>
[INFO] [stdout]    5:     0x64c15b8c8ad0 - <unknown>
[INFO] [stdout]    6:     0x64c15bf0c602 - <unknown>
[INFO] [stdout]    7:     0x64c15beed992 - <unknown>
[INFO] [stdout]    8:     0x64c15bee5c89 - <unknown>
[INFO] [stdout]    9:     0x64c15beee98d - <unknown>
[INFO] [stdout]   10:     0x64c15bf2d86c - <unknown>
[INFO] [stdout]   11:     0x64c15b843d43 - <unknown>
[INFO] [stdout]   12:     0x64c15b83452e - <unknown>
[INFO] [stdout]   13:     0x64c15b86e0c3 - <unknown>
[INFO] [stdout]   14:     0x64c15b87e68c - <unknown>
[INFO] [stdout]   15:     0x64c15b86e937 - <unknown>
[INFO] [stdout]   16:     0x64c15b8ac0db - <unknown>
[INFO] [stdout]   17:     0x64c15b8a0bd5 - <unknown>
[INFO] [stdout]   18:     0x64c15b84568e - <unknown>
[INFO] [stdout]   19:     0x64c15b8bbf1b - <unknown>
[INFO] [stdout]   20:     0x64c15b8c90f5 - <unknown>
[INFO] [stdout]   21:     0x64c15b8c29e4 - <unknown>
[INFO] [stdout]   22:     0x64c15b8cc182 - <unknown>
[INFO] [stdout]   23:     0x64c15bf143df - <unknown>
[INFO] [stdout]   24:     0x7befd5234dfa - <unknown>
[INFO] [stdout]   25:     0x7befd52c83d4 - clone
[INFO] [stdout]   26:                0x0 - <unknown>
[INFO] [stdout] 
[INFO] [stdout] ---- root_help_contains_workflow_section stdout ----
[INFO] [stdout] 
[INFO] [stdout] thread 'root_help_contains_workflow_section' (6825) panicked at tests/cli_skill.rs:108:5:
[INFO] [stdout] binary not found at /opt/rustwide/target/release/build/wdyt/eab6027a4082b58e/wdyt; run `cargo build` first
[INFO] [stdout] stack backtrace:
[INFO] [stdout]    0:     0x64c15bf15471 - <unknown>
[INFO] [stdout]    1:     0x64c15bf2d10a - <unknown>
[INFO] [stdout]    2:     0x64c15bf1acec - <unknown>
[INFO] [stdout]    3:     0x64c15beed8e6 - <unknown>
[INFO] [stdout]    4:     0x64c15bf0c2d9 - <unknown>
[INFO] [stdout]    5:     0x64c15b8c8ad0 - <unknown>
[INFO] [stdout]    6:     0x64c15bf0c602 - <unknown>
[INFO] [stdout]    7:     0x64c15beed992 - <unknown>
[INFO] [stdout]    8:     0x64c15bee5c89 - <unknown>
[INFO] [stdout]    9:     0x64c15beee98d - <unknown>
[INFO] [stdout]   10:     0x64c15bf2d86c - <unknown>
[INFO] [stdout]   11:     0x64c15b843d43 - <unknown>
[INFO] [stdout]   12:     0x64c15b84576c - <unknown>
[INFO] [stdout]   13:     0x64c15b8bbf1b - <unknown>
[INFO] [stdout]   14:     0x64c15b8c90f5 - <unknown>
[INFO] [stdout]   15:     0x64c15b8c29e4 - <unknown>
[INFO] [stdout]   16:     0x64c15b8cc182 - <unknown>
[INFO] [stdout]   17:     0x64c15bf143df - <unknown>
[INFO] [stdout]   18:     0x7befd5234dfa - <unknown>
[INFO] [stdout]   19:     0x7befd52c83d4 - clone
[INFO] [stdout]   20:                0x0 - <unknown>
[INFO] [stdout] 
[INFO] [stdout] ---- skill_installs_all_three_skills_for_supported_agents stdout ----
[INFO] [stdout] 
[INFO] [stdout] thread 'skill_installs_all_three_skills_for_supported_agents' (6826) panicked at tests/cli_skill.rs:108:5:
[INFO] [stdout] binary not found at /opt/rustwide/target/release/build/wdyt/eab6027a4082b58e/wdyt; run `cargo build` first
[INFO] [stdout] stack backtrace:
[INFO] [stdout]    0:     0x64c15bf15471 - <unknown>
[INFO] [stdout]    1:     0x64c15bf2d10a - <unknown>
[INFO] [stdout]    2:     0x64c15bf1acec - <unknown>
[INFO] [stdout]    3:     0x64c15beed8e6 - <unknown>
[INFO] [stdout]    4:     0x64c15bf0c2d9 - <unknown>
[INFO] [stdout]    5:     0x64c15b8c8ad0 - <unknown>
[INFO] [stdout]    6:     0x64c15bf0c602 - <unknown>
[INFO] [stdout]    7:     0x64c15beed992 - <unknown>
[INFO] [stdout]    8:     0x64c15bee5c89 - <unknown>
[INFO] [stdout]    9:     0x64c15beee98d - <unknown>
[INFO] [stdout]   10:     0x64c15bf2d86c - <unknown>
[INFO] [stdout]   11:     0x64c15b843d43 - <unknown>
[INFO] [stdout]   12:     0x64c15b847504 - <unknown>
[INFO] [stdout]   13:     0x64c15b8bbf1b - <unknown>
[INFO] [stdout]   14:     0x64c15b8c90f5 - <unknown>
[INFO] [stdout]   15:     0x64c15b8c29e4 - <unknown>
[INFO] [stdout]   16:     0x64c15b8cc182 - <unknown>
[INFO] [stdout]   17:     0x64c15bf143df - <unknown>
[INFO] [stdout]   18:     0x7befd5234dfa - <unknown>
[INFO] [stdout]   19:     0x7befd52c83d4 - clone
[INFO] [stdout]   20:                0x0 - <unknown>
[INFO] [stdout] 
[INFO] [stdout] ---- diff_session_page_anchors_match_stderr_output stdout ----
[INFO] [stdout] wdyt listening on http://localhost:60440
[INFO] [stdout] 
[INFO] [stdout] thread 'diff_session_page_anchors_match_stderr_output' (6812) panicked at tests/cli_skill.rs:108:5:
[INFO] [stdout] binary not found at /opt/rustwide/target/release/build/wdyt/eab6027a4082b58e/wdyt; run `cargo build` first
[INFO] [stdout] stack backtrace:
[INFO] [stdout]    0:     0x64c15bf15471 - <unknown>
[INFO] [stdout]    1:     0x64c15bf2d10a - <unknown>
[INFO] [stdout]    2:     0x64c15bf1acec - <unknown>
[INFO] [stdout]    3:     0x64c15beed8e6 - <unknown>
[INFO] [stdout]    4:     0x64c15bf0c2d9 - <unknown>
[INFO] [stdout]    5:     0x64c15b8c8ad0 - <unknown>
[INFO] [stdout]    6:     0x64c15bf0c602 - <unknown>
[INFO] [stdout]    7:     0x64c15beed992 - <unknown>
[INFO] [stdout]    8:     0x64c15bee5c89 - <unknown>
[INFO] [stdout]    9:     0x64c15beee98d - <unknown>
[INFO] [stdout]   10:     0x64c15bf2d86c - <unknown>
[INFO] [stdout]   11:     0x64c15b843d43 - <unknown>
[INFO] [stdout]   12:     0x64c15b83a4e1 - <unknown>
[INFO] [stdout]   13:     0x64c15b86e0c3 - <unknown>
[INFO] [stdout]   14:     0x64c15b87e68c - <unknown>
[INFO] [stdout]   15:     0x64c15b86e937 - <unknown>
[INFO] [stdout]   16:     0x64c15b8ac0db - <unknown>
[INFO] [stdout]   17:     0x64c15b8a0bd5 - <unknown>
[INFO] [stdout]   18:     0x64c15b846d0e - <unknown>
[INFO] [stdout]   19:     0x64c15b8bbf1b - <unknown>
[INFO] [stdout]   20:     0x64c15b8c90f5 - <unknown>
[INFO] [stdout]   21:     0x64c15b8c29e4 - <unknown>
[INFO] [stdout]   22:     0x64c15b8cc182 - <unknown>
[INFO] [stdout]   23:     0x64c15bf143df - <unknown>
[INFO] [stdout]   24:     0x7befd5234dfa - <unknown>
[INFO] [stdout]   25:     0x7befd52c83d4 - clone
[INFO] [stdout]   26:                0x0 - <unknown>
[INFO] [stdout] 
[INFO] [stdout] ---- diff_session_prints_anchors_to_stderr stdout ----
[INFO] [stdout] wdyt listening on http://localhost:60448
[INFO] [stdout] 
[INFO] [stdout] thread 'diff_session_prints_anchors_to_stderr' (6813) panicked at tests/cli_skill.rs:108:5:
[INFO] [stdout] binary not found at /opt/rustwide/target/release/build/wdyt/eab6027a4082b58e/wdyt; run `cargo build` first
[INFO] [stdout] stack backtrace:
[INFO] [stdout]    0:     0x64c15bf15471 - <unknown>
[INFO] [stdout]    1:     0x64c15bf2d10a - <unknown>
[INFO] [stdout]    2:     0x64c15bf1acec - <unknown>
[INFO] [stdout]    3:     0x64c15beed8e6 - <unknown>
[INFO] [stdout]    4:     0x64c15bf0c2d9 - <unknown>
[INFO] [stdout]    5:     0x64c15b8c8ad0 - <unknown>
[INFO] [stdout]    6:     0x64c15bf0c602 - <unknown>
[INFO] [stdout]    7:     0x64c15beed992 - <unknown>
[INFO] [stdout]    8:     0x64c15bee5c89 - <unknown>
[INFO] [stdout]    9:     0x64c15beee98d - <unknown>
[INFO] [stdout]   10:     0x64c15bf2d86c - <unknown>
[INFO] [stdout]   11:     0x64c15b843d43 - <unknown>
[INFO] [stdout]   12:     0x64c15b836674 - <unknown>
[INFO] [stdout]   13:     0x64c15b86e0c3 - <unknown>
[INFO] [stdout]   14:     0x64c15b87e68c - <unknown>
[INFO] [stdout]   15:     0x64c15b86e937 - <unknown>
[INFO] [stdout]   16:     0x64c15b8ac0db - <unknown>
[INFO] [stdout]   17:     0x64c15b8a0bd5 - <unknown>
[INFO] [stdout]   18:     0x64c15b84612e - <unknown>
[INFO] [stdout]   19:     0x64c15b8bbf1b - <unknown>
[INFO] [stdout]   20:     0x64c15b8c90f5 - <unknown>
[INFO] [stdout]   21:     0x64c15b8c29e4 - <unknown>
[INFO] [stdout]   22:     0x64c15b8cc182 - <unknown>
[INFO] [stdout]   23:     0x64c15bf143df - <unknown>
[INFO] [stdout]   24:     0x7befd5234dfa - <unknown>
[INFO] [stdout]   25:     0x7befd52c83d4 - clone
[INFO] [stdout]   26:                0x0 - <unknown>
[INFO] [stdout] 
[INFO] [stdout] ---- docs_collision_labels_fail_before_session_creation stdout ----
[INFO] [stdout] wdyt listening on http://localhost:60456
[INFO] [stdout] 
[INFO] [stdout] thread 'docs_collision_labels_fail_before_session_creation' (6814) panicked at tests/cli_skill.rs:108:5:
[INFO] [stdout] binary not found at /opt/rustwide/target/release/build/wdyt/eab6027a4082b58e/wdyt; run `cargo build` first
[INFO] [stdout] stack backtrace:
[INFO] [stdout]    0:     0x64c15bf15471 - <unknown>
[INFO] [stdout]    1:     0x64c15bf2d10a - <unknown>
[INFO] [stdout]    2:     0x64c15bf1acec - <unknown>
[INFO] [stdout]    3:     0x64c15beed8e6 - <unknown>
[INFO] [stdout]    4:     0x64c15bf0c2d9 - <unknown>
[INFO] [stdout]    5:     0x64c15b8c8ad0 - <unknown>
[INFO] [stdout]    6:     0x64c15bf0c602 - <unknown>
[INFO] [stdout]    7:     0x64c15beed992 - <unknown>
[INFO] [stdout]    8:     0x64c15bee5c89 - <unknown>
[INFO] [stdout]    9:     0x64c15beee98d - <unknown>
[INFO] [stdout]   10:     0x64c15bf2d86c - <unknown>
[INFO] [stdout]   11:     0x64c15b843d43 - <unknown>
[INFO] [stdout]   12:     0x64c15b83df7d - <unknown>
[INFO] [stdout]   13:     0x64c15b86e0c3 - <unknown>
[INFO] [stdout]   14:     0x64c15b87e68c - <unknown>
[INFO] [stdout]   15:     0x64c15b86e937 - <unknown>
[INFO] [stdout]   16:     0x64c15b8ac0db - <unknown>
[INFO] [stdout]   17:     0x64c15b8a0bd5 - <unknown>
[INFO] [stdout]   18:     0x64c15b84728e - <unknown>
[INFO] [stdout]   19:     0x64c15b8bbf1b - <unknown>
[INFO] [stdout]   20:     0x64c15b8c90f5 - <unknown>
[INFO] [stdout]   21:     0x64c15b8c29e4 - <unknown>
[INFO] [stdout]   22:     0x64c15b8cc182 - <unknown>
[INFO] [stdout]   23:     0x64c15bf143df - <unknown>
[INFO] [stdout]   24:     0x7befd5234dfa - <unknown>
[INFO] [stdout]   25:     0x7befd52c83d4 - clone
[INFO] [stdout]   26:                0x0 - <unknown>
[INFO] [stdout] 
[INFO] [stdout] ---- docs_session_page_anchors_match_stderr_output stdout ----
[INFO] [stdout] wdyt listening on http://localhost:60472
[INFO] [stdout] 
[INFO] [stdout] thread 'docs_session_page_anchors_match_stderr_output' (6815) panicked at tests/cli_skill.rs:108:5:
[INFO] [stdout] binary not found at /opt/rustwide/target/release/build/wdyt/eab6027a4082b58e/wdyt; run `cargo build` first
[INFO] [stdout] stack backtrace:
[INFO] [stdout]    0:     0x64c15bf15471 - <unknown>
[INFO] [stdout]    1:     0x64c15bf2d10a - <unknown>
[INFO] [stdout]    2:     0x64c15bf1acec - <unknown>
[INFO] [stdout]    3:     0x64c15beed8e6 - <unknown>
[INFO] [stdout]    4:     0x64c15bf0c2d9 - <unknown>
[INFO] [stdout]    5:     0x64c15b8c8ad0 - <unknown>
[INFO] [stdout]    6:     0x64c15bf0c602 - <unknown>
[INFO] [stdout]    7:     0x64c15beed992 - <unknown>
[INFO] [stdout]    8:     0x64c15bee5c89 - <unknown>
[INFO] [stdout]    9:     0x64c15beee98d - <unknown>
[INFO] [stdout]   10:     0x64c15bf2d86c - <unknown>
[INFO] [stdout]   11:     0x64c15b843d43 - <unknown>
[INFO] [stdout]   12:     0x64c15b83b6a3 - <unknown>
[INFO] [stdout]   13:     0x64c15b86e0c3 - <unknown>
[INFO] [stdout]   14:     0x64c15b87e68c - <unknown>
[INFO] [stdout]   15:     0x64c15b86e937 - <unknown>
[INFO] [stdout]   16:     0x64c15b8ac0db - <unknown>
[INFO] [stdout]   17:     0x64c15b8a0bd5 - <unknown>
[INFO] [stdout]   18:     0x64c15b846e6e - <unknown>
[INFO] [stdout]   19:     0x64c15b8bbf1b - <unknown>
[INFO] [stdout]   20:     0x64c15b8c90f5 - <unknown>
[INFO] [stdout]   21:     0x64c15b8c29e4 - <unknown>
[INFO] [stdout]   22:     0x64c15b8cc182 - <unknown>
[INFO] [stdout]   23:     0x64c15bf143df - <unknown>
[INFO] [stdout]   24:     0x7befd5234dfa - <unknown>
[INFO] [stdout]   25:     0x7befd52c83d4 - clone
[INFO] [stdout]   26:                0x0 - <unknown>
[INFO] [stdout] 
[INFO] [stdout] ---- docs_session_prints_anchors_to_stderr stdout ----
[INFO] [stdout] wdyt listening on http://localhost:60464
[INFO] [stdout] 
[INFO] [stdout] thread 'docs_session_prints_anchors_to_stderr' (6816) panicked at tests/cli_skill.rs:108:5:
[INFO] [stdout] binary not found at /opt/rustwide/target/release/build/wdyt/eab6027a4082b58e/wdyt; run `cargo build` first
[INFO] [stdout] stack backtrace:
[INFO] [stdout]    0:     0x64c15bf15471 - <unknown>
[INFO] [stdout]    1:     0x64c15bf2d10a - <unknown>
[INFO] [stdout]    2:     0x64c15bf1acec - <unknown>
[INFO] [stdout]    3:     0x64c15beed8e6 - <unknown>
[INFO] [stdout]    4:     0x64c15bf0c2d9 - <unknown>
[INFO] [stdout]    5:     0x64c15b8c8ad0 - <unknown>
[INFO] [stdout]    6:     0x64c15bf0c602 - <unknown>
[INFO] [stdout]    7:     0x64c15beed992 - <unknown>
[INFO] [stdout]    8:     0x64c15bee5c89 - <unknown>
[INFO] [stdout]    9:     0x64c15beee98d - <unknown>
[INFO] [stdout]   10:     0x64c15bf2d86c - <unknown>
[INFO] [stdout]   11:     0x64c15b843d43 - <unknown>
[INFO] [stdout]   12:     0x64c15b836f83 - <unknown>
[INFO] [stdout]   13:     0x64c15b86e0c3 - <unknown>
[INFO] [stdout]   14:     0x64c15b87e68c - <unknown>
[INFO] [stdout]   15:     0x64c15b86e937 - <unknown>
[INFO] [stdout]   16:     0x64c15b8ac0db - <unknown>
[INFO] [stdout]   17:     0x64c15b8a0bd5 - <unknown>
[INFO] [stdout]   18:     0x64c15b84628e - <unknown>
[INFO] [stdout]   19:     0x64c15b8bbf1b - <unknown>
[INFO] [stdout]   20:     0x64c15b8c90f5 - <unknown>
[INFO] [stdout]   21:     0x64c15b8c29e4 - <unknown>
[INFO] [stdout]   22:     0x64c15b8cc182 - <unknown>
[INFO] [stdout]   23:     0x64c15bf143df - <unknown>
[INFO] [stdout]   24:     0x7befd5234dfa - <unknown>
[INFO] [stdout]   25:     0x7befd52c83d4 - clone
[INFO] [stdout]   26:                0x0 - <unknown>
[INFO] [stdout] 
[INFO] [stdout] ---- standalone_recv_success_prints_collect_and_ack_guidance stdout ----
[INFO] [stdout] wdyt listening on http://localhost:60488
[INFO] [stdout] 
[INFO] [stdout] thread 'standalone_recv_success_prints_collect_and_ack_guidance' (6827) panicked at tests/cli_skill.rs:108:5:
[INFO] [stdout] binary not found at /opt/rustwide/target/release/build/wdyt/eab6027a4082b58e/wdyt; run `cargo build` first
[INFO] [stdout] stack backtrace:
[INFO] [stdout]    0:     0x64c15bf15471 - <unknown>
[INFO] [stdout]    1:     0x64c15bf2d10a - <unknown>
[INFO] [stdout]    2:     0x64c15bf1acec - <unknown>
[INFO] [stdout]    3:     0x64c15beed8e6 - <unknown>
[INFO] [stdout]    4:     0x64c15bf0c2d9 - <unknown>
[INFO] [stdout]    5:     0x64c15b8c8ad0 - <unknown>
[INFO] [stdout]    6:     0x64c15bf0c602 - <unknown>
[INFO] [stdout]    7:     0x64c15beed992 - <unknown>
[INFO] [stdout]    8:     0x64c15bee5c89 - <unknown>
[INFO] [stdout]    9:     0x64c15beee98d - <unknown>
[INFO] [stdout]   10:     0x64c15bf2d86c - <unknown>
[INFO] [stdout]   11:     0x64c15b843d43 - <unknown>
[INFO] [stdout]   12:     0x64c15b83fdf2 - <unknown>
[INFO] [stdout]   13:     0x64c15b86e0c3 - <unknown>
[INFO] [stdout]   14:     0x64c15b87e68c - <unknown>
[INFO] [stdout]   15:     0x64c15b86e937 - <unknown>
[INFO] [stdout]   16:     0x64c15b8ac0db - <unknown>
[INFO] [stdout]   17:     0x64c15b8a0bd5 - <unknown>
[INFO] [stdout]   18:     0x64c15b8480fe - <unknown>
[INFO] [stdout]   19:     0x64c15b8bbf1b - <unknown>
[INFO] [stdout]   20:     0x64c15b8c90f5 - <unknown>
[INFO] [stdout]   21:     0x64c15b8c29e4 - <unknown>
[INFO] [stdout]   22:     0x64c15b8cc182 - <unknown>
[INFO] [stdout]   23:     0x64c15bf143df - <unknown>
[INFO] [stdout]   24:     0x7befd5234dfa - <unknown>
[INFO] [stdout]   25:     0x7befd52c83d4 - clone
[INFO] [stdout]   26:                0x0 - <unknown>
[INFO] [stdout] 
[INFO] [stdout] ---- stdout_never_contains_coaching_text stdout ----
[INFO] [stdout] wdyt listening on http://localhost:60496
[INFO] [stdout] 
[INFO] [stdout] thread 'stdout_never_contains_coaching_text' (6828) panicked at tests/cli_skill.rs:108:5:
[INFO] [stdout] binary not found at /opt/rustwide/target/release/build/wdyt/eab6027a4082b58e/wdyt; run `cargo build` first
[INFO] [stdout] stack backtrace:
[INFO] [stdout]    0:     0x64c15bf15471 - <unknown>
[INFO] [stdout]    1:     0x64c15bf2d10a - <unknown>
[INFO] [stdout]    2:     0x64c15bf1acec - <unknown>
[INFO] [stdout]    3:     0x64c15beed8e6 - <unknown>
[INFO] [stdout]    4:     0x64c15bf0c2d9 - <unknown>
[INFO] [stdout]    5:     0x64c15b8c8ad0 - <unknown>
[INFO] [stdout]    6:     0x64c15bf0c602 - <unknown>
[INFO] [stdout]    7:     0x64c15beed992 - <unknown>
[INFO] [stdout]    8:     0x64c15bee5c89 - <unknown>
[INFO] [stdout]    9:     0x64c15beee98d - <unknown>
[INFO] [stdout]   10:     0x64c15bf2d86c - <unknown>
[INFO] [stdout]   11:     0x64c15b843d43 - <unknown>
[INFO] [stdout]   12:     0x64c15b834f51 - <unknown>
[INFO] [stdout]   13:     0x64c15b86e0c3 - <unknown>
[INFO] [stdout]   14:     0x64c15b87e68c - <unknown>
[INFO] [stdout]   15:     0x64c15b86e937 - <unknown>
[INFO] [stdout]   16:     0x64c15b8ac0db - <unknown>
[INFO] [stdout]   17:     0x64c15b8a0bd5 - <unknown>
[INFO] [stdout]   18:     0x64c15b845b9e - <unknown>
[INFO] [stdout]   19:     0x64c15b8bbf1b - <unknown>
[INFO] [stdout]   20:     0x64c15b8c90f5 - <unknown>
[INFO] [stdout]   21:     0x64c15b8c29e4 - <unknown>
[INFO] [stdout]   22:     0x64c15b8cc182 - <unknown>
[INFO] [stdout]   23:     0x64c15bf143df - <unknown>
[INFO] [stdout]   24:     0x7befd5234dfa - <unknown>
[INFO] [stdout]   25:     0x7befd52c83d4 - clone
[INFO] [stdout]   26:                0x0 - <unknown>
[INFO] [stdout] 
[INFO] [stdout] ---- ordinary_non_colliding_code_session_preserves_anchors stdout ----
[INFO] [stdout] wdyt listening on http://localhost:60480
[INFO] [stdout] 
[INFO] [stdout] thread 'ordinary_non_colliding_code_session_preserves_anchors' (6823) panicked at tests/cli_skill.rs:108:5:
[INFO] [stdout] binary not found at /opt/rustwide/target/release/build/wdyt/eab6027a4082b58e/wdyt; run `cargo build` first
[INFO] [stdout] stack backtrace:
[INFO] [stdout]    0:     0x64c15bf15471 - <unknown>
[INFO] [stdout]    1:     0x64c15bf2d10a - <unknown>
[INFO] [stdout]    2:     0x64c15bf1acec - <unknown>
[INFO] [stdout]    3:     0x64c15beed8e6 - <unknown>
[INFO] [stdout]    4:     0x64c15bf0c2d9 - <unknown>
[INFO] [stdout]    5:     0x64c15b8c8ad0 - <unknown>
[INFO] [stdout]    6:     0x64c15bf0c602 - <unknown>
[INFO] [stdout]    7:     0x64c15beed992 - <unknown>
[INFO] [stdout]    8:     0x64c15bee5c89 - <unknown>
[INFO] [stdout]    9:     0x64c15beee98d - <unknown>
[INFO] [stdout]   10:     0x64c15bf2d86c - <unknown>
[INFO] [stdout]   11:     0x64c15b843d43 - <unknown>
[INFO] [stdout]   12:     0x64c15b83efc9 - <unknown>
[INFO] [stdout]   13:     0x64c15b86e0c3 - <unknown>
[INFO] [stdout]   14:     0x64c15b87e68c - <unknown>
[INFO] [stdout]   15:     0x64c15b86e937 - <unknown>
[INFO] [stdout]   16:     0x64c15b8ac0db - <unknown>
[INFO] [stdout]   17:     0x64c15b8a0bd5 - <unknown>
[INFO] [stdout]   18:     0x64c15b847f9e - <unknown>
[INFO] [stdout]   19:     0x64c15b8bbf1b - <unknown>
[INFO] [stdout]   20:     0x64c15b8c90f5 - <unknown>
[INFO] [stdout]   21:     0x64c15b8c29e4 - <unknown>
[INFO] [stdout]   22:     0x64c15b8cc182 - <unknown>
[INFO] [stdout]   23:     0x64c15bf143df - <unknown>
[INFO] [stdout]   24:     0x7befd5234dfa - <unknown>
[INFO] [stdout]   25:     0x7befd52c83d4 - clone
[INFO] [stdout]   26:                0x0 - <unknown>
[INFO] [stdout] 
[INFO] [stdout] 
[INFO] [stdout] failures:
[INFO] [stdout]     ack_help_mentions_receipt
[INFO] [stdout]     brief_arg_help_shows_anchor_examples
[INFO] [stdout]     code_collision_labels_fail_before_session_creation
[INFO] [stdout]     code_session_page_anchors_match_stderr_output
[INFO] [stdout]     code_session_prints_anchors_to_stderr
[INFO] [stdout]     collect_comments_only_does_not_suggest_ack
[INFO] [stdout]     collect_help_describes_target_for_markdown_comments
[INFO] [stdout]     collect_help_mentions_json_shape
[INFO] [stdout]     collect_stderr_shows_ack_guidance
[INFO] [stdout]     create_code_help_has_creation_options_only
[INFO] [stdout]     diff_collision_labels_fail_before_session_creation
[INFO] [stdout]     diff_help_mentions_stdin_caveat
[INFO] [stdout]     diff_session_page_anchors_match_stderr_output
[INFO] [stdout]     diff_session_prints_anchors_to_stderr
[INFO] [stdout]     docs_collision_labels_fail_before_session_creation
[INFO] [stdout]     docs_session_page_anchors_match_stderr_output
[INFO] [stdout]     docs_session_prints_anchors_to_stderr
[INFO] [stdout]     inbox_help_mentions_ack_based_filtering
[INFO] [stdout]     ordinary_non_colliding_code_session_preserves_anchors
[INFO] [stdout]     recv_help_mentions_exit_2_and_recovery
[INFO] [stdout]     root_help_contains_workflow_section
[INFO] [stdout]     skill_installs_all_three_skills_for_supported_agents
[INFO] [stdout]     standalone_recv_success_prints_collect_and_ack_guidance
[INFO] [stdout]     stdout_never_contains_coaching_text
[INFO] [stdout] 
[INFO] [stdout] test result: FAILED. 5 passed; 24 failed; 0 ignored; 0 measured; 0 filtered out; finished in 0.53s
[INFO] [stdout] 
[INFO] running `Command { std: "docker" "inspect" "be88fb289564c4a3f9260eab1dc58ae5124bbe6b1c8bc2e73b5fb478e3fdf1b8", kill_on_drop: false }`
[INFO] running `Command { std: "docker" "rm" "-f" "be88fb289564c4a3f9260eab1dc58ae5124bbe6b1c8bc2e73b5fb478e3fdf1b8", kill_on_drop: false }`
[INFO] [stdout] be88fb289564c4a3f9260eab1dc58ae5124bbe6b1c8bc2e73b5fb478e3fdf1b8
