[INFO] cloning repository https://github.com/okooo5km/imagegen
[INFO] running `Command { std: "git" "-c" "credential.helper=" "-c" "credential.helper=/workspace/cargo-home/bin/git-credential-null" "clone" "--bare" "https://github.com/okooo5km/imagegen" "/workspace/cache/git-repos/https%3A%2F%2Fgithub.com%2Fokooo5km%2Fimagegen", kill_on_drop: false }`
[INFO] [stderr] Cloning into bare repository '/workspace/cache/git-repos/https%3A%2F%2Fgithub.com%2Fokooo5km%2Fimagegen'...
[INFO] running `Command { std: "git" "rev-parse" "HEAD", kill_on_drop: false }`
[INFO] [stdout] 14b7416d9bdb099a9479bb2777f74048510c13a9
[INFO] testing okooo5km/imagegen against 1.100.0-beta.1+cargoflags=--release for beta-release-1.100-2
[INFO] running `Command { std: "git" "clone" "/workspace/cache/git-repos/https%3A%2F%2Fgithub.com%2Fokooo5km%2Fimagegen" "/workspace/builds/worker-5-tc2/source", kill_on_drop: false }`
[INFO] [stderr] Cloning into '/workspace/builds/worker-5-tc2/source'...
[INFO] [stderr] done.
[INFO] removed /workspace/builds/worker-5-tc2/source/.cargo/config.toml
[INFO] started tweaking git repo https://github.com/okooo5km/imagegen
[INFO] finished tweaking git repo https://github.com/okooo5km/imagegen
[INFO] tweaked toml for git repo https://github.com/okooo5km/imagegen written to /workspace/builds/worker-5-tc2/source/Cargo.toml
[INFO] validating manifest of git repo https://github.com/okooo5km/imagegen on toolchain 1.100.0-beta.1
[INFO] running `Command { std: CARGO_HOME="/workspace/cargo-home" RUSTUP_HOME="/workspace/rustup-home" "/workspace/cargo-home/bin/cargo" "+1.100.0-beta.1" "metadata" "--manifest-path" "Cargo.toml" "--no-deps", kill_on_drop: false }`
[INFO] crate git repo https://github.com/okooo5km/imagegen already has a lockfile, it will not be regenerated
[INFO] running `Command { std: CARGO_HOME="/workspace/cargo-home" RUSTUP_HOME="/workspace/rustup-home" "/workspace/cargo-home/bin/cargo" "+1.100.0-beta.1" "fetch" "--manifest-path" "Cargo.toml", kill_on_drop: false }`
[INFO] running `Command { std: "docker" "create" "-v" "/var/lib/crater-agent-workspace/builds/worker-5-tc2/source:/opt/rustwide/workdir:ro,Z" "-v" "/var/lib/crater-agent-workspace/builds/worker-5-tc2/target:/opt/rustwide/target:rw,Z" "-v" "/var/lib/crater-agent-workspace/cargo-home:/opt/rustwide/cargo-home:ro,Z" "-v" "/var/lib/crater-agent-workspace/rustup-home:/opt/rustwide/rustup-home:ro,Z" "-m" "1610612736" "--network" "none" "ghcr.io/rust-lang/crates-build-env/linux@sha256:77db811e55d90add9212f6832c23229e3de5f1c1f9905e8cb07319ea15df73ac" "sleep" "infinity", kill_on_drop: false }`
[INFO] [stdout] 7951107c860435032924a011d823acbc2d3dec315049a32df651e09d0cfcabed
[INFO] running `Command { std: "docker" "start" "7951107c860435032924a011d823acbc2d3dec315049a32df651e09d0cfcabed", kill_on_drop: false }`
[INFO] running `Command { std: "docker" "inspect" "7951107c860435032924a011d823acbc2d3dec315049a32df651e09d0cfcabed", kill_on_drop: false }`
[INFO] running `Command { std: "docker" "exec" "-e" "SOURCE_DIR=/opt/rustwide/workdir" "-e" "CARGO_HOME=/opt/rustwide/cargo-home" "-e" "RUSTUP_HOME=/opt/rustwide/rustup-home" "-e" "CARGO_TARGET_DIR=/opt/rustwide/target" "-w" "/opt/rustwide/workdir" "--user" "0:0" "7951107c860435032924a011d823acbc2d3dec315049a32df651e09d0cfcabed" "/opt/rustwide/cargo-home/bin/cargo" "+1.100.0-beta.1" "metadata" "--no-deps" "--format-version=1", kill_on_drop: false }`
[INFO] running `Command { std: "docker" "inspect" "7951107c860435032924a011d823acbc2d3dec315049a32df651e09d0cfcabed", kill_on_drop: false }`
[INFO] running `Command { std: "docker" "exec" "-e" "SOURCE_DIR=/opt/rustwide/workdir" "-e" "CARGO_HOME=/opt/rustwide/cargo-home" "-e" "RUSTUP_HOME=/opt/rustwide/rustup-home" "-e" "CARGO_TARGET_DIR=/opt/rustwide/target" "-e" "CARGO_INCREMENTAL=0" "-e" "RUST_BACKTRACE=full" "-e" "RUSTFLAGS=--cap-lints=warn" "-e" "RUSTDOCFLAGS=--cap-lints=warn" "-w" "/opt/rustwide/workdir" "--user" "0:0" "7951107c860435032924a011d823acbc2d3dec315049a32df651e09d0cfcabed" "/opt/rustwide/cargo-home/bin/cargo" "+1.100.0-beta.1" "build" "--frozen" "--message-format=json" "--release", kill_on_drop: false }`
[INFO] [stderr]    Compiling proc-macro2 v1.0.107
[INFO] [stderr]    Compiling unicode-ident v1.0.24
[INFO] [stderr]    Compiling quote v1.0.47
[INFO] [stderr]    Compiling libc v0.2.189
[INFO] [stderr]    Compiling stable_deref_trait v1.2.1
[INFO] [stderr]    Compiling cfg-if v1.0.4
[INFO] [stderr]    Compiling bytes v1.12.1
[INFO] [stderr]    Compiling find-msvc-tools v0.1.12
[INFO] [stderr]    Compiling pin-project-lite v0.2.17
[INFO] [stderr]    Compiling shlex v2.0.1
[INFO] [stderr]    Compiling futures-core v0.3.34
[INFO] [stderr]    Compiling itoa v1.0.18
[INFO] [stderr]    Compiling litemap v0.8.3
[INFO] [stderr]    Compiling writeable v0.6.4
[INFO] [stderr]    Compiling smallvec v1.16.1
[INFO] [stderr]    Compiling once_cell v1.21.4
[INFO] [stderr]    Compiling icu_properties_data v2.3.0
[INFO] [stderr]    Compiling utf8_iter v1.0.4
[INFO] [stderr]    Compiling serde_core v1.0.229
[INFO] [stderr]    Compiling cc v1.4.5
[INFO] [stderr]    Compiling zeroize v1.9.0
[INFO] [stderr]    Compiling icu_normalizer_data v2.3.0
[INFO] [stderr]    Compiling futures-sink v0.3.34
[INFO] [stderr]    Compiling untrusted v0.9.0
[INFO] [stderr]    Compiling version_check v0.9.5
[INFO] [stderr]    Compiling memchr v2.8.3
[INFO] [stderr]    Compiling futures-task v0.3.34
[INFO] [stderr]    Compiling slab v0.4.12
[INFO] [stderr]    Compiling simd-adler32 v0.3.10
[INFO] [stderr]    Compiling httparse v1.10.1
[INFO] [stderr]    Compiling rustls-pki-types v1.15.1
[INFO] [stderr]    Compiling percent-encoding v2.3.2
[INFO] [stderr]    Compiling bitflags v2.13.2
[INFO] [stderr]    Compiling futures-io v0.3.34
[INFO] [stderr]    Compiling rustls v0.23.45
[INFO] [stderr]    Compiling generic-array v0.14.7
[INFO] [stderr]    Compiling autocfg v1.5.1
[INFO] [stderr]    Compiling tower-service v0.3.3
[INFO] [stderr]    Compiling crc32fast v1.5.1
[INFO] [stderr]    Compiling try-lock v0.2.5
[INFO] [stderr]    Compiling typenum v1.20.1
[INFO] [stderr]    Compiling adler2 v2.0.1
[INFO] [stderr]    Compiling subtle v2.6.1
[INFO] [stderr]    Compiling want v0.3.1
[INFO] [stderr]    Compiling tracing-core v0.1.36
[INFO] [stderr]    Compiling futures-channel v0.3.34
[INFO] [stderr]    Compiling unicase v2.9.0
[INFO] [stderr]    Compiling utf8parse v0.2.2
[INFO] [stderr]    Compiling zmij v1.0.23
[INFO] [stderr]    Compiling atomic-waker v1.1.2
[INFO] [stderr]    Compiling mime_guess v2.0.5
[INFO] [stderr]    Compiling anstyle-parse v1.0.0
[INFO] [stderr]    Compiling num-traits v0.2.19
[INFO] [stderr]    Compiling miniz_oxide v0.9.1
[INFO] [stderr]    Compiling syn v3.0.5
[INFO] [stderr]    Compiling syn v2.0.119
[INFO] [stderr]    Compiling form_urlencoded v1.2.2
[INFO] [stderr]    Compiling sync_wrapper v1.0.2
[INFO] [stderr]    Compiling openssl-probe v0.2.1
[INFO] [stderr]    Compiling futures-util v0.3.34
[INFO] [stderr]    Compiling is_terminal_polyfill v1.70.2
[INFO] [stderr]    Compiling serde v1.0.229
[INFO] [stderr]    Compiling serde_json v1.0.151
[INFO] [stderr]    Compiling anstyle v1.0.14
[INFO] [stderr]    Compiling http v1.5.0
[INFO] [stderr]    Compiling tracing v0.1.44
[INFO] [stderr]    Compiling colorchoice v1.0.5
[INFO] [stderr]    Compiling getrandom v0.4.3
[INFO] [stderr]    Compiling rustix v1.1.4
[INFO] [stderr]    Compiling base64 v0.22.1
[INFO] [stderr]    Compiling anstyle-query v1.1.5
[INFO] [stderr]    Compiling tower-layer v0.3.3
[INFO] [stderr]    Compiling ipnet v2.12.2
[INFO] [stderr]    Compiling anstream v1.0.0
[INFO] [stderr]    Compiling flate2 v1.1.10
[INFO] [stderr]    Compiling mio v1.2.3
[INFO] [stderr]    Compiling socket2 v0.6.5
[INFO] [stderr]    Compiling getrandom v0.2.17
[INFO] [stderr]    Compiling rustls-native-certs v0.8.4
[INFO] [stderr]    Compiling miniz_oxide v0.8.9
[INFO] [stderr]    Compiling fdeflate v0.3.7
[INFO] [stderr]    Compiling pxfm v0.1.30
[INFO] [stderr]    Compiling tokio v1.53.1
[INFO] [stderr]    Compiling anyhow v1.0.104
[INFO] [stderr]    Compiling mime v0.3.17
[INFO] [stderr]    Compiling block-buffer v0.10.4
[INFO] [stderr]    Compiling crypto-common v0.1.7
[INFO] [stderr]    Compiling color_quant v1.1.0
[INFO] [stderr]    Compiling ring v0.17.14
[INFO] [stderr]    Compiling weezl v0.1.12
[INFO] [stderr]    Compiling log v0.4.34
[INFO] [stderr]    Compiling linux-raw-sys v0.12.1
[INFO] [stderr]    Compiling clap_lex v1.1.0
[INFO] [stderr]    Compiling byteorder-lite v0.1.0
[INFO] [stderr]    Compiling strsim v0.11.1
[INFO] [stderr]    Compiling http-body v1.1.0
[INFO] [stderr]    Compiling zune-core v0.5.3
[INFO] [stderr]    Compiling heck v0.5.0
[INFO] [stderr]    Compiling winnow v1.0.4
[INFO] [stderr]    Compiling quick-error v2.0.1
[INFO] [stderr]    Compiling image-webp v0.2.4
[INFO] [stderr]    Compiling toml_parser v1.1.3+spec-1.1.0
[INFO] [stderr]    Compiling zune-jpeg v0.5.15
[INFO] [stderr]    Compiling gif v0.14.2
[INFO] [stderr]    Compiling clap_builder v4.6.6
[INFO] [stderr]    Compiling http-body-util v0.1.5
[INFO] [stderr]    Compiling png v0.18.1
[INFO] [stderr]    Compiling digest v0.10.7
[INFO] [stderr]    Compiling rtoolbox v0.0.6
[INFO] [stderr]    Compiling toml_writer v1.1.2+spec-1.1.0
[INFO] [stderr]    Compiling fastrand v2.5.0
[INFO] [stderr]    Compiling bytemuck v1.25.2
[INFO] [stderr]    Compiling synstructure v0.13.2
[INFO] [stderr]    Compiling cpufeatures v0.2.17
[INFO] [stderr]    Compiling winnow v0.7.15
[INFO] [stderr]    Compiling base64 v0.23.1
[INFO] [stderr]    Compiling toml_datetime v0.7.5+spec-1.1.0
[INFO] [stderr]    Compiling serde_spanned v1.1.1
[INFO] [stderr]    Compiling sha2 v0.10.9
[INFO] [stderr]    Compiling rpassword v7.5.4
[INFO] [stderr]    Compiling zerofrom-derive v0.1.7
[INFO] [stderr]    Compiling yoke-derive v0.8.2
[INFO] [stderr]    Compiling zerofrom v0.1.8
[INFO] [stderr]    Compiling yoke v0.8.3
[INFO] [stderr]    Compiling zerovec-derive v0.11.6
[INFO] [stderr]    Compiling displaydoc v0.2.7
[INFO] [stderr]    Compiling serde_derive v1.0.229
[INFO] [stderr]    Compiling clap_derive v4.6.4
[INFO] [stderr]    Compiling tempfile v3.27.0
[INFO] [stderr]    Compiling toml v0.9.12+spec-1.1.0
[INFO] [stderr]    Compiling moxcms v0.8.1
[INFO] [stderr]    Compiling zerotrie v0.2.5
[INFO] [stderr]    Compiling zerovec v0.11.8
[INFO] [stderr]    Compiling tinystr v0.8.4
[INFO] [stderr]    Compiling potential_utf v0.1.6
[INFO] [stderr]    Compiling icu_collections v2.3.0
[INFO] [stderr]    Compiling icu_locale_core v2.3.0
[INFO] [stderr]    Compiling hyper v1.11.1
[INFO] [stderr]    Compiling tower v0.5.3
[INFO] [stderr]    Compiling clap v4.6.6
[INFO] [stderr]    Compiling hyper-util v0.1.20
[INFO] [stderr]    Compiling icu_provider v2.3.1
[INFO] [stderr]    Compiling icu_properties v2.3.0
[INFO] [stderr]    Compiling icu_normalizer v2.3.0
[INFO] [stderr]    Compiling idna_adapter v1.2.2
[INFO] [stderr]    Compiling idna v1.1.0
[INFO] [stderr]    Compiling url v2.5.8
[INFO] [stderr]    Compiling image v0.25.10
[INFO] [stderr]    Compiling tower-http v0.6.11
[INFO] [stderr]    Compiling rustls-webpki v0.103.15
[INFO] [stderr]    Compiling tokio-rustls v0.26.5
[INFO] [stderr]    Compiling rustls-platform-verifier v0.7.0
[INFO] [stderr]    Compiling hyper-rustls v0.27.9
[INFO] [stderr]    Compiling reqwest v0.13.5
[INFO] [stderr]    Compiling imagegen v2.1.0 (/opt/rustwide/workdir)
[INFO] [stderr]     Finished `release` profile [optimized] target(s) in 3m 08s
[INFO] running `Command { std: "docker" "inspect" "7951107c860435032924a011d823acbc2d3dec315049a32df651e09d0cfcabed", kill_on_drop: false }`
[INFO] running `Command { std: "docker" "exec" "-e" "SOURCE_DIR=/opt/rustwide/workdir" "-e" "CARGO_HOME=/opt/rustwide/cargo-home" "-e" "RUSTUP_HOME=/opt/rustwide/rustup-home" "-e" "CARGO_TARGET_DIR=/opt/rustwide/target" "-e" "CARGO_INCREMENTAL=0" "-e" "RUST_BACKTRACE=full" "-e" "RUSTFLAGS=--cap-lints=warn" "-e" "RUSTDOCFLAGS=--cap-lints=warn" "-w" "/opt/rustwide/workdir" "--user" "0:0" "7951107c860435032924a011d823acbc2d3dec315049a32df651e09d0cfcabed" "/opt/rustwide/cargo-home/bin/cargo" "+1.100.0-beta.1" "test" "--frozen" "--no-run" "--message-format=json" "--release", kill_on_drop: false }`
[INFO] [stderr]    Compiling httpdate v1.0.3
[INFO] [stderr]    Compiling ascii v1.1.0
[INFO] [stderr]    Compiling chunked_transfer v1.5.0
[INFO] [stderr]    Compiling tiny_http v0.12.0
[INFO] [stderr]    Compiling imagegen v2.1.0 (/opt/rustwide/workdir)
[INFO] [stderr]     Finished `release` profile [optimized] target(s) in 1m 52s
[INFO] running `Command { std: "docker" "inspect" "7951107c860435032924a011d823acbc2d3dec315049a32df651e09d0cfcabed", kill_on_drop: false }`
[INFO] running `Command { std: "docker" "exec" "-e" "SOURCE_DIR=/opt/rustwide/workdir" "-e" "CARGO_HOME=/opt/rustwide/cargo-home" "-e" "RUSTUP_HOME=/opt/rustwide/rustup-home" "-e" "CARGO_TARGET_DIR=/opt/rustwide/target" "-e" "CARGO_INCREMENTAL=0" "-e" "RUST_BACKTRACE=full" "-e" "RUSTFLAGS=--cap-lints=warn" "-e" "RUSTDOCFLAGS=--cap-lints=warn" "-w" "/opt/rustwide/workdir" "--user" "0:0" "7951107c860435032924a011d823acbc2d3dec315049a32df651e09d0cfcabed" "/opt/rustwide/cargo-home/bin/cargo" "+1.100.0-beta.1" "test" "--frozen" "--release", kill_on_drop: false }`
[INFO] [stderr]     Finished `release` profile [optimized] target(s) in 0.24s
[INFO] [stderr]      Running unittests src/lib.rs (/opt/rustwide/target/release/build/imagegen/b73cbfb66438bb12/out/imagegen-b73cbfb66438bb12)
[INFO] [stdout] 
[INFO] [stdout] running 0 tests
[INFO] [stdout] 
[INFO] [stdout] test result: ok. 0 passed; 0 failed; 0 ignored; 0 measured; 0 filtered out; finished in 0.00s
[INFO] [stdout] 
[INFO] [stdout] 
[INFO] [stderr]      Running unittests src/main.rs (/opt/rustwide/target/release/build/imagegen/fcc5a8193a47ae6b/out/imagegen-fcc5a8193a47ae6b)
[INFO] [stdout] running 0 tests
[INFO] [stdout] 
[INFO] [stdout] test result: ok. 0 passed; 0 failed; 0 ignored; 0 measured; 0 filtered out; finished in 0.00s
[INFO] [stdout] 
[INFO] [stderr]      Running tests/http_flow.rs (/opt/rustwide/target/release/build/imagegen/0ae38466466a8b8e/out/http_flow-0ae38466466a8b8e)
[INFO] [stdout] 
[INFO] [stdout] running 10 tests
[INFO] [stdout] test result_url_shapes ... ok
[INFO] [stdout] test cli_uses_custom_api_base_end_to_end ... ok
[INFO] [stdout] test catalog_distinguishes_runnable ... ok
[INFO] [stdout] test multipart_submit_poll_download ... ok
[INFO] [stdout] test errors_do_not_retry_or_echo_body ... ok
[INFO] [stdout] test authenticated_redirects_are_not_followed ... ok
[INFO] [stdout] test prices_use_effective_values_without_authorization ... ok
[INFO] [stdout] test task_receipt_and_recovery ... ok
[INFO] [stdout] test auth_check_is_read_only_and_classifies_failures ... ok
[INFO] [stdout] test pending_and_failed_tasks_keep_identity ... ok
[INFO] [stdout] 
[INFO] [stdout] test result: ok. 10 passed; 0 failed; 0 ignored; 0 measured; 0 filtered out; finished in 1.31s
[INFO] [stdout] 
[INFO] [stderr]      Running tests/rust_cli.rs (/opt/rustwide/target/release/build/imagegen/2aadde196a3048ff/out/rust_cli-2aadde196a3048ff)
[INFO] [stdout] 
[INFO] [stdout] running 21 tests
[INFO] [stdout] test model_precedence ... ok
[INFO] [stdout] test default_flare ... ok
[INFO] [stdout] test edit_preserves_input_ratio ... ok
[INFO] [stdout] test explicit_geometry_overrides_saved_exact_size ... ok
[INFO] [stdout] test output_collision_and_protection ... ok
[INFO] [stdout] test exact_sizes_are_validated ... ok
[INFO] [stdout] test reject_missing_images_and_data_uris ... ok
[INFO] [stdout] test unicode_file_edit_dry_run ... ok
[INFO] [stdout] test reject_incompatible_parameters ... ok
[INFO] [stdout] test batch_preflight_and_unicode ... ok
[INFO] [stdout] test chroma_removal_is_native ... ok
[INFO] [stdout] test config_invalid_set_does_not_write ... ok
[INFO] [stdout] test legacy_json_and_bom_key ... ok
[INFO] [stdout] test no_key_and_noninteractive_auth_are_actionable ... ok
[INFO] [stdout] test batch_rejects_escape_and_invalid_second_job ... ok
[INFO] [stdout] test unset_and_reset_keep_key ... ok
[INFO] [stdout] test config_path_and_reset_recover_invalid_file ... ok
[INFO] [stdout] test api_base_saved_default_is_used_when_env_absent ... ok
[INFO] [stdout] test invalid_api_base_is_rejected ... ok
[INFO] [stdout] test api_base_env_overrides_everything_and_is_reported ... ok
[INFO] [stdout] test saved_defaults_persist ... ok
[INFO] [stdout] 
[INFO] [stdout] test result: ok. 21 passed; 0 failed; 0 ignored; 0 measured; 0 filtered out; finished in 0.13s
[INFO] [stdout] 
[INFO] [stderr]      Running tests/skill_structure.rs (/opt/rustwide/target/release/build/imagegen/eb2f0b0438c8fc40/out/skill_structure-eb2f0b0438c8fc40)
[INFO] [stdout] 
[INFO] [stdout] running 4 tests
[INFO] [stdout] test skill_frontmatter_is_discoverable ... ok
[INFO] [stdout] test skill_version_matches_the_binary_release ... FAILED
[INFO] [stdout] test licenses_travel_with_skill ... ok
[INFO] [stdout] test skill_local_links_resolve ... ok
[INFO] [stdout] 
[INFO] [stdout] failures:
[INFO] [stdout] 
[INFO] [stdout] ---- skill_version_matches_the_binary_release stdout ----
[INFO] [stdout] 
[INFO] [stdout] thread 'skill_version_matches_the_binary_release' (3272) panicked at tests/skill_structure.rs:71:5:
[INFO] [stdout] assertion `left == right` failed: SKILL.md metadata.version must track the binary release
[INFO] [stdout]   left: "2.1.0"
[INFO] [stdout]  right: "4.6"
[INFO] [stdout] stack backtrace:
[INFO] [stdout]    0:     0x5ce3a4a37ab6 - <unknown>
[INFO] [stdout]    1:     0x5ce3a49e773a - <unknown>
[INFO] [stdout]    2:     0x5ce3a4a3d24c - <unknown>
[INFO] [stdout]    3:     0x5ce3a4a14562 - <unknown>
[INFO] [stdout]    4:     0x5ce3a4a2fce1 - <unknown>
[INFO] [stdout]    5:     0x5ce3a4a2fec2 - <unknown>
[INFO] [stdout]    6:     0x5ce3a4a14612 - <unknown>
[INFO] [stdout]    7:     0x5ce3a4a0d259 - <unknown>
[INFO] [stdout]    8:     0x5ce3a4a1522d - <unknown>
[INFO] [stdout]    9:     0x5ce3a49e7e2c - <unknown>
[INFO] [stdout]   10:     0x5ce3a49e7da3 - <unknown>
[INFO] [stdout]   11:     0x5ce3a49fcc49 - <unknown>
[INFO] [stdout]   12:     0x5ce3a4a003a2 - <unknown>
[INFO] [stdout]   13:     0x5ce3a4a3e7cb - <unknown>
[INFO] [stdout]   14:     0x5ce3a4a4c674 - <unknown>
[INFO] [stdout]   15:     0x5ce3a4a45da4 - <unknown>
[INFO] [stdout]   16:     0x5ce3a4a50432 - <unknown>
[INFO] [stdout]   17:     0x5ce3a4a36b74 - <unknown>
[INFO] [stdout]   18:     0x75fa0eb6adfa - <unknown>
[INFO] [stdout]   19:     0x75fa0ebfe3d4 - clone
[INFO] [stdout]   20:                0x0 - <unknown>
[INFO] [stdout] 
[INFO] [stdout] 
[INFO] [stdout] failures:
[INFO] [stdout]     skill_version_matches_the_binary_release
[INFO] [stdout] 
[INFO] [stdout] test result: FAILED. 3 passed; 1 failed; 0 ignored; 0 measured; 0 filtered out; finished in 0.01s
[INFO] [stdout] 
[INFO] [stderr] error: test failed, to rerun pass `--test skill_structure`
[INFO] running `Command { std: "docker" "inspect" "7951107c860435032924a011d823acbc2d3dec315049a32df651e09d0cfcabed", kill_on_drop: false }`
[INFO] running `Command { std: "docker" "rm" "-f" "7951107c860435032924a011d823acbc2d3dec315049a32df651e09d0cfcabed", kill_on_drop: false }`
[INFO] [stdout] 7951107c860435032924a011d823acbc2d3dec315049a32df651e09d0cfcabed
