[INFO] cloning repository https://github.com/nochinsky/qluelessbench-native
[INFO] running `Command { std: "git" "-c" "credential.helper=" "-c" "credential.helper=/workspace/cargo-home/bin/git-credential-null" "clone" "--bare" "https://github.com/nochinsky/qluelessbench-native" "/workspace/cache/git-repos/https%3A%2F%2Fgithub.com%2Fnochinsky%2Fqluelessbench-native", kill_on_drop: false }`
[INFO] [stderr] Cloning into bare repository '/workspace/cache/git-repos/https%3A%2F%2Fgithub.com%2Fnochinsky%2Fqluelessbench-native'...
[INFO] running `Command { std: "git" "rev-parse" "HEAD", kill_on_drop: false }`
[INFO] [stdout] 6e2dfae3906d008787050f8d0ad6e99c6e40ad39
[INFO] testing nochinsky/qluelessbench-native against 1.100.0-beta.1+cargoflags=--release for beta-release-1.100-2
[INFO] running `Command { std: "git" "clone" "/workspace/cache/git-repos/https%3A%2F%2Fgithub.com%2Fnochinsky%2Fqluelessbench-native" "/workspace/builds/worker-2-tc2/source", kill_on_drop: false }`
[INFO] [stderr] Cloning into '/workspace/builds/worker-2-tc2/source'...
[INFO] [stderr] done.
[INFO] started tweaking git repo https://github.com/nochinsky/qluelessbench-native
[INFO] finished tweaking git repo https://github.com/nochinsky/qluelessbench-native
[INFO] tweaked toml for git repo https://github.com/nochinsky/qluelessbench-native written to /workspace/builds/worker-2-tc2/source/Cargo.toml
[INFO] validating manifest of git repo https://github.com/nochinsky/qluelessbench-native on toolchain 1.100.0-beta.1
[INFO] running `Command { std: CARGO_HOME="/workspace/cargo-home" RUSTUP_HOME="/workspace/rustup-home" "/workspace/cargo-home/bin/cargo" "+1.100.0-beta.1" "metadata" "--manifest-path" "Cargo.toml" "--no-deps", kill_on_drop: false }`
[INFO] crate git repo https://github.com/nochinsky/qluelessbench-native already has a lockfile, it will not be regenerated
[INFO] running `Command { std: CARGO_HOME="/workspace/cargo-home" RUSTUP_HOME="/workspace/rustup-home" "/workspace/cargo-home/bin/cargo" "+1.100.0-beta.1" "fetch" "--manifest-path" "Cargo.toml", kill_on_drop: false }`
[INFO] running `Command { std: "docker" "create" "-v" "/var/lib/crater-agent-workspace/builds/worker-2-tc2/source:/opt/rustwide/workdir:ro,Z" "-v" "/var/lib/crater-agent-workspace/builds/worker-2-tc2/target:/opt/rustwide/target:rw,Z" "-v" "/var/lib/crater-agent-workspace/cargo-home:/opt/rustwide/cargo-home:ro,Z" "-v" "/var/lib/crater-agent-workspace/rustup-home:/opt/rustwide/rustup-home:ro,Z" "-m" "1610612736" "--network" "none" "ghcr.io/rust-lang/crates-build-env/linux@sha256:77db811e55d90add9212f6832c23229e3de5f1c1f9905e8cb07319ea15df73ac" "sleep" "infinity", kill_on_drop: false }`
[INFO] [stdout] 66b76afd32f2aabce3d5aa8d6e2a68db05fabd59d44b2844241ba8c039b8ed53
[INFO] running `Command { std: "docker" "start" "66b76afd32f2aabce3d5aa8d6e2a68db05fabd59d44b2844241ba8c039b8ed53", kill_on_drop: false }`
[INFO] running `Command { std: "docker" "inspect" "66b76afd32f2aabce3d5aa8d6e2a68db05fabd59d44b2844241ba8c039b8ed53", kill_on_drop: false }`
[INFO] running `Command { std: "docker" "exec" "-e" "SOURCE_DIR=/opt/rustwide/workdir" "-e" "CARGO_HOME=/opt/rustwide/cargo-home" "-e" "RUSTUP_HOME=/opt/rustwide/rustup-home" "-e" "CARGO_TARGET_DIR=/opt/rustwide/target" "-w" "/opt/rustwide/workdir" "--user" "0:0" "66b76afd32f2aabce3d5aa8d6e2a68db05fabd59d44b2844241ba8c039b8ed53" "/opt/rustwide/cargo-home/bin/cargo" "+1.100.0-beta.1" "metadata" "--no-deps" "--format-version=1", kill_on_drop: false }`
[INFO] running `Command { std: "docker" "inspect" "66b76afd32f2aabce3d5aa8d6e2a68db05fabd59d44b2844241ba8c039b8ed53", kill_on_drop: false }`
[INFO] running `Command { std: "docker" "exec" "-e" "SOURCE_DIR=/opt/rustwide/workdir" "-e" "CARGO_HOME=/opt/rustwide/cargo-home" "-e" "RUSTUP_HOME=/opt/rustwide/rustup-home" "-e" "CARGO_TARGET_DIR=/opt/rustwide/target" "-e" "CARGO_INCREMENTAL=0" "-e" "RUST_BACKTRACE=full" "-e" "RUSTFLAGS=--cap-lints=warn" "-e" "RUSTDOCFLAGS=--cap-lints=warn" "-w" "/opt/rustwide/workdir" "--user" "0:0" "66b76afd32f2aabce3d5aa8d6e2a68db05fabd59d44b2844241ba8c039b8ed53" "/opt/rustwide/cargo-home/bin/cargo" "+1.100.0-beta.1" "build" "--frozen" "--message-format=json" "--release", kill_on_drop: false }`
[INFO] [stderr]    Compiling cfg-if v1.0.4
[INFO] [stderr]    Compiling proc-macro2 v1.0.106
[INFO] [stderr]    Compiling quote v1.0.45
[INFO] [stderr]    Compiling unicode-ident v1.0.24
[INFO] [stderr]    Compiling libc v0.2.183
[INFO] [stderr]    Compiling version_check v0.9.5
[INFO] [stderr]    Compiling shlex v1.3.0
[INFO] [stderr]    Compiling find-msvc-tools v0.1.9
[INFO] [stderr]    Compiling pkg-config v0.3.32
[INFO] [stderr]    Compiling typenum v1.19.0
[INFO] [stderr]    Compiling once_cell v1.21.4
[INFO] [stderr]    Compiling zerocopy v0.8.42
[INFO] [stderr]    Compiling generic-array v0.14.7
[INFO] [stderr]    Compiling crossbeam-utils v0.8.21
[INFO] [stderr]    Compiling autocfg v1.5.0
[INFO] [stderr]    Compiling simd-adler32 v0.3.8
[INFO] [stderr]    Compiling rayon-core v1.13.0
[INFO] [stderr]    Compiling crc32fast v1.5.0
[INFO] [stderr]    Compiling num-traits v0.2.19
[INFO] [stderr]    Compiling subtle v2.6.1
[INFO] [stderr]    Compiling adler2 v2.0.1
[INFO] [stderr]    Compiling crossbeam-epoch v0.9.18
[INFO] [stderr]    Compiling bitflags v2.11.0
[INFO] [stderr]    Compiling miniz_oxide v0.8.9
[INFO] [stderr]    Compiling memchr v2.8.0
[INFO] [stderr]    Compiling crossbeam-deque v0.8.6
[INFO] [stderr]    Compiling syn v2.0.117
[INFO] [stderr]    Compiling getrandom v0.2.17
[INFO] [stderr]    Compiling jobserver v0.1.34
[INFO] [stderr]    Compiling rand_core v0.6.4
[INFO] [stderr]    Compiling cc v1.2.57
[INFO] [stderr]    Compiling ahash v0.8.12
[INFO] [stderr]    Compiling rustix v1.1.4
[INFO] [stderr]    Compiling cpufeatures v0.2.17
[INFO] [stderr]    Compiling serde_core v1.0.228
[INFO] [stderr]    Compiling crypto-common v0.1.7
[INFO] [stderr]    Compiling block-buffer v0.10.4
[INFO] [stderr]    Compiling either v1.15.0
[INFO] [stderr]    Compiling digest v0.10.7
[INFO] [stderr]    Compiling inout v0.1.4
[INFO] [stderr]    Compiling aho-corasick v1.1.4
[INFO] [stderr]    Compiling rayon v1.11.0
[INFO] [stderr]    Compiling flate2 v1.1.9
[INFO] [stderr]    Compiling vcpkg v0.2.15
[INFO] [stderr]    Compiling utf8parse v0.2.2
[INFO] [stderr]    Compiling regex-syntax v0.8.10
[INFO] [stderr]    Compiling cfg_aliases v0.2.1
[INFO] [stderr]    Compiling smallvec v1.15.1
[INFO] [stderr]    Compiling linux-raw-sys v0.12.1
[INFO] [stderr]    Compiling zstd-safe v5.0.2+zstd.1.5.2
[INFO] [stderr]    Compiling nix v0.31.2
[INFO] [stderr]    Compiling anstyle-parse v1.0.0
[INFO] [stderr]    Compiling cipher v0.4.4
[INFO] [stderr]    Compiling matrixmultiply v0.3.10
[INFO] [stderr]    Compiling tracing-core v0.1.36
[INFO] [stderr]    Compiling zstd-sys v2.0.16+zstd.1.5.7
[INFO] [stderr]    Compiling bzip2-sys v0.1.13+1.0.8
[INFO] [stderr]    Compiling libsqlite3-sys v0.27.0
[INFO] [stderr]    Compiling is_terminal_polyfill v1.70.2
[INFO] [stderr]    Compiling allocator-api2 v0.2.21
[INFO] [stderr]    Compiling regex-automata v0.4.14
[INFO] [stderr]    Compiling portable-atomic v1.13.1
[INFO] [stderr]    Compiling anstyle v1.0.14
[INFO] [stderr]    Compiling serde v1.0.228
[INFO] [stderr]    Compiling zmij v1.0.21
[INFO] [stderr]    Compiling colorchoice v1.0.5
[INFO] [stderr]    Compiling weezl v0.1.12
[INFO] [stderr]    Compiling powerfmt v0.2.0
[INFO] [stderr]    Compiling anstyle-query v1.1.5
[INFO] [stderr]    Compiling getrandom v0.4.2
[INFO] [stderr]    Compiling base64ct v1.8.3
[INFO] [stderr]    Compiling anstream v1.0.0
[INFO] [stderr]    Compiling deranged v0.5.8
[INFO] [stderr]    Compiling password-hash v0.4.2
[INFO] [stderr]    Compiling jpeg-decoder v0.3.2
[INFO] [stderr]    Compiling zerocopy-derive v0.8.42
[INFO] [stderr]    Compiling tracing-attributes v0.1.31
[INFO] [stderr]    Compiling serde_derive v1.0.228
[INFO] [stderr]    Compiling sha2 v0.10.9
[INFO] [stderr]    Compiling hmac v0.12.1
[INFO] [stderr]    Compiling zune-inflate v0.2.54
[INFO] [stderr]    Compiling fdeflate v0.3.7
[INFO] [stderr]    Compiling bitflags v1.3.2
[INFO] [stderr]    Compiling clap_lex v1.1.0
[INFO] [stderr]    Compiling num-conv v0.2.0
[INFO] [stderr]    Compiling thiserror v1.0.69
[INFO] [stderr]    Compiling lebe v0.5.3
[INFO] [stderr]    Compiling strsim v0.11.1
[INFO] [stderr]    Compiling byteorder v1.5.0
[INFO] [stderr]    Compiling bytemuck v1.25.0
[INFO] [stderr]    Compiling option-ext v0.2.0
[INFO] [stderr]    Compiling anyhow v1.0.102
[INFO] [stderr]    Compiling heck v0.5.0
[INFO] [stderr]    Compiling bit_field v0.10.3
[INFO] [stderr]    Compiling color_quant v1.1.0
[INFO] [stderr]    Compiling pin-project-lite v0.2.17
[INFO] [stderr]    Compiling rawpointer v0.2.1
[INFO] [stderr]    Compiling unicode-width v0.2.2
[INFO] [stderr]    Compiling lazy_static v1.5.0
[INFO] [stderr]    Compiling log v0.4.29
[INFO] [stderr]    Compiling serde_json v1.0.149
[INFO] [stderr]    Compiling time-core v0.1.8
[INFO] [stderr]    Compiling console v0.15.11
[INFO] [stderr]    Compiling time v0.3.47
[INFO] [stderr]    Compiling tracing-log v0.2.0
[INFO] [stderr]    Compiling sharded-slab v0.1.7
[INFO] [stderr]    Compiling gif v0.13.3
[INFO] [stderr]    Compiling tracing v0.1.44
[INFO] [stderr]    Compiling clap_derive v4.6.0
[INFO] [stderr]    Compiling qoi v0.4.1
[INFO] [stderr]    Compiling matchers v0.2.0
[INFO] [stderr]    Compiling dirs-sys v0.4.1
[INFO] [stderr]    Compiling clap_builder v4.6.0
[INFO] [stderr]    Compiling png v0.17.16
[INFO] [stderr]    Compiling pbkdf2 v0.11.0
[INFO] [stderr]    Compiling tiff v0.9.1
[INFO] [stderr]    Compiling ppv-lite86 v0.2.21
[INFO] [stderr]    Compiling hashbrown v0.14.5
[INFO] [stderr]    Compiling half v2.7.1
[INFO] [stderr]    Compiling rand_chacha v0.3.1
[INFO] [stderr]    Compiling exr v1.74.0
[INFO] [stderr]    Compiling thiserror-impl v1.0.69
[INFO] [stderr]    Compiling hashlink v0.8.4
[INFO] [stderr]    Compiling bzip2 v0.4.4
[INFO] [stderr]    Compiling xattr v1.6.1
[INFO] [stderr]    Compiling aes v0.8.4
[INFO] [stderr]    Compiling sha1 v0.10.6
[INFO] [stderr]    Compiling num-integer v0.1.46
[INFO] [stderr]    Compiling num-complex v0.4.6
[INFO] [stderr]    Compiling filetime v0.2.27
[INFO] [stderr]    Compiling thread_local v1.1.9
[INFO] [stderr]    Compiling fallible-iterator v0.3.0
[INFO] [stderr]    Compiling fallible-streaming-iterator v0.1.9
[INFO] [stderr]    Compiling itoa v1.0.17
[INFO] [stderr]    Compiling fastrand v2.3.0
[INFO] [stderr]    Compiling nu-ansi-term v0.50.3
[INFO] [stderr]    Compiling iana-time-zone v0.1.65
[INFO] [stderr]    Compiling number_prefix v0.4.0
[INFO] [stderr]    Compiling constant_time_eq v0.1.5
[INFO] [stderr]    Compiling indicatif v0.17.11
[INFO] [stderr]    Compiling chrono v0.4.44
[INFO] [stderr]    Compiling tracing-subscriber v0.3.23
[INFO] [stderr]    Compiling tempfile v3.27.0
[INFO] [stderr]    Compiling image v0.24.9
[INFO] [stderr]    Compiling ndarray v0.15.6
[INFO] [stderr]    Compiling tar v0.4.44
[INFO] [stderr]    Compiling clap v4.6.0
[INFO] [stderr]    Compiling rand v0.8.5
[INFO] [stderr]    Compiling ctrlc v3.5.2
[INFO] [stderr]    Compiling dirs v5.0.1
[INFO] [stderr]    Compiling regex v1.12.3
[INFO] [stderr]    Compiling sysinfo v0.30.13
[INFO] [stderr]    Compiling ctr v0.9.2
[INFO] [stderr]    Compiling base64 v0.22.1
[INFO] [stderr]    Compiling zstd v0.11.2+zstd.1.5.2
[INFO] [stderr]    Compiling zip v0.6.6
[INFO] [stderr]    Compiling rusqlite v0.30.0
[INFO] [stderr]    Compiling qluelessbench-native v0.2.0 (/opt/rustwide/workdir)
[INFO] [stderr]     Finished `release` profile [optimized] target(s) in 6m 28s
[INFO] [stderr] warning: the following packages contain code that will be rejected by a future version of Rust: nix v0.31.2
[INFO] [stderr] note: to see what the problems were, use the option `--future-incompat-report`, or run `cargo report future-incompatibilities --id 4`
[INFO] running `Command { std: "docker" "inspect" "66b76afd32f2aabce3d5aa8d6e2a68db05fabd59d44b2844241ba8c039b8ed53", kill_on_drop: false }`
[INFO] running `Command { std: "docker" "exec" "-e" "SOURCE_DIR=/opt/rustwide/workdir" "-e" "CARGO_HOME=/opt/rustwide/cargo-home" "-e" "RUSTUP_HOME=/opt/rustwide/rustup-home" "-e" "CARGO_TARGET_DIR=/opt/rustwide/target" "-e" "CARGO_INCREMENTAL=0" "-e" "RUST_BACKTRACE=full" "-e" "RUSTFLAGS=--cap-lints=warn" "-e" "RUSTDOCFLAGS=--cap-lints=warn" "-w" "/opt/rustwide/workdir" "--user" "0:0" "66b76afd32f2aabce3d5aa8d6e2a68db05fabd59d44b2844241ba8c039b8ed53" "/opt/rustwide/cargo-home/bin/cargo" "+1.100.0-beta.1" "test" "--frozen" "--no-run" "--message-format=json" "--release", kill_on_drop: false }`
[INFO] [stderr]    Compiling qluelessbench-native v0.2.0 (/opt/rustwide/workdir)
[INFO] [stderr]     Finished `release` profile [optimized] target(s) in 1m 19s
[INFO] [stderr] warning: the following packages contain code that will be rejected by a future version of Rust: nix v0.31.2
[INFO] [stderr] note: to see what the problems were, use the option `--future-incompat-report`, or run `cargo report future-incompatibilities --id 4`
[INFO] running `Command { std: "docker" "inspect" "66b76afd32f2aabce3d5aa8d6e2a68db05fabd59d44b2844241ba8c039b8ed53", kill_on_drop: false }`
[INFO] running `Command { std: "docker" "exec" "-e" "SOURCE_DIR=/opt/rustwide/workdir" "-e" "CARGO_HOME=/opt/rustwide/cargo-home" "-e" "RUSTUP_HOME=/opt/rustwide/rustup-home" "-e" "CARGO_TARGET_DIR=/opt/rustwide/target" "-e" "CARGO_INCREMENTAL=0" "-e" "RUST_BACKTRACE=full" "-e" "RUSTFLAGS=--cap-lints=warn" "-e" "RUSTDOCFLAGS=--cap-lints=warn" "-w" "/opt/rustwide/workdir" "--user" "0:0" "66b76afd32f2aabce3d5aa8d6e2a68db05fabd59d44b2844241ba8c039b8ed53" "/opt/rustwide/cargo-home/bin/cargo" "+1.100.0-beta.1" "test" "--frozen" "--release", kill_on_drop: false }`
[INFO] [stderr]     Finished `release` profile [optimized] target(s) in 0.24s
[INFO] [stderr] warning: the following packages contain code that will be rejected by a future version of Rust: nix v0.31.2
[INFO] [stderr] note: to see what the problems were, use the option `--future-incompat-report`, or run `cargo report future-incompatibilities --id 4`
[INFO] [stderr]      Running unittests src/lib.rs (/opt/rustwide/target/release/build/qluelessbench-native/6d4c3a7a539d9625/out/qluelessbench_native-6d4c3a7a539d9625)
[INFO] [stdout] 
[INFO] [stdout] running 172 tests
[INFO] [stdout] test benchmarks::archive::tests::test_archive_weight ... ok
[INFO] [stdout] test benchmarks::base::tests::test_format_bytes ... ok
[INFO] [stdout] test benchmarks::base::tests::test_run_with_iterations_error ... ok
[INFO] [stdout] test benchmarks::compression::tests::test_compression_category_name ... ok
[INFO] [stdout] test benchmarks::base::tests::test_run_with_iterations ... ok
[INFO] [stdout] test benchmarks::archive::tests::test_archive_category_name ... ok
[INFO] [stdout] test benchmarks::compression::tests::test_generate_test_data ... ok
[INFO] [stdout] test benchmarks::compression::tests::test_multi_core_benchmark_creation ... ok
[INFO] [stdout] test benchmarks::base::tests::test_format_number ... ok
[INFO] [stdout] test benchmarks::compression::tests::test_parallel_zip_level_1 ... ok
[INFO] [stdout] test benchmarks::concurrent::tests::test_channel_messaging ... ok
[INFO] [stdout] test benchmarks::concurrent::tests::test_concurrent_category_name ... ok
[INFO] [stdout] test benchmarks::concurrent::tests::test_concurrent_map_build_multi ... ok
[INFO] [stdout] test benchmarks::concurrent::tests::test_concurrent_map_build_single ... ok
[INFO] [stdout] test benchmarks::concurrent::tests::test_concurrent_map_build_total_entries ... ok
[INFO] [stdout] test benchmarks::concurrent::tests::test_merge_sorted ... ok
[INFO] [stdout] test benchmarks::concurrent::tests::test_merge_sorted_empty ... ok
[INFO] [stdout] test benchmarks::concurrent::tests::test_multi_core_category_name ... ok
[INFO] [stdout] test benchmarks::compression::tests::test_zip_level_1 ... ok
[INFO] [stdout] test benchmarks::concurrent::tests::test_parallel_merge_sort ... ok
[INFO] [stdout] test benchmarks::compression::tests::test_parallel_zip_level_9 ... ok
[INFO] [stdout] test benchmarks::compression::tests::test_parallel_zip_level_6 ... ok
[INFO] [stdout] test benchmarks::compression::tests::test_parallel_gzip ... ok
[INFO] [stdout] test benchmarks::concurrent::tests::test_threaded_file_io_multi ... ok
[INFO] [stdout] test benchmarks::crypto::tests::test_aes_encrypt_returns_positive ... ok
[INFO] [stdout] test benchmarks::concurrent::tests::test_threaded_file_io_single ... ok
[INFO] [stdout] test benchmarks::crypto::tests::test_crypto_weight ... ok
[INFO] [stdout] test benchmarks::crypto::tests::test_multi_core_benchmark_creation ... ok
[INFO] [stdout] test benchmarks::crypto::tests::test_crypto_category_name ... ok
[INFO] [stdout] test benchmarks::crypto::tests::test_parallel_sha256 ... ok
[INFO] [stdout] test benchmarks::crypto::tests::test_parallel_aes_encrypt ... ok
[INFO] [stdout] test benchmarks::crypto::tests::test_aes_encrypt_larger_data ... ok
[INFO] [stdout] test benchmarks::compression::tests::test_gzip ... ok
[INFO] [stdout] test benchmarks::crypto::tests::test_sha256_returns_positive ... ok
[INFO] [stdout] test benchmarks::database::tests::test_create_connection ... ok
[INFO] [stdout] test benchmarks::database::tests::test_database_category_name ... ok
[INFO] [stdout] test benchmarks::database::tests::test_database_weight ... ok
[INFO] [stdout] test benchmarks::concurrent::tests::test_run_all_single_core ... ok
[INFO] [stdout] test benchmarks::database::tests::test_multi_core_benchmark_creation ... ok
[INFO] [stdout] test benchmarks::crypto::tests::test_sha256_larger_data ... ok
[INFO] [stdout] test benchmarks::database::tests::test_bulk_insert ... ok
[INFO] [stdout] test benchmarks::database::tests::test_parallel_bulk_insert ... ok
[INFO] [stdout] test benchmarks::database::tests::test_deletes ... ok
[INFO] [stdout] test benchmarks::concurrent::tests::test_run_all_multi_core ... ok
[INFO] [stdout] test benchmarks::compression::tests::test_zip_level_9 ... ok
[INFO] [stdout] test benchmarks::compression::tests::test_zip_level_6 ... ok
[INFO] [stdout] test benchmarks::database::tests::test_parallel_search ... ok
[INFO] [stdout] test benchmarks::database::tests::test_parallel_deletes ... ok
[INFO] [stdout] test benchmarks::database::tests::test_parallel_updates ... ok
[INFO] [stdout] test benchmarks::fileio::tests::test_fileio_category_name ... ok
[INFO] [stdout] test benchmarks::fileio::tests::test_fileio_weight ... ok
[INFO] [stdout] test benchmarks::fileio::tests::test_delete ... ok
[INFO] [stdout] test benchmarks::database::tests::test_updates ... ok
[INFO] [stdout] test benchmarks::database::tests::test_indexed_lookup ... ok
[INFO] [stdout] test benchmarks::image::tests::test_generate_test_image ... ok
[INFO] [stdout] test benchmarks::image::tests::test_generate_test_images ... ok
[INFO] [stdout] test benchmarks::image::tests::test_image_category_name ... ok
[INFO] [stdout] test benchmarks::image::tests::test_multi_core_benchmark_creation ... ok
[INFO] [stdout] test benchmarks::image::tests::test_format_conversion ... ok
[INFO] [stdout] test benchmarks::fileio::tests::test_copy ... ok
[INFO] [stdout] test benchmarks::image::tests::test_parallel_format_conversion ... ok
[INFO] [stdout] test benchmarks::database::tests::test_parallel_indexed_lookup ... ok
[INFO] [stdout] test benchmarks::image::tests::test_parallel_blur ... ok
[INFO] [stdout] test benchmarks::image::tests::test_parallel_sharpen ... ok
[INFO] [stdout] test benchmarks::image::tests::test_parallel_resize ... ok
[INFO] [stdout] test benchmarks::database::tests::test_search ... ok
[INFO] [stdout] test benchmarks::image_filters::tests::test_apply_blur ... ok
[INFO] [stdout] test benchmarks::image::tests::test_sharpen ... ok
[INFO] [stdout] test benchmarks::image_filters::tests::test_apply_sharpen ... ok
[INFO] [stdout] test benchmarks::image_filters::tests::test_generate_test_image ... ok
[INFO] [stdout] test benchmarks::image_filters::tests::test_image_filters_category_name ... ok
[INFO] [stdout] test benchmarks::image_filters::tests::test_image_filters_weight ... ok
[INFO] [stdout] test benchmarks::image_filters::tests::test_multi_core_benchmark_creation ... ok
[INFO] [stdout] test benchmarks::image_filters::tests::test_edge_detect_performance ... ok
[INFO] [stdout] test benchmarks::image_filters::tests::test_apply_edge_detect ... ok
[INFO] [stdout] test benchmarks::image_filters::tests::test_sharpen_performance ... ok
[INFO] [stdout] test benchmarks::fileio::tests::test_sequential_read ... ok
[INFO] [stdout] test benchmarks::math::tests::test_array_ops ... ok
[INFO] [stdout] test benchmarks::math::tests::test_math_category_name ... ok
[INFO] [stdout] test benchmarks::math::tests::test_multi_core_benchmark_creation ... ok
[INFO] [stdout] test benchmarks::fileio::tests::test_sequential_write ... ok
[INFO] [stdout] test benchmarks::math::tests::test_parallel_array_ops ... ok
[INFO] [stdout] test benchmarks::math::tests::test_parallel_prime_generation ... ok
[INFO] [stdout] test benchmarks::math::tests::test_prime_generation ... ok
[INFO] [stdout] test benchmarks::math::tests::test_matrix_multiplication ... ok
[INFO] [stdout] test benchmarks::math::tests::test_parallel_statistics ... ok
[INFO] [stdout] test benchmarks::math::tests::test_statistics ... ok
[INFO] [stdout] test benchmarks::math::tests::test_parallel_matrix_multiplication ... ok
[INFO] [stdout] test benchmarks::memory::tests::test_memory_weight ... ok
[INFO] [stdout] test benchmarks::memory::tests::test_vec_operations ... ok
[INFO] [stdout] test benchmarks::memory::tests::test_hashmap_operations ... ok
[INFO] [stdout] test benchmarks::ml::tests::test_batch_inference ... ok
[INFO] [stdout] test benchmarks::image_filters::tests::test_blur_performance ... ok
[INFO] [stdout] test benchmarks::ml::tests::test_ml_category_name ... ok
[INFO] [stdout] test benchmarks::ml::tests::test_multi_core_benchmark_creation ... ok
[INFO] [stdout] test benchmarks::ml::tests::test_nn_forward ... ok
[INFO] [stdout] test benchmarks::ml::tests::test_ml_weight ... ok
[INFO] [stdout] test benchmarks::navigation::tests::test_generate_road_network ... ok
[INFO] [stdout] test benchmarks::navigation::tests::test_multi_core_benchmark_creation ... ok
[INFO] [stdout] test benchmarks::memory::tests::test_memory_category_name ... ok
[INFO] [stdout] test benchmarks::navigation::tests::test_navigation_category_name ... ok
[INFO] [stdout] test benchmarks::navigation::tests::test_navigation_weight ... ok
[INFO] [stdout] test benchmarks::image_filters::tests::test_parallel_filters ... ok
[INFO] [stdout] test benchmarks::navigation::tests::test_parallel_route_finding ... ok
[INFO] [stdout] test benchmarks::navigation::tests::test_dijkstra_returns_distance ... ok
[INFO] [stdout] test benchmarks::navigation::tests::test_route_finding ... ok
[INFO] [stdout] test benchmarks::raytrace::tests::test_multi_core_benchmark_creation ... ok
[INFO] [stdout] test benchmarks::raytrace::tests::test_raytrace_category_name ... ok
[INFO] [stdout] test benchmarks::raytrace::tests::test_render_row ... ok
[INFO] [stdout] test benchmarks::raytrace::tests::test_sphere_intersection ... ok
[INFO] [stdout] test benchmarks::raytrace::tests::test_trace_ray ... ok
[INFO] [stdout] test benchmarks::raytrace::tests::test_vec3_creation ... ok
[INFO] [stdout] test benchmarks::raytrace::tests::test_vec3_dot_product ... ok
[INFO] [stdout] test benchmarks::text::tests::test_generate_test_text ... ok
[INFO] [stdout] test benchmarks::text::tests::test_text_category_name ... ok
[INFO] [stdout] test config::tests::test_config_from_cli ... ok
[INFO] [stdout] test config::tests::test_default_config ... ok
[INFO] [stdout] test benchmarks::raytrace::tests::test_ray_trace_sequential ... ok
[INFO] [stdout] test benchmarks::raytrace::tests::test_raytrace_weight ... ok
[INFO] [stdout] test benchmarks::raytrace::tests::test_ray_trace ... ok
[INFO] [stdout] test benchmarks::image::tests::test_blur ... ok
[INFO] [stdout] test benchmarks::ml::tests::test_parallel_batch_inference ... ok
[INFO] [stdout] test hardware::tests::test_linux_gpu_detection ... ok
[INFO] [stdout] test results::tests::test_benchmark_results_new ... ok
[INFO] [stdout] test results::tests::test_test_result_failed ... ok
[INFO] [stdout] test results::tests::test_test_result_new ... ok
[INFO] [stdout] test results::tests::test_benchmark_results_save_and_load ... ok
[INFO] [stdout] test stats::descriptive::tests::test_cv_empty ... ok
[INFO] [stdout] test stats::descriptive::tests::test_cv_simple ... ok
[INFO] [stdout] test stats::descriptive::tests::test_cv_single ... ok
[INFO] [stdout] test stats::descriptive::tests::test_geometric_mean_simple ... ok
[INFO] [stdout] test stats::descriptive::tests::test_geometric_mean_with_negative ... ok
[INFO] [stdout] test stats::descriptive::tests::test_geometric_mean_with_zero ... ok
[INFO] [stdout] test stats::descriptive::tests::test_mean_empty ... ok
[INFO] [stdout] test results::tests::test_benchmark_results_calculate_scores ... ok
[INFO] [stdout] test benchmarks::memory::tests::test_alloc_dealloc ... ok
[INFO] [stdout] test stats::descriptive::tests::test_median_empty ... ok
[INFO] [stdout] test stats::descriptive::tests::test_median_odd ... ok
[INFO] [stdout] test hardware::tests::test_get_system_info ... ok
[INFO] [stdout] test stats::descriptive::tests::test_median_even ... ok
[INFO] [stdout] test stats::descriptive::tests::test_median_unsorted ... ok
[INFO] [stdout] test stats::descriptive::tests::test_percentile_empty ... ok
[INFO] [stdout] test stats::descriptive::tests::test_percentile_p0 ... ok
[INFO] [stdout] test results::tests::test_category_result_new ... ok
[INFO] [stdout] test stats::descriptive::tests::test_mean_simple ... ok
[INFO] [stdout] test stats::descriptive::tests::test_percentile_p100 ... ok
[INFO] [stdout] test stats::descriptive::tests::test_percentile_p99 ... ok
[INFO] [stdout] test stats::descriptive::tests::test_std_dev_empty ... ok
[INFO] [stdout] test stats::descriptive::tests::test_percentile_p50 ... ok
[INFO] [stdout] test stats::validation::tests::test_css_class ... ok
[INFO] [stdout] test stats::validation::tests::test_detect_outliers_multiple ... ok
[INFO] [stdout] test stats::validation::tests::test_detect_outliers_none ... ok
[INFO] [stdout] test stats::validation::tests::test_detect_outliers_single ... ok
[INFO] [stdout] test stats::validation::tests::test_detect_outliers_few_values ... ok
[INFO] [stdout] test stats::validation::tests::test_is_statistically_valid_few_samples ... ok
[INFO] [stdout] test stats::validation::tests::test_is_statistically_valid_high_cv ... ok
[INFO] [stdout] test stats::validation::tests::test_is_statistically_valid_true ... ok
[INFO] [stdout] test stats::validation::tests::test_reliability_excellent ... ok
[INFO] [stdout] test stats::validation::tests::test_reliability_good ... ok
[INFO] [stdout] test stats::validation::tests::test_reliability_icon_excellent ... ok
[INFO] [stdout] test stats::validation::tests::test_reliability_icon_good ... ok
[INFO] [stdout] test stats::validation::tests::test_reliability_icon_poor ... ok
[INFO] [stdout] test stats::validation::tests::test_reliability_is_acceptable ... ok
[INFO] [stdout] test stats::validation::tests::test_statistical_summary ... ok
[INFO] [stdout] test stats::validation::tests::test_statistical_summary_is_valid ... ok
[INFO] [stdout] test stats::validation::tests::test_reliability_poor ... ok
[INFO] [stdout] test stats::descriptive::tests::test_std_dev_simple ... ok
[INFO] [stdout] test stats::descriptive::tests::test_std_dev_single ... ok
[INFO] [stdout] test stats::descriptive::tests::test_percentile_p95 ... ok
[INFO] [stdout] test stats::descriptive::tests::test_geometric_mean_empty ... ok
[INFO] [stdout] test hardware::tests::test_system_info_cpu ... ok
[INFO] [stdout] test benchmarks::image::tests::test_resize ... ok
[INFO] [stdout] 
[INFO] [stdout] test result: ok. 172 passed; 0 failed; 0 ignored; 0 measured; 0 filtered out; finished in 1.04s
[INFO] [stdout] 
[INFO] [stderr]      Running unittests src/main.rs (/opt/rustwide/target/release/build/qluelessbench-native/3b61bcdb8ae17d3e/out/qluelessbench-3b61bcdb8ae17d3e)
[INFO] [stdout] 
[INFO] [stderr]      Running tests/integration.rs (/opt/rustwide/target/release/build/qluelessbench-native/1873cd80397d6b8b/out/integration-1873cd80397d6b8b)
[INFO] [stdout] running 0 tests
[INFO] [stdout] 
[INFO] [stdout] test result: ok. 0 passed; 0 failed; 0 ignored; 0 measured; 0 filtered out; finished in 0.00s
[INFO] [stdout] 
[INFO] [stdout] 
[INFO] [stdout] running 15 tests
[INFO] [stdout] test test_cli_help_flag ... ok
[INFO] [stdout] test test_all_benchmark_categories_ran has been running for over 60 seconds
[INFO] [stdout] test test_benchmark_creates_results_json has been running for over 60 seconds
[INFO] [stdout] test test_benchmark_runs_with_minimal_config has been running for over 60 seconds
[INFO] [stdout] test test_benchmark_scores_are_reasonable has been running for over 60 seconds
[INFO] [stdout] test test_category_tests_nonempty has been running for over 60 seconds
[INFO] [stdout] test test_compare_functionality_with_previous_results has been running for over 60 seconds
[INFO] [stdout] test test_compare_with_invalid_file_shows_warning has been running for over 60 seconds
[INFO] [stdout] test test_json_output_is_valid_utf8 has been running for over 60 seconds
[INFO] [stdout] test test_category_tests_nonempty ... FAILED
[INFO] [stdout] test test_all_benchmark_categories_ran ... FAILED
[INFO] [stdout] test test_benchmark_creates_results_json ... FAILED
[INFO] [stdout] test test_compare_functionality_with_previous_results ... FAILED
[INFO] [stdout] test test_benchmark_runs_with_minimal_config ... FAILED
[INFO] [stdout] test test_metadata_version_matches has been running for over 60 seconds
[INFO] [stdout] test test_results_contain_required_fields has been running for over 60 seconds
[INFO] [stdout] test test_results_persistence has been running for over 60 seconds
[INFO] [stdout] test test_benchmark_scores_are_reasonable ... ok
[INFO] [stdout] test test_scores_are_nonzero has been running for over 60 seconds
[INFO] [stdout] test test_system_info_complete has been running for over 60 seconds
[INFO] [stdout] test test_verbose_flag_works has been running for over 60 seconds
[INFO] [stdout] test test_scores_are_nonzero ... ok
[INFO] [stdout] test test_compare_with_invalid_file_shows_warning ... ok
[INFO] [stdout] test test_system_info_complete ... ok
[INFO] [stdout] test test_metadata_version_matches ... ok
[INFO] [stdout] test test_json_output_is_valid_utf8 ... ok
[INFO] [stdout] test test_results_contain_required_fields ... ok
[INFO] [stdout] test test_verbose_flag_works ... ok
[INFO] [stderr] error: test failed, to rerun pass `--test integration`
[INFO] [stdout] test test_results_persistence ... ok
[INFO] [stdout] 
[INFO] [stdout] failures:
[INFO] [stdout] 
[INFO] [stdout] ---- test_category_tests_nonempty stdout ----
[INFO] [stdout] 
[INFO] [stdout] thread 'test_category_tests_nonempty' (2524) panicked at tests/integration.rs:445:5:
[INFO] [stdout] Expected at least 12 categories with tests, got 3
[INFO] [stdout] stack backtrace:
[INFO] [stdout]    0:     0x5a8687fef4e5 - <unknown>
[INFO] [stdout]    1:     0x5a8687fd404a - <unknown>
[INFO] [stdout]    2:     0x5a8687feeb7b - <unknown>
[INFO] [stdout]    3:     0x5a8687fee65f - <unknown>
[INFO] [stdout]    4:     0x5a8687fee28a - <unknown>
[INFO] [stdout]    5:     0x5a8687feddc5 - <unknown>
[INFO] [stdout]    6:     0x5a8688014c01 - <unknown>
[INFO] [stdout]    7:     0x5a8688014bb9 - <unknown>
[INFO] [stdout]    8:     0x5a86880150bc - <unknown>
[INFO] [stdout]    9:     0x5a8687fd3edb - <unknown>
[INFO] [stdout]   10:     0x5a8687fce68d - <unknown>
[INFO] [stdout]   11:     0x5a868802feeb - <unknown>
[INFO] [stdout]   12:     0x5a868802beb1 - <unknown>
[INFO] [stdout]   13:     0x5a868802b69c - <unknown>
[INFO] [stdout]   14:     0x5a868804b33c - <unknown>
[INFO] [stdout]   15:     0x5a8688016934 - <unknown>
[INFO] [stdout]   16:     0x7fdeb5166dfa - <unknown>
[INFO] [stdout]   17:     0x7fdeb51fa3d4 - clone
[INFO] [stdout]   18:                0x0 - <unknown>
[INFO] [stdout] 
[INFO] [stdout] ---- test_all_benchmark_categories_ran stdout ----
[INFO] [stdout] 
[INFO] [stdout] thread 'test_all_benchmark_categories_ran' (2518) panicked at tests/integration.rs:35:51:
[INFO] [stdout] Failed to read results file: Os { code: 2, kind: NotFound, message: "No such file or directory" }
[INFO] [stdout] stack backtrace:
[INFO] [stdout]    0:     0x5a8687fef4e5 - <unknown>
[INFO] [stdout]    1:     0x5a8687fd404a - <unknown>
[INFO] [stdout]    2:     0x5a8687feeb7b - <unknown>
[INFO] [stdout]    3:     0x5a8687fee65f - <unknown>
[INFO] [stdout]    4:     0x5a8687fee28a - <unknown>
[INFO] [stdout]    5:     0x5a8687feddc5 - <unknown>
[INFO] [stdout]    6:     0x5a8688014c01 - <unknown>
[INFO] [stdout]    7:     0x5a8688014bb9 - <unknown>
[INFO] [stdout]    8:     0x5a86880150bc - <unknown>
[INFO] [stdout]    9:     0x5a8687fd3edb - <unknown>
[INFO] [stdout]   10:     0x5a8687fd71a1 - <unknown>
[INFO] [stdout]   11:     0x5a8687fcf8a8 - <unknown>
[INFO] [stdout]   12:     0x5a868802feeb - <unknown>
[INFO] [stdout]   13:     0x5a868802beb1 - <unknown>
[INFO] [stdout]   14:     0x5a868802b69c - <unknown>
[INFO] [stdout]   15:     0x5a868804b33c - <unknown>
[INFO] [stdout]   16:     0x5a8688016934 - <unknown>
[INFO] [stdout]   17:     0x7fdeb5166dfa - <unknown>
[INFO] [stdout]   18:     0x7fdeb51fa3d4 - clone
[INFO] [stdout]   19:                0x0 - <unknown>
[INFO] [stdout] 
[INFO] [stdout] ---- test_benchmark_creates_results_json stdout ----
[INFO] [stdout] 
[INFO] [stdout] thread 'test_benchmark_creates_results_json' (2519) panicked at tests/integration.rs:88:5:
[INFO] [stdout] Benchmark failed
[INFO] [stdout] stack backtrace:
[INFO] [stdout]    0:     0x5a8687fef4e5 - <unknown>
[INFO] [stdout]    1:     0x5a8687fd404a - <unknown>
[INFO] [stdout]    2:     0x5a8687feeb7b - <unknown>
[INFO] [stdout]    3:     0x5a8687fee65f - <unknown>
[INFO] [stdout]    4:     0x5a8687fee28a - <unknown>
[INFO] [stdout]    5:     0x5a8687feddc5 - <unknown>
[INFO] [stdout]    6:     0x5a8688014c32 - <unknown>
[INFO] [stdout]    7:     0x5a8688014bb9 - <unknown>
[INFO] [stdout]    8:     0x5a86880150bc - <unknown>
[INFO] [stdout]    9:     0x5a8687fd3edb - <unknown>
[INFO] [stdout]   10:     0x5a8687fd02a5 - <unknown>
[INFO] [stdout]   11:     0x5a868802feeb - <unknown>
[INFO] [stdout]   12:     0x5a868802beb1 - <unknown>
[INFO] [stdout]   13:     0x5a868802b69c - <unknown>
[INFO] [stdout]   14:     0x5a868804b33c - <unknown>
[INFO] [stdout]   15:     0x5a8688016934 - <unknown>
[INFO] [stdout]   16:     0x7fdeb5166dfa - <unknown>
[INFO] [stdout]   17:     0x7fdeb51fa3d4 - clone
[INFO] [stdout]   18:                0x0 - <unknown>
[INFO] [stdout] 
[INFO] [stdout] ---- test_compare_functionality_with_previous_results stdout ----
[INFO] [stdout] 
[INFO] [stdout] thread 'test_compare_functionality_with_previous_results' (2526) panicked at tests/integration.rs:187:5:
[INFO] [stdout] assertion failed: output.status.success()
[INFO] [stdout] stack backtrace:
[INFO] [stdout]    0:     0x5a8687fef4e5 - <unknown>
[INFO] [stdout]    1:     0x5a8687fd404a - <unknown>
[INFO] [stdout]    2:     0x5a8687feeb7b - <unknown>
[INFO] [stdout]    3:     0x5a8687fee65f - <unknown>
[INFO] [stdout]    4:     0x5a8687fee28a - <unknown>
[INFO] [stdout]    5:     0x5a8687feddc5 - <unknown>
[INFO] [stdout]    6:     0x5a8688014c32 - <unknown>
[INFO] [stdout]    7:     0x5a8688014bb9 - <unknown>
[INFO] [stdout]    8:     0x5a86880150bc - <unknown>
[INFO] [stdout]    9:     0x5a8687fd3edb - <unknown>
[INFO] [stdout]   10:     0x5a8687fd5691 - <unknown>
[INFO] [stdout]   11:     0x5a8687fd27af - <unknown>
[INFO] [stdout]   12:     0x5a868802feeb - <unknown>
[INFO] [stdout]   13:     0x5a868802beb1 - <unknown>
[INFO] [stdout]   14:     0x5a868802b69c - <unknown>
[INFO] [stdout]   15:     0x5a868804b33c - <unknown>
[INFO] [stdout]   16:     0x5a8688016934 - <unknown>
[INFO] [stdout]   17:     0x7fdeb5166dfa - <unknown>
[INFO] [stdout]   18:     0x7fdeb51fa3d4 - clone
[INFO] [stdout]   19:                0x0 - <unknown>
[INFO] [stdout] 
[INFO] [stdout] ---- test_benchmark_runs_with_minimal_config stdout ----
[INFO] [stdout] 
[INFO] [stdout] thread 'test_benchmark_runs_with_minimal_config' (2520) panicked at tests/integration.rs:59:5:
[INFO] [stdout] Benchmark failed: 
[INFO] [stdout] stack backtrace:
[INFO] [stdout]    0:     0x5a8687fef4e5 - <unknown>
[INFO] [stdout]    1:     0x5a8687fd404a - <unknown>
[INFO] [stdout]    2:     0x5a8687feeb7b - <unknown>
[INFO] [stdout]    3:     0x5a8687fee65f - <unknown>
[INFO] [stdout]    4:     0x5a8687fee28a - <unknown>
[INFO] [stdout]    5:     0x5a8687feddc5 - <unknown>
[INFO] [stdout]    6:     0x5a8688014c01 - <unknown>
[INFO] [stdout]    7:     0x5a8688014bb9 - <unknown>
[INFO] [stdout]    8:     0x5a86880150bc - <unknown>
[INFO] [stdout]    9:     0x5a8687fd3edb - <unknown>
[INFO] [stdout]   10:     0x5a8687fd1c7a - <unknown>
[INFO] [stdout]   11:     0x5a868802feeb - <unknown>
[INFO] [stdout]   12:     0x5a868802beb1 - <unknown>
[INFO] [stdout]   13:     0x5a868802b69c - <unknown>
[INFO] [stdout]   14:     0x5a868804b33c - <unknown>
[INFO] [stdout]   15:     0x5a8688016934 - <unknown>
[INFO] [stdout]   16:     0x7fdeb5166dfa - <unknown>
[INFO] [stdout]   17:     0x7fdeb51fa3d4 - clone
[INFO] [stdout]   18:                0x0 - <unknown>
[INFO] [stdout] 
[INFO] [stdout] 
[INFO] [stdout] failures:
[INFO] [stdout]     test_all_benchmark_categories_ran
[INFO] [stdout]     test_benchmark_creates_results_json
[INFO] [stdout]     test_benchmark_runs_with_minimal_config
[INFO] [stdout]     test_category_tests_nonempty
[INFO] [stdout]     test_compare_functionality_with_previous_results
[INFO] [stdout] 
[INFO] [stdout] test result: FAILED. 10 passed; 5 failed; 0 ignored; 0 measured; 0 filtered out; finished in 341.51s
[INFO] [stdout] 
[INFO] running `Command { std: "docker" "inspect" "66b76afd32f2aabce3d5aa8d6e2a68db05fabd59d44b2844241ba8c039b8ed53", kill_on_drop: false }`
[INFO] running `Command { std: "docker" "rm" "-f" "66b76afd32f2aabce3d5aa8d6e2a68db05fabd59d44b2844241ba8c039b8ed53", kill_on_drop: false }`
[INFO] [stdout] 66b76afd32f2aabce3d5aa8d6e2a68db05fabd59d44b2844241ba8c039b8ed53
