[INFO] cloning repository https://github.com/neon-smith693ep/traverse
[INFO] running `Command { std: "git" "-c" "credential.helper=" "-c" "credential.helper=/workspace/cargo-home/bin/git-credential-null" "clone" "--bare" "https://github.com/neon-smith693ep/traverse" "/workspace/cache/git-repos/https%3A%2F%2Fgithub.com%2Fneon-smith693ep%2Ftraverse", kill_on_drop: false }`
[INFO] [stderr] Cloning into bare repository '/workspace/cache/git-repos/https%3A%2F%2Fgithub.com%2Fneon-smith693ep%2Ftraverse'...
[INFO] running `Command { std: "git" "rev-parse" "HEAD", kill_on_drop: false }`
[INFO] [stdout] ef976673884bb98fbeb04f04f8899406799b66e0
[INFO] testing neon-smith693ep/traverse against 1.100.0-beta.1+cargoflags=--release for beta-release-1.100-2
[INFO] running `Command { std: "git" "clone" "/workspace/cache/git-repos/https%3A%2F%2Fgithub.com%2Fneon-smith693ep%2Ftraverse" "/workspace/builds/worker-4-tc2/source", kill_on_drop: false }`
[INFO] [stderr] Cloning into '/workspace/builds/worker-4-tc2/source'...
[INFO] [stderr] done.
[INFO] removed /workspace/builds/worker-4-tc2/source/.cargo/config.toml
[INFO] started tweaking git repo https://github.com/neon-smith693ep/traverse
[INFO] finished tweaking git repo https://github.com/neon-smith693ep/traverse
[INFO] tweaked toml for git repo https://github.com/neon-smith693ep/traverse written to /workspace/builds/worker-4-tc2/source/Cargo.toml
[INFO] validating manifest of git repo https://github.com/neon-smith693ep/traverse on toolchain 1.100.0-beta.1
[INFO] running `Command { std: CARGO_HOME="/workspace/cargo-home" RUSTUP_HOME="/workspace/rustup-home" "/workspace/cargo-home/bin/cargo" "+1.100.0-beta.1" "metadata" "--manifest-path" "Cargo.toml" "--no-deps", kill_on_drop: false }`
[INFO] crate git repo https://github.com/neon-smith693ep/traverse already has a lockfile, it will not be regenerated
[INFO] running `Command { std: CARGO_HOME="/workspace/cargo-home" RUSTUP_HOME="/workspace/rustup-home" "/workspace/cargo-home/bin/cargo" "+1.100.0-beta.1" "fetch" "--manifest-path" "Cargo.toml", kill_on_drop: false }`
[INFO] [stderr] warning: `package.homepage` is redundant with `package.repository`
[INFO] [stderr]  --> crates/logging/Cargo.toml:9:12
[INFO] [stderr]   |
[INFO] [stderr] 8 | repository = "https://github.com/calltrace/traverse"
[INFO] [stderr]   |              ---------------------------------------
[INFO] [stderr] 9 | homepage = "https://github.com/calltrace/traverse"
[INFO] [stderr]   |            ^^^^^^^^^^^^^^^^^^^^^^^^^^^^^^^^^^^^^^^
[INFO] [stderr]   |
[INFO] [stderr]   = note: `cargo::redundant_homepage` is set to `warn` by default
[INFO] [stderr] help: consider removing `package.homepage`
[INFO] [stderr] warning: `traverse-logging` (manifest) generated 1 warning
[INFO] [stderr] warning: `package.homepage` is redundant with `package.repository`
[INFO] [stderr]   --> crates/cli/Cargo.toml:10:12
[INFO] [stderr]    |
[INFO] [stderr]  9 | repository = "https://github.com/calltrace/traverse"
[INFO] [stderr]    |              ---------------------------------------
[INFO] [stderr] 10 | homepage = "https://github.com/calltrace/traverse"
[INFO] [stderr]    |            ^^^^^^^^^^^^^^^^^^^^^^^^^^^^^^^^^^^^^^^
[INFO] [stderr]    |
[INFO] [stderr]    = note: `cargo::redundant_homepage` is set to `warn` by default
[INFO] [stderr] help: consider removing `package.homepage`
[INFO] [stderr] warning: `traverse-cli` (manifest) generated 1 warning
[INFO] [stderr] warning: `package.homepage` is redundant with `package.repository`
[INFO] [stderr]   --> crates/mermaid/Cargo.toml:10:12
[INFO] [stderr]    |
[INFO] [stderr]  9 | repository = "https://github.com/calltrace/traverse"
[INFO] [stderr]    |              ---------------------------------------
[INFO] [stderr] 10 | homepage = "https://github.com/calltrace/traverse"
[INFO] [stderr]    |            ^^^^^^^^^^^^^^^^^^^^^^^^^^^^^^^^^^^^^^^
[INFO] [stderr]    |
[INFO] [stderr]    = note: `cargo::redundant_homepage` is set to `warn` by default
[INFO] [stderr] help: consider removing `package.homepage`
[INFO] [stderr] warning: `traverse-mermaid` (manifest) generated 1 warning
[INFO] [stderr] warning: `package.homepage` is redundant with `package.repository`
[INFO] [stderr]   --> crates/codegen/Cargo.toml:10:12
[INFO] [stderr]    |
[INFO] [stderr]  9 | repository = "https://github.com/calltrace/traverse"
[INFO] [stderr]    |              ---------------------------------------
[INFO] [stderr] 10 | homepage = "https://github.com/calltrace/traverse"
[INFO] [stderr]    |            ^^^^^^^^^^^^^^^^^^^^^^^^^^^^^^^^^^^^^^^
[INFO] [stderr]    |
[INFO] [stderr]    = note: `cargo::redundant_homepage` is set to `warn` by default
[INFO] [stderr] help: consider removing `package.homepage`
[INFO] [stderr] warning: unused build dependency `cc`
[INFO] [stderr]   --> crates/codegen/Cargo.toml:38:1
[INFO] [stderr]    |
[INFO] [stderr] 38 | cc = "1.0"
[INFO] [stderr]    | ^^^^^^^^^^
[INFO] [stderr]    |
[INFO] [stderr]    = note: `cargo::unused_dependencies` is set to `warn` by default
[INFO] [stderr] help: consider removing the dependency on `cc`
[INFO] [stderr] warning: `traverse-codegen` (manifest) generated 2 warnings
[INFO] [stderr] warning: `package.homepage` is redundant with `package.repository`
[INFO] [stderr]   --> crates/solidity/Cargo.toml:10:12
[INFO] [stderr]    |
[INFO] [stderr]  9 | repository = "https://github.com/calltrace/traverse"
[INFO] [stderr]    |              ---------------------------------------
[INFO] [stderr] 10 | homepage = "https://github.com/calltrace/traverse"
[INFO] [stderr]    |            ^^^^^^^^^^^^^^^^^^^^^^^^^^^^^^^^^^^^^^^
[INFO] [stderr]    |
[INFO] [stderr]    = note: `cargo::redundant_homepage` is set to `warn` by default
[INFO] [stderr] help: consider removing `package.homepage`
[INFO] [stderr] warning: `traverse-solidity` (manifest) generated 1 warning
[INFO] [stderr] warning: `package.homepage` is redundant with `package.repository`
[INFO] [stderr]   --> crates/graph/Cargo.toml:10:12
[INFO] [stderr]    |
[INFO] [stderr]  9 | repository = "https://github.com/calltrace/traverse"
[INFO] [stderr]    |              ---------------------------------------
[INFO] [stderr] 10 | homepage = "https://github.com/calltrace/traverse"
[INFO] [stderr]    |            ^^^^^^^^^^^^^^^^^^^^^^^^^^^^^^^^^^^^^^^
[INFO] [stderr]    |
[INFO] [stderr]    = note: `cargo::redundant_homepage` is set to `warn` by default
[INFO] [stderr] help: consider removing `package.homepage`
[INFO] [stderr] warning: unused build dependency `cc`
[INFO] [stderr]   --> crates/graph/Cargo.toml:36:1
[INFO] [stderr]    |
[INFO] [stderr] 36 | cc = "1.0"
[INFO] [stderr]    | ^^^^^^^^^^
[INFO] [stderr]    |
[INFO] [stderr]    = note: `cargo::unused_dependencies` is set to `warn` by default
[INFO] [stderr] help: consider removing the dependency on `cc`
[INFO] [stderr] warning: `traverse-graph` (manifest) generated 2 warnings
[INFO] running `Command { std: "docker" "create" "-v" "/var/lib/crater-agent-workspace/builds/worker-4-tc2/source:/opt/rustwide/workdir:ro,Z" "-v" "/var/lib/crater-agent-workspace/builds/worker-4-tc2/target:/opt/rustwide/target:rw,Z" "-v" "/var/lib/crater-agent-workspace/cargo-home:/opt/rustwide/cargo-home:ro,Z" "-v" "/var/lib/crater-agent-workspace/rustup-home:/opt/rustwide/rustup-home:ro,Z" "-m" "1610612736" "--network" "none" "ghcr.io/rust-lang/crates-build-env/linux@sha256:77db811e55d90add9212f6832c23229e3de5f1c1f9905e8cb07319ea15df73ac" "sleep" "infinity", kill_on_drop: false }`
[INFO] [stdout] 2c0a2a4cb7ed82325806fe0a4023c654f934572ece8d87f004c2eca538e29a4b
[INFO] running `Command { std: "docker" "start" "2c0a2a4cb7ed82325806fe0a4023c654f934572ece8d87f004c2eca538e29a4b", kill_on_drop: false }`
[INFO] running `Command { std: "docker" "inspect" "2c0a2a4cb7ed82325806fe0a4023c654f934572ece8d87f004c2eca538e29a4b", kill_on_drop: false }`
[INFO] running `Command { std: "docker" "exec" "-e" "SOURCE_DIR=/opt/rustwide/workdir" "-e" "CARGO_HOME=/opt/rustwide/cargo-home" "-e" "RUSTUP_HOME=/opt/rustwide/rustup-home" "-e" "CARGO_TARGET_DIR=/opt/rustwide/target" "-w" "/opt/rustwide/workdir" "--user" "0:0" "2c0a2a4cb7ed82325806fe0a4023c654f934572ece8d87f004c2eca538e29a4b" "/opt/rustwide/cargo-home/bin/cargo" "+1.100.0-beta.1" "metadata" "--no-deps" "--format-version=1", kill_on_drop: false }`
[INFO] running `Command { std: "docker" "inspect" "2c0a2a4cb7ed82325806fe0a4023c654f934572ece8d87f004c2eca538e29a4b", kill_on_drop: false }`
[INFO] running `Command { std: "docker" "exec" "-e" "SOURCE_DIR=/opt/rustwide/workdir" "-e" "CARGO_HOME=/opt/rustwide/cargo-home" "-e" "RUSTUP_HOME=/opt/rustwide/rustup-home" "-e" "CARGO_TARGET_DIR=/opt/rustwide/target" "-e" "CARGO_INCREMENTAL=0" "-e" "RUST_BACKTRACE=full" "-e" "RUSTFLAGS=--cap-lints=warn" "-e" "RUSTDOCFLAGS=--cap-lints=warn" "-w" "/opt/rustwide/workdir" "--user" "0:0" "2c0a2a4cb7ed82325806fe0a4023c654f934572ece8d87f004c2eca538e29a4b" "/opt/rustwide/cargo-home/bin/cargo" "+1.100.0-beta.1" "build" "--frozen" "--message-format=json" "--release", kill_on_drop: false }`
[INFO] [stderr] warning: `package.homepage` is redundant with `package.repository`
[INFO] [stderr]   --> crates/graph/Cargo.toml:10:12
[INFO] [stderr]    |
[INFO] [stderr]  9 | repository = "https://github.com/calltrace/traverse"
[INFO] [stderr]    |              ---------------------------------------
[INFO] [stderr] 10 | homepage = "https://github.com/calltrace/traverse"
[INFO] [stderr]    |            ^^^^^^^^^^^^^^^^^^^^^^^^^^^^^^^^^^^^^^^
[INFO] [stderr]    |
[INFO] [stderr]    = note: `cargo::redundant_homepage` is set to `warn` by default
[INFO] [stderr] help: consider removing `package.homepage`
[INFO] [stderr] warning: unused build dependency `cc`
[INFO] [stderr]   --> crates/graph/Cargo.toml:36:1
[INFO] [stderr]    |
[INFO] [stderr] 36 | cc = "1.0"
[INFO] [stderr]    | ^^^^^^^^^^
[INFO] [stderr]    |
[INFO] [stderr]    = note: `cargo::unused_dependencies` is set to `warn` by default
[INFO] [stderr] help: consider removing the dependency on `cc`
[INFO] [stderr] warning: `traverse-graph` (manifest) generated 2 warnings
[INFO] [stderr] warning: `package.homepage` is redundant with `package.repository`
[INFO] [stderr]   --> crates/cli/Cargo.toml:10:12
[INFO] [stderr]    |
[INFO] [stderr]  9 | repository = "https://github.com/calltrace/traverse"
[INFO] [stderr]    |              ---------------------------------------
[INFO] [stderr] 10 | homepage = "https://github.com/calltrace/traverse"
[INFO] [stderr]    |            ^^^^^^^^^^^^^^^^^^^^^^^^^^^^^^^^^^^^^^^
[INFO] [stderr]    |
[INFO] [stderr]    = note: `cargo::redundant_homepage` is set to `warn` by default
[INFO] [stderr] help: consider removing `package.homepage`
[INFO] [stderr] warning: `traverse-cli` (manifest) generated 1 warning
[INFO] [stderr] warning: `package.homepage` is redundant with `package.repository`
[INFO] [stderr]   --> crates/mermaid/Cargo.toml:10:12
[INFO] [stderr]    |
[INFO] [stderr]  9 | repository = "https://github.com/calltrace/traverse"
[INFO] [stderr]    |              ---------------------------------------
[INFO] [stderr] 10 | homepage = "https://github.com/calltrace/traverse"
[INFO] [stderr]    |            ^^^^^^^^^^^^^^^^^^^^^^^^^^^^^^^^^^^^^^^
[INFO] [stderr]    |
[INFO] [stderr]    = note: `cargo::redundant_homepage` is set to `warn` by default
[INFO] [stderr] help: consider removing `package.homepage`
[INFO] [stderr] warning: `traverse-mermaid` (manifest) generated 1 warning
[INFO] [stderr] warning: `package.homepage` is redundant with `package.repository`
[INFO] [stderr]   --> crates/solidity/Cargo.toml:10:12
[INFO] [stderr]    |
[INFO] [stderr]  9 | repository = "https://github.com/calltrace/traverse"
[INFO] [stderr]    |              ---------------------------------------
[INFO] [stderr] 10 | homepage = "https://github.com/calltrace/traverse"
[INFO] [stderr]    |            ^^^^^^^^^^^^^^^^^^^^^^^^^^^^^^^^^^^^^^^
[INFO] [stderr]    |
[INFO] [stderr]    = note: `cargo::redundant_homepage` is set to `warn` by default
[INFO] [stderr] help: consider removing `package.homepage`
[INFO] [stderr] warning: `traverse-solidity` (manifest) generated 1 warning
[INFO] [stderr] warning: `package.homepage` is redundant with `package.repository`
[INFO] [stderr]  --> crates/logging/Cargo.toml:9:12
[INFO] [stderr]   |
[INFO] [stderr] 8 | repository = "https://github.com/calltrace/traverse"
[INFO] [stderr]   |              ---------------------------------------
[INFO] [stderr] 9 | homepage = "https://github.com/calltrace/traverse"
[INFO] [stderr]   |            ^^^^^^^^^^^^^^^^^^^^^^^^^^^^^^^^^^^^^^^
[INFO] [stderr]   |
[INFO] [stderr]   = note: `cargo::redundant_homepage` is set to `warn` by default
[INFO] [stderr] help: consider removing `package.homepage`
[INFO] [stderr] warning: `traverse-logging` (manifest) generated 1 warning
[INFO] [stderr] warning: `package.homepage` is redundant with `package.repository`
[INFO] [stderr]   --> crates/codegen/Cargo.toml:10:12
[INFO] [stderr]    |
[INFO] [stderr]  9 | repository = "https://github.com/calltrace/traverse"
[INFO] [stderr]    |              ---------------------------------------
[INFO] [stderr] 10 | homepage = "https://github.com/calltrace/traverse"
[INFO] [stderr]    |            ^^^^^^^^^^^^^^^^^^^^^^^^^^^^^^^^^^^^^^^
[INFO] [stderr]    |
[INFO] [stderr]    = note: `cargo::redundant_homepage` is set to `warn` by default
[INFO] [stderr] help: consider removing `package.homepage`
[INFO] [stderr] warning: unused build dependency `cc`
[INFO] [stderr]   --> crates/codegen/Cargo.toml:38:1
[INFO] [stderr]    |
[INFO] [stderr] 38 | cc = "1.0"
[INFO] [stderr]    | ^^^^^^^^^^
[INFO] [stderr]    |
[INFO] [stderr]    = note: `cargo::unused_dependencies` is set to `warn` by default
[INFO] [stderr] help: consider removing the dependency on `cc`
[INFO] [stderr] warning: `traverse-codegen` (manifest) generated 2 warnings
[INFO] [stderr]    Compiling libc v0.2.173
[INFO] [stderr]    Compiling thiserror v2.0.12
[INFO] [stderr]    Compiling memchr v2.7.5
[INFO] [stderr]    Compiling siphasher v1.0.1
[INFO] [stderr]    Compiling aho-corasick v1.1.3
[INFO] [stderr]    Compiling cc v1.2.27
[INFO] [stderr]    Compiling serde v1.0.219
[INFO] [stderr]    Compiling rand_core v0.6.4
[INFO] [stderr]    Compiling regex-syntax v0.8.5
[INFO] [stderr]    Compiling rustix v1.0.7
[INFO] [stderr]    Compiling lock_api v0.4.13
[INFO] [stderr]    Compiling syn v2.0.103
[INFO] [stderr]    Compiling hashbrown v0.15.4
[INFO] [stderr]    Compiling linux-raw-sys v0.9.4
[INFO] [stderr]    Compiling zerocopy v0.8.25
[INFO] [stderr]    Compiling serde_json v1.0.140
[INFO] [stderr]    Compiling rand v0.8.5
[INFO] [stderr]    Compiling iana-time-zone v0.1.63
[INFO] [stderr]    Compiling phf_shared v0.11.3
[INFO] [stderr]    Compiling itoa v1.0.15
[INFO] [stderr]    Compiling ryu v1.0.20
[INFO] [stderr]    Compiling walkdir v2.5.0
[INFO] [stderr]    Compiling phf v0.11.3
[INFO] [stderr]    Compiling anyhow v1.0.98
[INFO] [stderr]    Compiling anstyle v1.0.11
[INFO] [stderr]    Compiling getrandom v0.3.3
[INFO] [stderr]    Compiling anstyle-query v1.1.3
[INFO] [stderr]    Compiling crossbeam-epoch v0.9.18
[INFO] [stderr]    Compiling bstr v1.12.0
[INFO] [stderr]    Compiling tree-sitter-language v0.1.5
[INFO] [stderr]    Compiling rustversion v1.0.21
[INFO] [stderr]    Compiling clap_lex v0.7.5
[INFO] [stderr]    Compiling anstream v0.6.19
[INFO] [stderr]    Compiling indexmap v2.9.0
[INFO] [stderr]    Compiling phf_generator v0.11.3
[INFO] [stderr]    Compiling regex-syntax v0.6.29
[INFO] [stderr]    Compiling phf_codegen v0.11.3
[INFO] [stderr]    Compiling unic-common v0.9.0
[INFO] [stderr]    Compiling unic-char-range v0.9.0
[INFO] [stderr]    Compiling libm v0.2.15
[INFO] [stderr]    Compiling clap_builder v4.5.40
[INFO] [stderr]    Compiling unic-char-property v0.9.0
[INFO] [stderr]    Compiling unic-ucd-version v0.9.0
[INFO] [stderr]    Compiling crossbeam-deque v0.8.6
[INFO] [stderr]    Compiling proc-macro2 v1.0.95
[INFO] [stderr]    Compiling signal-hook-registry v1.4.5
[INFO] [stderr]    Compiling getrandom v0.2.16
[INFO] [stderr]    Compiling parking_lot_core v0.9.11
[INFO] [stderr]    Compiling mio v1.0.4
[INFO] [stderr]    Compiling parking_lot v0.12.4
[INFO] [stderr]    Compiling signal-hook v0.3.18
[INFO] [stderr]    Compiling streaming-iterator v0.1.9
[INFO] [stderr]    Compiling regex-automata v0.4.9
[INFO] [stderr]    Compiling tree-sitter-solidity-traverse v1.2.13-4e938a4
[INFO] [stderr]    Compiling fastrand v2.3.0
[INFO] [stderr]    Compiling unicode-ident v1.0.18
[INFO] [stderr]    Compiling either v1.15.0
[INFO] [stderr]    Compiling semver v1.0.26
[INFO] [stderr]    Compiling signal-hook-mio v0.2.4
[INFO] [stderr]    Compiling petgraph v0.8.2
[INFO] [stderr]    Compiling nu-ansi-term v0.46.0
[INFO] [stderr]    Compiling socket2 v0.5.10
[INFO] [stderr]    Compiling ppv-lite86 v0.2.21
[INFO] [stderr]    Compiling unic-ucd-segment v0.9.0
[INFO] [stderr]    Compiling tracing-log v0.2.0
[INFO] [stderr]    Compiling thread_local v1.1.9
[INFO] [stderr]    Compiling vte v0.14.1
[INFO] [stderr]    Compiling nom v8.0.0
[INFO] [stderr]    Compiling toml_write v0.1.2
[INFO] [stderr]    Compiling winnow v0.7.11
[INFO] [stderr]    Compiling rand_chacha v0.3.1
[INFO] [stderr]    Compiling regex-automata v0.1.10
[INFO] [stderr]    Compiling deunicode v1.6.2
[INFO] [stderr]    Compiling unic-segment v0.9.0
[INFO] [stderr]    Compiling slug v0.1.6
[INFO] [stderr]    Compiling strip-ansi-escapes v0.2.1
[INFO] [stderr]    Compiling regex v1.11.1
[INFO] [stderr]    Compiling quote v1.0.40
[INFO] [stderr]    Compiling parse-zoneinfo v0.3.1
[INFO] [stderr]    Compiling humansize v2.1.3
[INFO] [stderr]    Compiling matchers v0.1.0
[INFO] [stderr]    Compiling itertools v0.12.1
[INFO] [stderr]    Compiling env_home v0.1.0
[INFO] [stderr]    Compiling nu-ansi-term v0.50.1
[INFO] [stderr]    Compiling chrono-tz-build v0.3.0
[INFO] [stderr]    Compiling tree-sitter v0.25.9
[INFO] [stderr]    Compiling chrono-tz v0.9.0
[INFO] [stderr]    Compiling globset v0.4.16
[INFO] [stderr]    Compiling serde_derive v1.0.219
[INFO] [stderr]    Compiling thiserror-impl v2.0.12
[INFO] [stderr]    Compiling tracing-attributes v0.1.29
[INFO] [stderr]    Compiling clap_derive v4.5.40
[INFO] [stderr]    Compiling ignore v0.4.23
[INFO] [stderr]    Compiling thiserror-impl v1.0.69
[INFO] [stderr]    Compiling tokio-macros v2.5.0
[INFO] [stderr]    Compiling strum_macros v0.26.4
[INFO] [stderr]    Compiling pest v2.8.0
[INFO] [stderr]    Compiling tracing v0.1.41
[INFO] [stderr]    Compiling tokio v1.45.1
[INFO] [stderr]    Compiling thiserror v1.0.69
[INFO] [stderr]    Compiling tracing-subscriber v0.3.19
[INFO] [stderr]    Compiling clap v4.5.40
[INFO] [stderr]    Compiling pest_meta v2.8.0
[INFO] [stderr]    Compiling pest_generator v2.8.0
[INFO] [stderr]    Compiling traverse-logging v0.1.4 (/opt/rustwide/workdir/crates/logging)
[INFO] [stderr]    Compiling pest_derive v2.8.0
[INFO] [stderr]    Compiling traverse-solidity v0.1.4 (/opt/rustwide/workdir/crates/solidity)
[INFO] [stderr]    Compiling bitflags v2.9.1
[INFO] [stderr]    Compiling chrono v0.4.41
[INFO] [stderr]    Compiling rustix v0.38.44
[INFO] [stderr]    Compiling toml_datetime v0.6.11
[INFO] [stderr]    Compiling serde_yaml v0.9.34+deprecated
[INFO] [stderr]    Compiling serde_spanned v0.6.9
[INFO] [stderr]    Compiling globwalk v0.9.1
[INFO] [stderr]    Compiling toml_edit v0.22.27
[INFO] [stderr]    Compiling crossterm v0.28.1
[INFO] [stderr]    Compiling traverse-mermaid v0.1.4 (/opt/rustwide/workdir/crates/mermaid)
[INFO] [stderr]    Compiling tempfile v3.20.0
[INFO] [stderr]    Compiling fd-lock v4.0.4
[INFO] [stderr]    Compiling toml v0.8.23
[INFO] [stderr]    Compiling reedline v0.38.0
[INFO] [stderr]    Compiling which v7.0.3
[INFO] [stderr]    Compiling traverse-graph v0.1.4 (/opt/rustwide/workdir/crates/graph)
[INFO] [stdout] warning: unused import: `error`
[INFO] [stdout]   --> crates/graph/src/chains.rs:10:15
[INFO] [stdout]    |
[INFO] [stdout] 10 | use tracing::{error, trace};
[INFO] [stdout]    |               ^^^^^
[INFO] [stdout]    |
[INFO] [stdout]    = note: `#[warn(unused_imports)]` (part of `#[warn(unused)]`) on by default
[INFO] [stdout] 
[INFO] [stdout] 
[INFO] [stderr]    Compiling tera v1.20.0
[INFO] [stderr]    Compiling traverse-codegen v0.1.4 (/opt/rustwide/workdir/crates/codegen)
[INFO] [stderr]    Compiling traverse-cli v0.1.4 (/opt/rustwide/workdir/crates/cli)
[INFO] [stderr] warning: unused dependency `reedline`
[INFO] [stderr]   --> crates/cli/Cargo.toml:51:1
[INFO] [stderr]    |
[INFO] [stderr] 51 | reedline = "0.38.0"
[INFO] [stderr]    | ^^^^^^^^^^^^^^^^^^^
[INFO] [stderr]    |
[INFO] [stderr]    = note: `cargo::unused_dependencies` is set to `warn` by default
[INFO] [stderr] help: consider removing the dependency on `reedline`
[INFO] [stderr] warning: unused dependency `syn`
[INFO] [stderr]   --> crates/cli/Cargo.toml:45:1
[INFO] [stderr]    |
[INFO] [stderr] 45 | syn = { version = "2.0.90", features = ["full"] }
[INFO] [stderr]    | ^^^^^^^^^^^^^^^^^^^^^^^^^^^^^^^^^^^^^^^^^^^^^^^^^
[INFO] [stderr]    |
[INFO] [stderr] help: consider removing the dependency on `syn`
[INFO] [stderr] warning: unused dependency `tera`
[INFO] [stderr]   --> crates/cli/Cargo.toml:57:1
[INFO] [stderr]    |
[INFO] [stderr] 57 | tera = "1.20.0"
[INFO] [stderr]    | ^^^^^^^^^^^^^^^
[INFO] [stderr]    |
[INFO] [stderr] help: consider removing the dependency on `tera`
[INFO] [stderr] warning: unused dependency `which`
[INFO] [stderr]   --> crates/cli/Cargo.toml:49:1
[INFO] [stderr]    |
[INFO] [stderr] 49 | which = "7.0.1"
[INFO] [stderr]    | ^^^^^^^^^^^^^^^
[INFO] [stderr]    |
[INFO] [stderr] help: consider removing the dependency on `which`
[INFO] [stderr] warning: `traverse-cli` (manifest) generated 4 warnings
[INFO] [stderr] warning: unused dependency `semver`
[INFO] [stderr]   --> crates/codegen/Cargo.toml:31:1
[INFO] [stderr]    |
[INFO] [stderr] 31 | semver = "1.0.26"
[INFO] [stderr]    | ^^^^^^^^^^^^^^^^^
[INFO] [stderr]    |
[INFO] [stderr]    = note: `cargo::unused_dependencies` is set to `warn` by default
[INFO] [stderr] help: consider removing the dependency on `semver`
[INFO] [stderr] warning: `traverse-codegen` (manifest) generated 1 warning
[INFO] [stderr] warning: unused dependency `clap`
[INFO] [stderr]   --> crates/graph/Cargo.toml:20:1
[INFO] [stderr]    |
[INFO] [stderr] 20 | clap = "4.5.35"
[INFO] [stderr]    | ^^^^^^^^^^^^^^^
[INFO] [stderr]    |
[INFO] [stderr]    = note: `cargo::unused_dependencies` is set to `warn` by default
[INFO] [stderr] help: consider removing the dependency on `clap`
[INFO] [stderr] warning: unused dependency `petgraph`
[INFO] [stderr]   --> crates/graph/Cargo.toml:21:1
[INFO] [stderr]    |
[INFO] [stderr] 21 | petgraph = "0.8.1"
[INFO] [stderr]    | ^^^^^^^^^^^^^^^^^^
[INFO] [stderr]    |
[INFO] [stderr] help: consider removing the dependency on `petgraph`
[INFO] [stderr] warning: unused dependency `tempfile`
[INFO] [stderr]   --> crates/graph/Cargo.toml:33:1
[INFO] [stderr]    |
[INFO] [stderr] 33 | tempfile = "3.20.0"
[INFO] [stderr]    | ^^^^^^^^^^^^^^^^^^^
[INFO] [stderr]    |
[INFO] [stderr] help: consider removing the dependency on `tempfile`
[INFO] [stderr] warning: `traverse-graph` (manifest) generated 3 warnings
[INFO] [stderr] warning: unused dependency `tracing`
[INFO] [stderr]   --> crates/mermaid/Cargo.toml:20:1
[INFO] [stderr]    |
[INFO] [stderr] 20 | tracing = { workspace = true }
[INFO] [stderr]    | ^^^^^^^^^^^^^^^^^^^^^^^^^^^^^^
[INFO] [stderr]    |
[INFO] [stderr]    = note: `cargo::unused_dependencies` is set to `warn` by default
[INFO] [stderr] help: consider removing the dependency on `tracing`
[INFO] [stderr] warning: `traverse-mermaid` (manifest) generated 1 warning
[INFO] [stderr]     Finished `release` profile [optimized] target(s) in 3m 12s
[INFO] running `Command { std: "docker" "inspect" "2c0a2a4cb7ed82325806fe0a4023c654f934572ece8d87f004c2eca538e29a4b", kill_on_drop: false }`
[INFO] running `Command { std: "docker" "exec" "-e" "SOURCE_DIR=/opt/rustwide/workdir" "-e" "CARGO_HOME=/opt/rustwide/cargo-home" "-e" "RUSTUP_HOME=/opt/rustwide/rustup-home" "-e" "CARGO_TARGET_DIR=/opt/rustwide/target" "-e" "CARGO_INCREMENTAL=0" "-e" "RUST_BACKTRACE=full" "-e" "RUSTFLAGS=--cap-lints=warn" "-e" "RUSTDOCFLAGS=--cap-lints=warn" "-w" "/opt/rustwide/workdir" "--user" "0:0" "2c0a2a4cb7ed82325806fe0a4023c654f934572ece8d87f004c2eca538e29a4b" "/opt/rustwide/cargo-home/bin/cargo" "+1.100.0-beta.1" "test" "--frozen" "--no-run" "--message-format=json" "--release", kill_on_drop: false }`
[INFO] [stderr] warning: `package.homepage` is redundant with `package.repository`
[INFO] [stderr]   --> crates/graph/Cargo.toml:10:12
[INFO] [stderr]    |
[INFO] [stderr]  9 | repository = "https://github.com/calltrace/traverse"
[INFO] [stderr]    |              ---------------------------------------
[INFO] [stderr] 10 | homepage = "https://github.com/calltrace/traverse"
[INFO] [stderr]    |            ^^^^^^^^^^^^^^^^^^^^^^^^^^^^^^^^^^^^^^^
[INFO] [stderr]    |
[INFO] [stderr]    = note: `cargo::redundant_homepage` is set to `warn` by default
[INFO] [stderr] help: consider removing `package.homepage`
[INFO] [stderr] warning: unused build dependency `cc`
[INFO] [stderr]   --> crates/graph/Cargo.toml:36:1
[INFO] [stderr]    |
[INFO] [stderr] 36 | cc = "1.0"
[INFO] [stderr]    | ^^^^^^^^^^
[INFO] [stderr]    |
[INFO] [stderr]    = note: `cargo::unused_dependencies` is set to `warn` by default
[INFO] [stderr] help: consider removing the dependency on `cc`
[INFO] [stderr] warning: `traverse-graph` (manifest) generated 2 warnings
[INFO] [stderr] warning: `package.homepage` is redundant with `package.repository`
[INFO] [stderr]   --> crates/cli/Cargo.toml:10:12
[INFO] [stderr]    |
[INFO] [stderr]  9 | repository = "https://github.com/calltrace/traverse"
[INFO] [stderr]    |              ---------------------------------------
[INFO] [stderr] 10 | homepage = "https://github.com/calltrace/traverse"
[INFO] [stderr]    |            ^^^^^^^^^^^^^^^^^^^^^^^^^^^^^^^^^^^^^^^
[INFO] [stderr]    |
[INFO] [stderr]    = note: `cargo::redundant_homepage` is set to `warn` by default
[INFO] [stderr] help: consider removing `package.homepage`
[INFO] [stderr] warning: `traverse-cli` (manifest) generated 1 warning
[INFO] [stderr] warning: `package.homepage` is redundant with `package.repository`
[INFO] [stderr]   --> crates/mermaid/Cargo.toml:10:12
[INFO] [stderr]    |
[INFO] [stderr]  9 | repository = "https://github.com/calltrace/traverse"
[INFO] [stderr]    |              ---------------------------------------
[INFO] [stderr] 10 | homepage = "https://github.com/calltrace/traverse"
[INFO] [stderr]    |            ^^^^^^^^^^^^^^^^^^^^^^^^^^^^^^^^^^^^^^^
[INFO] [stderr]    |
[INFO] [stderr]    = note: `cargo::redundant_homepage` is set to `warn` by default
[INFO] [stderr] help: consider removing `package.homepage`
[INFO] [stderr] warning: `traverse-mermaid` (manifest) generated 1 warning
[INFO] [stderr] warning: `package.homepage` is redundant with `package.repository`
[INFO] [stderr]   --> crates/solidity/Cargo.toml:10:12
[INFO] [stderr]    |
[INFO] [stderr]  9 | repository = "https://github.com/calltrace/traverse"
[INFO] [stderr]    |              ---------------------------------------
[INFO] [stderr] 10 | homepage = "https://github.com/calltrace/traverse"
[INFO] [stderr]    |            ^^^^^^^^^^^^^^^^^^^^^^^^^^^^^^^^^^^^^^^
[INFO] [stderr]    |
[INFO] [stderr]    = note: `cargo::redundant_homepage` is set to `warn` by default
[INFO] [stderr] help: consider removing `package.homepage`
[INFO] [stderr] warning: `traverse-solidity` (manifest) generated 1 warning
[INFO] [stderr] warning: `package.homepage` is redundant with `package.repository`
[INFO] [stderr]  --> crates/logging/Cargo.toml:9:12
[INFO] [stderr]   |
[INFO] [stderr] 8 | repository = "https://github.com/calltrace/traverse"
[INFO] [stderr]   |              ---------------------------------------
[INFO] [stderr] 9 | homepage = "https://github.com/calltrace/traverse"
[INFO] [stderr]   |            ^^^^^^^^^^^^^^^^^^^^^^^^^^^^^^^^^^^^^^^
[INFO] [stderr]   |
[INFO] [stderr]   = note: `cargo::redundant_homepage` is set to `warn` by default
[INFO] [stderr] help: consider removing `package.homepage`
[INFO] [stderr] warning: `traverse-logging` (manifest) generated 1 warning
[INFO] [stderr] warning: `package.homepage` is redundant with `package.repository`
[INFO] [stderr]   --> crates/codegen/Cargo.toml:10:12
[INFO] [stderr]    |
[INFO] [stderr]  9 | repository = "https://github.com/calltrace/traverse"
[INFO] [stderr]    |              ---------------------------------------
[INFO] [stderr] 10 | homepage = "https://github.com/calltrace/traverse"
[INFO] [stderr]    |            ^^^^^^^^^^^^^^^^^^^^^^^^^^^^^^^^^^^^^^^
[INFO] [stderr]    |
[INFO] [stderr]    = note: `cargo::redundant_homepage` is set to `warn` by default
[INFO] [stderr] help: consider removing `package.homepage`
[INFO] [stderr] warning: unused build dependency `cc`
[INFO] [stderr]   --> crates/codegen/Cargo.toml:38:1
[INFO] [stderr]    |
[INFO] [stderr] 38 | cc = "1.0"
[INFO] [stderr]    | ^^^^^^^^^^
[INFO] [stderr]    |
[INFO] [stderr]    = note: `cargo::unused_dependencies` is set to `warn` by default
[INFO] [stderr] help: consider removing the dependency on `cc`
[INFO] [stderr] warning: `traverse-codegen` (manifest) generated 2 warnings
[INFO] [stdout] warning: unused import: `error`
[INFO] [stdout]   --> crates/graph/src/chains.rs:10:15
[INFO] [stdout]    |
[INFO] [stdout] 10 | use tracing::{error, trace};
[INFO] [stdout]    |               ^^^^^
[INFO] [stdout]    |
[INFO] [stdout]    = note: `#[warn(unused_imports)]` (part of `#[warn(unused)]`) on by default
[INFO] [stdout] 
[INFO] [stdout] 
[INFO] [stderr]    Compiling traverse-codegen v0.1.4 (/opt/rustwide/workdir/crates/codegen)
[INFO] [stderr]    Compiling traverse-logging v0.1.4 (/opt/rustwide/workdir/crates/logging)
[INFO] [stderr]    Compiling traverse-solidity v0.1.4 (/opt/rustwide/workdir/crates/solidity)
[INFO] [stderr]    Compiling traverse-graph v0.1.4 (/opt/rustwide/workdir/crates/graph)
[INFO] [stderr]    Compiling traverse-mermaid v0.1.4 (/opt/rustwide/workdir/crates/mermaid)
[INFO] [stderr]    Compiling traverse-cli v0.1.4 (/opt/rustwide/workdir/crates/cli)
[INFO] [stdout] warning: unused import: `std::fs`
[INFO] [stdout]    --> crates/mermaid/src/mermaid_chunker.rs:478:9
[INFO] [stdout]     |
[INFO] [stdout] 478 |     use std::fs;
[INFO] [stdout]     |         ^^^^^^^
[INFO] [stdout]     |
[INFO] [stdout]     = note: `#[warn(unused_imports)]` (part of `#[warn(unused)]`) on by default
[INFO] [stdout] 
[INFO] [stdout] 
[INFO] [stdout] warning: unused import: `error`
[INFO] [stdout]   --> crates/graph/src/chains.rs:10:15
[INFO] [stdout]    |
[INFO] [stdout] 10 | use tracing::{error, trace};
[INFO] [stdout]    |               ^^^^^
[INFO] [stdout]    |
[INFO] [stdout]    = note: `#[warn(unused_imports)]` (part of `#[warn(unused)]`) on by default
[INFO] [stdout] 
[INFO] [stdout] 
[INFO] [stderr] warning: unused dependency `reedline`
[INFO] [stderr]   --> crates/cli/Cargo.toml:51:1
[INFO] [stderr]    |
[INFO] [stderr] 51 | reedline = "0.38.0"
[INFO] [stderr]    | ^^^^^^^^^^^^^^^^^^^
[INFO] [stderr]    |
[INFO] [stderr]    = note: `cargo::unused_dependencies` is set to `warn` by default
[INFO] [stderr] help: consider removing the dependency on `reedline`
[INFO] [stderr] warning: unused dependency `syn`
[INFO] [stderr]   --> crates/cli/Cargo.toml:45:1
[INFO] [stderr]    |
[INFO] [stderr] 45 | syn = { version = "2.0.90", features = ["full"] }
[INFO] [stderr]    | ^^^^^^^^^^^^^^^^^^^^^^^^^^^^^^^^^^^^^^^^^^^^^^^^^
[INFO] [stderr]    |
[INFO] [stderr] help: consider removing the dependency on `syn`
[INFO] [stderr] warning: unused dependency `tera`
[INFO] [stderr]   --> crates/cli/Cargo.toml:57:1
[INFO] [stderr]    |
[INFO] [stderr] 57 | tera = "1.20.0"
[INFO] [stderr]    | ^^^^^^^^^^^^^^^
[INFO] [stderr]    |
[INFO] [stderr] help: consider removing the dependency on `tera`
[INFO] [stderr] warning: unused dependency `which`
[INFO] [stderr]   --> crates/cli/Cargo.toml:49:1
[INFO] [stderr]    |
[INFO] [stderr] 49 | which = "7.0.1"
[INFO] [stderr]    | ^^^^^^^^^^^^^^^
[INFO] [stderr]    |
[INFO] [stderr] help: consider removing the dependency on `which`
[INFO] [stderr] warning: `traverse-cli` (manifest) generated 4 warnings
[INFO] [stderr] warning: unused dependency `semver`
[INFO] [stderr]   --> crates/codegen/Cargo.toml:31:1
[INFO] [stderr]    |
[INFO] [stderr] 31 | semver = "1.0.26"
[INFO] [stderr]    | ^^^^^^^^^^^^^^^^^
[INFO] [stderr]    |
[INFO] [stderr]    = note: `cargo::unused_dependencies` is set to `warn` by default
[INFO] [stderr] help: consider removing the dependency on `semver`
[INFO] [stderr] warning: `traverse-codegen` (manifest) generated 1 warning
[INFO] [stderr] warning: unused dependency `clap`
[INFO] [stderr]   --> crates/graph/Cargo.toml:20:1
[INFO] [stderr]    |
[INFO] [stderr] 20 | clap = "4.5.35"
[INFO] [stderr]    | ^^^^^^^^^^^^^^^
[INFO] [stderr]    |
[INFO] [stderr]    = note: `cargo::unused_dependencies` is set to `warn` by default
[INFO] [stderr] help: consider removing the dependency on `clap`
[INFO] [stderr] warning: unused dependency `petgraph`
[INFO] [stderr]   --> crates/graph/Cargo.toml:21:1
[INFO] [stderr]    |
[INFO] [stderr] 21 | petgraph = "0.8.1"
[INFO] [stderr]    | ^^^^^^^^^^^^^^^^^^
[INFO] [stderr]    |
[INFO] [stderr] help: consider removing the dependency on `petgraph`
[INFO] [stderr] warning: unused dependency `tempfile`
[INFO] [stderr]   --> crates/graph/Cargo.toml:33:1
[INFO] [stderr]    |
[INFO] [stderr] 33 | tempfile = "3.20.0"
[INFO] [stderr]    | ^^^^^^^^^^^^^^^^^^^
[INFO] [stderr]    |
[INFO] [stderr] help: consider removing the dependency on `tempfile`
[INFO] [stderr] help: to still use for development builds, move to `dev-dependencies`
[INFO] [stderr] warning: `traverse-graph` (manifest) generated 3 warnings
[INFO] [stderr] warning: unused dependency `tracing`
[INFO] [stderr]   --> crates/mermaid/Cargo.toml:20:1
[INFO] [stderr]    |
[INFO] [stderr] 20 | tracing = { workspace = true }
[INFO] [stderr]    | ^^^^^^^^^^^^^^^^^^^^^^^^^^^^^^
[INFO] [stderr]    |
[INFO] [stderr]    = note: `cargo::unused_dependencies` is set to `warn` by default
[INFO] [stderr] help: consider removing the dependency on `tracing`
[INFO] [stderr] warning: `traverse-mermaid` (manifest) generated 1 warning
[INFO] [stderr]     Finished `release` profile [optimized] target(s) in 44.53s
[INFO] running `Command { std: "docker" "inspect" "2c0a2a4cb7ed82325806fe0a4023c654f934572ece8d87f004c2eca538e29a4b", kill_on_drop: false }`
[INFO] running `Command { std: "docker" "exec" "-e" "SOURCE_DIR=/opt/rustwide/workdir" "-e" "CARGO_HOME=/opt/rustwide/cargo-home" "-e" "RUSTUP_HOME=/opt/rustwide/rustup-home" "-e" "CARGO_TARGET_DIR=/opt/rustwide/target" "-e" "CARGO_INCREMENTAL=0" "-e" "RUST_BACKTRACE=full" "-e" "RUSTFLAGS=--cap-lints=warn" "-e" "RUSTDOCFLAGS=--cap-lints=warn" "-w" "/opt/rustwide/workdir" "--user" "0:0" "2c0a2a4cb7ed82325806fe0a4023c654f934572ece8d87f004c2eca538e29a4b" "/opt/rustwide/cargo-home/bin/cargo" "+1.100.0-beta.1" "test" "--frozen" "--release", kill_on_drop: false }`
[INFO] [stderr] warning: `package.homepage` is redundant with `package.repository`
[INFO] [stderr]   --> crates/graph/Cargo.toml:10:12
[INFO] [stderr]    |
[INFO] [stderr]  9 | repository = "https://github.com/calltrace/traverse"
[INFO] [stderr]    |              ---------------------------------------
[INFO] [stderr] 10 | homepage = "https://github.com/calltrace/traverse"
[INFO] [stderr]    |            ^^^^^^^^^^^^^^^^^^^^^^^^^^^^^^^^^^^^^^^
[INFO] [stderr]    |
[INFO] [stderr]    = note: `cargo::redundant_homepage` is set to `warn` by default
[INFO] [stderr] help: consider removing `package.homepage`
[INFO] [stderr] warning: unused build dependency `cc`
[INFO] [stderr]   --> crates/graph/Cargo.toml:36:1
[INFO] [stderr]    |
[INFO] [stderr] 36 | cc = "1.0"
[INFO] [stderr]    | ^^^^^^^^^^
[INFO] [stderr]    |
[INFO] [stderr]    = note: `cargo::unused_dependencies` is set to `warn` by default
[INFO] [stderr] help: consider removing the dependency on `cc`
[INFO] [stderr] warning: `traverse-graph` (manifest) generated 2 warnings
[INFO] [stderr] warning: `package.homepage` is redundant with `package.repository`
[INFO] [stderr]   --> crates/cli/Cargo.toml:10:12
[INFO] [stderr]    |
[INFO] [stderr]  9 | repository = "https://github.com/calltrace/traverse"
[INFO] [stderr]    |              ---------------------------------------
[INFO] [stderr] 10 | homepage = "https://github.com/calltrace/traverse"
[INFO] [stderr]    |            ^^^^^^^^^^^^^^^^^^^^^^^^^^^^^^^^^^^^^^^
[INFO] [stderr]    |
[INFO] [stderr]    = note: `cargo::redundant_homepage` is set to `warn` by default
[INFO] [stderr] help: consider removing `package.homepage`
[INFO] [stderr] warning: `traverse-cli` (manifest) generated 1 warning
[INFO] [stderr] warning: `package.homepage` is redundant with `package.repository`
[INFO] [stderr]   --> crates/mermaid/Cargo.toml:10:12
[INFO] [stderr]    |
[INFO] [stderr]  9 | repository = "https://github.com/calltrace/traverse"
[INFO] [stderr]    |              ---------------------------------------
[INFO] [stderr] 10 | homepage = "https://github.com/calltrace/traverse"
[INFO] [stderr]    |            ^^^^^^^^^^^^^^^^^^^^^^^^^^^^^^^^^^^^^^^
[INFO] [stderr]    |
[INFO] [stderr]    = note: `cargo::redundant_homepage` is set to `warn` by default
[INFO] [stderr] help: consider removing `package.homepage`
[INFO] [stderr] warning: `traverse-mermaid` (manifest) generated 1 warning
[INFO] [stderr] warning: `package.homepage` is redundant with `package.repository`
[INFO] [stderr]   --> crates/solidity/Cargo.toml:10:12
[INFO] [stderr]    |
[INFO] [stderr]  9 | repository = "https://github.com/calltrace/traverse"
[INFO] [stderr]    |              ---------------------------------------
[INFO] [stderr] 10 | homepage = "https://github.com/calltrace/traverse"
[INFO] [stderr]    |            ^^^^^^^^^^^^^^^^^^^^^^^^^^^^^^^^^^^^^^^
[INFO] [stderr]    |
[INFO] [stderr]    = note: `cargo::redundant_homepage` is set to `warn` by default
[INFO] [stderr] help: consider removing `package.homepage`
[INFO] [stderr] warning: `traverse-solidity` (manifest) generated 1 warning
[INFO] [stderr] warning: `package.homepage` is redundant with `package.repository`
[INFO] [stderr]  --> crates/logging/Cargo.toml:9:12
[INFO] [stderr]   |
[INFO] [stderr] 8 | repository = "https://github.com/calltrace/traverse"
[INFO] [stderr]   |              ---------------------------------------
[INFO] [stderr] 9 | homepage = "https://github.com/calltrace/traverse"
[INFO] [stderr]   |            ^^^^^^^^^^^^^^^^^^^^^^^^^^^^^^^^^^^^^^^
[INFO] [stderr]   |
[INFO] [stderr]   = note: `cargo::redundant_homepage` is set to `warn` by default
[INFO] [stderr] help: consider removing `package.homepage`
[INFO] [stderr] warning: `traverse-logging` (manifest) generated 1 warning
[INFO] [stderr] warning: `package.homepage` is redundant with `package.repository`
[INFO] [stderr]   --> crates/codegen/Cargo.toml:10:12
[INFO] [stderr]    |
[INFO] [stderr]  9 | repository = "https://github.com/calltrace/traverse"
[INFO] [stderr]    |              ---------------------------------------
[INFO] [stderr] 10 | homepage = "https://github.com/calltrace/traverse"
[INFO] [stderr]    |            ^^^^^^^^^^^^^^^^^^^^^^^^^^^^^^^^^^^^^^^
[INFO] [stderr]    |
[INFO] [stderr]    = note: `cargo::redundant_homepage` is set to `warn` by default
[INFO] [stderr] help: consider removing `package.homepage`
[INFO] [stderr] warning: unused build dependency `cc`
[INFO] [stderr]   --> crates/codegen/Cargo.toml:38:1
[INFO] [stderr]    |
[INFO] [stderr] 38 | cc = "1.0"
[INFO] [stderr]    | ^^^^^^^^^^
[INFO] [stderr]    |
[INFO] [stderr]    = note: `cargo::unused_dependencies` is set to `warn` by default
[INFO] [stderr] help: consider removing the dependency on `cc`
[INFO] [stderr] warning: `traverse-codegen` (manifest) generated 2 warnings
[INFO] [stderr] warning: unused import: `error`
[INFO] [stderr]   --> crates/graph/src/chains.rs:10:15
[INFO] [stderr]    |
[INFO] [stderr] 10 | use tracing::{error, trace};
[INFO] [stderr]    |               ^^^^^
[INFO] [stderr]    |
[INFO] [stderr]    = note: `#[warn(unused_imports)]` (part of `#[warn(unused)]`) on by default
[INFO] [stderr] 
[INFO] [stderr] warning: `traverse-graph` (lib) generated 1 warning (run `cargo fix --lib -p traverse-graph` to apply 1 suggestion)
[INFO] [stderr] warning: unused import: `std::fs`
[INFO] [stderr]    --> crates/mermaid/src/mermaid_chunker.rs:478:9
[INFO] [stderr]     |
[INFO] [stderr] 478 |     use std::fs;
[INFO] [stderr]     |         ^^^^^^^
[INFO] [stderr]     |
[INFO] [stderr]     = note: `#[warn(unused_imports)]` (part of `#[warn(unused)]`) on by default
[INFO] [stderr] 
[INFO] [stderr] warning: `traverse-graph` (lib test) generated 1 warning (1 duplicate)
[INFO] [stderr] warning: `traverse-mermaid` (lib test) generated 1 warning (run `cargo fix --lib -p traverse-mermaid --tests` to apply 1 suggestion)
[INFO] [stderr] warning: unused dependency `reedline`
[INFO] [stderr]   --> crates/cli/Cargo.toml:51:1
[INFO] [stderr]    |
[INFO] [stderr] 51 | reedline = "0.38.0"
[INFO] [stderr]    | ^^^^^^^^^^^^^^^^^^^
[INFO] [stderr]    |
[INFO] [stderr]    = note: `cargo::unused_dependencies` is set to `warn` by default
[INFO] [stderr] help: consider removing the dependency on `reedline`
[INFO] [stderr] warning: unused dependency `syn`
[INFO] [stderr]   --> crates/cli/Cargo.toml:45:1
[INFO] [stderr]    |
[INFO] [stderr] 45 | syn = { version = "2.0.90", features = ["full"] }
[INFO] [stderr]    | ^^^^^^^^^^^^^^^^^^^^^^^^^^^^^^^^^^^^^^^^^^^^^^^^^
[INFO] [stderr]    |
[INFO] [stderr] help: consider removing the dependency on `syn`
[INFO] [stderr] warning: unused dependency `tera`
[INFO] [stderr]   --> crates/cli/Cargo.toml:57:1
[INFO] [stderr]    |
[INFO] [stderr] 57 | tera = "1.20.0"
[INFO] [stderr]    | ^^^^^^^^^^^^^^^
[INFO] [stderr]    |
[INFO] [stderr] help: consider removing the dependency on `tera`
[INFO] [stderr] warning: unused dependency `which`
[INFO] [stderr]   --> crates/cli/Cargo.toml:49:1
[INFO] [stderr]    |
[INFO] [stderr] 49 | which = "7.0.1"
[INFO] [stderr]    | ^^^^^^^^^^^^^^^
[INFO] [stderr]    |
[INFO] [stderr] help: consider removing the dependency on `which`
[INFO] [stderr] warning: `traverse-cli` (manifest) generated 4 warnings
[INFO] [stderr] warning: unused dependency `semver`
[INFO] [stderr]   --> crates/codegen/Cargo.toml:31:1
[INFO] [stderr]    |
[INFO] [stderr] 31 | semver = "1.0.26"
[INFO] [stderr]    | ^^^^^^^^^^^^^^^^^
[INFO] [stderr]    |
[INFO] [stderr]    = note: `cargo::unused_dependencies` is set to `warn` by default
[INFO] [stderr] help: consider removing the dependency on `semver`
[INFO] [stderr] warning: `traverse-codegen` (manifest) generated 1 warning
[INFO] [stderr] warning: unused dependency `clap`
[INFO] [stderr]   --> crates/graph/Cargo.toml:20:1
[INFO] [stderr]    |
[INFO] [stderr] 20 | clap = "4.5.35"
[INFO] [stderr]    | ^^^^^^^^^^^^^^^
[INFO] [stderr]    |
[INFO] [stderr]    = note: `cargo::unused_dependencies` is set to `warn` by default
[INFO] [stderr] help: consider removing the dependency on `clap`
[INFO] [stderr] warning: unused dependency `petgraph`
[INFO] [stderr]   --> crates/graph/Cargo.toml:21:1
[INFO] [stderr]    |
[INFO] [stderr] 21 | petgraph = "0.8.1"
[INFO] [stderr]    | ^^^^^^^^^^^^^^^^^^
[INFO] [stderr]    |
[INFO] [stderr] help: consider removing the dependency on `petgraph`
[INFO] [stderr] warning: unused dependency `tempfile`
[INFO] [stderr]   --> crates/graph/Cargo.toml:33:1
[INFO] [stderr]    |
[INFO] [stderr] 33 | tempfile = "3.20.0"
[INFO] [stderr]    | ^^^^^^^^^^^^^^^^^^^
[INFO] [stderr]    |
[INFO] [stderr] help: consider removing the dependency on `tempfile`
[INFO] [stderr] help: to still use for development builds, move to `dev-dependencies`
[INFO] [stderr] warning: `traverse-graph` (manifest) generated 3 warnings
[INFO] [stderr] warning: unused dependency `tracing`
[INFO] [stderr]   --> crates/mermaid/Cargo.toml:20:1
[INFO] [stderr]    |
[INFO] [stderr] 20 | tracing = { workspace = true }
[INFO] [stderr]    | ^^^^^^^^^^^^^^^^^^^^^^^^^^^^^^
[INFO] [stderr]    |
[INFO] [stderr]    = note: `cargo::unused_dependencies` is set to `warn` by default
[INFO] [stderr] help: consider removing the dependency on `tracing`
[INFO] [stderr] warning: `traverse-mermaid` (manifest) generated 1 warning
[INFO] [stderr]     Finished `release` profile [optimized] target(s) in 0.22s
[INFO] [stderr]      Running unittests src/bin/sol-storage-analyzer.rs (/opt/rustwide/target/release/build/traverse-cli/4b2ecf24c3fd3586/out/sol_storage_analyzer-4b2ecf24c3fd3586)
[INFO] [stdout] 
[INFO] [stdout] running 0 tests
[INFO] [stdout] 
[INFO] [stdout] test result: ok. 0 passed; 0 failed; 0 ignored; 0 measured; 0 filtered out; finished in 0.00s
[INFO] [stdout] 
[INFO] [stderr]      Running unittests src/bin/sol2bnd.rs (/opt/rustwide/target/release/build/traverse-cli/837e77cbab430d3f/out/sol2bnd-837e77cbab430d3f)
[INFO] [stdout] 
[INFO] [stdout] running 0 tests
[INFO] [stdout] 
[INFO] [stdout] test result: ok. 0 passed; 0 failed; 0 ignored; 0 measured; 0 filtered out; finished in 0.00s
[INFO] [stdout] 
[INFO] [stderr]      Running unittests src/bin/sol2cg.rs (/opt/rustwide/target/release/build/traverse-cli/590690163866bb4f/out/sol2cg-590690163866bb4f)
[INFO] [stderr]      Running unittests src/bin/sol2test.rs (/opt/rustwide/target/release/build/traverse-cli/6d6bd68dd1c48ebf/out/sol2test-6d6bd68dd1c48ebf)
[INFO] [stdout] 
[INFO] [stdout] running 0 tests
[INFO] [stdout] 
[INFO] [stdout] test result: ok. 0 passed; 0 failed; 0 ignored; 0 measured; 0 filtered out; finished in 0.00s
[INFO] [stdout] 
[INFO] [stdout] 
[INFO] [stdout] running 0 tests
[INFO] [stdout] 
[INFO] [stdout] test result: ok. 0 passed; 0 failed; 0 ignored; 0 measured; 0 filtered out; finished in 0.00s
[INFO] [stdout] 
[INFO] [stderr]      Running unittests src/bin/storage-trace.rs (/opt/rustwide/target/release/build/traverse-cli/a122e43a4a504f41/out/storage_trace-a122e43a4a504f41)
[INFO] [stdout] 
[INFO] [stdout] running 0 tests
[INFO] [stdout] 
[INFO] [stdout] test result: ok. 0 passed; 0 failed; 0 ignored; 0 measured; 0 filtered out; finished in 0.00s
[INFO] [stdout] 
[INFO] [stderr]      Running unittests src/lib.rs (/opt/rustwide/target/release/build/traverse-codegen/c28083d35b944230/out/traverse_codegen-c28083d35b944230)
[INFO] [stdout] 
[INFO] [stdout] running 14 tests
[INFO] [stdout] test invariant_breaker::tests::test_break_invariant_always_true_expression ... ok
[INFO] [stdout] test teststubs::tests::test_type_safety_improvements ... ok
[INFO] [stdout] test teststubs::tests::test_enhanced_test_contract_builder ... ok
[INFO] [stdout] test invariant_breaker::tests::test_substitute_variables ... ok
[INFO] [stdout] test revert_stub::tests::test_invariant_value_to_expression ... ok
[INFO] [stdout] test state_change_stub::tests::test_get_type_name_for_variable ... ok
[INFO] [stdout] test invariant_breaker::tests::test_break_invariant_always_false_expression ... ok
[INFO] [stdout] test revert_stub::tests::test_extract_prank_info ... ok
[INFO] [stdout] test invariant_breaker::tests::test_break_invariant_newvalue_gt_zero ... ok
[INFO] [stdout] test access_control_stub::tests::test_is_access_control_condition ... ok
[INFO] [stdout] test invariant_breaker::tests::test_break_invariant_boolean_expression ... ok
[INFO] [stdout] test invariant_breaker::tests::test_extract_variables ... ok
[INFO] [stdout] test teststubs::tests::test_expression_helpers ... ok
[INFO] [stdout] test invariant_breaker::tests::test_break_invariant_simple_expression ... ok
[INFO] [stdout] 
[INFO] [stdout] test result: ok. 14 passed; 0 failed; 0 ignored; 0 measured; 0 filtered out; finished in 0.01s
[INFO] [stdout] 
[INFO] [stderr]      Running unittests src/lib.rs (/opt/rustwide/target/release/build/traverse-graph/80f421c45f08c1f4/out/traverse_graph-80f421c45f08c1f4)
[INFO] [stdout] 
[INFO] [stdout] running 123 tests
[INFO] [stdout] test cg_json::tests::test_exclude_isolated_nodes ... ok
[INFO] [stdout] test cg_json_tests::tests::test_all_edge_types_serialization ... ok
[INFO] [stdout] test cg_json_tests::tests::test_custom_formatters ... ok
[INFO] [stdout] test cg_json_tests::tests::test_all_node_types_serialization ... ok
[INFO] [stdout] test cg_json_tests::tests::test_json_with_metadata ... ok
[INFO] [stdout] test cg_json_tests::tests::test_basic_json_serialization ... ok
[INFO] [stdout] test cg_dot::tests::test_dot_escape_string_internal ... ok
[INFO] [stdout] test cg_dot::tests::test_exclude_isolated_nodes ... ok
[INFO] [stdout] test cg_json::tests::test_default_json_export ... ok
[INFO] [stdout] test cg_json_tests::tests::test_enum_serialization ... ok
[INFO] [stdout] test cg_json_tests::tests::test_pretty_print_option ... ok
[INFO] [stdout] test cg_json_tests::tests::test_round_trip_node_serialization ... ok
[INFO] [stdout] test cg_json_tests::tests::test_event_edge_serialization ... ok
[INFO] [stdout] test cg_mermaid::tests::test_simple_recursion ... ok
[INFO] [stdout] test cg_mermaid::tests::test_mutual_recursion ... ok
[INFO] [stdout] test cg_mermaid::tests::test_to_sequence_diagram_conversion_multiple_calls ... ok
[INFO] [stdout] test cg_json_tests::tests::test_return_edge_serialization ... ok
[INFO] [stdout] test cg_json_tests::tests::test_special_characters_in_names ... ok
[INFO] [stdout] test cg_dot::tests::test_custom_formatter_dot_export ... ok
[INFO] [stdout] test cg_dot::tests::test_default_dot_export ... ok
[INFO] [stdout] test cg_json::tests::test_custom_formatter_json_export ... ok
[INFO] [stdout] test cg_mermaid::tests::test_empty_graph ... ok
[INFO] [stdout] test cg_json_tests::tests::test_edge_serialization_fields ... ok
[INFO] [stdout] test cg_json_tests::tests::test_isolated_nodes_exclusion ... ok
[INFO] [stdout] test cg_json_tests::tests::test_large_graph_performance ... ok
[INFO] [stdout] test cg_json_tests::tests::test_null_optional_fields ... ok
[INFO] [stdout] test cg_json_tests::tests::test_node_serialization_fields ... ok
[INFO] [stdout] test cg_mermaid::tests::test_get_participant_id_and_alias ... ok
[INFO] [stdout] test cg_json_tests::tests::test_round_trip_edge_serialization ... ok
[INFO] [stdout] test chains::tests::test_analyze_call_on_interface_method_to_mapping_getter_with_binding ... ok
[INFO] [stdout] test cg_json_tests::tests::test_empty_graph_serialization ... ok
[INFO] [stdout] test interface_resolver::tests::test_load_binding_registry ... ok
[INFO] [stdout] test interface_resolver::tests::test_load_binding_registry_duplicate_keys ... ok
[INFO] [stdout] test interface_resolver::tests::test_populate_from_manifest_new_and_update ... ok
[INFO] [stdout] test chains::tests::test_resolve_member_access_type ... ok
[INFO] [stdout] test interface_resolver::tests::test_resolve_for_entry_multiline_natspec ... ok
[INFO] [stdout] test interface_resolver::tests::test_resolve_for_entry_natspec_parse_error ... ok
[INFO] [stdout] test interface_resolver::tests::test_resolve_for_entry_no_binding_tag ... ok
[INFO] [stdout] test chains::tests::test_resolve_simple_identifier_type ... ok
[INFO] [stdout] test interface_resolver::tests::test_resolve_for_entry_success ... ok
[INFO] [stdout] test interface_resolver::tests::test_resolve_for_item_name_kind_found ... ok
[INFO] [stdout] test interface_resolver::tests::test_resolve_for_item_span_found ... ok
[INFO] [stdout] test manifest::tests::test_find_solidity_files_for_manifest_logic ... ok
[INFO] [stdout] test manifest::tests::test_generate_and_load_manifest_empty ... ok
[INFO] [stdout] test interface_resolver::tests::test_resolve_for_entry_key_not_in_registry ... ok
[INFO] [stdout] test interface_resolver::tests::test_resolve_for_entry_not_natspec ... ok
[INFO] [stdout] test chains::tests::test_analyze_type_cast_call ... ok
[INFO] [stdout] test chains::tests::test_analyze_interface_call_structural_typing_via_shared_key_no_inheritance ... ok
[INFO] [stdout] test chains::tests::test_analyze_using_for_call ... ok
[INFO] [stdout] test chains::tests::test_analyze_interface_cast_call_structural_typing_shared_key ... ok
[INFO] [stdout] test manifest::tests::test_generate_manifest_single_file ... ok
[INFO] [stdout] test chains::tests::test_analyze_simple_call ... ok
[INFO] [stdout] test natspec::extract::source_comment_extraction_tests::test_extract_state_variable_comment ... ok
[INFO] [stdout] test chains::tests::test_analyze_constructor_call ... ok
[INFO] [stdout] test natspec::extract::source_comment_extraction_tests::test_extract_function_comment ... ok
[INFO] [stdout] test natspec::extract::source_comment_extraction_tests::test_extract_simple_contract_comment ... ok
[INFO] [stdout] test natspec::extract::source_comment_extraction_tests::test_extract_multiple_comments ... ok
[INFO] [stdout] test natspec::tests::test_multiline_empty_comment ... ok
[INFO] [stdout] test natspec::tests::test_multiline_invalid_delimiter ... ok
[INFO] [stdout] test natspec::tests::test_multiline_mixed_leading_asterisks ... ok
[INFO] [stdout] test chains::tests::test_analyze_interface_call_fallback_to_binding_zero_implementers ... ok
[INFO] [stdout] test chains::tests::test_analyze_interface_call_fallback_to_binding_multiple_implementers ... ok
[INFO] [stdout] test natspec::tests::test_multiline_comment_parser ... ok
[INFO] [stdout] test chains::tests::test_analyze_member_call ... ok
[INFO] [stdout] test natspec::tests::test_natspec_kind_parser ... ok
[INFO] [stdout] test natspec::tests::test_parse_identifier_str_parser ... ok
[INFO] [stdout] test chains::tests::test_analyze_chained_call_using_for ... ok
[INFO] [stdout] test natspec::tests::test_one_multiline_item_parser ... ok
[INFO] [stdout] test chains::tests::test_analyze_interface_call_single_impl ... ok
[INFO] [stdout] test natspec::tests::test_multiline_two_items ... ok
[INFO] [stdout] test natspec::tests::test_populate_returns_no_match ... ok
[INFO] [stdout] test natspec::tests::test_populate_returns_logic ... ok
[INFO] [stdout] test reachability::tests::test_analyze_entry_points_with_cycle ... ok
[INFO] [stdout] test reachability::tests::test_interface_function_declarations_are_not_entry_points ... ok
[INFO] [stdout] test natspec::tests::test_single_line_empty ... ok
[INFO] [stdout] test natspec::tests::test_single_line_invalid_delimiter ... ok
[INFO] [stdout] test storage_access::tests::test_analyze_storage_access_basic ... ok
[INFO] [stdout] test reachability::tests::test_analyze_entry_points_no_entry_points ... ok
[INFO] [stdout] test natspec::extract::source_comment_extraction_tests::test_state_variable_no_name_found ... ok
[INFO] [stdout] test steps::entity::tests::test_mapping_state_variables ... ok
[INFO] [stdout] test natspec::tests::test_single_line_comment_parser ... ok
[INFO] [stdout] test parser::tests::test_parse_solidity ... ok
[INFO] [stdout] test natspec::extract::source_comment_extraction_tests::test_no_comment ... ok
[INFO] [stdout] test natspec::extract::source_comment_extraction_tests::test_regular_comment_not_natspec ... ok
[INFO] [stdout] test tests::test_dot_escape_string_via_module ... ok
[INFO] [stdout] test natspec::extract::source_comment_extraction_tests::test_state_variable_complex_declaration ... ok
[INFO] [stdout] test natspec::extract::source_comment_extraction_tests::test_extract_struct_and_event_comments ... ok
[INFO] [stdout] test natspec::extract::source_comment_extraction_tests::test_using_directive_comment ... ok
[INFO] [stdout] test manifest::tests::test_query_entries ... ok
[INFO] [stdout] test chains::tests::test_analyze_chained_call_inline_factory ... ok
[INFO] [stdout] test chains::tests::test_analyze_chained_call_interface_factory ... ok
[INFO] [stdout] test tests::test_delete_keyword ... ok
[INFO] [stdout] test tests::test_inter_contract_call ... ok
[INFO] [stdout] test tests::test_inherited_storage_access ... ok
[INFO] [stdout] test tests::test_free_function_call ... ok
[INFO] [stdout] test tests::test_chained_call_resolution ... ok
[INFO] [stdout] test tests::test_empty_source ... ok
[INFO] [stdout] test tests::test_interface_inheritance ... ok
[INFO] [stdout] test tests::test_call_order_within_function ... ok
[INFO] [stdout] test tests::test_interface_definition ... ok
[INFO] [stdout] test tests::test_direct_library_call ... ok
[INFO] [stdout] test tests::test_interface_invocation_single_implementation ... ok
[INFO] [stdout] test tests::test_chained_library_call_resolution ... ok
[INFO] [stdout] test tests::test_interface_call_no_implementation ... ok
[INFO] [stdout] test tests::test_contract_inheritance ... ok
[INFO] [stdout] test tests::test_explicit_return_edge_generation ... ok
[INFO] [stdout] test tests::test_modifier_call ... ok
[INFO] [stdout] test tests::test_no_calls ... ok
[INFO] [stdout] test tests::test_argument_capturing ... ok
[INFO] [stdout] test tests::test_interface_call_resolution_factory_pattern_no_return ... ok
[INFO] [stdout] test tests::test_interface_call_resolution_factory_pattern ... ok
[INFO] [stdout] test tests::test_storage_read_write ... ok
[INFO] [stdout] test tests::test_using_for_directive_extraction ... ok
[INFO] [stdout] test tests::test_library_definition_and_usage ... ok
[INFO] [stdout] test tests::test_unresolved_call ... ok
[INFO] [stdout] test tests::test_pipeline_execution ... ok
[INFO] [stdout] test tests::test_require_statement ... ok
[INFO] [stdout] test tests::test_pipeline_step_enable_disable ... ok
[INFO] [stdout] test tests::test_simple_emit_statement ... ok
[INFO] [stdout] test tests::test_return_boolean_literal ... ok
[INFO] [stdout] test tests::test_library_call_on_return_value ... ok
[INFO] [stdout] test tests::test_simple_contract_call ... ok
[INFO] [stdout] test tests::test_using_for_call_resolution ... ok
[INFO] [stdout] 
[INFO] [stdout] test result: ok. 123 passed; 0 failed; 0 ignored; 0 measured; 0 filtered out; finished in 0.74s
[INFO] [stdout] 
[INFO] [stderr]      Running unittests src/lib.rs (/opt/rustwide/target/release/build/traverse-logging/63ec7951cd53d259/out/traverse_logging-63ec7951cd53d259)
[INFO] [stderr]      Running unittests src/lib.rs (/opt/rustwide/target/release/build/traverse-mermaid/b6027e95021c27ca/out/traverse_mermaid-b6027e95021c27ca)
[INFO] [stdout] 
[INFO] [stdout] running 0 tests
[INFO] [stdout] 
[INFO] [stdout] test result: ok. 0 passed; 0 failed; 0 ignored; 0 measured; 0 filtered out; finished in 0.00s
[INFO] [stdout] 
[INFO] [stdout] 
[INFO] [stdout] running 54 tests
[INFO] [stdout] test mermaid_chunker::tests::test_chunk_boundaries_respect_blocks ... ok
[INFO] [stdout] test mermaid_chunker::tests::test_participant_extraction ... ok
[INFO] [stdout] test sequence_diagram_parser::tests::test_note_statement ... ok
[INFO] [stdout] test mermaid_chunker::tests::test_interaction_detection ... ok
[INFO] [stdout] test sequence_diagram_builder::tests::build_basic_diagram ... ok
[INFO] [stdout] test sequence_diagram_parser::tests::debug_parsing ... ok
[INFO] [stdout] test mermaid_chunker::tests::test_empty_diagram ... FAILED
[INFO] [stdout] test sequence_diagram_parser::high_level_tests::test_parse_complex_diagram ... ok
[INFO] [stdout] test sequence_diagram_parser::high_level_tests::test_parse_mermaid_syntax_error ... ok
[INFO] [stdout] test sequence_diagram_builder::tests::build_with_loop_and_notes ... ok
[INFO] [stdout] test sequence_diagram_parser::tests::test_alt_statement ... ok
[INFO] [stdout] test sequence_diagram_builder::tests::build_with_autonumber_create_destroy ... ok
[INFO] [stdout] test sequence_diagram_tests::test_actor_creation_destruction ... ok
[INFO] [stdout] test sequence_diagram_tests::test_actor_names_with_spaces_and_dashes ... ok
[INFO] [stdout] test sequence_diagram_tests::test_arrow_types ... ok
[INFO] [stdout] test sequence_diagram_tests::test_alias_actors ... ok
[INFO] [stdout] test sequence_diagram_tests::test_autonumber ... ok
[INFO] [stdout] test sequence_diagram_tests::test_basic_sequence_diagram ... ok
[INFO] [stdout] test sequence_diagram_tests::test_alt ... ok
[INFO] [stdout] test sequence_diagram_tests::test_comments ... ok
[INFO] [stdout] test sequence_diagram_tests::test_diagram_with_title ... ok
[INFO] [stdout] test sequence_diagram_tests::test_line_breaks ... ok
[INFO] [stdout] test sequence_diagram_tests::test_box ... ok
[INFO] [stdout] test sequence_diagram_tests::test_break ... ok
[INFO] [stdout] test sequence_diagram_tests::test_diagram_with_accessibility ... ok
[INFO] [stdout] test sequence_diagram_tests::test_multiple_sequence_diagrams ... ok
[INFO] [stdout] test sequence_diagram_tests::test_complex_diagram ... ok
[INFO] [stdout] test sequence_diagram_tests::test_critical ... ok
[INFO] [stdout] test sequence_diagram_tests::test_activation_deactivation ... ok
[INFO] [stdout] test sequence_diagram_tests::test_notes ... ok
[INFO] [stdout] test sequence_diagram_tests::test_leading_spaces ... ok
[INFO] [stdout] test sequence_diagram_tests::test_links ... ok
[INFO] [stdout] test sequence_diagram_tests::test_loops ... ok
[INFO] [stdout] test sequence_diagram_tests::test_properties ... ok
[INFO] [stdout] test sequence_diagram_tests::test_participant_with_dashes ... ok
[INFO] [stdout] test mermaid_chunker::tests::test_small_diagram_no_chunking_needed ... ok
[INFO] [stdout] test sequence_diagram_tests::test_par ... ok
[INFO] [stdout] test sequence_diagram_tests::test_rect ... ok
[INFO] [stdout] test sequence_diagram_tests::test_par_over ... ok
[INFO] [stdout] test sequence_diagram_tests::test_semicolons ... ok
[INFO] [stdout] test sequence_diagram_tests::test_serialization_basic ... ok
[INFO] [stdout] test sequence_diagram_tests::test_serialization_create_destroy ... ok
[INFO] [stdout] test sequence_diagram_tests::test_alias_participants ... ok
[INFO] [stdout] test sequence_diagram_tests::test_no_label_statements ... ok
[INFO] [stdout] test sequence_diagram_tests::test_opt ... ok
[INFO] [stdout] test sequence_diagram_parser::tests::test_loop_statement ... ok
[INFO] [stdout] test sequence_diagram_parser::high_level_tests::test_parse_mermaid_not_sequence_diagram ... ok
[INFO] [stdout] test sequence_diagram_parser::high_level_tests::test_parse_mermaid_valid ... ok
[INFO] [stdout] test sequence_diagram_tests::test_serialization_loop_opt_rect ... ok
[INFO] [stdout] test sequence_diagram_parser::tests::test_simple_diagram ... ok
[INFO] [stdout] test sequence_diagram_tests::test_special_characters ... ok
[INFO] [stdout] test sequence_diagram_tests::test_wrap_nowrap ... ok
[INFO] [stdout] test sequence_diagram_tests::test_mixed_actors_and_participants ... ok
[INFO] [stderr] error: test failed, to rerun pass `-p traverse-mermaid --lib`
[INFO] [stdout] test sequence_diagram_parser::high_level_tests::test_parse_mermaid_empty ... ok
[INFO] [stdout] 
[INFO] [stdout] failures:
[INFO] [stdout] 
[INFO] [stdout] ---- mermaid_chunker::tests::test_empty_diagram stdout ----
[INFO] [stdout] 
[INFO] [stdout] thread 'mermaid_chunker::tests::test_empty_diagram' (3609) panicked at crates/mermaid/src/mermaid_chunker.rs:485:9:
[INFO] [stdout] assertion failed: result.unwrap_err().to_string().contains("Empty diagram")
[INFO] [stdout] stack backtrace:
[INFO] [stdout]    0:     0x57ad2ecbb1b1 - <<std[617be2ca0a6fd877]::sys::backtrace::BacktraceLock>::print::DisplayBacktrace as core[a373ad73a504971]::fmt::Display>::fmt
[INFO] [stdout]    1:     0x57ad2eccfaca - core[a373ad73a504971]::fmt::write
[INFO] [stdout]    2:     0x57ad2ecbf8cc - <alloc[2e1b2a31b91974c5]::vec::Vec<u8> as core[a373ad73a504971]::io::write::Write>::write_fmt
[INFO] [stdout]    3:     0x57ad2ec964f6 - std[617be2ca0a6fd877]::panicking::default_hook::{closure#0}
[INFO] [stdout]    4:     0x57ad2ecb3649 - std[617be2ca0a6fd877]::panicking::default_hook
[INFO] [stdout]    5:     0x57ad2ec4c8f0 - test[aada8e7e76ba119b]::test_main_inner::{closure#0}
[INFO] [stdout]    6:     0x57ad2ecb3802 - std[617be2ca0a6fd877]::panicking::panic_with_hook
[INFO] [stdout]    7:     0x57ad2ec965d4 - std[617be2ca0a6fd877]::panicking::panic_handler::{closure#0}
[INFO] [stdout]    8:     0x57ad2ec8ec09 - std[617be2ca0a6fd877]::sys::backtrace::__rust_end_short_backtrace::<std[617be2ca0a6fd877]::panicking::panic_handler::{closure#0}, !>
[INFO] [stdout]    9:     0x57ad2ec972bd - __rustc[ea4f61d10b84890b]::rust_begin_unwind
[INFO] [stdout]   10:     0x57ad2ecd01fc - core[a373ad73a504971]::panicking::panic_fmt
[INFO] [stdout]   11:     0x57ad2ecd01c2 - core[a373ad73a504971]::panicking::panic
[INFO] [stdout]   12:     0x57ad2ec3e863 - <traverse_mermaid[e9a7212e4894003]::mermaid_chunker::tests::test_empty_diagram::{closure#0} as core[a373ad73a504971]::ops::function::FnOnce<()>>::call_once
[INFO] [stdout]   13:     0x57ad2ec3fd3b - test[aada8e7e76ba119b]::__rust_begin_short_backtrace::<core[a373ad73a504971]::result::Result<(), alloc[2e1b2a31b91974c5]::string::String>, fn() -> core[a373ad73a504971]::result::Result<(), alloc[2e1b2a31b91974c5]::string::String>>
[INFO] [stdout]   14:     0x57ad2ec4cf15 - test[aada8e7e76ba119b]::run_test::{closure#0}
[INFO] [stdout]   15:     0x57ad2ec46804 - std[617be2ca0a6fd877]::sys::backtrace::__rust_begin_short_backtrace::<test[aada8e7e76ba119b]::run_test::{closure#1}, ()>
[INFO] [stdout]   16:     0x57ad2ec4ffa2 - <std[617be2ca0a6fd877]::thread::lifecycle::spawn_unchecked<test[aada8e7e76ba119b]::run_test::{closure#1}, ()>::{closure#1} as core[a373ad73a504971]::ops::function::FnOnce<()>>::call_once::{shim:vtable#0}
[INFO] [stdout]   17:     0x57ad2ecba82f - <std[617be2ca0a6fd877]::sys::thread::unix::Thread>::new::thread_start
[INFO] [stdout]   18:     0x719fe7f5fdfa - <unknown>
[INFO] [stdout]   19:     0x719fe7ff33d4 - clone
[INFO] [stdout]   20:                0x0 - <unknown>
[INFO] [stdout] 
[INFO] [stdout] 
[INFO] [stdout] failures:
[INFO] [stdout]     mermaid_chunker::tests::test_empty_diagram
[INFO] [stdout] 
[INFO] [stdout] test result: FAILED. 53 passed; 1 failed; 0 ignored; 0 measured; 0 filtered out; finished in 0.07s
[INFO] [stdout] 
[INFO] running `Command { std: "docker" "inspect" "2c0a2a4cb7ed82325806fe0a4023c654f934572ece8d87f004c2eca538e29a4b", kill_on_drop: false }`
[INFO] running `Command { std: "docker" "rm" "-f" "2c0a2a4cb7ed82325806fe0a4023c654f934572ece8d87f004c2eca538e29a4b", kill_on_drop: false }`
[INFO] [stdout] 2c0a2a4cb7ed82325806fe0a4023c654f934572ece8d87f004c2eca538e29a4b
