[INFO] cloning repository https://github.com/kci-lnk/autoindex-rs
[INFO] running `Command { std: "git" "-c" "credential.helper=" "-c" "credential.helper=/workspace/cargo-home/bin/git-credential-null" "clone" "--bare" "https://github.com/kci-lnk/autoindex-rs" "/workspace/cache/git-repos/https%3A%2F%2Fgithub.com%2Fkci-lnk%2Fautoindex-rs", kill_on_drop: false }`
[INFO] [stderr] Cloning into bare repository '/workspace/cache/git-repos/https%3A%2F%2Fgithub.com%2Fkci-lnk%2Fautoindex-rs'...
[INFO] running `Command { std: "git" "rev-parse" "HEAD", kill_on_drop: false }`
[INFO] [stdout] 9454d177b2deea45bec7bc072d150a45fe75e3ac
[INFO] testing kci-lnk/autoindex-rs against 1.100.0-beta.1+cargoflags=--release for beta-release-1.100-2
[INFO] running `Command { std: "git" "clone" "/workspace/cache/git-repos/https%3A%2F%2Fgithub.com%2Fkci-lnk%2Fautoindex-rs" "/workspace/builds/worker-2-tc2/source", kill_on_drop: false }`
[INFO] [stderr] Cloning into '/workspace/builds/worker-2-tc2/source'...
[INFO] [stderr] done.
[INFO] removed /workspace/builds/worker-2-tc2/source/rust-toolchain.toml
[INFO] started tweaking git repo https://github.com/kci-lnk/autoindex-rs
[INFO] finished tweaking git repo https://github.com/kci-lnk/autoindex-rs
[INFO] tweaked toml for git repo https://github.com/kci-lnk/autoindex-rs written to /workspace/builds/worker-2-tc2/source/Cargo.toml
[INFO] validating manifest of git repo https://github.com/kci-lnk/autoindex-rs on toolchain 1.100.0-beta.1
[INFO] running `Command { std: CARGO_HOME="/workspace/cargo-home" RUSTUP_HOME="/workspace/rustup-home" "/workspace/cargo-home/bin/cargo" "+1.100.0-beta.1" "metadata" "--manifest-path" "Cargo.toml" "--no-deps", kill_on_drop: false }`
[INFO] crate git repo https://github.com/kci-lnk/autoindex-rs already has a lockfile, it will not be regenerated
[INFO] running `Command { std: CARGO_HOME="/workspace/cargo-home" RUSTUP_HOME="/workspace/rustup-home" "/workspace/cargo-home/bin/cargo" "+1.100.0-beta.1" "fetch" "--manifest-path" "Cargo.toml", kill_on_drop: false }`
[INFO] running `Command { std: "docker" "create" "-v" "/var/lib/crater-agent-workspace/builds/worker-2-tc2/source:/opt/rustwide/workdir:ro,Z" "-v" "/var/lib/crater-agent-workspace/builds/worker-2-tc2/target:/opt/rustwide/target:rw,Z" "-v" "/var/lib/crater-agent-workspace/cargo-home:/opt/rustwide/cargo-home:ro,Z" "-v" "/var/lib/crater-agent-workspace/rustup-home:/opt/rustwide/rustup-home:ro,Z" "-m" "1610612736" "--network" "none" "ghcr.io/rust-lang/crates-build-env/linux@sha256:77db811e55d90add9212f6832c23229e3de5f1c1f9905e8cb07319ea15df73ac" "sleep" "infinity", kill_on_drop: false }`
[INFO] [stdout] 66fb883c7f57eed66841a1bdb0e5209736811f089d07e32b21b9e47303c02080
[INFO] running `Command { std: "docker" "start" "66fb883c7f57eed66841a1bdb0e5209736811f089d07e32b21b9e47303c02080", kill_on_drop: false }`
[INFO] running `Command { std: "docker" "inspect" "66fb883c7f57eed66841a1bdb0e5209736811f089d07e32b21b9e47303c02080", kill_on_drop: false }`
[INFO] running `Command { std: "docker" "exec" "-e" "SOURCE_DIR=/opt/rustwide/workdir" "-e" "CARGO_HOME=/opt/rustwide/cargo-home" "-e" "RUSTUP_HOME=/opt/rustwide/rustup-home" "-e" "CARGO_TARGET_DIR=/opt/rustwide/target" "-w" "/opt/rustwide/workdir" "--user" "0:0" "66fb883c7f57eed66841a1bdb0e5209736811f089d07e32b21b9e47303c02080" "/opt/rustwide/cargo-home/bin/cargo" "+1.100.0-beta.1" "metadata" "--no-deps" "--format-version=1", kill_on_drop: false }`
[INFO] running `Command { std: "docker" "inspect" "66fb883c7f57eed66841a1bdb0e5209736811f089d07e32b21b9e47303c02080", kill_on_drop: false }`
[INFO] running `Command { std: "docker" "exec" "-e" "SOURCE_DIR=/opt/rustwide/workdir" "-e" "CARGO_HOME=/opt/rustwide/cargo-home" "-e" "RUSTUP_HOME=/opt/rustwide/rustup-home" "-e" "CARGO_TARGET_DIR=/opt/rustwide/target" "-e" "CARGO_INCREMENTAL=0" "-e" "RUST_BACKTRACE=full" "-e" "RUSTFLAGS=--cap-lints=warn" "-e" "RUSTDOCFLAGS=--cap-lints=warn" "-w" "/opt/rustwide/workdir" "--user" "0:0" "66fb883c7f57eed66841a1bdb0e5209736811f089d07e32b21b9e47303c02080" "/opt/rustwide/cargo-home/bin/cargo" "+1.100.0-beta.1" "build" "--frozen" "--message-format=json" "--release", kill_on_drop: false }`
[INFO] [stderr]    Compiling smallvec v1.15.2
[INFO] [stderr]    Compiling siphasher v1.0.3
[INFO] [stderr]    Compiling fastrand v2.5.0
[INFO] [stderr]    Compiling libc v0.2.189
[INFO] [stderr]    Compiling stable_deref_trait v1.2.1
[INFO] [stderr]    Compiling itoa v1.0.18
[INFO] [stderr]    Compiling log v0.4.34
[INFO] [stderr]    Compiling pin-project-lite v0.2.17
[INFO] [stderr]    Compiling cfg-if v1.0.4
[INFO] [stderr]    Compiling once_cell v1.21.4
[INFO] [stderr]    Compiling serde v1.0.229
[INFO] [stderr]    Compiling bytes v1.12.1
[INFO] [stderr]    Compiling futures-core v0.3.34
[INFO] [stderr]    Compiling syn v2.0.119
[INFO] [stderr]    Compiling syn v3.0.4
[INFO] [stderr]    Compiling litemap v0.8.3
[INFO] [stderr]    Compiling writeable v0.6.4
[INFO] [stderr]    Compiling parking_lot_core v0.9.12
[INFO] [stderr]    Compiling new_debug_unreachable v1.0.6
[INFO] [stderr]    Compiling bitflags v2.13.1
[INFO] [stderr]    Compiling serde_core v1.0.229
[INFO] [stderr]    Compiling scopeguard v1.2.0
[INFO] [stderr]    Compiling phf_shared v0.13.1
[INFO] [stderr]    Compiling tracing-core v0.1.36
[INFO] [stderr]    Compiling precomputed-hash v0.1.1
[INFO] [stderr]    Compiling utf8_iter v1.0.4
[INFO] [stderr]    Compiling icu_properties_data v2.3.0
[INFO] [stderr]    Compiling icu_normalizer_data v2.3.0
[INFO] [stderr]    Compiling lock_api v0.4.14
[INFO] [stderr]    Compiling rustix v1.1.4
[INFO] [stderr]    Compiling dtoa v1.0.11
[INFO] [stderr]    Compiling percent-encoding v2.3.2
[INFO] [stderr]    Compiling dtoa-short v0.3.5
[INFO] [stderr]    Compiling generic-array v0.14.7
[INFO] [stderr]    Compiling tower-service v0.3.3
[INFO] [stderr]    Compiling typenum v1.20.1
[INFO] [stderr]    Compiling phf_generator v0.13.1
[INFO] [stderr]    Compiling linux-raw-sys v0.12.1
[INFO] [stderr]    Compiling io-lifetimes v2.0.4
[INFO] [stderr]    Compiling memchr v2.8.3
[INFO] [stderr]    Compiling phf_codegen v0.13.1
[INFO] [stderr]    Compiling http v1.5.0
[INFO] [stderr]    Compiling string_cache_codegen v0.6.1
[INFO] [stderr]    Compiling autocfg v1.5.1
[INFO] [stderr]    Compiling io-lifetimes v3.0.1
[INFO] [stderr]    Compiling httparse v1.10.1
[INFO] [stderr]    Compiling form_urlencoded v1.2.2
[INFO] [stderr]    Compiling rustc-hash v2.1.3
[INFO] [stderr]    Compiling utf8parse v0.2.2
[INFO] [stderr]    Compiling http-body v1.1.0
[INFO] [stderr]    Compiling winnow v1.0.4
[INFO] [stderr]    Compiling io-extras v0.19.0
[INFO] [stderr]    Compiling tower-layer v0.3.3
[INFO] [stderr]    Compiling mime v0.3.17
[INFO] [stderr]    Compiling tinyvec_macros v0.1.1
[INFO] [stderr]    Compiling tinyvec v1.12.0
[INFO] [stderr]    Compiling num-traits v0.2.19
[INFO] [stderr]    Compiling zmij v1.0.23
[INFO] [stderr]    Compiling anstyle-parse v1.0.0
[INFO] [stderr]    Compiling selectors v0.37.0
[INFO] [stderr]    Compiling tendril v0.5.1
[INFO] [stderr]    Compiling futures-channel v0.3.34
[INFO] [stderr]    Compiling futures-task v0.3.34
[INFO] [stderr]    Compiling web_atoms v0.2.6
[INFO] [stderr]    Compiling slab v0.4.12
[INFO] [stderr]    Compiling httpdate v1.0.3
[INFO] [stderr]    Compiling regex-syntax v0.8.11
[INFO] [stderr]    Compiling is_terminal_polyfill v1.70.2
[INFO] [stderr]    Compiling serde_json v1.0.151
[INFO] [stderr]    Compiling unicase v2.9.0
[INFO] [stderr]    Compiling errno v0.3.14
[INFO] [stderr]    Compiling socket2 v0.6.5
[INFO] [stderr]    Compiling mio v1.2.2
[INFO] [stderr]    Compiling signal-hook-registry v1.4.8
[INFO] [stderr]    Compiling parking_lot v0.12.5
[INFO] [stderr]    Compiling glob v0.3.4
[INFO] [stderr]    Compiling anstyle v1.0.14
[INFO] [stderr]    Compiling cap-primitives v4.0.3
[INFO] [stderr]    Compiling anstyle-query v1.1.5
[INFO] [stderr]    Compiling atomic-waker v1.1.2
[INFO] [stderr]    Compiling colorchoice v1.0.5
[INFO] [stderr]    Compiling jetscii v0.5.3
[INFO] [stderr]    Compiling sync_wrapper v1.0.2
[INFO] [stderr]    Compiling entities v1.0.1
[INFO] [stderr]    Compiling anstream v1.0.0
[INFO] [stderr]    Compiling crypto-common v0.1.7
[INFO] [stderr]    Compiling block-buffer v0.10.4
[INFO] [stderr]    Compiling mime_guess v2.0.5
[INFO] [stderr]    Compiling thiserror v2.0.20
[INFO] [stderr]    Compiling string_cache v0.9.0
[INFO] [stderr]    Compiling futures-util v0.3.34
[INFO] [stderr]    Compiling unicode-normalization v0.1.25
[INFO] [stderr]    Compiling comrak v0.54.0
[INFO] [stderr]    Compiling http-body-util v0.1.5
[INFO] [stderr]    Compiling phf_shared v0.12.1
[INFO] [stderr]    Compiling servo_arc v0.4.3
[INFO] [stderr]    Compiling iana-time-zone v0.1.65
[INFO] [stderr]    Compiling lazy_static v1.5.0
[INFO] [stderr]    Compiling cap-std v4.0.3
[INFO] [stderr]    Compiling allocator-api2 v0.2.21
[INFO] [stderr]    Compiling ipnet v2.12.1
[INFO] [stderr]    Compiling maybe-owned v0.3.4
[INFO] [stderr]    Compiling foldhash v0.2.0
[INFO] [stderr]    Compiling unicode-general-category v1.1.0
[INFO] [stderr]    Compiling equivalent v1.0.2
[INFO] [stderr]    Compiling ryu v1.0.23
[INFO] [stderr]    Compiling synstructure v0.13.2
[INFO] [stderr]    Compiling clap_lex v1.1.0
[INFO] [stderr]    Compiling ambient-authority v0.0.2
[INFO] [stderr]    Compiling chrono-tz v0.10.4
[INFO] [stderr]    Compiling strsim v0.11.1
[INFO] [stderr]    Compiling chrono v0.4.45
[INFO] [stderr]    Compiling clap_builder v4.6.6
[INFO] [stderr]    Compiling regex-automata v0.4.18
[INFO] [stderr]    Compiling caseless v0.2.2
[INFO] [stderr]    Compiling zerovec-derive v0.11.6
[INFO] [stderr]    Compiling displaydoc v0.2.7
[INFO] [stderr]    Compiling tokio-macros v2.7.2
[INFO] [stderr]    Compiling serde_derive v1.0.229
[INFO] [stderr]    Compiling thiserror-impl v2.0.20
[INFO] [stderr]    Compiling serde_path_to_error v0.1.20
[INFO] [stderr]    Compiling tokio v1.53.1
[INFO] [stderr]    Compiling fs-set-times v0.20.3
[INFO] [stderr]    Compiling rustix-linux-procfs v0.1.1
[INFO] [stderr]    Compiling clap_derive v4.6.4
[INFO] [stderr]    Compiling zerofrom-derive v0.1.7
[INFO] [stderr]    Compiling yoke-derive v0.8.2
[INFO] [stderr]    Compiling phf_macros v0.13.1
[INFO] [stderr]    Compiling phf v0.13.1
[INFO] [stderr]    Compiling tracing-attributes v0.1.31
[INFO] [stderr]    Compiling basic-toml v0.1.10
[INFO] [stderr]    Compiling cssparser-macros v0.6.1
[INFO] [stderr]    Compiling askama_parser v0.16.0
[INFO] [stderr]    Compiling derive_more-impl v2.1.1
[INFO] [stderr]    Compiling cssparser v0.36.0
[INFO] [stderr]    Compiling serde_urlencoded v0.7.1
[INFO] [stderr]    Compiling matchers v0.2.0
[INFO] [stderr]    Compiling async-stream-impl v0.3.6
[INFO] [stderr]    Compiling hashbrown v0.17.1
[INFO] [stderr]    Compiling zerofrom v0.1.8
[INFO] [stderr]    Compiling phf v0.12.1
[INFO] [stderr]    Compiling sharded-slab v0.1.7
[INFO] [stderr]    Compiling yoke v0.8.3
[INFO] [stderr]    Compiling digest v0.10.7
[INFO] [stderr]    Compiling tracing-log v0.2.0
[INFO] [stderr]    Compiling cssparser v0.37.0
[INFO] [stderr]    Compiling zerovec v0.11.8
[INFO] [stderr]    Compiling zerotrie v0.2.5
[INFO] [stderr]    Compiling encoding_rs v0.8.35
[INFO] [stderr]    Compiling thread_local v1.1.10
[INFO] [stderr]    Compiling matchit v0.8.4
[INFO] [stderr]    Compiling cpufeatures v0.2.17
[INFO] [stderr]    Compiling derive_more v2.1.1
[INFO] [stderr]    Compiling finl_unicode v1.4.0
[INFO] [stderr]    Compiling typed-arena v2.0.2
[INFO] [stderr]    Compiling nu-ansi-term v0.50.3
[INFO] [stderr]    Compiling maplit v1.0.2
[INFO] [stderr]    Compiling sha2 v0.10.9
[INFO] [stderr]    Compiling markup5ever v0.39.0
[INFO] [stderr]    Compiling tracing v0.1.44
[INFO] [stderr]    Compiling tinystr v0.8.4
[INFO] [stderr]    Compiling potential_utf v0.1.6
[INFO] [stderr]    Compiling icu_collections v2.3.0
[INFO] [stderr]    Compiling async-stream v0.3.6
[INFO] [stderr]    Compiling html5ever v0.39.0
[INFO] [stderr]    Compiling icu_locale_core v2.3.0
[INFO] [stderr]    Compiling axum-core v0.5.6
[INFO] [stderr]    Compiling tower-http v0.6.11
[INFO] [stderr]    Compiling tracing-subscriber v0.3.23
[INFO] [stderr]    Compiling clap v4.6.6
[INFO] [stderr]    Compiling same-file v1.0.6
[INFO] [stderr]    Compiling askama_derive v0.16.0
[INFO] [stderr]    Compiling base64 v0.22.1
[INFO] [stderr]    Compiling dotenvy v0.15.7
[INFO] [stderr]    Compiling lol_html v3.0.1
[INFO] [stderr]    Compiling icu_provider v2.3.1
[INFO] [stderr]    Compiling icu_normalizer v2.3.0
[INFO] [stderr]    Compiling icu_properties v2.3.0
[INFO] [stderr]    Compiling idna_adapter v1.2.2
[INFO] [stderr]    Compiling idna v1.1.0
[INFO] [stderr]    Compiling askama_macros v0.16.0
[INFO] [stderr]    Compiling askama v0.16.0
[INFO] [stderr]    Compiling url v2.5.8
[INFO] [stderr]    Compiling ammonia v4.1.4
[INFO] [stderr]    Compiling hyper v1.11.1
[INFO] [stderr]    Compiling tower v0.5.3
[INFO] [stderr]    Compiling hyper-util v0.1.20
[INFO] [stderr]    Compiling axum v0.8.9
[INFO] [stderr]    Compiling autoindex-rs v0.1.2 (/opt/rustwide/workdir)
[INFO] [stderr]     Finished `release` profile [optimized] target(s) in 1m 26s
[INFO] running `Command { std: "docker" "inspect" "66fb883c7f57eed66841a1bdb0e5209736811f089d07e32b21b9e47303c02080", kill_on_drop: false }`
[INFO] running `Command { std: "docker" "exec" "-e" "SOURCE_DIR=/opt/rustwide/workdir" "-e" "CARGO_HOME=/opt/rustwide/cargo-home" "-e" "RUSTUP_HOME=/opt/rustwide/rustup-home" "-e" "CARGO_TARGET_DIR=/opt/rustwide/target" "-e" "CARGO_INCREMENTAL=0" "-e" "RUST_BACKTRACE=full" "-e" "RUSTFLAGS=--cap-lints=warn" "-e" "RUSTDOCFLAGS=--cap-lints=warn" "-w" "/opt/rustwide/workdir" "--user" "0:0" "66fb883c7f57eed66841a1bdb0e5209736811f089d07e32b21b9e47303c02080" "/opt/rustwide/cargo-home/bin/cargo" "+1.100.0-beta.1" "test" "--frozen" "--no-run" "--message-format=json" "--release", kill_on_drop: false }`
[INFO] [stderr]    Compiling smallvec v1.15.2
[INFO] [stderr]    Compiling stable_deref_trait v1.2.1
[INFO] [stderr]    Compiling itoa v1.0.18
[INFO] [stderr]    Compiling siphasher v1.0.3
[INFO] [stderr]    Compiling cfg-if v1.0.4
[INFO] [stderr]    Compiling pin-project-lite v0.2.17
[INFO] [stderr]    Compiling libc v0.2.189
[INFO] [stderr]    Compiling once_cell v1.21.4
[INFO] [stderr]    Compiling log v0.4.34
[INFO] [stderr]    Compiling zerofrom v0.1.8
[INFO] [stderr]    Compiling bytes v1.12.1
[INFO] [stderr]    Compiling bitflags v2.13.1
[INFO] [stderr]    Compiling futures-core v0.3.34
[INFO] [stderr]    Compiling litemap v0.8.3
[INFO] [stderr]    Compiling new_debug_unreachable v1.0.6
[INFO] [stderr]    Compiling writeable v0.6.4
[INFO] [stderr]    Compiling scopeguard v1.2.0
[INFO] [stderr]    Compiling precomputed-hash v0.1.1
[INFO] [stderr]    Compiling utf8_iter v1.0.4
[INFO] [stderr]    Compiling dtoa v1.0.11
[INFO] [stderr]    Compiling linux-raw-sys v0.12.1
[INFO] [stderr]    Compiling lock_api v0.4.14
[INFO] [stderr]    Compiling percent-encoding v2.3.2
[INFO] [stderr]    Compiling yoke v0.8.3
[INFO] [stderr]    Compiling dtoa-short v0.3.5
[INFO] [stderr]    Compiling serde_core v1.0.229
[INFO] [stderr]    Compiling icu_normalizer_data v2.3.0
[INFO] [stderr]    Compiling icu_properties_data v2.3.0
[INFO] [stderr]    Compiling typenum v1.20.1
[INFO] [stderr]    Compiling tower-service v0.3.3
[INFO] [stderr]    Compiling utf8parse v0.2.2
[INFO] [stderr]    Compiling tower-layer v0.3.3
[INFO] [stderr]    Compiling form_urlencoded v1.2.2
[INFO] [stderr]    Compiling mime v0.3.17
[INFO] [stderr]    Compiling tinyvec_macros v0.1.1
[INFO] [stderr]    Compiling futures-channel v0.3.34
[INFO] [stderr]    Compiling anstyle-parse v1.0.0
[INFO] [stderr]    Compiling zerovec v0.11.8
[INFO] [stderr]    Compiling tracing-core v0.1.36
[INFO] [stderr]    Compiling zerotrie v0.2.5
[INFO] [stderr]    Compiling tinyvec v1.12.0
[INFO] [stderr]    Compiling phf_shared v0.13.1
[INFO] [stderr]    Compiling tendril v0.5.1
[INFO] [stderr]    Compiling io-lifetimes v3.0.1
[INFO] [stderr]    Compiling httparse v1.10.1
[INFO] [stderr]    Compiling io-lifetimes v2.0.4
[INFO] [stderr]    Compiling slab v0.4.12
[INFO] [stderr]    Compiling regex-syntax v0.8.11
[INFO] [stderr]    Compiling http v1.5.0
[INFO] [stderr]    Compiling phf v0.13.1
[INFO] [stderr]    Compiling atomic-waker v1.1.2
[INFO] [stderr]    Compiling generic-array v0.14.7
[INFO] [stderr]    Compiling memchr v2.8.3
[INFO] [stderr]    Compiling is_terminal_polyfill v1.70.2
[INFO] [stderr]    Compiling rustc-hash v2.1.3
[INFO] [stderr]    Compiling anstyle v1.0.14
[INFO] [stderr]    Compiling tracing v0.1.44
[INFO] [stderr]    Compiling sync_wrapper v1.0.2
[INFO] [stderr]    Compiling tinystr v0.8.4
[INFO] [stderr]    Compiling potential_utf v0.1.6
[INFO] [stderr]    Compiling anstyle-query v1.1.5
[INFO] [stderr]    Compiling httpdate v1.0.3
[INFO] [stderr]    Compiling colorchoice v1.0.5
[INFO] [stderr]    Compiling icu_locale_core v2.3.0
[INFO] [stderr]    Compiling icu_collections v2.3.0
[INFO] [stderr]    Compiling rustix v1.1.4
[INFO] [stderr]    Compiling futures-task v0.3.34
[INFO] [stderr]    Compiling cssparser v0.36.0
[INFO] [stderr]    Compiling unicode-normalization v0.1.25
[INFO] [stderr]    Compiling anstream v1.0.0
[INFO] [stderr]    Compiling block-buffer v0.10.4
[INFO] [stderr]    Compiling crypto-common v0.1.7
[INFO] [stderr]    Compiling parking_lot_core v0.9.12
[INFO] [stderr]    Compiling errno v0.3.14
[INFO] [stderr]    Compiling socket2 v0.6.5
[INFO] [stderr]    Compiling mio v1.2.2
[INFO] [stderr]    Compiling http-body v1.1.0
[INFO] [stderr]    Compiling signal-hook-registry v1.4.8
[INFO] [stderr]    Compiling futures-util v0.3.34
[INFO] [stderr]    Compiling io-extras v0.19.0
[INFO] [stderr]    Compiling http-body-util v0.1.5
[INFO] [stderr]    Compiling phf_shared v0.12.1
[INFO] [stderr]    Compiling parking_lot v0.12.5
[INFO] [stderr]    Compiling zmij v1.0.23
[INFO] [stderr]    Compiling tokio v1.53.1
[INFO] [stderr]    Compiling derive_more v2.1.1
[INFO] [stderr]    Compiling num-traits v0.2.19
[INFO] [stderr]    Compiling servo_arc v0.4.3
[INFO] [stderr]    Compiling serde v1.0.229
[INFO] [stderr]    Compiling ambient-authority v0.0.2
[INFO] [stderr]    Compiling iana-time-zone v0.1.65
[INFO] [stderr]    Compiling string_cache v0.9.0
[INFO] [stderr]    Compiling foldhash v0.2.0
[INFO] [stderr]    Compiling ipnet v2.12.1
[INFO] [stderr]    Compiling getrandom v0.4.3
[INFO] [stderr]    Compiling equivalent v1.0.2
[INFO] [stderr]    Compiling maybe-owned v0.3.4
[INFO] [stderr]    Compiling ryu v1.0.23
[INFO] [stderr]    Compiling web_atoms v0.2.6
[INFO] [stderr]    Compiling regex-automata v0.4.18
[INFO] [stderr]    Compiling clap_lex v1.1.0
[INFO] [stderr]    Compiling strsim v0.11.1
[INFO] [stderr]    Compiling allocator-api2 v0.2.21
[INFO] [stderr]    Compiling lazy_static v1.5.0
[INFO] [stderr]    Compiling clap_builder v4.6.6
[INFO] [stderr]    Compiling hashbrown v0.17.1
[INFO] [stderr]    Compiling sharded-slab v0.1.7
[INFO] [stderr]    Compiling axum-core v0.5.6
[INFO] [stderr]    Compiling selectors v0.37.0
[INFO] [stderr]    Compiling serde_json v1.0.151
[INFO] [stderr]    Compiling icu_provider v2.3.1
[INFO] [stderr]    Compiling serde_urlencoded v0.7.1
[INFO] [stderr]    Compiling chrono v0.4.45
[INFO] [stderr]    Compiling serde_path_to_error v0.1.20
[INFO] [stderr]    Compiling phf v0.12.1
[INFO] [stderr]    Compiling caseless v0.2.2
[INFO] [stderr]    Compiling digest v0.10.7
[INFO] [stderr]    Compiling icu_normalizer v2.3.0
[INFO] [stderr]    Compiling icu_properties v2.3.0
[INFO] [stderr]    Compiling markup5ever v0.39.0
[INFO] [stderr]    Compiling matchers v0.2.0
[INFO] [stderr]    Compiling tracing-log v0.2.0
[INFO] [stderr]    Compiling html5ever v0.39.0
[INFO] [stderr]    Compiling cssparser v0.37.0
[INFO] [stderr]    Compiling thiserror v2.0.20
[INFO] [stderr]    Compiling jetscii v0.5.3
[INFO] [stderr]    Compiling thread_local v1.1.10
[INFO] [stderr]    Compiling encoding_rs v0.8.35
[INFO] [stderr]    Compiling cpufeatures v0.2.17
[INFO] [stderr]    Compiling maplit v1.0.2
[INFO] [stderr]    Compiling finl_unicode v1.4.0
[INFO] [stderr]    Compiling nu-ansi-term v0.50.3
[INFO] [stderr]    Compiling typed-arena v2.0.2
[INFO] [stderr]    Compiling unicase v2.9.0
[INFO] [stderr]    Compiling matchit v0.8.4
[INFO] [stderr]    Compiling comrak v0.54.0
[INFO] [stderr]    Compiling mime_guess v2.0.5
[INFO] [stderr]    Compiling sha2 v0.10.9
[INFO] [stderr]    Compiling tracing-subscriber v0.3.23
[INFO] [stderr]    Compiling tower-http v0.6.11
[INFO] [stderr]    Compiling async-stream v0.3.6
[INFO] [stderr]    Compiling askama v0.16.0
[INFO] [stderr]    Compiling idna_adapter v1.2.2
[INFO] [stderr]    Compiling idna v1.1.0
[INFO] [stderr]    Compiling unicode-general-category v1.1.0
[INFO] [stderr]    Compiling chrono-tz v0.10.4
[INFO] [stderr]    Compiling fastrand v2.5.0
[INFO] [stderr]    Compiling base64 v0.22.1
[INFO] [stderr]    Compiling dotenvy v0.15.7
[INFO] [stderr]    Compiling same-file v1.0.6
[INFO] [stderr]    Compiling url v2.5.8
[INFO] [stderr]    Compiling lol_html v3.0.1
[INFO] [stderr]    Compiling clap v4.6.6
[INFO] [stderr]    Compiling ammonia v4.1.4
[INFO] [stderr]    Compiling fs-set-times v0.20.3
[INFO] [stderr]    Compiling rustix-linux-procfs v0.1.1
[INFO] [stderr]    Compiling tempfile v3.27.0
[INFO] [stderr]    Compiling cap-primitives v4.0.3
[INFO] [stderr]    Compiling cap-std v4.0.3
[INFO] [stderr]    Compiling hyper v1.11.1
[INFO] [stderr]    Compiling tower v0.5.3
[INFO] [stderr]    Compiling hyper-util v0.1.20
[INFO] [stderr]    Compiling axum v0.8.9
[INFO] [stderr]    Compiling autoindex-rs v0.1.2 (/opt/rustwide/workdir)
[INFO] [stderr]     Finished `release` profile [optimized] target(s) in 1m 22s
[INFO] running `Command { std: "docker" "inspect" "66fb883c7f57eed66841a1bdb0e5209736811f089d07e32b21b9e47303c02080", kill_on_drop: false }`
[INFO] running `Command { std: "docker" "exec" "-e" "SOURCE_DIR=/opt/rustwide/workdir" "-e" "CARGO_HOME=/opt/rustwide/cargo-home" "-e" "RUSTUP_HOME=/opt/rustwide/rustup-home" "-e" "CARGO_TARGET_DIR=/opt/rustwide/target" "-e" "CARGO_INCREMENTAL=0" "-e" "RUST_BACKTRACE=full" "-e" "RUSTFLAGS=--cap-lints=warn" "-e" "RUSTDOCFLAGS=--cap-lints=warn" "-w" "/opt/rustwide/workdir" "--user" "0:0" "66fb883c7f57eed66841a1bdb0e5209736811f089d07e32b21b9e47303c02080" "/opt/rustwide/cargo-home/bin/cargo" "+1.100.0-beta.1" "test" "--frozen" "--release", kill_on_drop: false }`
[INFO] [stderr]     Finished `release` profile [optimized] target(s) in 0.32s
[INFO] [stderr]      Running unittests src/lib.rs (/opt/rustwide/target/release/build/autoindex-rs/db9297abfe216416/out/autoindex_rs-db9297abfe216416)
[INFO] [stdout] 
[INFO] [stdout] running 32 tests
[INFO] [stdout] test config::tests::index_names_are_trimmed_and_deduplicated ... ok
[INFO] [stdout] test config::tests::invalid_index_names_are_rejected ... ok
[INFO] [stdout] test file_response::tests::etags_distinguish_pre_epoch_timestamps_from_missing_timestamps ... ok
[INFO] [stdout] test file_response::tests::ignores_unsatisfiable_members_but_rejects_empty_result ... ok
[INFO] [stdout] test file_response::tests::parses_single_suffix_and_open_ranges ... ok
[INFO] [stdout] test file_response::tests::range_amplification_is_detected_and_empty_members_are_ignored ... ok
[INFO] [stdout] test listing::tests::all_sorts_keep_directories_first ... ok
[INFO] [stdout] test listing::tests::cursor_round_trips_every_comparison_key ... ok
[INFO] [stdout] test config::tests::command_line_overrides_environment ... FAILED
[INFO] [stdout] test listing::tests::cancelled_scan_stops_before_reading_the_directory ... ok
[INFO] [stdout] test listing::tests::pre_epoch_timestamps_keep_their_signed_value ... ok
[INFO] [stdout] test listing::tests::path_segments_escape_unicode_and_url_delimiters ... ok
[INFO] [stdout] test config::tests::direct_config_values_are_revalidated_before_server_start ... FAILED
[INFO] [stdout] test listing::tests::legacy_name_cursors_remain_compatible_and_empty_cursors_fail ... ok
[INFO] [stdout] test config::tests::empty_environment_index_list_disables_default_documents ... FAILED
[INFO] [stdout] test config::tests::documented_defaults_are_applied ... FAILED
[INFO] [stdout] test listing::tests::file_size_boundaries_match_the_go_service ... ok
[INFO] [stdout] test config::tests::invalid_environment_values_fail_resolution ... FAILED
[INFO] [stdout] test path_policy::tests::case_insensitive_components_use_unicode_normalization_and_folding ... ok
[INFO] [stdout] test markdown::tests::alert_filter_does_not_rewrite_code_or_inline_text ... ok
[INFO] [stdout] test markdown::tests::nested_alert_marker_stays_plain ... ok
[INFO] [stdout] test markdown::tests::removes_active_content_and_external_images ... ok
[INFO] [stdout] test path_policy::tests::posix_configured_paths_reject_backslashes_before_filesystem_access ... ok
[INFO] [stdout] test path_policy::tests::windows_devices_are_recognized_on_every_platform ... ok
[INFO] [stdout] test path_policy::tests::windows_unsafe_roots_are_rejected_before_filesystem_access ... ok
[INFO] [stdout] test web::tests::listing_csp_contains_only_the_theme_script_hash ... ok
[INFO] [stdout] test path_policy::tests::protected_path_normalization_resolves_relative_parent_components ... ok
[INFO] [stdout] test web::tests::query_rejects_duplicate_known_keys_and_bad_percent_encoding ... ok
[INFO] [stdout] test path_policy::tests::request_paths_decode_once_and_reject_unsafe_components ... ok
[INFO] [stdout] test path_policy::tests::unsafe_switch_can_explicitly_unlock_a_hidden_root ... ok
[INFO] [stdout] test markdown::tests::renders_gfm_and_top_level_alerts ... ok
[INFO] [stdout] test web::tests::request_drop_guard_cancels_only_while_armed ... ok
[INFO] [stdout] 
[INFO] [stdout] failures:
[INFO] [stdout] 
[INFO] [stdout] ---- config::tests::command_line_overrides_environment stdout ----
[INFO] [stdout] 
[INFO] [stdout] thread 'config::tests::command_line_overrides_environment' (3825) panicked at src/config.rs:360:14:
[INFO] [stdout] called `Result::unwrap()` on an `Err` value: Custom { kind: ReadOnlyFilesystem, error: PathError { path: "/opt/rustwide/workdir/autoindex-rs-config-test-5VYxVX", err: Os { code: 30, kind: ReadOnlyFilesystem, message: "Read-only file system" } } }
[INFO] [stdout] stack backtrace:
[INFO] [stdout]    0:     0x5690bece8de5 - <unknown>
[INFO] [stdout]    1:     0x5690becaa114 - <unknown>
[INFO] [stdout]    2:     0x5690bece848b - <unknown>
[INFO] [stdout]    3:     0x5690bece8089 - <unknown>
[INFO] [stdout]    4:     0x5690bece7d0a - <unknown>
[INFO] [stdout]    5:     0x5690bece783b - <unknown>
[INFO] [stdout]    6:     0x5690bed0d691 - <unknown>
[INFO] [stdout]    7:     0x5690bed0d649 - <unknown>
[INFO] [stdout]    8:     0x5690bed0db3c - <unknown>
[INFO] [stdout]    9:     0x5690beca9fab - <unknown>
[INFO] [stdout]   10:     0x5690becadb81 - <unknown>
[INFO] [stdout]   11:     0x5690bec442c7 - <unknown>
[INFO] [stdout]   12:     0x5690bec5124e - <unknown>
[INFO] [stdout]   13:     0x5690bed271db - <unknown>
[INFO] [stdout]   14:     0x5690bed22892 - <unknown>
[INFO] [stdout]   15:     0x5690bed2233c - <unknown>
[INFO] [stdout]   16:     0x5690bed40dbc - <unknown>
[INFO] [stdout]   17:     0x5690bed0f118 - <unknown>
[INFO] [stdout]   18:     0x708fa54b3dfa - <unknown>
[INFO] [stdout]   19:     0x708fa55473d4 - clone
[INFO] [stdout]   20:                0x0 - <unknown>
[INFO] [stdout] 
[INFO] [stdout] ---- config::tests::direct_config_values_are_revalidated_before_server_start stdout ----
[INFO] [stdout] 
[INFO] [stdout] thread 'config::tests::direct_config_values_are_revalidated_before_server_start' (3826) panicked at src/config.rs:360:14:
[INFO] [stdout] called `Result::unwrap()` on an `Err` value: Custom { kind: ReadOnlyFilesystem, error: PathError { path: "/opt/rustwide/workdir/autoindex-rs-config-test-gR5OoS", err: Os { code: 30, kind: ReadOnlyFilesystem, message: "Read-only file system" } } }
[INFO] [stdout] stack backtrace:
[INFO] [stdout]    0:     0x5690bece8de5 - <unknown>
[INFO] [stdout]    1:     0x5690becaa114 - <unknown>
[INFO] [stdout]    2:     0x5690bece848b - <unknown>
[INFO] [stdout]    3:     0x5690bece8089 - <unknown>
[INFO] [stdout]    4:     0x5690bece7d0a - <unknown>
[INFO] [stdout]    5:     0x5690bece783b - <unknown>
[INFO] [stdout]    6:     0x5690bed0d691 - <unknown>
[INFO] [stdout]    7:     0x5690bed0d649 - <unknown>
[INFO] [stdout]    8:     0x5690bed0db3c - <unknown>
[INFO] [stdout]    9:     0x5690beca9fab - <unknown>
[INFO] [stdout]   10:     0x5690becadb81 - <unknown>
[INFO] [stdout]   11:     0x5690bec442c7 - <unknown>
[INFO] [stdout]   12:     0x5690bec559a5 - <unknown>
[INFO] [stdout]   13:     0x5690bed271db - <unknown>
[INFO] [stdout]   14:     0x5690bed22892 - <unknown>
[INFO] [stdout]   15:     0x5690bed2233c - <unknown>
[INFO] [stdout]   16:     0x5690bed40dbc - <unknown>
[INFO] [stdout]   17:     0x5690bed0f118 - <unknown>
[INFO] [stdout]   18:     0x708fa54b3dfa - <unknown>
[INFO] [stdout]   19:     0x708fa55473d4 - clone
[INFO] [stdout]   20:                0x0 - <unknown>
[INFO] [stdout] 
[INFO] [stdout] ---- config::tests::empty_environment_index_list_disables_default_documents stdout ----
[INFO] [stdout] 
[INFO] [stdout] thread 'config::tests::empty_environment_index_list_disables_default_documents' (3828) panicked at src/config.rs:360:14:
[INFO] [stdout] called `Result::unwrap()` on an `Err` value: Custom { kind: ReadOnlyFilesystem, error: PathError { path: "/opt/rustwide/workdir/autoindex-rs-config-test-DcWCbZ", err: Os { code: 30, kind: ReadOnlyFilesystem, message: "Read-only file system" } } }
[INFO] [stdout] stack backtrace:
[INFO] [stdout]    0:     0x5690bece8de5 - <unknown>
[INFO] [stdout]    1:     0x5690becaa114 - <unknown>
[INFO] [stdout]    2:     0x5690bece848b - <unknown>
[INFO] [stdout]    3:     0x5690bece8089 - <unknown>
[INFO] [stdout]    4:     0x5690bece7d0a - <unknown>
[INFO] [stdout]    5:     0x5690bece783b - <unknown>
[INFO] [stdout]    6:     0x5690bed0d691 - <unknown>
[INFO] [stdout]    7:     0x5690bed0d649 - <unknown>
[INFO] [stdout]    8:     0x5690bed0db3c - <unknown>
[INFO] [stdout]    9:     0x5690beca9fab - <unknown>
[INFO] [stdout]   10:     0x5690becadb81 - <unknown>
[INFO] [stdout]   11:     0x5690bec442c7 - <unknown>
[INFO] [stdout]   12:     0x5690bec54891 - <unknown>
[INFO] [stdout]   13:     0x5690bed271db - <unknown>
[INFO] [stdout]   14:     0x5690bed22892 - <unknown>
[INFO] [stdout]   15:     0x5690bed2233c - <unknown>
[INFO] [stdout]   16:     0x5690bed40dbc - <unknown>
[INFO] [stdout]   17:     0x5690bed0f118 - <unknown>
[INFO] [stdout]   18:     0x708fa54b3dfa - <unknown>
[INFO] [stdout]   19:     0x708fa55473d4 - clone
[INFO] [stdout]   20:                0x0 - <unknown>
[INFO] [stdout] 
[INFO] [stdout] ---- config::tests::documented_defaults_are_applied stdout ----
[INFO] [stdout] 
[INFO] [stdout] thread 'config::tests::documented_defaults_are_applied' (3827) panicked at src/config.rs:360:14:
[INFO] [stdout] called `Result::unwrap()` on an `Err` value: Custom { kind: ReadOnlyFilesystem, error: PathError { path: "/opt/rustwide/workdir/autoindex-rs-config-test-XJ1WJQ", err: Os { code: 30, kind: ReadOnlyFilesystem, message: "Read-only file system" } } }
[INFO] [stdout] stack backtrace:
[INFO] [stdout]    0:     0x5690bece8de5 - <unknown>
[INFO] [stdout]    1:     0x5690becaa114 - <unknown>
[INFO] [stdout]    2:     0x5690bece848b - <unknown>
[INFO] [stdout]    3:     0x5690bece8089 - <unknown>
[INFO] [stdout]    4:     0x5690bece7d0a - <unknown>
[INFO] [stdout]    5:     0x5690bece783b - <unknown>
[INFO] [stdout]    6:     0x5690bed0d691 - <unknown>
[INFO] [stdout]    7:     0x5690bed0d649 - <unknown>
[INFO] [stdout]    8:     0x5690bed0db3c - <unknown>
[INFO] [stdout]    9:     0x5690beca9fab - <unknown>
[INFO] [stdout]   10:     0x5690becadb81 - <unknown>
[INFO] [stdout]   11:     0x5690bec442c7 - <unknown>
[INFO] [stdout]   12:     0x5690bec5012a - <unknown>
[INFO] [stdout]   13:     0x5690bed271db - <unknown>
[INFO] [stdout]   14:     0x5690bed22892 - <unknown>
[INFO] [stdout]   15:     0x5690bed2233c - <unknown>
[INFO] [stdout]   16:     0x5690bed40dbc - <unknown>
[INFO] [stdout]   17:     0x5690bed0f118 - <unknown>
[INFO] [stdout]   18:     0x708fa54b3dfa - <unknown>
[INFO] [stdout]   19:     0x708fa55473d4 - clone
[INFO] [stdout]   20:                0x0 - <unknown>
[INFO] [stdout] 
[INFO] [stdout] ---- config::tests::invalid_environment_values_fail_resolution stdout ----
[INFO] [stdout] 
[INFO] [stderr] error: test failed, to rerun pass `--lib`
[INFO] [stdout] thread 'config::tests::invalid_environment_values_fail_resolution' (3830) panicked at src/config.rs:360:14:
[INFO] [stdout] called `Result::unwrap()` on an `Err` value: Custom { kind: ReadOnlyFilesystem, error: PathError { path: "/opt/rustwide/workdir/autoindex-rs-config-test-8eyVFK", err: Os { code: 30, kind: ReadOnlyFilesystem, message: "Read-only file system" } } }
[INFO] [stdout] stack backtrace:
[INFO] [stdout]    0:     0x5690bece8de5 - <unknown>
[INFO] [stdout]    1:     0x5690becaa114 - <unknown>
[INFO] [stdout]    2:     0x5690bece848b - <unknown>
[INFO] [stdout]    3:     0x5690bece8089 - <unknown>
[INFO] [stdout]    4:     0x5690bece7d0a - <unknown>
[INFO] [stdout]    5:     0x5690bece783b - <unknown>
[INFO] [stdout]    6:     0x5690bed0d691 - <unknown>
[INFO] [stdout]    7:     0x5690bed0d649 - <unknown>
[INFO] [stdout]    8:     0x5690bed0db3c - <unknown>
[INFO] [stdout]    9:     0x5690beca9fab - <unknown>
[INFO] [stdout]   10:     0x5690becadb81 - <unknown>
[INFO] [stdout]   11:     0x5690bec442c7 - <unknown>
[INFO] [stdout]   12:     0x5690bec535a6 - <unknown>
[INFO] [stdout]   13:     0x5690bed271db - <unknown>
[INFO] [stdout]   14:     0x5690bed22892 - <unknown>
[INFO] [stdout]   15:     0x5690bed2233c - <unknown>
[INFO] [stdout]   16:     0x5690bed40dbc - <unknown>
[INFO] [stdout]   17:     0x5690bed0f118 - <unknown>
[INFO] [stdout]   18:     0x708fa54b3dfa - <unknown>
[INFO] [stdout]   19:     0x708fa55473d4 - clone
[INFO] [stdout]   20:                0x0 - <unknown>
[INFO] [stdout] 
[INFO] [stdout] 
[INFO] [stdout] failures:
[INFO] [stdout]     config::tests::command_line_overrides_environment
[INFO] [stdout]     config::tests::direct_config_values_are_revalidated_before_server_start
[INFO] [stdout]     config::tests::documented_defaults_are_applied
[INFO] [stdout]     config::tests::empty_environment_index_list_disables_default_documents
[INFO] [stdout]     config::tests::invalid_environment_values_fail_resolution
[INFO] [stdout] 
[INFO] [stdout] test result: FAILED. 27 passed; 5 failed; 0 ignored; 0 measured; 0 filtered out; finished in 0.00s
[INFO] [stdout] 
[INFO] running `Command { std: "docker" "inspect" "66fb883c7f57eed66841a1bdb0e5209736811f089d07e32b21b9e47303c02080", kill_on_drop: false }`
[INFO] running `Command { std: "docker" "rm" "-f" "66fb883c7f57eed66841a1bdb0e5209736811f089d07e32b21b9e47303c02080", kill_on_drop: false }`
[INFO] [stdout] 66fb883c7f57eed66841a1bdb0e5209736811f089d07e32b21b9e47303c02080
