[INFO] cloning repository https://github.com/jakewilliami/rsl
[INFO] running `Command { std: "git" "-c" "credential.helper=" "-c" "credential.helper=/workspace/cargo-home/bin/git-credential-null" "clone" "--bare" "https://github.com/jakewilliami/rsl" "/workspace/cache/git-repos/https%3A%2F%2Fgithub.com%2Fjakewilliami%2Frsl", kill_on_drop: false }`
[INFO] [stderr] Cloning into bare repository '/workspace/cache/git-repos/https%3A%2F%2Fgithub.com%2Fjakewilliami%2Frsl'...
[INFO] running `Command { std: "git" "rev-parse" "HEAD", kill_on_drop: false }`
[INFO] [stdout] b3cfd8bc34cec68f361fd70be3d2d57985ec4daf
[INFO] testing jakewilliami/rsl against 1.100.0-beta.1+cargoflags=--release for beta-release-1.100-2
[INFO] running `Command { std: "git" "clone" "/workspace/cache/git-repos/https%3A%2F%2Fgithub.com%2Fjakewilliami%2Frsl" "/workspace/builds/worker-1-tc2/source", kill_on_drop: false }`
[INFO] [stderr] Cloning into '/workspace/builds/worker-1-tc2/source'...
[INFO] [stderr] done.
[INFO] started tweaking git repo https://github.com/jakewilliami/rsl
[INFO] finished tweaking git repo https://github.com/jakewilliami/rsl
[INFO] tweaked toml for git repo https://github.com/jakewilliami/rsl written to /workspace/builds/worker-1-tc2/source/Cargo.toml
[INFO] validating manifest of git repo https://github.com/jakewilliami/rsl on toolchain 1.100.0-beta.1
[INFO] running `Command { std: CARGO_HOME="/workspace/cargo-home" RUSTUP_HOME="/workspace/rustup-home" "/workspace/cargo-home/bin/cargo" "+1.100.0-beta.1" "metadata" "--manifest-path" "Cargo.toml" "--no-deps", kill_on_drop: false }`
[INFO] crate git repo https://github.com/jakewilliami/rsl already has a lockfile, it will not be regenerated
[INFO] running `Command { std: CARGO_HOME="/workspace/cargo-home" RUSTUP_HOME="/workspace/rustup-home" "/workspace/cargo-home/bin/cargo" "+1.100.0-beta.1" "fetch" "--manifest-path" "Cargo.toml", kill_on_drop: false }`
[INFO] running `Command { std: "docker" "create" "-v" "/var/lib/crater-agent-workspace/builds/worker-1-tc2/source:/opt/rustwide/workdir:ro,Z" "-v" "/var/lib/crater-agent-workspace/builds/worker-1-tc2/target:/opt/rustwide/target:rw,Z" "-v" "/var/lib/crater-agent-workspace/cargo-home:/opt/rustwide/cargo-home:ro,Z" "-v" "/var/lib/crater-agent-workspace/rustup-home:/opt/rustwide/rustup-home:ro,Z" "-m" "1610612736" "--network" "none" "ghcr.io/rust-lang/crates-build-env/linux@sha256:77db811e55d90add9212f6832c23229e3de5f1c1f9905e8cb07319ea15df73ac" "sleep" "infinity", kill_on_drop: false }`
[INFO] [stdout] 5871ab4f9952824ca90ae6e8dcdb276b8933d5298edb946b670fccae0620d5c2
[INFO] running `Command { std: "docker" "start" "5871ab4f9952824ca90ae6e8dcdb276b8933d5298edb946b670fccae0620d5c2", kill_on_drop: false }`
[INFO] running `Command { std: "docker" "inspect" "5871ab4f9952824ca90ae6e8dcdb276b8933d5298edb946b670fccae0620d5c2", kill_on_drop: false }`
[INFO] running `Command { std: "docker" "exec" "-e" "SOURCE_DIR=/opt/rustwide/workdir" "-e" "CARGO_HOME=/opt/rustwide/cargo-home" "-e" "RUSTUP_HOME=/opt/rustwide/rustup-home" "-e" "CARGO_TARGET_DIR=/opt/rustwide/target" "-w" "/opt/rustwide/workdir" "--user" "0:0" "5871ab4f9952824ca90ae6e8dcdb276b8933d5298edb946b670fccae0620d5c2" "/opt/rustwide/cargo-home/bin/cargo" "+1.100.0-beta.1" "metadata" "--no-deps" "--format-version=1", kill_on_drop: false }`
[INFO] running `Command { std: "docker" "inspect" "5871ab4f9952824ca90ae6e8dcdb276b8933d5298edb946b670fccae0620d5c2", kill_on_drop: false }`
[INFO] running `Command { std: "docker" "exec" "-e" "SOURCE_DIR=/opt/rustwide/workdir" "-e" "CARGO_HOME=/opt/rustwide/cargo-home" "-e" "RUSTUP_HOME=/opt/rustwide/rustup-home" "-e" "CARGO_TARGET_DIR=/opt/rustwide/target" "-e" "CARGO_INCREMENTAL=0" "-e" "RUST_BACKTRACE=full" "-e" "RUSTFLAGS=--cap-lints=warn" "-e" "RUSTDOCFLAGS=--cap-lints=warn" "-w" "/opt/rustwide/workdir" "--user" "0:0" "5871ab4f9952824ca90ae6e8dcdb276b8933d5298edb946b670fccae0620d5c2" "/opt/rustwide/cargo-home/bin/cargo" "+1.100.0-beta.1" "build" "--frozen" "--message-format=json" "--release", kill_on_drop: false }`
[INFO] [stderr]    Compiling proc-macro2 v1.0.104
[INFO] [stderr]    Compiling libc v0.2.179
[INFO] [stderr]    Compiling find-msvc-tools v0.1.6
[INFO] [stderr]    Compiling memoffset v0.6.5
[INFO] [stderr]    Compiling serde_core v1.0.228
[INFO] [stderr]    Compiling writeable v0.6.2
[INFO] [stderr]    Compiling litemap v0.8.1
[INFO] [stderr]    Compiling wayland-sys v0.29.5
[INFO] [stderr]    Compiling aws-lc-rs v1.15.2
[INFO] [stderr]    Compiling rustix v1.1.3
[INFO] [stderr]    Compiling rustls-pki-types v1.13.2
[INFO] [stderr]    Compiling linux-raw-sys v0.11.0
[INFO] [stderr]    Compiling zmij v1.0.10
[INFO] [stderr]    Compiling crc32fast v1.5.0
[INFO] [stderr]    Compiling adler2 v2.0.1
[INFO] [stderr]    Compiling signal-hook v0.3.18
[INFO] [stderr]    Compiling serde_json v1.0.148
[INFO] [stderr]    Compiling futures-task v0.3.31
[INFO] [stderr]    Compiling rustls v0.23.35
[INFO] [stderr]    Compiling alloc-no-stdlib v2.0.4
[INFO] [stderr]    Compiling simd-adler32 v0.3.8
[INFO] [stderr]    Compiling indexmap v2.12.1
[INFO] [stderr]    Compiling alloc-stdlib v0.2.2
[INFO] [stderr]    Compiling smithay-client-toolkit v0.16.1
[INFO] [stderr]    Compiling memchr v2.7.6
[INFO] [stderr]    Compiling miniz_oxide v0.8.9
[INFO] [stderr]    Compiling futures-util v0.3.31
[INFO] [stderr]    Compiling itoa v1.0.17
[INFO] [stderr]    Compiling winnow v0.7.14
[INFO] [stderr]    Compiling once_cell v1.21.3
[INFO] [stderr]    Compiling brotli-decompressor v4.0.3
[INFO] [stderr]    Compiling futures-channel v0.3.31
[INFO] [stderr]    Compiling encoding_rs v0.8.35
[INFO] [stderr]    Compiling webpki-roots v1.0.5
[INFO] [stderr]    Compiling serde v1.0.228
[INFO] [stderr]    Compiling base64 v0.22.1
[INFO] [stderr]    Compiling toml_writer v1.0.6+spec-1.1.0
[INFO] [stderr]    Compiling webpki-roots v0.26.11
[INFO] [stderr]    Compiling flate2 v1.1.5
[INFO] [stderr]    Compiling rustix v0.38.44
[INFO] [stderr]    Compiling quote v1.0.42
[INFO] [stderr]    Compiling openssl-probe v0.2.0
[INFO] [stderr]    Compiling unicode-segmentation v1.12.0
[INFO] [stderr]    Compiling x11rb-protocol v0.13.2
[INFO] [stderr]    Compiling rustls-native-certs v0.8.3
[INFO] [stderr]    Compiling is-docker v0.2.0
[INFO] [stderr]    Compiling jobserver v0.1.34
[INFO] [stderr]    Compiling syn v2.0.113
[INFO] [stderr]    Compiling wayland-scanner v0.29.5
[INFO] [stderr]    Compiling getrandom v0.2.16
[INFO] [stderr]    Compiling convert_case v0.10.0
[INFO] [stderr]    Compiling either v1.15.0
[INFO] [stderr]    Compiling cc v1.2.51
[INFO] [stderr]    Compiling iri-string v0.7.10
[INFO] [stderr]    Compiling home v0.5.12
[INFO] [stderr]    Compiling copypasta-ext v0.4.4
[INFO] [stderr]    Compiling unicode-xid v0.2.6
[INFO] [stderr]    Compiling is-wsl v0.4.0
[INFO] [stderr]    Compiling http-body-util v0.1.3
[INFO] [stderr]    Compiling psl-types v2.0.11
[INFO] [stderr]    Compiling base64 v0.13.1
[INFO] [stderr]    Compiling psl v2.1.175
[INFO] [stderr]    Compiling cmake v0.1.57
[INFO] [stderr]    Compiling ring v0.17.14
[INFO] [stderr]    Compiling aws-lc-sys v0.35.0
[INFO] [stderr]    Compiling wayland-client v0.29.5
[INFO] [stderr]    Compiling wayland-protocols v0.29.5
[INFO] [stderr]    Compiling toml_parser v1.0.6+spec-1.1.0
[INFO] [stderr]    Compiling errno v0.3.14
[INFO] [stderr]    Compiling parking_lot_core v0.9.12
[INFO] [stderr]    Compiling signal-hook-registry v1.4.8
[INFO] [stderr]    Compiling mio v1.1.1
[INFO] [stderr]    Compiling parking_lot v0.12.5
[INFO] [stderr]    Compiling nix v0.24.3
[INFO] [stderr]    Compiling socket2 v0.6.1
[INFO] [stderr]    Compiling os_pipe v1.2.3
[INFO] [stderr]    Compiling memmap2 v0.5.10
[INFO] [stderr]    Compiling gethostname v0.2.3
[INFO] [stderr]    Compiling sigchld v0.2.4
[INFO] [stderr]    Compiling which v4.4.2
[INFO] [stderr]    Compiling shared_child v1.1.1
[INFO] [stderr]    Compiling synstructure v0.13.2
[INFO] [stderr]    Compiling serde_spanned v1.0.4
[INFO] [stderr]    Compiling toml_datetime v0.7.5+spec-1.1.0
[INFO] [stderr]    Compiling duct v0.13.7
[INFO] [stderr]    Compiling toml v0.9.10+spec-1.1.0
[INFO] [stderr]    Compiling rustls-webpki v0.103.8
[INFO] [stderr]    Compiling gethostname v1.1.0
[INFO] [stderr]    Compiling terminal_size v0.4.3
[INFO] [stderr]    Compiling clap_builder v4.5.54
[INFO] [stderr]    Compiling zerofrom-derive v0.1.6
[INFO] [stderr]    Compiling yoke-derive v0.8.1
[INFO] [stderr]    Compiling zerovec-derive v0.11.2
[INFO] [stderr]    Compiling displaydoc v0.2.5
[INFO] [stderr]    Compiling tokio-macros v2.6.0
[INFO] [stderr]    Compiling serde_derive v1.0.228
[INFO] [stderr]    Compiling clap_derive v4.5.49
[INFO] [stderr]    Compiling tokio v1.49.0
[INFO] [stderr]    Compiling derive_more-impl v2.1.1
[INFO] [stderr]    Compiling zerofrom v0.1.6
[INFO] [stderr]    Compiling yoke v0.8.1
[INFO] [stderr]    Compiling zerovec v0.11.5
[INFO] [stderr]    Compiling zerotrie v0.2.3
[INFO] [stderr]    Compiling x11rb v0.13.2
[INFO] [stderr]    Compiling derive_more v2.1.1
[INFO] [stderr]    Compiling tinystr v0.8.2
[INFO] [stderr]    Compiling potential_utf v0.1.4
[INFO] [stderr]    Compiling icu_collections v2.1.1
[INFO] [stderr]    Compiling icu_locale_core v2.1.1
[INFO] [stderr]    Compiling arboard v3.6.1
[INFO] [stderr]    Compiling wayland-commons v0.29.5
[INFO] [stderr]    Compiling icu_provider v2.1.1
[INFO] [stderr]    Compiling x11rb-protocol v0.10.0
[INFO] [stderr]    Compiling clipboard-anywhere v0.2.3
[INFO] [stderr]    Compiling icu_properties v2.1.2
[INFO] [stderr]    Compiling icu_normalizer v2.1.1
[INFO] [stderr]    Compiling idna_adapter v1.2.1
[INFO] [stderr]    Compiling clap v4.5.54
[INFO] [stderr]    Compiling idna v1.1.0
[INFO] [stderr]    Compiling wayland-cursor v0.29.5
[INFO] [stderr]    Compiling url v2.5.7
[INFO] [stderr]    Compiling ureq v2.12.1
[INFO] [stderr]    Compiling ua_generator v0.5.42 (https://github.com/spider-rs/ua_generator.git#57cb3019)
[INFO] [stderr]    Compiling tokio-util v0.7.18
[INFO] [stderr]    Compiling tower v0.5.2
[INFO] [stderr]    Compiling backon v1.6.0
[INFO] [stderr]    Compiling h2 v0.4.12
[INFO] [stderr]    Compiling tower-http v0.6.8
[INFO] [stderr]    Compiling hyper v1.8.1
[INFO] [stderr]    Compiling x11rb v0.10.1
[INFO] [stderr]    Compiling hyper-util v0.1.19
[INFO] [stderr]    Compiling x11-clipboard v0.7.1
[INFO] [stderr]    Compiling smithay-clipboard v0.6.6
[INFO] [stderr]    Compiling copypasta v0.8.2
[INFO] [stderr]    Compiling tokio-rustls v0.26.4
[INFO] [stderr]    Compiling rustls-platform-verifier v0.6.2
[INFO] [stderr]    Compiling hyper-rustls v0.27.7
[INFO] [stderr]    Compiling reqwest v0.13.1
[INFO] [stderr]    Compiling rsl v0.5.1 (/opt/rustwide/workdir)
[INFO] [stderr]     Finished `release` profile [optimized] target(s) in 3m 44s
[INFO] running `Command { std: "docker" "inspect" "5871ab4f9952824ca90ae6e8dcdb276b8933d5298edb946b670fccae0620d5c2", kill_on_drop: false }`
[INFO] running `Command { std: "docker" "exec" "-e" "SOURCE_DIR=/opt/rustwide/workdir" "-e" "CARGO_HOME=/opt/rustwide/cargo-home" "-e" "RUSTUP_HOME=/opt/rustwide/rustup-home" "-e" "CARGO_TARGET_DIR=/opt/rustwide/target" "-e" "CARGO_INCREMENTAL=0" "-e" "RUST_BACKTRACE=full" "-e" "RUSTFLAGS=--cap-lints=warn" "-e" "RUSTDOCFLAGS=--cap-lints=warn" "-w" "/opt/rustwide/workdir" "--user" "0:0" "5871ab4f9952824ca90ae6e8dcdb276b8933d5298edb946b670fccae0620d5c2" "/opt/rustwide/cargo-home/bin/cargo" "+1.100.0-beta.1" "test" "--frozen" "--no-run" "--message-format=json" "--release", kill_on_drop: false }`
[INFO] [stderr]    Compiling rsl v0.5.1 (/opt/rustwide/workdir)
[INFO] [stderr]     Finished `release` profile [optimized] target(s) in 20.20s
[INFO] running `Command { std: "docker" "inspect" "5871ab4f9952824ca90ae6e8dcdb276b8933d5298edb946b670fccae0620d5c2", kill_on_drop: false }`
[INFO] running `Command { std: "docker" "exec" "-e" "SOURCE_DIR=/opt/rustwide/workdir" "-e" "CARGO_HOME=/opt/rustwide/cargo-home" "-e" "RUSTUP_HOME=/opt/rustwide/rustup-home" "-e" "CARGO_TARGET_DIR=/opt/rustwide/target" "-e" "CARGO_INCREMENTAL=0" "-e" "RUST_BACKTRACE=full" "-e" "RUSTFLAGS=--cap-lints=warn" "-e" "RUSTDOCFLAGS=--cap-lints=warn" "-w" "/opt/rustwide/workdir" "--user" "0:0" "5871ab4f9952824ca90ae6e8dcdb276b8933d5298edb946b670fccae0620d5c2" "/opt/rustwide/cargo-home/bin/cargo" "+1.100.0-beta.1" "test" "--frozen" "--release", kill_on_drop: false }`
[INFO] [stderr]     Finished `release` profile [optimized] target(s) in 0.28s
[INFO] [stderr]      Running unittests src/main.rs (/opt/rustwide/target/release/build/rsl/f5667771a9e04876/out/rsl-f5667771a9e04876)
[INFO] [stdout] 
[INFO] [stdout] running 65 tests
[INFO] [stdout] test clean::tests::errors::test_path_segments_error ... ignored
[INFO] [stdout] test clean::tests::errors::test_unsupported_scheme ... ok
[INFO] [stdout] test clean::tests::errors::test_invalid_url ... ok
[INFO] [stdout] test clean::tests::sources::facebook::comments::test_identity ... ok
[INFO] [stdout] test clean::tests::sources::facebook::comments::test_basic_with_referrer ... ok
[INFO] [stdout] test clean::tests::errors::test_unsupported_host ... ok
[INFO] [stdout] test clean::tests::errors::test_empty_host ... ok
[INFO] [stdout] test clean::tests::sources::facebook::comments::test_identity_with_comment ... ok
[INFO] [stdout] test clean::tests::errors::test_unsupported_path ... ok
[INFO] [stdout] test clean::tests::sources::facebook::photos::test_identity ... ok
[INFO] [stdout] test clean::tests::sources::facebook::posts::test_basic_with_referrer ... ok
[INFO] [stdout] test clean::tests::sources::facebook::posts::test_identity ... ok
[INFO] [stdout] test clean::tests::sources::facebook::reels::test_basic_with_referrer ... ok
[INFO] [stdout] test clean::tests::errors::test_unknown_domain ... ok
[INFO] [stdout] test resolve::tests::errors::test_connection_refused ... ignored
[INFO] [stdout] test clean::tests::sources::facebook::comments::test_with_comment_and_referrer ... ok
[INFO] [stdout] test resolve::tests::errors::test_timeout ... ignored
[INFO] [stdout] test resolve::tests::errors::test_too_many_redirects ... ignored
[INFO] [stdout] test resolve::tests::meta_refresh::test_basic ... ok
[INFO] [stdout] test clean::tests::sources::facebook::story::test_basic_with_referrer ... ok
[INFO] [stdout] test clean::tests::sources::instagram::test_identity ... ok
[INFO] [stdout] test clean::tests::sources::linkedin::test_identity ... ok
[INFO] [stdout] test clean::tests::sources::reddit::posts::test_basic ... ok
[INFO] [stdout] test clean::tests::sources::facebook::reels::test_identity ... ok
[INFO] [stdout] test resolve::tests::meta_refresh::test_meta_without_refresh ... ok
[INFO] [stdout] test resolve::tests::meta_refresh::test_mixed_case ... ok
[INFO] [stdout] test resolve::tests::meta_refresh::test_empty_html ... ok
[INFO] [stdout] test resolve::tests::meta_refresh::test_in_full_html ... ok
[INFO] [stdout] test resolve::tests::meta_refresh::test_no_meta_refresh ... ok
[INFO] [stdout] test resolve::tests::meta_refresh::test_uppercase ... ok
[INFO] [stdout] test resolve::tests::meta_refresh::test_single_quotes ... ok
[INFO] [stdout] test clean::tests::sources::reddit::comments::test_basic ... ok
[INFO] [stdout] test resolve::tests::meta_refresh::test_malformed_meta_tag ... ok
[INFO] [stdout] test resolve::tests::meta_refresh::test_with_relative_url ... ok
[INFO] [stdout] test clean::tests::sources::facebook::photos::test_basic_with_query_params ... ok
[INFO] [stdout] test resolve::tests::meta_refresh::test_no_quotes ... ok
[INFO] [stdout] test resolve::tests::meta_refresh::test_with_url_with_query_params ... ok
[INFO] [stdout] test resolve::tests::meta_refresh::test_with_delay ... ok
[INFO] [stdout] test resolve::tests::meta_refresh::test_without_url ... ok
[INFO] [stdout] test clean::tests::sources::facebook::story::test_identity ... ok
[INFO] [stdout] test clean::tests::sources::reddit::comments::test_identity ... ok
[INFO] [stdout] test clean::tests::sources::reddit::posts::test_identity ... ok
[INFO] [stdout] test clean::tests::sources::instagram::test_basic ... ok
[INFO] [stdout] test clean::tests::sources::linkedin::test_basic ... ok
[INFO] [stdout] test resolve::tests::errors::test_invalid_scheme ... ok
[INFO] [stdout] test resolve::tests::errors::test_dns_failure ... ok
[INFO] [stdout] test resolve::tests::errors::test_invalid_url ... ok
[INFO] [stdout] test resolve::tests::sources::facebook::comments::test_identity ... FAILED
[INFO] [stdout] test resolve::tests::sources::facebook::story::test_basic ... FAILED
[INFO] [stdout] test resolve::tests::sources::facebook::posts::test_basic ... FAILED
[INFO] [stdout] test resolve::tests::sources::instagram::test_identity ... FAILED
[INFO] [stdout] test resolve::tests::sources::facebook::posts::test_identity ... FAILED
[INFO] [stdout] test resolve::tests::sources::linkedin::test_basic ... FAILED
[INFO] [stdout] test resolve::tests::sources::facebook::reels::test_basic ... FAILED
[INFO] [stdout] test resolve::tests::sources::facebook::photos::test_identity ... FAILED
[INFO] [stdout] test resolve::tests::sources::facebook::photos::test_basic ... FAILED
[INFO] [stdout] test resolve::tests::sources::facebook::comments::test_basic ... FAILED
[INFO] [stdout] test resolve::tests::sources::facebook::reels::test_identity ... FAILED
[INFO] [stdout] test resolve::tests::sources::facebook::story::test_identity ... FAILED
[INFO] [stdout] test resolve::tests::sources::instagram::test_basic ... FAILED
[INFO] [stdout] test resolve::tests::sources::linkedin::test_identity ... FAILED
[INFO] [stdout] test resolve::tests::sources::reddit::posts::test_identity ... FAILED
[INFO] [stdout] test resolve::tests::sources::reddit::posts::test_share_link ... FAILED
[INFO] [stdout] test resolve::tests::sources::reddit::comments::test_share_link ... FAILED
[INFO] [stdout] test resolve::tests::sources::reddit::comments::test_identity ... FAILED
[INFO] [stdout] 
[INFO] [stdout] failures:
[INFO] [stdout] 
[INFO] [stdout] ---- resolve::tests::sources::facebook::comments::test_identity stdout ----
[INFO] [stdout] 
[INFO] [stdout] thread 'resolve::tests::sources::facebook::comments::test_identity' (10617) panicked at src/resolve.rs:322:21:
[INFO] [stdout] assertion failed: result.is_ok()
[INFO] [stdout] stack backtrace:
[INFO] [stdout]    0:     0x63ac76d1d2a1 - <<std[617be2ca0a6fd877]::sys::backtrace::BacktraceLock>::print::DisplayBacktrace as core[a373ad73a504971]::fmt::Display>::fmt
[INFO] [stdout]    1:     0x63ac76d3444a - core[a373ad73a504971]::fmt::write
[INFO] [stdout]    2:     0x63ac76d21fbc - <alloc[2e1b2a31b91974c5]::vec::Vec<u8> as core[a373ad73a504971]::io::write::Write>::write_fmt
[INFO] [stdout]    3:     0x63ac76cf7fb6 - std[617be2ca0a6fd877]::panicking::default_hook::{closure#0}
[INFO] [stdout]    4:     0x63ac76d14f89 - std[617be2ca0a6fd877]::panicking::default_hook
[INFO] [stdout]    5:     0x63ac768a6990 - test[aada8e7e76ba119b]::test_main_inner::{closure#0}
[INFO] [stdout]    6:     0x63ac76d152b2 - std[617be2ca0a6fd877]::panicking::panic_with_hook
[INFO] [stdout]    7:     0x63ac76cf8094 - std[617be2ca0a6fd877]::panicking::panic_handler::{closure#0}
[INFO] [stdout]    8:     0x63ac76cf0bf9 - std[617be2ca0a6fd877]::sys::backtrace::__rust_end_short_backtrace::<std[617be2ca0a6fd877]::panicking::panic_handler::{closure#0}, !>
[INFO] [stdout]    9:     0x63ac76cf8e5d - __rustc[ea4f61d10b84890b]::rust_begin_unwind
[INFO] [stdout]   10:     0x63ac76d34bac - core[a373ad73a504971]::panicking::panic_fmt
[INFO] [stdout]   11:     0x63ac76d34b72 - core[a373ad73a504971]::panicking::panic
[INFO] [stdout]   12:     0x63ac768995c8 - rsl[5025320454cc7233]::resolve::tests::sources::facebook::comments::test_identity::{closure#0}
[INFO] [stdout]   13:     0x63ac768844b3 - <tokio[21b3e5975e42c5b3]::runtime::scheduler::current_thread::Context>::enter::<core[a373ad73a504971]::task::poll::Poll<()>, <tokio[21b3e5975e42c5b3]::runtime::scheduler::current_thread::CoreGuard>::block_on<core[a373ad73a504971]::pin::Pin<&mut core[a373ad73a504971]::pin::Pin<&mut dyn core[a373ad73a504971]::future::future::Future<Output = ()>>>>::{closure#0}::{closure#0}>
[INFO] [stdout]   14:     0x63ac76881cfc - <tokio[21b3e5975e42c5b3]::runtime::context::scoped::Scoped<tokio[21b3e5975e42c5b3]::runtime::scheduler::Context>>::set::<<tokio[21b3e5975e42c5b3]::runtime::scheduler::current_thread::CoreGuard>::enter<<tokio[21b3e5975e42c5b3]::runtime::scheduler::current_thread::CoreGuard>::block_on<core[a373ad73a504971]::pin::Pin<&mut core[a373ad73a504971]::pin::Pin<&mut dyn core[a373ad73a504971]::future::future::Future<Output = ()>>>>::{closure#0}, core[a373ad73a504971]::option::Option<()>>::{closure#0}, (alloc[2e1b2a31b91974c5]::boxed::Box<tokio[21b3e5975e42c5b3]::runtime::scheduler::current_thread::Core>, core[a373ad73a504971]::option::Option<()>)>
[INFO] [stdout]   15:     0x63ac7688419f - <tokio[21b3e5975e42c5b3]::runtime::scheduler::current_thread::CurrentThread>::block_on::<core[a373ad73a504971]::pin::Pin<&mut dyn core[a373ad73a504971]::future::future::Future<Output = ()>>>
[INFO] [stdout]   16:     0x63ac7688a812 - <tokio[21b3e5975e42c5b3]::runtime::runtime::Runtime>::block_on::<core[a373ad73a504971]::pin::Pin<&mut dyn core[a373ad73a504971]::future::future::Future<Output = ()>>>
[INFO] [stdout]   17:     0x63ac76899cce - <rsl[5025320454cc7233]::resolve::tests::sources::facebook::comments::test_identity::{closure#0} as core[a373ad73a504971]::ops::function::FnOnce<()>>::call_once
[INFO] [stdout]   18:     0x63ac76899ddb - test[aada8e7e76ba119b]::__rust_begin_short_backtrace::<core[a373ad73a504971]::result::Result<(), alloc[2e1b2a31b91974c5]::string::String>, fn() -> core[a373ad73a504971]::result::Result<(), alloc[2e1b2a31b91974c5]::string::String>>
[INFO] [stdout]   19:     0x63ac768a6fb5 - test[aada8e7e76ba119b]::run_test::{closure#0}
[INFO] [stdout]   20:     0x63ac768a08a4 - std[617be2ca0a6fd877]::sys::backtrace::__rust_begin_short_backtrace::<test[aada8e7e76ba119b]::run_test::{closure#1}, ()>
[INFO] [stdout]   21:     0x63ac768aa042 - <std[617be2ca0a6fd877]::thread::lifecycle::spawn_unchecked<test[aada8e7e76ba119b]::run_test::{closure#1}, ()>::{closure#1} as core[a373ad73a504971]::ops::function::FnOnce<()>>::call_once::{shim:vtable#0}
[INFO] [stdout]   22:     0x63ac76d1c74f - <std[617be2ca0a6fd877]::sys::thread::unix::Thread>::new::thread_start
[INFO] [stdout]   23:     0x7774fa6c6dfa - <unknown>
[INFO] [stdout]   24:     0x7774fa75a3d4 - clone
[INFO] [stdout]   25:                0x0 - <unknown>
[INFO] [stdout] 
[INFO] [stdout] ---- resolve::tests::sources::facebook::story::test_basic stdout ----
[INFO] [stdout] 
[INFO] [stdout] thread 'resolve::tests::sources::facebook::story::test_basic' (10624) panicked at src/resolve.rs:290:36:
[INFO] [stdout] resolved: reqwest::Error { kind: Request, url: "https://www.facebook.com/share/p/1FKNBd86BV/", source: hyper_util::client::legacy::Error(Connect, ConnectError("dns error", Custom { kind: Uncategorized, error: "failed to lookup address information: Temporary failure in name resolution" })) }
[INFO] [stdout] stack backtrace:
[INFO] [stdout]    0:     0x63ac76d1d2a1 - <<std[617be2ca0a6fd877]::sys::backtrace::BacktraceLock>::print::DisplayBacktrace as core[a373ad73a504971]::fmt::Display>::fmt
[INFO] [stdout]    1:     0x63ac76d3444a - core[a373ad73a504971]::fmt::write
[INFO] [stdout]    2:     0x63ac76d21fbc - <alloc[2e1b2a31b91974c5]::vec::Vec<u8> as core[a373ad73a504971]::io::write::Write>::write_fmt
[INFO] [stdout]    3:     0x63ac76cf7fb6 - std[617be2ca0a6fd877]::panicking::default_hook::{closure#0}
[INFO] [stdout]    4:     0x63ac76d14f89 - std[617be2ca0a6fd877]::panicking::default_hook
[INFO] [stdout]    5:     0x63ac768a6990 - test[aada8e7e76ba119b]::test_main_inner::{closure#0}
[INFO] [stdout]    6:     0x63ac76d152b2 - std[617be2ca0a6fd877]::panicking::panic_with_hook
[INFO] [stdout]    7:     0x63ac76cf8062 - std[617be2ca0a6fd877]::panicking::panic_handler::{closure#0}
[INFO] [stdout]    8:     0x63ac76cf0bf9 - std[617be2ca0a6fd877]::sys::backtrace::__rust_end_short_backtrace::<std[617be2ca0a6fd877]::panicking::panic_handler::{closure#0}, !>
[INFO] [stdout]    9:     0x63ac76cf8e5d - __rustc[ea4f61d10b84890b]::rust_begin_unwind
[INFO] [stdout]   10:     0x63ac76d34bac - core[a373ad73a504971]::panicking::panic_fmt
[INFO] [stdout]   11:     0x63ac76d34982 - core[a373ad73a504971]::result::unwrap_failed
[INFO] [stdout]   12:     0x63ac76891266 - rsl[5025320454cc7233]::resolve::tests::sources::facebook::story::test_basic::{closure#0}
[INFO] [stdout]   13:     0x63ac768844b3 - <tokio[21b3e5975e42c5b3]::runtime::scheduler::current_thread::Context>::enter::<core[a373ad73a504971]::task::poll::Poll<()>, <tokio[21b3e5975e42c5b3]::runtime::scheduler::current_thread::CoreGuard>::block_on<core[a373ad73a504971]::pin::Pin<&mut core[a373ad73a504971]::pin::Pin<&mut dyn core[a373ad73a504971]::future::future::Future<Output = ()>>>>::{closure#0}::{closure#0}>
[INFO] [stdout]   14:     0x63ac76881cfc - <tokio[21b3e5975e42c5b3]::runtime::context::scoped::Scoped<tokio[21b3e5975e42c5b3]::runtime::scheduler::Context>>::set::<<tokio[21b3e5975e42c5b3]::runtime::scheduler::current_thread::CoreGuard>::enter<<tokio[21b3e5975e42c5b3]::runtime::scheduler::current_thread::CoreGuard>::block_on<core[a373ad73a504971]::pin::Pin<&mut core[a373ad73a504971]::pin::Pin<&mut dyn core[a373ad73a504971]::future::future::Future<Output = ()>>>>::{closure#0}, core[a373ad73a504971]::option::Option<()>>::{closure#0}, (alloc[2e1b2a31b91974c5]::boxed::Box<tokio[21b3e5975e42c5b3]::runtime::scheduler::current_thread::Core>, core[a373ad73a504971]::option::Option<()>)>
[INFO] [stdout]   15:     0x63ac7688419f - <tokio[21b3e5975e42c5b3]::runtime::scheduler::current_thread::CurrentThread>::block_on::<core[a373ad73a504971]::pin::Pin<&mut dyn core[a373ad73a504971]::future::future::Future<Output = ()>>>
[INFO] [stdout]   16:     0x63ac7688a812 - <tokio[21b3e5975e42c5b3]::runtime::runtime::Runtime>::block_on::<core[a373ad73a504971]::pin::Pin<&mut dyn core[a373ad73a504971]::future::future::Future<Output = ()>>>
[INFO] [stdout]   17:     0x63ac768918be - <rsl[5025320454cc7233]::resolve::tests::sources::facebook::story::test_basic::{closure#0} as core[a373ad73a504971]::ops::function::FnOnce<()>>::call_once
[INFO] [stdout]   18:     0x63ac76899ddb - test[aada8e7e76ba119b]::__rust_begin_short_backtrace::<core[a373ad73a504971]::result::Result<(), alloc[2e1b2a31b91974c5]::string::String>, fn() -> core[a373ad73a504971]::result::Result<(), alloc[2e1b2a31b91974c5]::string::String>>
[INFO] [stdout]   19:     0x63ac768a6fb5 - test[aada8e7e76ba119b]::run_test::{closure#0}
[INFO] [stdout]   20:     0x63ac768a08a4 - std[617be2ca0a6fd877]::sys::backtrace::__rust_begin_short_backtrace::<test[aada8e7e76ba119b]::run_test::{closure#1}, ()>
[INFO] [stdout]   21:     0x63ac768aa042 - <std[617be2ca0a6fd877]::thread::lifecycle::spawn_unchecked<test[aada8e7e76ba119b]::run_test::{closure#1}, ()>::{closure#1} as core[a373ad73a504971]::ops::function::FnOnce<()>>::call_once::{shim:vtable#0}
[INFO] [stdout]   22:     0x63ac76d1c74f - <std[617be2ca0a6fd877]::sys::thread::unix::Thread>::new::thread_start
[INFO] [stdout]   23:     0x7774fa6c6dfa - <unknown>
[INFO] [stdout]   24:     0x7774fa75a3d4 - clone
[INFO] [stdout]   25:                0x0 - <unknown>
[INFO] [stdout] 
[INFO] [stdout] ---- resolve::tests::sources::facebook::posts::test_basic stdout ----
[INFO] [stdout] 
[INFO] [stdout] thread 'resolve::tests::sources::facebook::posts::test_basic' (10620) panicked at src/resolve.rs:270:36:
[INFO] [stdout] resolved: reqwest::Error { kind: Request, url: "https://www.facebook.com/share/v/1866jpsdXs/?mibextid=wwXIfr", source: hyper_util::client::legacy::Error(Connect, ConnectError("dns error", Custom { kind: Uncategorized, error: "failed to lookup address information: Temporary failure in name resolution" })) }
[INFO] [stdout] stack backtrace:
[INFO] [stdout]    0:     0x63ac76d1d2a1 - <<std[617be2ca0a6fd877]::sys::backtrace::BacktraceLock>::print::DisplayBacktrace as core[a373ad73a504971]::fmt::Display>::fmt
[INFO] [stdout]    1:     0x63ac76d3444a - core[a373ad73a504971]::fmt::write
[INFO] [stdout]    2:     0x63ac76d21fbc - <alloc[2e1b2a31b91974c5]::vec::Vec<u8> as core[a373ad73a504971]::io::write::Write>::write_fmt
[INFO] [stdout]    3:     0x63ac76cf7fb6 - std[617be2ca0a6fd877]::panicking::default_hook::{closure#0}
[INFO] [stdout]    4:     0x63ac76d14f89 - std[617be2ca0a6fd877]::panicking::default_hook
[INFO] [stdout]    5:     0x63ac768a6990 - test[aada8e7e76ba119b]::test_main_inner::{closure#0}
[INFO] [stdout]    6:     0x63ac76d152b2 - std[617be2ca0a6fd877]::panicking::panic_with_hook
[INFO] [stdout]    7:     0x63ac76cf8062 - std[617be2ca0a6fd877]::panicking::panic_handler::{closure#0}
[INFO] [stdout]    8:     0x63ac76cf0bf9 - std[617be2ca0a6fd877]::sys::backtrace::__rust_end_short_backtrace::<std[617be2ca0a6fd877]::panicking::panic_handler::{closure#0}, !>
[INFO] [stdout]    9:     0x63ac76cf8e5d - __rustc[ea4f61d10b84890b]::rust_begin_unwind
[INFO] [stdout]   10:     0x63ac76d34bac - core[a373ad73a504971]::panicking::panic_fmt
[INFO] [stdout]   11:     0x63ac76d34982 - core[a373ad73a504971]::result::unwrap_failed
[INFO] [stdout]   12:     0x63ac7688d2d3 - rsl[5025320454cc7233]::resolve::tests::sources::facebook::posts::test_basic::{closure#0}
[INFO] [stdout]   13:     0x63ac768844b3 - <tokio[21b3e5975e42c5b3]::runtime::scheduler::current_thread::Context>::enter::<core[a373ad73a504971]::task::poll::Poll<()>, <tokio[21b3e5975e42c5b3]::runtime::scheduler::current_thread::CoreGuard>::block_on<core[a373ad73a504971]::pin::Pin<&mut core[a373ad73a504971]::pin::Pin<&mut dyn core[a373ad73a504971]::future::future::Future<Output = ()>>>>::{closure#0}::{closure#0}>
[INFO] [stdout]   14:     0x63ac76881cfc - <tokio[21b3e5975e42c5b3]::runtime::context::scoped::Scoped<tokio[21b3e5975e42c5b3]::runtime::scheduler::Context>>::set::<<tokio[21b3e5975e42c5b3]::runtime::scheduler::current_thread::CoreGuard>::enter<<tokio[21b3e5975e42c5b3]::runtime::scheduler::current_thread::CoreGuard>::block_on<core[a373ad73a504971]::pin::Pin<&mut core[a373ad73a504971]::pin::Pin<&mut dyn core[a373ad73a504971]::future::future::Future<Output = ()>>>>::{closure#0}, core[a373ad73a504971]::option::Option<()>>::{closure#0}, (alloc[2e1b2a31b91974c5]::boxed::Box<tokio[21b3e5975e42c5b3]::runtime::scheduler::current_thread::Core>, core[a373ad73a504971]::option::Option<()>)>
[INFO] [stdout]   15:     0x63ac7688419f - <tokio[21b3e5975e42c5b3]::runtime::scheduler::current_thread::CurrentThread>::block_on::<core[a373ad73a504971]::pin::Pin<&mut dyn core[a373ad73a504971]::future::future::Future<Output = ()>>>
[INFO] [stdout]   16:     0x63ac7688a812 - <tokio[21b3e5975e42c5b3]::runtime::runtime::Runtime>::block_on::<core[a373ad73a504971]::pin::Pin<&mut dyn core[a373ad73a504971]::future::future::Future<Output = ()>>>
[INFO] [stdout]   17:     0x63ac7688e64e - <rsl[5025320454cc7233]::resolve::tests::sources::facebook::posts::test_basic::{closure#0} as core[a373ad73a504971]::ops::function::FnOnce<()>>::call_once
[INFO] [stdout]   18:     0x63ac76899ddb - test[aada8e7e76ba119b]::__rust_begin_short_backtrace::<core[a373ad73a504971]::result::Result<(), alloc[2e1b2a31b91974c5]::string::String>, fn() -> core[a373ad73a504971]::result::Result<(), alloc[2e1b2a31b91974c5]::string::String>>
[INFO] [stdout]   19:     0x63ac768a6fb5 - test[aada8e7e76ba119b]::run_test::{closure#0}
[INFO] [stdout]   20:     0x63ac768a08a4 - std[617be2ca0a6fd877]::sys::backtrace::__rust_begin_short_backtrace::<test[aada8e7e76ba119b]::run_test::{closure#1}, ()>
[INFO] [stdout]   21:     0x63ac768aa042 - <std[617be2ca0a6fd877]::thread::lifecycle::spawn_unchecked<test[aada8e7e76ba119b]::run_test::{closure#1}, ()>::{closure#1} as core[a373ad73a504971]::ops::function::FnOnce<()>>::call_once::{shim:vtable#0}
[INFO] [stdout]   22:     0x63ac76d1c74f - <std[617be2ca0a6fd877]::sys::thread::unix::Thread>::new::thread_start
[INFO] [stdout]   23:     0x7774fa6c6dfa - <unknown>
[INFO] [stdout]   24:     0x7774fa75a3d4 - clone
[INFO] [stdout]   25:                0x0 - <unknown>
[INFO] [stdout] 
[INFO] [stdout] ---- resolve::tests::sources::instagram::test_identity stdout ----
[INFO] [stdout] 
[INFO] [stdout] thread 'resolve::tests::sources::instagram::test_identity' (10627) panicked at src/resolve.rs:363:17:
[INFO] [stdout] assertion failed: result.is_ok()
[INFO] [stdout] stack backtrace:
[INFO] [stdout]    0:     0x63ac76d1d2a1 - <<std[617be2ca0a6fd877]::sys::backtrace::BacktraceLock>::print::DisplayBacktrace as core[a373ad73a504971]::fmt::Display>::fmt
[INFO] [stdout]    1:     0x63ac76d3444a - core[a373ad73a504971]::fmt::write
[INFO] [stdout]    2:     0x63ac76d21fbc - <alloc[2e1b2a31b91974c5]::vec::Vec<u8> as core[a373ad73a504971]::io::write::Write>::write_fmt
[INFO] [stdout]    3:     0x63ac76cf7fb6 - std[617be2ca0a6fd877]::panicking::default_hook::{closure#0}
[INFO] [stdout]    4:     0x63ac76d14f89 - std[617be2ca0a6fd877]::panicking::default_hook
[INFO] [stdout]    5:     0x63ac768a6990 - test[aada8e7e76ba119b]::test_main_inner::{closure#0}
[INFO] [stdout]    6:     0x63ac76d152b2 - std[617be2ca0a6fd877]::panicking::panic_with_hook
[INFO] [stdout]    7:     0x63ac76cf8094 - std[617be2ca0a6fd877]::panicking::panic_handler::{closure#0}
[INFO] [stdout]    8:     0x63ac76cf0bf9 - std[617be2ca0a6fd877]::sys::backtrace::__rust_end_short_backtrace::<std[617be2ca0a6fd877]::panicking::panic_handler::{closure#0}, !>
[INFO] [stdout]    9:     0x63ac76cf8e5d - __rustc[ea4f61d10b84890b]::rust_begin_unwind
[INFO] [stdout]   10:     0x63ac76d34bac - core[a373ad73a504971]::panicking::panic_fmt
[INFO] [stdout]   11:     0x63ac76d34b72 - core[a373ad73a504971]::panicking::panic
[INFO] [stdout]   12:     0x63ac76894ff8 - rsl[5025320454cc7233]::resolve::tests::sources::instagram::test_identity::{closure#0}
[INFO] [stdout]   13:     0x63ac768844b3 - <tokio[21b3e5975e42c5b3]::runtime::scheduler::current_thread::Context>::enter::<core[a373ad73a504971]::task::poll::Poll<()>, <tokio[21b3e5975e42c5b3]::runtime::scheduler::current_thread::CoreGuard>::block_on<core[a373ad73a504971]::pin::Pin<&mut core[a373ad73a504971]::pin::Pin<&mut dyn core[a373ad73a504971]::future::future::Future<Output = ()>>>>::{closure#0}::{closure#0}>
[INFO] [stdout]   14:     0x63ac76881cfc - <tokio[21b3e5975e42c5b3]::runtime::context::scoped::Scoped<tokio[21b3e5975e42c5b3]::runtime::scheduler::Context>>::set::<<tokio[21b3e5975e42c5b3]::runtime::scheduler::current_thread::CoreGuard>::enter<<tokio[21b3e5975e42c5b3]::runtime::scheduler::current_thread::CoreGuard>::block_on<core[a373ad73a504971]::pin::Pin<&mut core[a373ad73a504971]::pin::Pin<&mut dyn core[a373ad73a504971]::future::future::Future<Output = ()>>>>::{closure#0}, core[a373ad73a504971]::option::Option<()>>::{closure#0}, (alloc[2e1b2a31b91974c5]::boxed::Box<tokio[21b3e5975e42c5b3]::runtime::scheduler::current_thread::Core>, core[a373ad73a504971]::option::Option<()>)>
[INFO] [stdout]   15:     0x63ac7688419f - <tokio[21b3e5975e42c5b3]::runtime::scheduler::current_thread::CurrentThread>::block_on::<core[a373ad73a504971]::pin::Pin<&mut dyn core[a373ad73a504971]::future::future::Future<Output = ()>>>
[INFO] [stdout]   16:     0x63ac7688a812 - <tokio[21b3e5975e42c5b3]::runtime::runtime::Runtime>::block_on::<core[a373ad73a504971]::pin::Pin<&mut dyn core[a373ad73a504971]::future::future::Future<Output = ()>>>
[INFO] [stdout]   17:     0x63ac76895b8e - <rsl[5025320454cc7233]::resolve::tests::sources::instagram::test_identity::{closure#0} as core[a373ad73a504971]::ops::function::FnOnce<()>>::call_once
[INFO] [stdout]   18:     0x63ac76899ddb - test[aada8e7e76ba119b]::__rust_begin_short_backtrace::<core[a373ad73a504971]::result::Result<(), alloc[2e1b2a31b91974c5]::string::String>, fn() -> core[a373ad73a504971]::result::Result<(), alloc[2e1b2a31b91974c5]::string::String>>
[INFO] [stdout]   19:     0x63ac768a6fb5 - test[aada8e7e76ba119b]::run_test::{closure#0}
[INFO] [stdout]   20:     0x63ac768a08a4 - std[617be2ca0a6fd877]::sys::backtrace::__rust_begin_short_backtrace::<test[aada8e7e76ba119b]::run_test::{closure#1}, ()>
[INFO] [stdout]   21:     0x63ac768aa042 - <std[617be2ca0a6fd877]::thread::lifecycle::spawn_unchecked<test[aada8e7e76ba119b]::run_test::{closure#1}, ()>::{closure#1} as core[a373ad73a504971]::ops::function::FnOnce<()>>::call_once::{shim:vtable#0}
[INFO] [stdout]   22:     0x63ac76d1c74f - <std[617be2ca0a6fd877]::sys::thread::unix::Thread>::new::thread_start
[INFO] [stdout]   23:     0x7774fa6c6dfa - <unknown>
[INFO] [stdout]   24:     0x7774fa75a3d4 - clone
[INFO] [stdout]   25:                0x0 - <unknown>
[INFO] [stdout] 
[INFO] [stdout] ---- resolve::tests::sources::facebook::posts::test_identity stdout ----
[INFO] [stdout] 
[INFO] [stdout] thread 'resolve::tests::sources::facebook::posts::test_identity' (10621) panicked at src/resolve.rs:252:21:
[INFO] [stdout] assertion failed: result.is_ok()
[INFO] [stdout] stack backtrace:
[INFO] [stdout]    0:     0x63ac76d1d2a1 - <<std[617be2ca0a6fd877]::sys::backtrace::BacktraceLock>::print::DisplayBacktrace as core[a373ad73a504971]::fmt::Display>::fmt
[INFO] [stdout]    1:     0x63ac76d3444a - core[a373ad73a504971]::fmt::write
[INFO] [stdout]    2:     0x63ac76d21fbc - <alloc[2e1b2a31b91974c5]::vec::Vec<u8> as core[a373ad73a504971]::io::write::Write>::write_fmt
[INFO] [stdout]    3:     0x63ac76cf7fb6 - std[617be2ca0a6fd877]::panicking::default_hook::{closure#0}
[INFO] [stdout]    4:     0x63ac76d14f89 - std[617be2ca0a6fd877]::panicking::default_hook
[INFO] [stdout]    5:     0x63ac768a6990 - test[aada8e7e76ba119b]::test_main_inner::{closure#0}
[INFO] [stdout]    6:     0x63ac76d152b2 - std[617be2ca0a6fd877]::panicking::panic_with_hook
[INFO] [stdout]    7:     0x63ac76cf8094 - std[617be2ca0a6fd877]::panicking::panic_handler::{closure#0}
[INFO] [stdout]    8:     0x63ac76cf0bf9 - std[617be2ca0a6fd877]::sys::backtrace::__rust_end_short_backtrace::<std[617be2ca0a6fd877]::panicking::panic_handler::{closure#0}, !>
[INFO] [stdout]    9:     0x63ac76cf8e5d - __rustc[ea4f61d10b84890b]::rust_begin_unwind
[INFO] [stdout]   10:     0x63ac76d34bac - core[a373ad73a504971]::panicking::panic_fmt
[INFO] [stdout]   11:     0x63ac76d34b72 - core[a373ad73a504971]::panicking::panic
[INFO] [stdout]   12:     0x63ac7688d498 - rsl[5025320454cc7233]::resolve::tests::sources::facebook::posts::test_identity::{closure#0}
[INFO] [stdout]   13:     0x63ac768844b3 - <tokio[21b3e5975e42c5b3]::runtime::scheduler::current_thread::Context>::enter::<core[a373ad73a504971]::task::poll::Poll<()>, <tokio[21b3e5975e42c5b3]::runtime::scheduler::current_thread::CoreGuard>::block_on<core[a373ad73a504971]::pin::Pin<&mut core[a373ad73a504971]::pin::Pin<&mut dyn core[a373ad73a504971]::future::future::Future<Output = ()>>>>::{closure#0}::{closure#0}>
[INFO] [stdout]   14:     0x63ac76881cfc - <tokio[21b3e5975e42c5b3]::runtime::context::scoped::Scoped<tokio[21b3e5975e42c5b3]::runtime::scheduler::Context>>::set::<<tokio[21b3e5975e42c5b3]::runtime::scheduler::current_thread::CoreGuard>::enter<<tokio[21b3e5975e42c5b3]::runtime::scheduler::current_thread::CoreGuard>::block_on<core[a373ad73a504971]::pin::Pin<&mut core[a373ad73a504971]::pin::Pin<&mut dyn core[a373ad73a504971]::future::future::Future<Output = ()>>>>::{closure#0}, core[a373ad73a504971]::option::Option<()>>::{closure#0}, (alloc[2e1b2a31b91974c5]::boxed::Box<tokio[21b3e5975e42c5b3]::runtime::scheduler::current_thread::Core>, core[a373ad73a504971]::option::Option<()>)>
[INFO] [stdout]   15:     0x63ac7688419f - <tokio[21b3e5975e42c5b3]::runtime::scheduler::current_thread::CurrentThread>::block_on::<core[a373ad73a504971]::pin::Pin<&mut dyn core[a373ad73a504971]::future::future::Future<Output = ()>>>
[INFO] [stdout]   16:     0x63ac7688a812 - <tokio[21b3e5975e42c5b3]::runtime::runtime::Runtime>::block_on::<core[a373ad73a504971]::pin::Pin<&mut dyn core[a373ad73a504971]::future::future::Future<Output = ()>>>
[INFO] [stdout]   17:     0x63ac7688e7ce - <rsl[5025320454cc7233]::resolve::tests::sources::facebook::posts::test_identity::{closure#0} as core[a373ad73a504971]::ops::function::FnOnce<()>>::call_once
[INFO] [stdout]   18:     0x63ac76899ddb - test[aada8e7e76ba119b]::__rust_begin_short_backtrace::<core[a373ad73a504971]::result::Result<(), alloc[2e1b2a31b91974c5]::string::String>, fn() -> core[a373ad73a504971]::result::Result<(), alloc[2e1b2a31b91974c5]::string::String>>
[INFO] [stdout]   19:     0x63ac768a6fb5 - test[aada8e7e76ba119b]::run_test::{closure#0}
[INFO] [stdout]   20:     0x63ac768a08a4 - std[617be2ca0a6fd877]::sys::backtrace::__rust_begin_short_backtrace::<test[aada8e7e76ba119b]::run_test::{closure#1}, ()>
[INFO] [stdout]   21:     0x63ac768aa042 - <std[617be2ca0a6fd877]::thread::lifecycle::spawn_unchecked<test[aada8e7e76ba119b]::run_test::{closure#1}, ()>::{closure#1} as core[a373ad73a504971]::ops::function::FnOnce<()>>::call_once::{shim:vtable#0}
[INFO] [stdout]   22:     0x63ac76d1c74f - <std[617be2ca0a6fd877]::sys::thread::unix::Thread>::new::thread_start
[INFO] [stderr] error: test failed, to rerun pass `--bin rsl`
[INFO] [stdout]   23:     0x7774fa6c6dfa - <unknown>
[INFO] [stdout]   24:     0x7774fa75a3d4 - clone
[INFO] [stdout]   25:                0x0 - <unknown>
[INFO] [stdout] 
[INFO] [stdout] ---- resolve::tests::sources::linkedin::test_basic stdout ----
[INFO] [stdout] 
[INFO] [stdout] thread 'resolve::tests::sources::linkedin::test_basic' (10628) panicked at src/resolve.rs:392:32:
[INFO] [stdout] resolved: reqwest::Error { kind: Request, url: "https://www.linkedin.com/posts/robert-a-saigh-7b2b05359_i-have-warned-about-this-before-ai-is-activity-7415393290201534464-seUj?utm_source=share&utm_medium=member_desktop&rcm=ACoAAGLnhZIB3taWr06FFIEsRcT5ekzKWtFC83A", source: hyper_util::client::legacy::Error(Connect, ConnectError("dns error", Custom { kind: Uncategorized, error: "failed to lookup address information: Temporary failure in name resolution" })) }
[INFO] [stdout] stack backtrace:
[INFO] [stdout]    0:     0x63ac76d1d2a1 - <<std[617be2ca0a6fd877]::sys::backtrace::BacktraceLock>::print::DisplayBacktrace as core[a373ad73a504971]::fmt::Display>::fmt
[INFO] [stdout]    1:     0x63ac76d3444a - core[a373ad73a504971]::fmt::write
[INFO] [stdout]    2:     0x63ac76d21fbc - <alloc[2e1b2a31b91974c5]::vec::Vec<u8> as core[a373ad73a504971]::io::write::Write>::write_fmt
[INFO] [stdout]    3:     0x63ac76cf7fb6 - std[617be2ca0a6fd877]::panicking::default_hook::{closure#0}
[INFO] [stdout]    4:     0x63ac76d14f89 - std[617be2ca0a6fd877]::panicking::default_hook
[INFO] [stdout]    5:     0x63ac768a6990 - test[aada8e7e76ba119b]::test_main_inner::{closure#0}
[INFO] [stdout]    6:     0x63ac76d152b2 - std[617be2ca0a6fd877]::panicking::panic_with_hook
[INFO] [stdout]    7:     0x63ac76cf8062 - std[617be2ca0a6fd877]::panicking::panic_handler::{closure#0}
[INFO] [stdout]    8:     0x63ac76cf0bf9 - std[617be2ca0a6fd877]::sys::backtrace::__rust_end_short_backtrace::<std[617be2ca0a6fd877]::panicking::panic_handler::{closure#0}, !>
[INFO] [stdout]    9:     0x63ac76cf8e5d - __rustc[ea4f61d10b84890b]::rust_begin_unwind
[INFO] [stdout]   10:     0x63ac76d34bac - core[a373ad73a504971]::panicking::panic_fmt
[INFO] [stdout]   11:     0x63ac76d34982 - core[a373ad73a504971]::result::unwrap_failed
[INFO] [stdout]   12:     0x63ac76882d23 - rsl[5025320454cc7233]::resolve::tests::sources::linkedin::test_basic::{closure#0}
[INFO] [stdout]   13:     0x63ac768844b3 - <tokio[21b3e5975e42c5b3]::runtime::scheduler::current_thread::Context>::enter::<core[a373ad73a504971]::task::poll::Poll<()>, <tokio[21b3e5975e42c5b3]::runtime::scheduler::current_thread::CoreGuard>::block_on<core[a373ad73a504971]::pin::Pin<&mut core[a373ad73a504971]::pin::Pin<&mut dyn core[a373ad73a504971]::future::future::Future<Output = ()>>>>::{closure#0}::{closure#0}>
[INFO] [stdout]   14:     0x63ac76881cfc - <tokio[21b3e5975e42c5b3]::runtime::context::scoped::Scoped<tokio[21b3e5975e42c5b3]::runtime::scheduler::Context>>::set::<<tokio[21b3e5975e42c5b3]::runtime::scheduler::current_thread::CoreGuard>::enter<<tokio[21b3e5975e42c5b3]::runtime::scheduler::current_thread::CoreGuard>::block_on<core[a373ad73a504971]::pin::Pin<&mut core[a373ad73a504971]::pin::Pin<&mut dyn core[a373ad73a504971]::future::future::Future<Output = ()>>>>::{closure#0}, core[a373ad73a504971]::option::Option<()>>::{closure#0}, (alloc[2e1b2a31b91974c5]::boxed::Box<tokio[21b3e5975e42c5b3]::runtime::scheduler::current_thread::Core>, core[a373ad73a504971]::option::Option<()>)>
[INFO] [stdout]   15:     0x63ac7688419f - <tokio[21b3e5975e42c5b3]::runtime::scheduler::current_thread::CurrentThread>::block_on::<core[a373ad73a504971]::pin::Pin<&mut dyn core[a373ad73a504971]::future::future::Future<Output = ()>>>
[INFO] [stdout]   16:     0x63ac7688a812 - <tokio[21b3e5975e42c5b3]::runtime::runtime::Runtime>::block_on::<core[a373ad73a504971]::pin::Pin<&mut dyn core[a373ad73a504971]::future::future::Future<Output = ()>>>
[INFO] [stdout]   17:     0x63ac7688365e - <rsl[5025320454cc7233]::resolve::tests::sources::linkedin::test_basic::{closure#0} as core[a373ad73a504971]::ops::function::FnOnce<()>>::call_once
[INFO] [stdout]   18:     0x63ac76899ddb - test[aada8e7e76ba119b]::__rust_begin_short_backtrace::<core[a373ad73a504971]::result::Result<(), alloc[2e1b2a31b91974c5]::string::String>, fn() -> core[a373ad73a504971]::result::Result<(), alloc[2e1b2a31b91974c5]::string::String>>
[INFO] [stdout]   19:     0x63ac768a6fb5 - test[aada8e7e76ba119b]::run_test::{closure#0}
[INFO] [stdout]   20:     0x63ac768a08a4 - std[617be2ca0a6fd877]::sys::backtrace::__rust_begin_short_backtrace::<test[aada8e7e76ba119b]::run_test::{closure#1}, ()>
[INFO] [stdout]   21:     0x63ac768aa042 - <std[617be2ca0a6fd877]::thread::lifecycle::spawn_unchecked<test[aada8e7e76ba119b]::run_test::{closure#1}, ()>::{closure#1} as core[a373ad73a504971]::ops::function::FnOnce<()>>::call_once::{shim:vtable#0}
[INFO] [stdout]   22:     0x63ac76d1c74f - <std[617be2ca0a6fd877]::sys::thread::unix::Thread>::new::thread_start
[INFO] [stdout]   23:     0x7774fa6c6dfa - <unknown>
[INFO] [stdout]   24:     0x7774fa75a3d4 - clone
[INFO] [stdout]   25:                0x0 - <unknown>
[INFO] [stdout] 
[INFO] [stdout] ---- resolve::tests::sources::facebook::reels::test_basic stdout ----
[INFO] [stdout] 
[INFO] [stdout] thread 'resolve::tests::sources::facebook::reels::test_basic' (10622) panicked at src/resolve.rs:310:36:
[INFO] [stdout] resolved: reqwest::Error { kind: Request, url: "https://www.facebook.com/share/r/14QeSSeP3nu/", source: hyper_util::client::legacy::Error(Connect, ConnectError("dns error", Custom { kind: Uncategorized, error: "failed to lookup address information: Temporary failure in name resolution" })) }
[INFO] [stdout] stack backtrace:
[INFO] [stdout]    0:     0x63ac76d1d2a1 - <<std[617be2ca0a6fd877]::sys::backtrace::BacktraceLock>::print::DisplayBacktrace as core[a373ad73a504971]::fmt::Display>::fmt
[INFO] [stdout]    1:     0x63ac76d3444a - core[a373ad73a504971]::fmt::write
[INFO] [stdout]    2:     0x63ac76d21fbc - <alloc[2e1b2a31b91974c5]::vec::Vec<u8> as core[a373ad73a504971]::io::write::Write>::write_fmt
[INFO] [stdout]    3:     0x63ac76cf7fb6 - std[617be2ca0a6fd877]::panicking::default_hook::{closure#0}
[INFO] [stdout]    4:     0x63ac76d14f89 - std[617be2ca0a6fd877]::panicking::default_hook
[INFO] [stdout]    5:     0x63ac768a6990 - test[aada8e7e76ba119b]::test_main_inner::{closure#0}
[INFO] [stdout]    6:     0x63ac76d152b2 - std[617be2ca0a6fd877]::panicking::panic_with_hook
[INFO] [stdout]    7:     0x63ac76cf8062 - std[617be2ca0a6fd877]::panicking::panic_handler::{closure#0}
[INFO] [stdout]    8:     0x63ac76cf0bf9 - std[617be2ca0a6fd877]::sys::backtrace::__rust_end_short_backtrace::<std[617be2ca0a6fd877]::panicking::panic_handler::{closure#0}, !>
[INFO] [stdout]    9:     0x63ac76cf8e5d - __rustc[ea4f61d10b84890b]::rust_begin_unwind
[INFO] [stdout]   10:     0x63ac76d34bac - core[a373ad73a504971]::panicking::panic_fmt
[INFO] [stdout]   11:     0x63ac76d34982 - core[a373ad73a504971]::result::unwrap_failed
[INFO] [stdout]   12:     0x63ac76883093 - rsl[5025320454cc7233]::resolve::tests::sources::facebook::reels::test_basic::{closure#0}
[INFO] [stdout]   13:     0x63ac768844b3 - <tokio[21b3e5975e42c5b3]::runtime::scheduler::current_thread::Context>::enter::<core[a373ad73a504971]::task::poll::Poll<()>, <tokio[21b3e5975e42c5b3]::runtime::scheduler::current_thread::CoreGuard>::block_on<core[a373ad73a504971]::pin::Pin<&mut core[a373ad73a504971]::pin::Pin<&mut dyn core[a373ad73a504971]::future::future::Future<Output = ()>>>>::{closure#0}::{closure#0}>
[INFO] [stdout]   14:     0x63ac76881cfc - <tokio[21b3e5975e42c5b3]::runtime::context::scoped::Scoped<tokio[21b3e5975e42c5b3]::runtime::scheduler::Context>>::set::<<tokio[21b3e5975e42c5b3]::runtime::scheduler::current_thread::CoreGuard>::enter<<tokio[21b3e5975e42c5b3]::runtime::scheduler::current_thread::CoreGuard>::block_on<core[a373ad73a504971]::pin::Pin<&mut core[a373ad73a504971]::pin::Pin<&mut dyn core[a373ad73a504971]::future::future::Future<Output = ()>>>>::{closure#0}, core[a373ad73a504971]::option::Option<()>>::{closure#0}, (alloc[2e1b2a31b91974c5]::boxed::Box<tokio[21b3e5975e42c5b3]::runtime::scheduler::current_thread::Core>, core[a373ad73a504971]::option::Option<()>)>
[INFO] [stdout]   15:     0x63ac7688419f - <tokio[21b3e5975e42c5b3]::runtime::scheduler::current_thread::CurrentThread>::block_on::<core[a373ad73a504971]::pin::Pin<&mut dyn core[a373ad73a504971]::future::future::Future<Output = ()>>>
[INFO] [stdout]   16:     0x63ac7688a812 - <tokio[21b3e5975e42c5b3]::runtime::runtime::Runtime>::block_on::<core[a373ad73a504971]::pin::Pin<&mut dyn core[a373ad73a504971]::future::future::Future<Output = ()>>>
[INFO] [stdout]   17:     0x63ac76883b7e - <rsl[5025320454cc7233]::resolve::tests::sources::facebook::reels::test_basic::{closure#0} as core[a373ad73a504971]::ops::function::FnOnce<()>>::call_once
[INFO] [stdout]   18:     0x63ac76899ddb - test[aada8e7e76ba119b]::__rust_begin_short_backtrace::<core[a373ad73a504971]::result::Result<(), alloc[2e1b2a31b91974c5]::string::String>, fn() -> core[a373ad73a504971]::result::Result<(), alloc[2e1b2a31b91974c5]::string::String>>
[INFO] [stdout]   19:     0x63ac768a6fb5 - test[aada8e7e76ba119b]::run_test::{closure#0}
[INFO] [stdout]   20:     0x63ac768a08a4 - std[617be2ca0a6fd877]::sys::backtrace::__rust_begin_short_backtrace::<test[aada8e7e76ba119b]::run_test::{closure#1}, ()>
[INFO] [stdout]   21:     0x63ac768aa042 - <std[617be2ca0a6fd877]::thread::lifecycle::spawn_unchecked<test[aada8e7e76ba119b]::run_test::{closure#1}, ()>::{closure#1} as core[a373ad73a504971]::ops::function::FnOnce<()>>::call_once::{shim:vtable#0}
[INFO] [stdout]   22:     0x63ac76d1c74f - <std[617be2ca0a6fd877]::sys::thread::unix::Thread>::new::thread_start
[INFO] [stdout]   23:     0x7774fa6c6dfa - <unknown>
[INFO] [stdout]   24:     0x7774fa75a3d4 - clone
[INFO] [stdout]   25:                0x0 - <unknown>
[INFO] [stdout] 
[INFO] [stdout] ---- resolve::tests::sources::facebook::photos::test_identity stdout ----
[INFO] [stdout] 
[INFO] [stdout] thread 'resolve::tests::sources::facebook::photos::test_identity' (10619) panicked at src/resolve.rs:342:21:
[INFO] [stdout] assertion failed: result.is_ok()
[INFO] [stdout] stack backtrace:
[INFO] [stdout]    0:     0x63ac76d1d2a1 - <<std[617be2ca0a6fd877]::sys::backtrace::BacktraceLock>::print::DisplayBacktrace as core[a373ad73a504971]::fmt::Display>::fmt
[INFO] [stdout]    1:     0x63ac76d3444a - core[a373ad73a504971]::fmt::write
[INFO] [stdout]    2:     0x63ac76d21fbc - <alloc[2e1b2a31b91974c5]::vec::Vec<u8> as core[a373ad73a504971]::io::write::Write>::write_fmt
[INFO] [stdout]    3:     0x63ac76cf7fb6 - std[617be2ca0a6fd877]::panicking::default_hook::{closure#0}
[INFO] [stdout]    4:     0x63ac76d14f89 - std[617be2ca0a6fd877]::panicking::default_hook
[INFO] [stdout]    5:     0x63ac768a6990 - test[aada8e7e76ba119b]::test_main_inner::{closure#0}
[INFO] [stdout]    6:     0x63ac76d152b2 - std[617be2ca0a6fd877]::panicking::panic_with_hook
[INFO] [stdout]    7:     0x63ac76cf8094 - std[617be2ca0a6fd877]::panicking::panic_handler::{closure#0}
[INFO] [stdout]    8:     0x63ac76cf0bf9 - std[617be2ca0a6fd877]::sys::backtrace::__rust_end_short_backtrace::<std[617be2ca0a6fd877]::panicking::panic_handler::{closure#0}, !>
[INFO] [stdout]    9:     0x63ac76cf8e5d - __rustc[ea4f61d10b84890b]::rust_begin_unwind
[INFO] [stdout]   10:     0x63ac76d34bac - core[a373ad73a504971]::panicking::panic_fmt
[INFO] [stdout]   11:     0x63ac76d34b72 - core[a373ad73a504971]::panicking::panic
[INFO] [stdout]   12:     0x63ac7688f53b - rsl[5025320454cc7233]::resolve::tests::sources::facebook::photos::test_identity::{closure#0}
[INFO] [stdout]   13:     0x63ac768844b3 - <tokio[21b3e5975e42c5b3]::runtime::scheduler::current_thread::Context>::enter::<core[a373ad73a504971]::task::poll::Poll<()>, <tokio[21b3e5975e42c5b3]::runtime::scheduler::current_thread::CoreGuard>::block_on<core[a373ad73a504971]::pin::Pin<&mut core[a373ad73a504971]::pin::Pin<&mut dyn core[a373ad73a504971]::future::future::Future<Output = ()>>>>::{closure#0}::{closure#0}>
[INFO] [stdout]   14:     0x63ac76881cfc - <tokio[21b3e5975e42c5b3]::runtime::context::scoped::Scoped<tokio[21b3e5975e42c5b3]::runtime::scheduler::Context>>::set::<<tokio[21b3e5975e42c5b3]::runtime::scheduler::current_thread::CoreGuard>::enter<<tokio[21b3e5975e42c5b3]::runtime::scheduler::current_thread::CoreGuard>::block_on<core[a373ad73a504971]::pin::Pin<&mut core[a373ad73a504971]::pin::Pin<&mut dyn core[a373ad73a504971]::future::future::Future<Output = ()>>>>::{closure#0}, core[a373ad73a504971]::option::Option<()>>::{closure#0}, (alloc[2e1b2a31b91974c5]::boxed::Box<tokio[21b3e5975e42c5b3]::runtime::scheduler::current_thread::Core>, core[a373ad73a504971]::option::Option<()>)>
[INFO] [stdout]   15:     0x63ac7688419f - <tokio[21b3e5975e42c5b3]::runtime::scheduler::current_thread::CurrentThread>::block_on::<core[a373ad73a504971]::pin::Pin<&mut dyn core[a373ad73a504971]::future::future::Future<Output = ()>>>
[INFO] [stdout]   16:     0x63ac7688a812 - <tokio[21b3e5975e42c5b3]::runtime::runtime::Runtime>::block_on::<core[a373ad73a504971]::pin::Pin<&mut dyn core[a373ad73a504971]::future::future::Future<Output = ()>>>
[INFO] [stdout]   17:     0x63ac7689033e - <rsl[5025320454cc7233]::resolve::tests::sources::facebook::photos::test_identity::{closure#0} as core[a373ad73a504971]::ops::function::FnOnce<()>>::call_once
[INFO] [stdout]   18:     0x63ac76899ddb - test[aada8e7e76ba119b]::__rust_begin_short_backtrace::<core[a373ad73a504971]::result::Result<(), alloc[2e1b2a31b91974c5]::string::String>, fn() -> core[a373ad73a504971]::result::Result<(), alloc[2e1b2a31b91974c5]::string::String>>
[INFO] [stdout]   19:     0x63ac768a6fb5 - test[aada8e7e76ba119b]::run_test::{closure#0}
[INFO] [stdout]   20:     0x63ac768a08a4 - std[617be2ca0a6fd877]::sys::backtrace::__rust_begin_short_backtrace::<test[aada8e7e76ba119b]::run_test::{closure#1}, ()>
[INFO] [stdout]   21:     0x63ac768aa042 - <std[617be2ca0a6fd877]::thread::lifecycle::spawn_unchecked<test[aada8e7e76ba119b]::run_test::{closure#1}, ()>::{closure#1} as core[a373ad73a504971]::ops::function::FnOnce<()>>::call_once::{shim:vtable#0}
[INFO] [stdout]   22:     0x63ac76d1c74f - <std[617be2ca0a6fd877]::sys::thread::unix::Thread>::new::thread_start
[INFO] [stdout]   23:     0x7774fa6c6dfa - <unknown>
[INFO] [stdout]   24:     0x7774fa75a3d4 - clone
[INFO] [stdout]   25:                0x0 - <unknown>
[INFO] [stdout] 
[INFO] [stdout] ---- resolve::tests::sources::facebook::photos::test_basic stdout ----
[INFO] [stdout] 
[INFO] [stdout] thread 'resolve::tests::sources::facebook::photos::test_basic' (10618) panicked at src/resolve.rs:351:36:
[INFO] [stdout] resolved: reqwest::Error { kind: Request, url: "https://www.facebook.com/share/1JigZ3TAud/?mibextid=wwXIfr", source: hyper_util::client::legacy::Error(Connect, ConnectError("dns error", Custom { kind: Uncategorized, error: "failed to lookup address information: Temporary failure in name resolution" })) }
[INFO] [stdout] stack backtrace:
[INFO] [stdout]    0:     0x63ac76d1d2a1 - <<std[617be2ca0a6fd877]::sys::backtrace::BacktraceLock>::print::DisplayBacktrace as core[a373ad73a504971]::fmt::Display>::fmt
[INFO] [stdout]    1:     0x63ac76d3444a - core[a373ad73a504971]::fmt::write
[INFO] [stdout]    2:     0x63ac76d21fbc - <alloc[2e1b2a31b91974c5]::vec::Vec<u8> as core[a373ad73a504971]::io::write::Write>::write_fmt
[INFO] [stdout]    3:     0x63ac76cf7fb6 - std[617be2ca0a6fd877]::panicking::default_hook::{closure#0}
[INFO] [stdout]    4:     0x63ac76d14f89 - std[617be2ca0a6fd877]::panicking::default_hook
[INFO] [stdout]    5:     0x63ac768a6990 - test[aada8e7e76ba119b]::test_main_inner::{closure#0}
[INFO] [stdout]    6:     0x63ac76d152b2 - std[617be2ca0a6fd877]::panicking::panic_with_hook
[INFO] [stdout]    7:     0x63ac76cf8062 - std[617be2ca0a6fd877]::panicking::panic_handler::{closure#0}
[INFO] [stdout]    8:     0x63ac76cf0bf9 - std[617be2ca0a6fd877]::sys::backtrace::__rust_end_short_backtrace::<std[617be2ca0a6fd877]::panicking::panic_handler::{closure#0}, !>
[INFO] [stdout]    9:     0x63ac76cf8e5d - __rustc[ea4f61d10b84890b]::rust_begin_unwind
[INFO] [stdout]   10:     0x63ac76d34bac - core[a373ad73a504971]::panicking::panic_fmt
[INFO] [stdout]   11:     0x63ac76d34982 - core[a373ad73a504971]::result::unwrap_failed
[INFO] [stdout]   12:     0x63ac7688f376 - rsl[5025320454cc7233]::resolve::tests::sources::facebook::photos::test_basic::{closure#0}
[INFO] [stdout]   13:     0x63ac768844b3 - <tokio[21b3e5975e42c5b3]::runtime::scheduler::current_thread::Context>::enter::<core[a373ad73a504971]::task::poll::Poll<()>, <tokio[21b3e5975e42c5b3]::runtime::scheduler::current_thread::CoreGuard>::block_on<core[a373ad73a504971]::pin::Pin<&mut core[a373ad73a504971]::pin::Pin<&mut dyn core[a373ad73a504971]::future::future::Future<Output = ()>>>>::{closure#0}::{closure#0}>
[INFO] [stdout]   14:     0x63ac76881cfc - <tokio[21b3e5975e42c5b3]::runtime::context::scoped::Scoped<tokio[21b3e5975e42c5b3]::runtime::scheduler::Context>>::set::<<tokio[21b3e5975e42c5b3]::runtime::scheduler::current_thread::CoreGuard>::enter<<tokio[21b3e5975e42c5b3]::runtime::scheduler::current_thread::CoreGuard>::block_on<core[a373ad73a504971]::pin::Pin<&mut core[a373ad73a504971]::pin::Pin<&mut dyn core[a373ad73a504971]::future::future::Future<Output = ()>>>>::{closure#0}, core[a373ad73a504971]::option::Option<()>>::{closure#0}, (alloc[2e1b2a31b91974c5]::boxed::Box<tokio[21b3e5975e42c5b3]::runtime::scheduler::current_thread::Core>, core[a373ad73a504971]::option::Option<()>)>
[INFO] [stdout]   15:     0x63ac7688419f - <tokio[21b3e5975e42c5b3]::runtime::scheduler::current_thread::CurrentThread>::block_on::<core[a373ad73a504971]::pin::Pin<&mut dyn core[a373ad73a504971]::future::future::Future<Output = ()>>>
[INFO] [stdout]   16:     0x63ac7688a812 - <tokio[21b3e5975e42c5b3]::runtime::runtime::Runtime>::block_on::<core[a373ad73a504971]::pin::Pin<&mut dyn core[a373ad73a504971]::future::future::Future<Output = ()>>>
[INFO] [stdout]   17:     0x63ac768901be - <rsl[5025320454cc7233]::resolve::tests::sources::facebook::photos::test_basic::{closure#0} as core[a373ad73a504971]::ops::function::FnOnce<()>>::call_once
[INFO] [stdout]   18:     0x63ac76899ddb - test[aada8e7e76ba119b]::__rust_begin_short_backtrace::<core[a373ad73a504971]::result::Result<(), alloc[2e1b2a31b91974c5]::string::String>, fn() -> core[a373ad73a504971]::result::Result<(), alloc[2e1b2a31b91974c5]::string::String>>
[INFO] [stdout]   19:     0x63ac768a6fb5 - test[aada8e7e76ba119b]::run_test::{closure#0}
[INFO] [stdout]   20:     0x63ac768a08a4 - std[617be2ca0a6fd877]::sys::backtrace::__rust_begin_short_backtrace::<test[aada8e7e76ba119b]::run_test::{closure#1}, ()>
[INFO] [stdout]   21:     0x63ac768aa042 - <std[617be2ca0a6fd877]::thread::lifecycle::spawn_unchecked<test[aada8e7e76ba119b]::run_test::{closure#1}, ()>::{closure#1} as core[a373ad73a504971]::ops::function::FnOnce<()>>::call_once::{shim:vtable#0}
[INFO] [stdout]   22:     0x63ac76d1c74f - <std[617be2ca0a6fd877]::sys::thread::unix::Thread>::new::thread_start
[INFO] [stdout]   23:     0x7774fa6c6dfa - <unknown>
[INFO] [stdout]   24:     0x7774fa75a3d4 - clone
[INFO] [stdout]   25:                0x0 - <unknown>
[INFO] [stdout] 
[INFO] [stdout] ---- resolve::tests::sources::facebook::comments::test_basic stdout ----
[INFO] [stdout] 
[INFO] [stdout] thread 'resolve::tests::sources::facebook::comments::test_basic' (10616) panicked at src/resolve.rs:331:36:
[INFO] [stdout] resolved: reqwest::Error { kind: Request, url: "https://www.facebook.com/share/17cLnKdQth/", source: hyper_util::client::legacy::Error(Connect, ConnectError("dns error", Custom { kind: Uncategorized, error: "failed to lookup address information: Temporary failure in name resolution" })) }
[INFO] [stdout] stack backtrace:
[INFO] [stdout]    0:     0x63ac76d1d2a1 - <<std[617be2ca0a6fd877]::sys::backtrace::BacktraceLock>::print::DisplayBacktrace as core[a373ad73a504971]::fmt::Display>::fmt
[INFO] [stdout]    1:     0x63ac76d3444a - core[a373ad73a504971]::fmt::write
[INFO] [stdout]    2:     0x63ac76d21fbc - <alloc[2e1b2a31b91974c5]::vec::Vec<u8> as core[a373ad73a504971]::io::write::Write>::write_fmt
[INFO] [stdout]    3:     0x63ac76cf7fb6 - std[617be2ca0a6fd877]::panicking::default_hook::{closure#0}
[INFO] [stdout]    4:     0x63ac76d14f89 - std[617be2ca0a6fd877]::panicking::default_hook
[INFO] [stdout]    5:     0x63ac768a6990 - test[aada8e7e76ba119b]::test_main_inner::{closure#0}
[INFO] [stdout]    6:     0x63ac76d152b2 - std[617be2ca0a6fd877]::panicking::panic_with_hook
[INFO] [stdout]    7:     0x63ac76cf8062 - std[617be2ca0a6fd877]::panicking::panic_handler::{closure#0}
[INFO] [stdout]    8:     0x63ac76cf0bf9 - std[617be2ca0a6fd877]::sys::backtrace::__rust_end_short_backtrace::<std[617be2ca0a6fd877]::panicking::panic_handler::{closure#0}, !>
[INFO] [stdout]    9:     0x63ac76cf8e5d - __rustc[ea4f61d10b84890b]::rust_begin_unwind
[INFO] [stdout]   10:     0x63ac76d34bac - core[a373ad73a504971]::panicking::panic_fmt
[INFO] [stdout]   11:     0x63ac76d34982 - core[a373ad73a504971]::result::unwrap_failed
[INFO] [stdout]   12:     0x63ac76899403 - rsl[5025320454cc7233]::resolve::tests::sources::facebook::comments::test_basic::{closure#0}
[INFO] [stdout]   13:     0x63ac768844b3 - <tokio[21b3e5975e42c5b3]::runtime::scheduler::current_thread::Context>::enter::<core[a373ad73a504971]::task::poll::Poll<()>, <tokio[21b3e5975e42c5b3]::runtime::scheduler::current_thread::CoreGuard>::block_on<core[a373ad73a504971]::pin::Pin<&mut core[a373ad73a504971]::pin::Pin<&mut dyn core[a373ad73a504971]::future::future::Future<Output = ()>>>>::{closure#0}::{closure#0}>
[INFO] [stdout]   14:     0x63ac76881cfc - <tokio[21b3e5975e42c5b3]::runtime::context::scoped::Scoped<tokio[21b3e5975e42c5b3]::runtime::scheduler::Context>>::set::<<tokio[21b3e5975e42c5b3]::runtime::scheduler::current_thread::CoreGuard>::enter<<tokio[21b3e5975e42c5b3]::runtime::scheduler::current_thread::CoreGuard>::block_on<core[a373ad73a504971]::pin::Pin<&mut core[a373ad73a504971]::pin::Pin<&mut dyn core[a373ad73a504971]::future::future::Future<Output = ()>>>>::{closure#0}, core[a373ad73a504971]::option::Option<()>>::{closure#0}, (alloc[2e1b2a31b91974c5]::boxed::Box<tokio[21b3e5975e42c5b3]::runtime::scheduler::current_thread::Core>, core[a373ad73a504971]::option::Option<()>)>
[INFO] [stdout]   15:     0x63ac7688419f - <tokio[21b3e5975e42c5b3]::runtime::scheduler::current_thread::CurrentThread>::block_on::<core[a373ad73a504971]::pin::Pin<&mut dyn core[a373ad73a504971]::future::future::Future<Output = ()>>>
[INFO] [stdout]   16:     0x63ac7688a812 - <tokio[21b3e5975e42c5b3]::runtime::runtime::Runtime>::block_on::<core[a373ad73a504971]::pin::Pin<&mut dyn core[a373ad73a504971]::future::future::Future<Output = ()>>>
[INFO] [stdout]   17:     0x63ac76899b4e - <rsl[5025320454cc7233]::resolve::tests::sources::facebook::comments::test_basic::{closure#0} as core[a373ad73a504971]::ops::function::FnOnce<()>>::call_once
[INFO] [stdout]   18:     0x63ac76899ddb - test[aada8e7e76ba119b]::__rust_begin_short_backtrace::<core[a373ad73a504971]::result::Result<(), alloc[2e1b2a31b91974c5]::string::String>, fn() -> core[a373ad73a504971]::result::Result<(), alloc[2e1b2a31b91974c5]::string::String>>
[INFO] [stdout]   19:     0x63ac768a6fb5 - test[aada8e7e76ba119b]::run_test::{closure#0}
[INFO] [stdout]   20:     0x63ac768a08a4 - std[617be2ca0a6fd877]::sys::backtrace::__rust_begin_short_backtrace::<test[aada8e7e76ba119b]::run_test::{closure#1}, ()>
[INFO] [stdout]   21:     0x63ac768aa042 - <std[617be2ca0a6fd877]::thread::lifecycle::spawn_unchecked<test[aada8e7e76ba119b]::run_test::{closure#1}, ()>::{closure#1} as core[a373ad73a504971]::ops::function::FnOnce<()>>::call_once::{shim:vtable#0}
[INFO] [stdout]   22:     0x63ac76d1c74f - <std[617be2ca0a6fd877]::sys::thread::unix::Thread>::new::thread_start
[INFO] [stdout]   23:     0x7774fa6c6dfa - <unknown>
[INFO] [stdout]   24:     0x7774fa75a3d4 - clone
[INFO] [stdout]   25:                0x0 - <unknown>
[INFO] [stdout] 
[INFO] [stdout] ---- resolve::tests::sources::facebook::reels::test_identity stdout ----
[INFO] [stdout] 
[INFO] [stdout] thread 'resolve::tests::sources::facebook::reels::test_identity' (10623) panicked at src/resolve.rs:301:21:
[INFO] [stdout] assertion failed: result.is_ok()
[INFO] [stdout] stack backtrace:
[INFO] [stdout]    0:     0x63ac76d1d2a1 - <<std[617be2ca0a6fd877]::sys::backtrace::BacktraceLock>::print::DisplayBacktrace as core[a373ad73a504971]::fmt::Display>::fmt
[INFO] [stdout]    1:     0x63ac76d3444a - core[a373ad73a504971]::fmt::write
[INFO] [stdout]    2:     0x63ac76d21fbc - <alloc[2e1b2a31b91974c5]::vec::Vec<u8> as core[a373ad73a504971]::io::write::Write>::write_fmt
[INFO] [stdout]    3:     0x63ac76cf7fb6 - std[617be2ca0a6fd877]::panicking::default_hook::{closure#0}
[INFO] [stdout]    4:     0x63ac76d14f89 - std[617be2ca0a6fd877]::panicking::default_hook
[INFO] [stdout]    5:     0x63ac768a6990 - test[aada8e7e76ba119b]::test_main_inner::{closure#0}
[INFO] [stdout]    6:     0x63ac76d152b2 - std[617be2ca0a6fd877]::panicking::panic_with_hook
[INFO] [stdout]    7:     0x63ac76cf8094 - std[617be2ca0a6fd877]::panicking::panic_handler::{closure#0}
[INFO] [stdout]    8:     0x63ac76cf0bf9 - std[617be2ca0a6fd877]::sys::backtrace::__rust_end_short_backtrace::<std[617be2ca0a6fd877]::panicking::panic_handler::{closure#0}, !>
[INFO] [stdout]    9:     0x63ac76cf8e5d - __rustc[ea4f61d10b84890b]::rust_begin_unwind
[INFO] [stdout]   10:     0x63ac76d34bac - core[a373ad73a504971]::panicking::panic_fmt
[INFO] [stdout]   11:     0x63ac76d34b72 - core[a373ad73a504971]::panicking::panic
[INFO] [stdout]   12:     0x63ac76883258 - rsl[5025320454cc7233]::resolve::tests::sources::facebook::reels::test_identity::{closure#0}
[INFO] [stdout]   13:     0x63ac768844b3 - <tokio[21b3e5975e42c5b3]::runtime::scheduler::current_thread::Context>::enter::<core[a373ad73a504971]::task::poll::Poll<()>, <tokio[21b3e5975e42c5b3]::runtime::scheduler::current_thread::CoreGuard>::block_on<core[a373ad73a504971]::pin::Pin<&mut core[a373ad73a504971]::pin::Pin<&mut dyn core[a373ad73a504971]::future::future::Future<Output = ()>>>>::{closure#0}::{closure#0}>
[INFO] [stdout]   14:     0x63ac76881cfc - <tokio[21b3e5975e42c5b3]::runtime::context::scoped::Scoped<tokio[21b3e5975e42c5b3]::runtime::scheduler::Context>>::set::<<tokio[21b3e5975e42c5b3]::runtime::scheduler::current_thread::CoreGuard>::enter<<tokio[21b3e5975e42c5b3]::runtime::scheduler::current_thread::CoreGuard>::block_on<core[a373ad73a504971]::pin::Pin<&mut core[a373ad73a504971]::pin::Pin<&mut dyn core[a373ad73a504971]::future::future::Future<Output = ()>>>>::{closure#0}, core[a373ad73a504971]::option::Option<()>>::{closure#0}, (alloc[2e1b2a31b91974c5]::boxed::Box<tokio[21b3e5975e42c5b3]::runtime::scheduler::current_thread::Core>, core[a373ad73a504971]::option::Option<()>)>
[INFO] [stdout]   15:     0x63ac7688419f - <tokio[21b3e5975e42c5b3]::runtime::scheduler::current_thread::CurrentThread>::block_on::<core[a373ad73a504971]::pin::Pin<&mut dyn core[a373ad73a504971]::future::future::Future<Output = ()>>>
[INFO] [stdout]   16:     0x63ac7688a812 - <tokio[21b3e5975e42c5b3]::runtime::runtime::Runtime>::block_on::<core[a373ad73a504971]::pin::Pin<&mut dyn core[a373ad73a504971]::future::future::Future<Output = ()>>>
[INFO] [stdout]   17:     0x63ac76883cfe - <rsl[5025320454cc7233]::resolve::tests::sources::facebook::reels::test_identity::{closure#0} as core[a373ad73a504971]::ops::function::FnOnce<()>>::call_once
[INFO] [stdout]   18:     0x63ac76899ddb - test[aada8e7e76ba119b]::__rust_begin_short_backtrace::<core[a373ad73a504971]::result::Result<(), alloc[2e1b2a31b91974c5]::string::String>, fn() -> core[a373ad73a504971]::result::Result<(), alloc[2e1b2a31b91974c5]::string::String>>
[INFO] [stdout]   19:     0x63ac768a6fb5 - test[aada8e7e76ba119b]::run_test::{closure#0}
[INFO] [stdout]   20:     0x63ac768a08a4 - std[617be2ca0a6fd877]::sys::backtrace::__rust_begin_short_backtrace::<test[aada8e7e76ba119b]::run_test::{closure#1}, ()>
[INFO] [stdout]   21:     0x63ac768aa042 - <std[617be2ca0a6fd877]::thread::lifecycle::spawn_unchecked<test[aada8e7e76ba119b]::run_test::{closure#1}, ()>::{closure#1} as core[a373ad73a504971]::ops::function::FnOnce<()>>::call_once::{shim:vtable#0}
[INFO] [stdout]   22:     0x63ac76d1c74f - <std[617be2ca0a6fd877]::sys::thread::unix::Thread>::new::thread_start
[INFO] [stdout]   23:     0x7774fa6c6dfa - <unknown>
[INFO] [stdout]   24:     0x7774fa75a3d4 - clone
[INFO] [stdout]   25:                0x0 - <unknown>
[INFO] [stdout] 
[INFO] [stdout] ---- resolve::tests::sources::facebook::story::test_identity stdout ----
[INFO] [stdout] 
[INFO] [stdout] thread 'resolve::tests::sources::facebook::story::test_identity' (10625) panicked at src/resolve.rs:281:21:
[INFO] [stdout] assertion failed: result.is_ok()
[INFO] [stdout] stack backtrace:
[INFO] [stdout]    0:     0x63ac76d1d2a1 - <<std[617be2ca0a6fd877]::sys::backtrace::BacktraceLock>::print::DisplayBacktrace as core[a373ad73a504971]::fmt::Display>::fmt
[INFO] [stdout]    1:     0x63ac76d3444a - core[a373ad73a504971]::fmt::write
[INFO] [stdout]    2:     0x63ac76d21fbc - <alloc[2e1b2a31b91974c5]::vec::Vec<u8> as core[a373ad73a504971]::io::write::Write>::write_fmt
[INFO] [stdout]    3:     0x63ac76cf7fb6 - std[617be2ca0a6fd877]::panicking::default_hook::{closure#0}
[INFO] [stdout]    4:     0x63ac76d14f89 - std[617be2ca0a6fd877]::panicking::default_hook
[INFO] [stdout]    5:     0x63ac768a6990 - test[aada8e7e76ba119b]::test_main_inner::{closure#0}
[INFO] [stdout]    6:     0x63ac76d152b2 - std[617be2ca0a6fd877]::panicking::panic_with_hook
[INFO] [stdout]    7:     0x63ac76cf8094 - std[617be2ca0a6fd877]::panicking::panic_handler::{closure#0}
[INFO] [stdout]    8:     0x63ac76cf0bf9 - std[617be2ca0a6fd877]::sys::backtrace::__rust_end_short_backtrace::<std[617be2ca0a6fd877]::panicking::panic_handler::{closure#0}, !>
[INFO] [stdout]    9:     0x63ac76cf8e5d - __rustc[ea4f61d10b84890b]::rust_begin_unwind
[INFO] [stdout]   10:     0x63ac76d34bac - core[a373ad73a504971]::panicking::panic_fmt
[INFO] [stdout]   11:     0x63ac76d34b72 - core[a373ad73a504971]::panicking::panic
[INFO] [stdout]   12:     0x63ac76891428 - rsl[5025320454cc7233]::resolve::tests::sources::facebook::story::test_identity::{closure#0}
[INFO] [stdout]   13:     0x63ac768844b3 - <tokio[21b3e5975e42c5b3]::runtime::scheduler::current_thread::Context>::enter::<core[a373ad73a504971]::task::poll::Poll<()>, <tokio[21b3e5975e42c5b3]::runtime::scheduler::current_thread::CoreGuard>::block_on<core[a373ad73a504971]::pin::Pin<&mut core[a373ad73a504971]::pin::Pin<&mut dyn core[a373ad73a504971]::future::future::Future<Output = ()>>>>::{closure#0}::{closure#0}>
[INFO] [stdout]   14:     0x63ac76881cfc - <tokio[21b3e5975e42c5b3]::runtime::context::scoped::Scoped<tokio[21b3e5975e42c5b3]::runtime::scheduler::Context>>::set::<<tokio[21b3e5975e42c5b3]::runtime::scheduler::current_thread::CoreGuard>::enter<<tokio[21b3e5975e42c5b3]::runtime::scheduler::current_thread::CoreGuard>::block_on<core[a373ad73a504971]::pin::Pin<&mut core[a373ad73a504971]::pin::Pin<&mut dyn core[a373ad73a504971]::future::future::Future<Output = ()>>>>::{closure#0}, core[a373ad73a504971]::option::Option<()>>::{closure#0}, (alloc[2e1b2a31b91974c5]::boxed::Box<tokio[21b3e5975e42c5b3]::runtime::scheduler::current_thread::Core>, core[a373ad73a504971]::option::Option<()>)>
[INFO] [stdout]   15:     0x63ac7688419f - <tokio[21b3e5975e42c5b3]::runtime::scheduler::current_thread::CurrentThread>::block_on::<core[a373ad73a504971]::pin::Pin<&mut dyn core[a373ad73a504971]::future::future::Future<Output = ()>>>
[INFO] [stdout]   16:     0x63ac7688a812 - <tokio[21b3e5975e42c5b3]::runtime::runtime::Runtime>::block_on::<core[a373ad73a504971]::pin::Pin<&mut dyn core[a373ad73a504971]::future::future::Future<Output = ()>>>
[INFO] [stdout]   17:     0x63ac76891a3e - <rsl[5025320454cc7233]::resolve::tests::sources::facebook::story::test_identity::{closure#0} as core[a373ad73a504971]::ops::function::FnOnce<()>>::call_once
[INFO] [stdout]   18:     0x63ac76899ddb - test[aada8e7e76ba119b]::__rust_begin_short_backtrace::<core[a373ad73a504971]::result::Result<(), alloc[2e1b2a31b91974c5]::string::String>, fn() -> core[a373ad73a504971]::result::Result<(), alloc[2e1b2a31b91974c5]::string::String>>
[INFO] [stdout]   19:     0x63ac768a6fb5 - test[aada8e7e76ba119b]::run_test::{closure#0}
[INFO] [stdout]   20:     0x63ac768a08a4 - std[617be2ca0a6fd877]::sys::backtrace::__rust_begin_short_backtrace::<test[aada8e7e76ba119b]::run_test::{closure#1}, ()>
[INFO] [stdout]   21:     0x63ac768aa042 - <std[617be2ca0a6fd877]::thread::lifecycle::spawn_unchecked<test[aada8e7e76ba119b]::run_test::{closure#1}, ()>::{closure#1} as core[a373ad73a504971]::ops::function::FnOnce<()>>::call_once::{shim:vtable#0}
[INFO] [stdout]   22:     0x63ac76d1c74f - <std[617be2ca0a6fd877]::sys::thread::unix::Thread>::new::thread_start
[INFO] [stdout]   23:     0x7774fa6c6dfa - <unknown>
[INFO] [stdout]   24:     0x7774fa75a3d4 - clone
[INFO] [stdout]   25:                0x0 - <unknown>
[INFO] [stdout] 
[INFO] [stdout] ---- resolve::tests::sources::instagram::test_basic stdout ----
[INFO] [stdout] 
[INFO] [stdout] thread 'resolve::tests::sources::instagram::test_basic' (10626) panicked at src/resolve.rs:372:32:
[INFO] [stdout] resolved: reqwest::Error { kind: Request, url: "https://www.instagram.com/p/DS8F57NjS_S/?igsh=MWxidXNpbWV6djIxcQ==", source: hyper_util::client::legacy::Error(Connect, ConnectError("dns error", Custom { kind: Uncategorized, error: "failed to lookup address information: Temporary failure in name resolution" })) }
[INFO] [stdout] stack backtrace:
[INFO] [stdout]    0:     0x63ac76d1d2a1 - <<std[617be2ca0a6fd877]::sys::backtrace::BacktraceLock>::print::DisplayBacktrace as core[a373ad73a504971]::fmt::Display>::fmt
[INFO] [stdout]    1:     0x63ac76d3444a - core[a373ad73a504971]::fmt::write
[INFO] [stdout]    2:     0x63ac76d21fbc - <alloc[2e1b2a31b91974c5]::vec::Vec<u8> as core[a373ad73a504971]::io::write::Write>::write_fmt
[INFO] [stdout]    3:     0x63ac76cf7fb6 - std[617be2ca0a6fd877]::panicking::default_hook::{closure#0}
[INFO] [stdout]    4:     0x63ac76d14f89 - std[617be2ca0a6fd877]::panicking::default_hook
[INFO] [stdout]    5:     0x63ac768a6990 - test[aada8e7e76ba119b]::test_main_inner::{closure#0}
[INFO] [stdout]    6:     0x63ac76d152b2 - std[617be2ca0a6fd877]::panicking::panic_with_hook
[INFO] [stdout]    7:     0x63ac76cf8062 - std[617be2ca0a6fd877]::panicking::panic_handler::{closure#0}
[INFO] [stdout]    8:     0x63ac76cf0bf9 - std[617be2ca0a6fd877]::sys::backtrace::__rust_end_short_backtrace::<std[617be2ca0a6fd877]::panicking::panic_handler::{closure#0}, !>
[INFO] [stdout]    9:     0x63ac76cf8e5d - __rustc[ea4f61d10b84890b]::rust_begin_unwind
[INFO] [stdout]   10:     0x63ac76d34bac - core[a373ad73a504971]::panicking::panic_fmt
[INFO] [stdout]   11:     0x63ac76d34982 - core[a373ad73a504971]::result::unwrap_failed
[INFO] [stdout]   12:     0x63ac76894e33 - rsl[5025320454cc7233]::resolve::tests::sources::instagram::test_basic::{closure#0}
[INFO] [stdout]   13:     0x63ac768844b3 - <tokio[21b3e5975e42c5b3]::runtime::scheduler::current_thread::Context>::enter::<core[a373ad73a504971]::task::poll::Poll<()>, <tokio[21b3e5975e42c5b3]::runtime::scheduler::current_thread::CoreGuard>::block_on<core[a373ad73a504971]::pin::Pin<&mut core[a373ad73a504971]::pin::Pin<&mut dyn core[a373ad73a504971]::future::future::Future<Output = ()>>>>::{closure#0}::{closure#0}>
[INFO] [stdout]   14:     0x63ac76881cfc - <tokio[21b3e5975e42c5b3]::runtime::context::scoped::Scoped<tokio[21b3e5975e42c5b3]::runtime::scheduler::Context>>::set::<<tokio[21b3e5975e42c5b3]::runtime::scheduler::current_thread::CoreGuard>::enter<<tokio[21b3e5975e42c5b3]::runtime::scheduler::current_thread::CoreGuard>::block_on<core[a373ad73a504971]::pin::Pin<&mut core[a373ad73a504971]::pin::Pin<&mut dyn core[a373ad73a504971]::future::future::Future<Output = ()>>>>::{closure#0}, core[a373ad73a504971]::option::Option<()>>::{closure#0}, (alloc[2e1b2a31b91974c5]::boxed::Box<tokio[21b3e5975e42c5b3]::runtime::scheduler::current_thread::Core>, core[a373ad73a504971]::option::Option<()>)>
[INFO] [stdout]   15:     0x63ac7688419f - <tokio[21b3e5975e42c5b3]::runtime::scheduler::current_thread::CurrentThread>::block_on::<core[a373ad73a504971]::pin::Pin<&mut dyn core[a373ad73a504971]::future::future::Future<Output = ()>>>
[INFO] [stdout]   16:     0x63ac7688a812 - <tokio[21b3e5975e42c5b3]::runtime::runtime::Runtime>::block_on::<core[a373ad73a504971]::pin::Pin<&mut dyn core[a373ad73a504971]::future::future::Future<Output = ()>>>
[INFO] [stdout]   17:     0x63ac76895a0e - <rsl[5025320454cc7233]::resolve::tests::sources::instagram::test_basic::{closure#0} as core[a373ad73a504971]::ops::function::FnOnce<()>>::call_once
[INFO] [stdout]   18:     0x63ac76899ddb - test[aada8e7e76ba119b]::__rust_begin_short_backtrace::<core[a373ad73a504971]::result::Result<(), alloc[2e1b2a31b91974c5]::string::String>, fn() -> core[a373ad73a504971]::result::Result<(), alloc[2e1b2a31b91974c5]::string::String>>
[INFO] [stdout]   19:     0x63ac768a6fb5 - test[aada8e7e76ba119b]::run_test::{closure#0}
[INFO] [stdout]   20:     0x63ac768a08a4 - std[617be2ca0a6fd877]::sys::backtrace::__rust_begin_short_backtrace::<test[aada8e7e76ba119b]::run_test::{closure#1}, ()>
[INFO] [stdout]   21:     0x63ac768aa042 - <std[617be2ca0a6fd877]::thread::lifecycle::spawn_unchecked<test[aada8e7e76ba119b]::run_test::{closure#1}, ()>::{closure#1} as core[a373ad73a504971]::ops::function::FnOnce<()>>::call_once::{shim:vtable#0}
[INFO] [stdout]   22:     0x63ac76d1c74f - <std[617be2ca0a6fd877]::sys::thread::unix::Thread>::new::thread_start
[INFO] [stdout]   23:     0x7774fa6c6dfa - <unknown>
[INFO] [stdout]   24:     0x7774fa75a3d4 - clone
[INFO] [stdout]   25:                0x0 - <unknown>
[INFO] [stdout] 
[INFO] [stdout] ---- resolve::tests::sources::linkedin::test_identity stdout ----
[INFO] [stdout] 
[INFO] [stdout] thread 'resolve::tests::sources::linkedin::test_identity' (10631) panicked at src/resolve.rs:383:17:
[INFO] [stdout] assertion failed: result.is_ok()
[INFO] [stdout] stack backtrace:
[INFO] [stdout]    0:     0x63ac76d1d2a1 - <<std[617be2ca0a6fd877]::sys::backtrace::BacktraceLock>::print::DisplayBacktrace as core[a373ad73a504971]::fmt::Display>::fmt
[INFO] [stdout]    1:     0x63ac76d3444a - core[a373ad73a504971]::fmt::write
[INFO] [stdout]    2:     0x63ac76d21fbc - <alloc[2e1b2a31b91974c5]::vec::Vec<u8> as core[a373ad73a504971]::io::write::Write>::write_fmt
[INFO] [stdout]    3:     0x63ac76cf7fb6 - std[617be2ca0a6fd877]::panicking::default_hook::{closure#0}
[INFO] [stdout]    4:     0x63ac76d14f89 - std[617be2ca0a6fd877]::panicking::default_hook
[INFO] [stdout]    5:     0x63ac768a6990 - test[aada8e7e76ba119b]::test_main_inner::{closure#0}
[INFO] [stdout]    6:     0x63ac76d152b2 - std[617be2ca0a6fd877]::panicking::panic_with_hook
[INFO] [stdout]    7:     0x63ac76cf8094 - std[617be2ca0a6fd877]::panicking::panic_handler::{closure#0}
[INFO] [stdout]    8:     0x63ac76cf0bf9 - std[617be2ca0a6fd877]::sys::backtrace::__rust_end_short_backtrace::<std[617be2ca0a6fd877]::panicking::panic_handler::{closure#0}, !>
[INFO] [stdout]    9:     0x63ac76cf8e5d - __rustc[ea4f61d10b84890b]::rust_begin_unwind
[INFO] [stdout]   10:     0x63ac76d34bac - core[a373ad73a504971]::panicking::panic_fmt
[INFO] [stdout]   11:     0x63ac76d34b72 - core[a373ad73a504971]::panicking::panic
[INFO] [stdout]   12:     0x63ac76882ee8 - rsl[5025320454cc7233]::resolve::tests::sources::linkedin::test_identity::{closure#0}
[INFO] [stdout]   13:     0x63ac768844b3 - <tokio[21b3e5975e42c5b3]::runtime::scheduler::current_thread::Context>::enter::<core[a373ad73a504971]::task::poll::Poll<()>, <tokio[21b3e5975e42c5b3]::runtime::scheduler::current_thread::CoreGuard>::block_on<core[a373ad73a504971]::pin::Pin<&mut core[a373ad73a504971]::pin::Pin<&mut dyn core[a373ad73a504971]::future::future::Future<Output = ()>>>>::{closure#0}::{closure#0}>
[INFO] [stdout]   14:     0x63ac76881cfc - <tokio[21b3e5975e42c5b3]::runtime::context::scoped::Scoped<tokio[21b3e5975e42c5b3]::runtime::scheduler::Context>>::set::<<tokio[21b3e5975e42c5b3]::runtime::scheduler::current_thread::CoreGuard>::enter<<tokio[21b3e5975e42c5b3]::runtime::scheduler::current_thread::CoreGuard>::block_on<core[a373ad73a504971]::pin::Pin<&mut core[a373ad73a504971]::pin::Pin<&mut dyn core[a373ad73a504971]::future::future::Future<Output = ()>>>>::{closure#0}, core[a373ad73a504971]::option::Option<()>>::{closure#0}, (alloc[2e1b2a31b91974c5]::boxed::Box<tokio[21b3e5975e42c5b3]::runtime::scheduler::current_thread::Core>, core[a373ad73a504971]::option::Option<()>)>
[INFO] [stdout]   15:     0x63ac7688419f - <tokio[21b3e5975e42c5b3]::runtime::scheduler::current_thread::CurrentThread>::block_on::<core[a373ad73a504971]::pin::Pin<&mut dyn core[a373ad73a504971]::future::future::Future<Output = ()>>>
[INFO] [stdout]   16:     0x63ac7688a812 - <tokio[21b3e5975e42c5b3]::runtime::runtime::Runtime>::block_on::<core[a373ad73a504971]::pin::Pin<&mut dyn core[a373ad73a504971]::future::future::Future<Output = ()>>>
[INFO] [stdout]   17:     0x63ac768837de - <rsl[5025320454cc7233]::resolve::tests::sources::linkedin::test_identity::{closure#0} as core[a373ad73a504971]::ops::function::FnOnce<()>>::call_once
[INFO] [stdout]   18:     0x63ac76899ddb - test[aada8e7e76ba119b]::__rust_begin_short_backtrace::<core[a373ad73a504971]::result::Result<(), alloc[2e1b2a31b91974c5]::string::String>, fn() -> core[a373ad73a504971]::result::Result<(), alloc[2e1b2a31b91974c5]::string::String>>
[INFO] [stdout]   19:     0x63ac768a6fb5 - test[aada8e7e76ba119b]::run_test::{closure#0}
[INFO] [stdout]   20:     0x63ac768a08a4 - std[617be2ca0a6fd877]::sys::backtrace::__rust_begin_short_backtrace::<test[aada8e7e76ba119b]::run_test::{closure#1}, ()>
[INFO] [stdout]   21:     0x63ac768aa042 - <std[617be2ca0a6fd877]::thread::lifecycle::spawn_unchecked<test[aada8e7e76ba119b]::run_test::{closure#1}, ()>::{closure#1} as core[a373ad73a504971]::ops::function::FnOnce<()>>::call_once::{shim:vtable#0}
[INFO] [stdout]   22:     0x63ac76d1c74f - <std[617be2ca0a6fd877]::sys::thread::unix::Thread>::new::thread_start
[INFO] [stdout]   23:     0x7774fa6c6dfa - <unknown>
[INFO] [stdout]   24:     0x7774fa75a3d4 - clone
[INFO] [stdout]   25:                0x0 - <unknown>
[INFO] [stdout] 
[INFO] [stdout] ---- resolve::tests::sources::reddit::posts::test_identity stdout ----
[INFO] [stdout] 
[INFO] [stdout] thread 'resolve::tests::sources::reddit::posts::test_identity' (10640) panicked at src/resolve.rs:205:21:
[INFO] [stdout] assertion failed: result.is_ok()
[INFO] [stdout] stack backtrace:
[INFO] [stdout]    0:     0x63ac76d1d2a1 - <<std[617be2ca0a6fd877]::sys::backtrace::BacktraceLock>::print::DisplayBacktrace as core[a373ad73a504971]::fmt::Display>::fmt
[INFO] [stdout]    1:     0x63ac76d3444a - core[a373ad73a504971]::fmt::write
[INFO] [stdout]    2:     0x63ac76d21fbc - <alloc[2e1b2a31b91974c5]::vec::Vec<u8> as core[a373ad73a504971]::io::write::Write>::write_fmt
[INFO] [stdout]    3:     0x63ac76cf7fb6 - std[617be2ca0a6fd877]::panicking::default_hook::{closure#0}
[INFO] [stdout]    4:     0x63ac76d14f89 - std[617be2ca0a6fd877]::panicking::default_hook
[INFO] [stdout]    5:     0x63ac768a6990 - test[aada8e7e76ba119b]::test_main_inner::{closure#0}
[INFO] [stdout]    6:     0x63ac76d152b2 - std[617be2ca0a6fd877]::panicking::panic_with_hook
[INFO] [stdout]    7:     0x63ac76cf8094 - std[617be2ca0a6fd877]::panicking::panic_handler::{closure#0}
[INFO] [stdout]    8:     0x63ac76cf0bf9 - std[617be2ca0a6fd877]::sys::backtrace::__rust_end_short_backtrace::<std[617be2ca0a6fd877]::panicking::panic_handler::{closure#0}, !>
[INFO] [stdout]    9:     0x63ac76cf8e5d - __rustc[ea4f61d10b84890b]::rust_begin_unwind
[INFO] [stdout]   10:     0x63ac76d34bac - core[a373ad73a504971]::panicking::panic_fmt
[INFO] [stdout]   11:     0x63ac76d34b72 - core[a373ad73a504971]::panicking::panic
[INFO] [stdout]   12:     0x63ac76886047 - rsl[5025320454cc7233]::resolve::tests::sources::reddit::posts::test_identity::{closure#0}
[INFO] [stdout]   13:     0x63ac768844b3 - <tokio[21b3e5975e42c5b3]::runtime::scheduler::current_thread::Context>::enter::<core[a373ad73a504971]::task::poll::Poll<()>, <tokio[21b3e5975e42c5b3]::runtime::scheduler::current_thread::CoreGuard>::block_on<core[a373ad73a504971]::pin::Pin<&mut core[a373ad73a504971]::pin::Pin<&mut dyn core[a373ad73a504971]::future::future::Future<Output = ()>>>>::{closure#0}::{closure#0}>
[INFO] [stdout]   14:     0x63ac76881cfc - <tokio[21b3e5975e42c5b3]::runtime::context::scoped::Scoped<tokio[21b3e5975e42c5b3]::runtime::scheduler::Context>>::set::<<tokio[21b3e5975e42c5b3]::runtime::scheduler::current_thread::CoreGuard>::enter<<tokio[21b3e5975e42c5b3]::runtime::scheduler::current_thread::CoreGuard>::block_on<core[a373ad73a504971]::pin::Pin<&mut core[a373ad73a504971]::pin::Pin<&mut dyn core[a373ad73a504971]::future::future::Future<Output = ()>>>>::{closure#0}, core[a373ad73a504971]::option::Option<()>>::{closure#0}, (alloc[2e1b2a31b91974c5]::boxed::Box<tokio[21b3e5975e42c5b3]::runtime::scheduler::current_thread::Core>, core[a373ad73a504971]::option::Option<()>)>
[INFO] [stdout]   15:     0x63ac7688419f - <tokio[21b3e5975e42c5b3]::runtime::scheduler::current_thread::CurrentThread>::block_on::<core[a373ad73a504971]::pin::Pin<&mut dyn core[a373ad73a504971]::future::future::Future<Output = ()>>>
[INFO] [stdout]   16:     0x63ac7688a812 - <tokio[21b3e5975e42c5b3]::runtime::runtime::Runtime>::block_on::<core[a373ad73a504971]::pin::Pin<&mut dyn core[a373ad73a504971]::future::future::Future<Output = ()>>>
[INFO] [stdout]   17:     0x63ac76887dee - <rsl[5025320454cc7233]::resolve::tests::sources::reddit::posts::test_identity::{closure#0} as core[a373ad73a504971]::ops::function::FnOnce<()>>::call_once
[INFO] [stdout]   18:     0x63ac76899ddb - test[aada8e7e76ba119b]::__rust_begin_short_backtrace::<core[a373ad73a504971]::result::Result<(), alloc[2e1b2a31b91974c5]::string::String>, fn() -> core[a373ad73a504971]::result::Result<(), alloc[2e1b2a31b91974c5]::string::String>>
[INFO] [stdout]   19:     0x63ac768a6fb5 - test[aada8e7e76ba119b]::run_test::{closure#0}
[INFO] [stdout]   20:     0x63ac768a08a4 - std[617be2ca0a6fd877]::sys::backtrace::__rust_begin_short_backtrace::<test[aada8e7e76ba119b]::run_test::{closure#1}, ()>
[INFO] [stdout]   21:     0x63ac768aa042 - <std[617be2ca0a6fd877]::thread::lifecycle::spawn_unchecked<test[aada8e7e76ba119b]::run_test::{closure#1}, ()>::{closure#1} as core[a373ad73a504971]::ops::function::FnOnce<()>>::call_once::{shim:vtable#0}
[INFO] [stdout]   22:     0x63ac76d1c74f - <std[617be2ca0a6fd877]::sys::thread::unix::Thread>::new::thread_start
[INFO] [stdout]   23:     0x7774fa6c6dfa - <unknown>
[INFO] [stdout]   24:     0x7774fa75a3d4 - clone
[INFO] [stdout]   25:                0x0 - <unknown>
[INFO] [stdout] 
[INFO] [stdout] ---- resolve::tests::sources::reddit::posts::test_share_link stdout ----
[INFO] [stdout] 
[INFO] [stdout] thread 'resolve::tests::sources::reddit::posts::test_share_link' (10641) panicked at src/resolve.rs:213:21:
[INFO] [stdout] assertion failed: result.is_ok()
[INFO] [stdout] stack backtrace:
[INFO] [stdout]    0:     0x63ac76d1d2a1 - <<std[617be2ca0a6fd877]::sys::backtrace::BacktraceLock>::print::DisplayBacktrace as core[a373ad73a504971]::fmt::Display>::fmt
[INFO] [stdout]    1:     0x63ac76d3444a - core[a373ad73a504971]::fmt::write
[INFO] [stdout]    2:     0x63ac76d21fbc - <alloc[2e1b2a31b91974c5]::vec::Vec<u8> as core[a373ad73a504971]::io::write::Write>::write_fmt
[INFO] [stdout]    3:     0x63ac76cf7fb6 - std[617be2ca0a6fd877]::panicking::default_hook::{closure#0}
[INFO] [stdout]    4:     0x63ac76d14f89 - std[617be2ca0a6fd877]::panicking::default_hook
[INFO] [stdout]    5:     0x63ac768a6990 - test[aada8e7e76ba119b]::test_main_inner::{closure#0}
[INFO] [stdout]    6:     0x63ac76d152b2 - std[617be2ca0a6fd877]::panicking::panic_with_hook
[INFO] [stdout]    7:     0x63ac76cf8094 - std[617be2ca0a6fd877]::panicking::panic_handler::{closure#0}
[INFO] [stdout]    8:     0x63ac76cf0bf9 - std[617be2ca0a6fd877]::sys::backtrace::__rust_end_short_backtrace::<std[617be2ca0a6fd877]::panicking::panic_handler::{closure#0}, !>
[INFO] [stdout]    9:     0x63ac76cf8e5d - __rustc[ea4f61d10b84890b]::rust_begin_unwind
[INFO] [stdout]   10:     0x63ac76d34bac - core[a373ad73a504971]::panicking::panic_fmt
[INFO] [stdout]   11:     0x63ac76d34b72 - core[a373ad73a504971]::panicking::panic
[INFO] [stdout]   12:     0x63ac768861f1 - rsl[5025320454cc7233]::resolve::tests::sources::reddit::posts::test_share_link::{closure#0}
[INFO] [stdout]   13:     0x63ac768844b3 - <tokio[21b3e5975e42c5b3]::runtime::scheduler::current_thread::Context>::enter::<core[a373ad73a504971]::task::poll::Poll<()>, <tokio[21b3e5975e42c5b3]::runtime::scheduler::current_thread::CoreGuard>::block_on<core[a373ad73a504971]::pin::Pin<&mut core[a373ad73a504971]::pin::Pin<&mut dyn core[a373ad73a504971]::future::future::Future<Output = ()>>>>::{closure#0}::{closure#0}>
[INFO] [stdout]   14:     0x63ac76881cfc - <tokio[21b3e5975e42c5b3]::runtime::context::scoped::Scoped<tokio[21b3e5975e42c5b3]::runtime::scheduler::Context>>::set::<<tokio[21b3e5975e42c5b3]::runtime::scheduler::current_thread::CoreGuard>::enter<<tokio[21b3e5975e42c5b3]::runtime::scheduler::current_thread::CoreGuard>::block_on<core[a373ad73a504971]::pin::Pin<&mut core[a373ad73a504971]::pin::Pin<&mut dyn core[a373ad73a504971]::future::future::Future<Output = ()>>>>::{closure#0}, core[a373ad73a504971]::option::Option<()>>::{closure#0}, (alloc[2e1b2a31b91974c5]::boxed::Box<tokio[21b3e5975e42c5b3]::runtime::scheduler::current_thread::Core>, core[a373ad73a504971]::option::Option<()>)>
[INFO] [stdout]   15:     0x63ac7688419f - <tokio[21b3e5975e42c5b3]::runtime::scheduler::current_thread::CurrentThread>::block_on::<core[a373ad73a504971]::pin::Pin<&mut dyn core[a373ad73a504971]::future::future::Future<Output = ()>>>
[INFO] [stdout]   16:     0x63ac7688a812 - <tokio[21b3e5975e42c5b3]::runtime::runtime::Runtime>::block_on::<core[a373ad73a504971]::pin::Pin<&mut dyn core[a373ad73a504971]::future::future::Future<Output = ()>>>
[INFO] [stdout]   17:     0x63ac76887f6e - <rsl[5025320454cc7233]::resolve::tests::sources::reddit::posts::test_share_link::{closure#0} as core[a373ad73a504971]::ops::function::FnOnce<()>>::call_once
[INFO] [stdout]   18:     0x63ac76899ddb - test[aada8e7e76ba119b]::__rust_begin_short_backtrace::<core[a373ad73a504971]::result::Result<(), alloc[2e1b2a31b91974c5]::string::String>, fn() -> core[a373ad73a504971]::result::Result<(), alloc[2e1b2a31b91974c5]::string::String>>
[INFO] [stdout]   19:     0x63ac768a6fb5 - test[aada8e7e76ba119b]::run_test::{closure#0}
[INFO] [stdout]   20:     0x63ac768a08a4 - std[617be2ca0a6fd877]::sys::backtrace::__rust_begin_short_backtrace::<test[aada8e7e76ba119b]::run_test::{closure#1}, ()>
[INFO] [stdout]   21:     0x63ac768aa042 - <std[617be2ca0a6fd877]::thread::lifecycle::spawn_unchecked<test[aada8e7e76ba119b]::run_test::{closure#1}, ()>::{closure#1} as core[a373ad73a504971]::ops::function::FnOnce<()>>::call_once::{shim:vtable#0}
[INFO] [stdout]   22:     0x63ac76d1c74f - <std[617be2ca0a6fd877]::sys::thread::unix::Thread>::new::thread_start
[INFO] [stdout]   23:     0x7774fa6c6dfa - <unknown>
[INFO] [stdout]   24:     0x7774fa75a3d4 - clone
[INFO] [stdout]   25:                0x0 - <unknown>
[INFO] [stdout] 
[INFO] [stdout] ---- resolve::tests::sources::reddit::comments::test_share_link stdout ----
[INFO] [stdout] 
[INFO] [stdout] thread 'resolve::tests::sources::reddit::comments::test_share_link' (10637) panicked at src/resolve.rs:235:21:
[INFO] [stdout] assertion failed: result.is_ok()
[INFO] [stdout] stack backtrace:
[INFO] [stdout]    0:     0x63ac76d1d2a1 - <<std[617be2ca0a6fd877]::sys::backtrace::BacktraceLock>::print::DisplayBacktrace as core[a373ad73a504971]::fmt::Display>::fmt
[INFO] [stdout]    1:     0x63ac76d3444a - core[a373ad73a504971]::fmt::write
[INFO] [stdout]    2:     0x63ac76d21fbc - <alloc[2e1b2a31b91974c5]::vec::Vec<u8> as core[a373ad73a504971]::io::write::Write>::write_fmt
[INFO] [stdout]    3:     0x63ac76cf7fb6 - std[617be2ca0a6fd877]::panicking::default_hook::{closure#0}
[INFO] [stdout]    4:     0x63ac76d14f89 - std[617be2ca0a6fd877]::panicking::default_hook
[INFO] [stdout]    5:     0x63ac768a6990 - test[aada8e7e76ba119b]::test_main_inner::{closure#0}
[INFO] [stdout]    6:     0x63ac76d152b2 - std[617be2ca0a6fd877]::panicking::panic_with_hook
[INFO] [stdout]    7:     0x63ac76cf8094 - std[617be2ca0a6fd877]::panicking::panic_handler::{closure#0}
[INFO] [stdout]    8:     0x63ac76cf0bf9 - std[617be2ca0a6fd877]::sys::backtrace::__rust_end_short_backtrace::<std[617be2ca0a6fd877]::panicking::panic_handler::{closure#0}, !>
[INFO] [stdout]    9:     0x63ac76cf8e5d - __rustc[ea4f61d10b84890b]::rust_begin_unwind
[INFO] [stdout]   10:     0x63ac76d34bac - core[a373ad73a504971]::panicking::panic_fmt
[INFO] [stdout]   11:     0x63ac76d34b72 - core[a373ad73a504971]::panicking::panic
[INFO] [stdout]   12:     0x63ac76896f21 - rsl[5025320454cc7233]::resolve::tests::sources::reddit::comments::test_share_link::{closure#0}
[INFO] [stdout]   13:     0x63ac768844b3 - <tokio[21b3e5975e42c5b3]::runtime::scheduler::current_thread::Context>::enter::<core[a373ad73a504971]::task::poll::Poll<()>, <tokio[21b3e5975e42c5b3]::runtime::scheduler::current_thread::CoreGuard>::block_on<core[a373ad73a504971]::pin::Pin<&mut core[a373ad73a504971]::pin::Pin<&mut dyn core[a373ad73a504971]::future::future::Future<Output = ()>>>>::{closure#0}::{closure#0}>
[INFO] [stdout]   14:     0x63ac76881cfc - <tokio[21b3e5975e42c5b3]::runtime::context::scoped::Scoped<tokio[21b3e5975e42c5b3]::runtime::scheduler::Context>>::set::<<tokio[21b3e5975e42c5b3]::runtime::scheduler::current_thread::CoreGuard>::enter<<tokio[21b3e5975e42c5b3]::runtime::scheduler::current_thread::CoreGuard>::block_on<core[a373ad73a504971]::pin::Pin<&mut core[a373ad73a504971]::pin::Pin<&mut dyn core[a373ad73a504971]::future::future::Future<Output = ()>>>>::{closure#0}, core[a373ad73a504971]::option::Option<()>>::{closure#0}, (alloc[2e1b2a31b91974c5]::boxed::Box<tokio[21b3e5975e42c5b3]::runtime::scheduler::current_thread::Core>, core[a373ad73a504971]::option::Option<()>)>
[INFO] [stdout]   15:     0x63ac7688419f - <tokio[21b3e5975e42c5b3]::runtime::scheduler::current_thread::CurrentThread>::block_on::<core[a373ad73a504971]::pin::Pin<&mut dyn core[a373ad73a504971]::future::future::Future<Output = ()>>>
[INFO] [stdout]   16:     0x63ac7688a812 - <tokio[21b3e5975e42c5b3]::runtime::runtime::Runtime>::block_on::<core[a373ad73a504971]::pin::Pin<&mut dyn core[a373ad73a504971]::future::future::Future<Output = ()>>>
[INFO] [stdout]   17:     0x63ac768979be - <rsl[5025320454cc7233]::resolve::tests::sources::reddit::comments::test_share_link::{closure#0} as core[a373ad73a504971]::ops::function::FnOnce<()>>::call_once
[INFO] [stdout]   18:     0x63ac76899ddb - test[aada8e7e76ba119b]::__rust_begin_short_backtrace::<core[a373ad73a504971]::result::Result<(), alloc[2e1b2a31b91974c5]::string::String>, fn() -> core[a373ad73a504971]::result::Result<(), alloc[2e1b2a31b91974c5]::string::String>>
[INFO] [stdout]   19:     0x63ac768a6fb5 - test[aada8e7e76ba119b]::run_test::{closure#0}
[INFO] [stdout]   20:     0x63ac768a08a4 - std[617be2ca0a6fd877]::sys::backtrace::__rust_begin_short_backtrace::<test[aada8e7e76ba119b]::run_test::{closure#1}, ()>
[INFO] [stdout]   21:     0x63ac768aa042 - <std[617be2ca0a6fd877]::thread::lifecycle::spawn_unchecked<test[aada8e7e76ba119b]::run_test::{closure#1}, ()>::{closure#1} as core[a373ad73a504971]::ops::function::FnOnce<()>>::call_once::{shim:vtable#0}
[INFO] [stdout]   22:     0x63ac76d1c74f - <std[617be2ca0a6fd877]::sys::thread::unix::Thread>::new::thread_start
[INFO] [stdout]   23:     0x7774fa6c6dfa - <unknown>
[INFO] [stdout]   24:     0x7774fa75a3d4 - clone
[INFO] [stdout]   25:                0x0 - <unknown>
[INFO] [stdout] 
[INFO] [stdout] ---- resolve::tests::sources::reddit::comments::test_identity stdout ----
[INFO] [stdout] 
[INFO] [stdout] thread 'resolve::tests::sources::reddit::comments::test_identity' (10636) panicked at src/resolve.rs:227:21:
[INFO] [stdout] assertion failed: result.is_ok()
[INFO] [stdout] stack backtrace:
[INFO] [stdout]    0:     0x63ac76d1d2a1 - <<std[617be2ca0a6fd877]::sys::backtrace::BacktraceLock>::print::DisplayBacktrace as core[a373ad73a504971]::fmt::Display>::fmt
[INFO] [stdout]    1:     0x63ac76d3444a - core[a373ad73a504971]::fmt::write
[INFO] [stdout]    2:     0x63ac76d21fbc - <alloc[2e1b2a31b91974c5]::vec::Vec<u8> as core[a373ad73a504971]::io::write::Write>::write_fmt
[INFO] [stdout]    3:     0x63ac76cf7fb6 - std[617be2ca0a6fd877]::panicking::default_hook::{closure#0}
[INFO] [stdout]    4:     0x63ac76d14f89 - std[617be2ca0a6fd877]::panicking::default_hook
[INFO] [stdout]    5:     0x63ac768a6990 - test[aada8e7e76ba119b]::test_main_inner::{closure#0}
[INFO] [stdout]    6:     0x63ac76d152b2 - std[617be2ca0a6fd877]::panicking::panic_with_hook
[INFO] [stdout]    7:     0x63ac76cf8094 - std[617be2ca0a6fd877]::panicking::panic_handler::{closure#0}
[INFO] [stdout]    8:     0x63ac76cf0bf9 - std[617be2ca0a6fd877]::sys::backtrace::__rust_end_short_backtrace::<std[617be2ca0a6fd877]::panicking::panic_handler::{closure#0}, !>
[INFO] [stdout]    9:     0x63ac76cf8e5d - __rustc[ea4f61d10b84890b]::rust_begin_unwind
[INFO] [stdout]   10:     0x63ac76d34bac - core[a373ad73a504971]::panicking::panic_fmt
[INFO] [stdout]   11:     0x63ac76d34b72 - core[a373ad73a504971]::panicking::panic
[INFO] [stdout]   12:     0x63ac76896d77 - rsl[5025320454cc7233]::resolve::tests::sources::reddit::comments::test_identity::{closure#0}
[INFO] [stdout]   13:     0x63ac768844b3 - <tokio[21b3e5975e42c5b3]::runtime::scheduler::current_thread::Context>::enter::<core[a373ad73a504971]::task::poll::Poll<()>, <tokio[21b3e5975e42c5b3]::runtime::scheduler::current_thread::CoreGuard>::block_on<core[a373ad73a504971]::pin::Pin<&mut core[a373ad73a504971]::pin::Pin<&mut dyn core[a373ad73a504971]::future::future::Future<Output = ()>>>>::{closure#0}::{closure#0}>
[INFO] [stdout]   14:     0x63ac76881cfc - <tokio[21b3e5975e42c5b3]::runtime::context::scoped::Scoped<tokio[21b3e5975e42c5b3]::runtime::scheduler::Context>>::set::<<tokio[21b3e5975e42c5b3]::runtime::scheduler::current_thread::CoreGuard>::enter<<tokio[21b3e5975e42c5b3]::runtime::scheduler::current_thread::CoreGuard>::block_on<core[a373ad73a504971]::pin::Pin<&mut core[a373ad73a504971]::pin::Pin<&mut dyn core[a373ad73a504971]::future::future::Future<Output = ()>>>>::{closure#0}, core[a373ad73a504971]::option::Option<()>>::{closure#0}, (alloc[2e1b2a31b91974c5]::boxed::Box<tokio[21b3e5975e42c5b3]::runtime::scheduler::current_thread::Core>, core[a373ad73a504971]::option::Option<()>)>
[INFO] [stdout]   15:     0x63ac7688419f - <tokio[21b3e5975e42c5b3]::runtime::scheduler::current_thread::CurrentThread>::block_on::<core[a373ad73a504971]::pin::Pin<&mut dyn core[a373ad73a504971]::future::future::Future<Output = ()>>>
[INFO] [stdout]   16:     0x63ac7688a812 - <tokio[21b3e5975e42c5b3]::runtime::runtime::Runtime>::block_on::<core[a373ad73a504971]::pin::Pin<&mut dyn core[a373ad73a504971]::future::future::Future<Output = ()>>>
[INFO] [stdout]   17:     0x63ac7689783e - <rsl[5025320454cc7233]::resolve::tests::sources::reddit::comments::test_identity::{closure#0} as core[a373ad73a504971]::ops::function::FnOnce<()>>::call_once
[INFO] [stdout]   18:     0x63ac76899ddb - test[aada8e7e76ba119b]::__rust_begin_short_backtrace::<core[a373ad73a504971]::result::Result<(), alloc[2e1b2a31b91974c5]::string::String>, fn() -> core[a373ad73a504971]::result::Result<(), alloc[2e1b2a31b91974c5]::string::String>>
[INFO] [stdout]   19:     0x63ac768a6fb5 - test[aada8e7e76ba119b]::run_test::{closure#0}
[INFO] [stdout]   20:     0x63ac768a08a4 - std[617be2ca0a6fd877]::sys::backtrace::__rust_begin_short_backtrace::<test[aada8e7e76ba119b]::run_test::{closure#1}, ()>
[INFO] [stdout]   21:     0x63ac768aa042 - <std[617be2ca0a6fd877]::thread::lifecycle::spawn_unchecked<test[aada8e7e76ba119b]::run_test::{closure#1}, ()>::{closure#1} as core[a373ad73a504971]::ops::function::FnOnce<()>>::call_once::{shim:vtable#0}
[INFO] [stdout]   22:     0x63ac76d1c74f - <std[617be2ca0a6fd877]::sys::thread::unix::Thread>::new::thread_start
[INFO] [stdout]   23:     0x7774fa6c6dfa - <unknown>
[INFO] [stdout]   24:     0x7774fa75a3d4 - clone
[INFO] [stdout]   25:                0x0 - <unknown>
[INFO] [stdout] 
[INFO] [stdout] 
[INFO] [stdout] failures:
[INFO] [stdout]     resolve::tests::sources::facebook::comments::test_basic
[INFO] [stdout]     resolve::tests::sources::facebook::comments::test_identity
[INFO] [stdout]     resolve::tests::sources::facebook::photos::test_basic
[INFO] [stdout]     resolve::tests::sources::facebook::photos::test_identity
[INFO] [stdout]     resolve::tests::sources::facebook::posts::test_basic
[INFO] [stdout]     resolve::tests::sources::facebook::posts::test_identity
[INFO] [stdout]     resolve::tests::sources::facebook::reels::test_basic
[INFO] [stdout]     resolve::tests::sources::facebook::reels::test_identity
[INFO] [stdout]     resolve::tests::sources::facebook::story::test_basic
[INFO] [stdout]     resolve::tests::sources::facebook::story::test_identity
[INFO] [stdout]     resolve::tests::sources::instagram::test_basic
[INFO] [stdout]     resolve::tests::sources::instagram::test_identity
[INFO] [stdout]     resolve::tests::sources::linkedin::test_basic
[INFO] [stdout]     resolve::tests::sources::linkedin::test_identity
[INFO] [stdout]     resolve::tests::sources::reddit::comments::test_identity
[INFO] [stdout]     resolve::tests::sources::reddit::comments::test_share_link
[INFO] [stdout]     resolve::tests::sources::reddit::posts::test_identity
[INFO] [stdout]     resolve::tests::sources::reddit::posts::test_share_link
[INFO] [stdout] 
[INFO] [stdout] test result: FAILED. 43 passed; 18 failed; 4 ignored; 0 measured; 0 filtered out; finished in 0.56s
[INFO] [stdout] 
[INFO] running `Command { std: "docker" "inspect" "5871ab4f9952824ca90ae6e8dcdb276b8933d5298edb946b670fccae0620d5c2", kill_on_drop: false }`
[INFO] running `Command { std: "docker" "rm" "-f" "5871ab4f9952824ca90ae6e8dcdb276b8933d5298edb946b670fccae0620d5c2", kill_on_drop: false }`
[INFO] [stdout] 5871ab4f9952824ca90ae6e8dcdb276b8933d5298edb946b670fccae0620d5c2
