[INFO] cloning repository https://github.com/house-of-vanity/frid
[INFO] running `Command { std: "git" "-c" "credential.helper=" "-c" "credential.helper=/workspace/cargo-home/bin/git-credential-null" "clone" "--bare" "https://github.com/house-of-vanity/frid" "/workspace/cache/git-repos/https%3A%2F%2Fgithub.com%2Fhouse-of-vanity%2Ffrid", kill_on_drop: false }`
[INFO] [stderr] Cloning into bare repository '/workspace/cache/git-repos/https%3A%2F%2Fgithub.com%2Fhouse-of-vanity%2Ffrid'...
[INFO] running `Command { std: "git" "rev-parse" "HEAD", kill_on_drop: false }`
[INFO] [stdout] b191c10ba4136082c125664fbe909ef160af79b6
[INFO] testing house-of-vanity/frid against 1.100.0-beta.1+cargoflags=--release for beta-release-1.100-2
[INFO] running `Command { std: "git" "clone" "/workspace/cache/git-repos/https%3A%2F%2Fgithub.com%2Fhouse-of-vanity%2Ffrid" "/workspace/builds/worker-1-tc2/source", kill_on_drop: false }`
[INFO] [stderr] Cloning into '/workspace/builds/worker-1-tc2/source'...
[INFO] [stderr] done.
[INFO] started tweaking git repo https://github.com/house-of-vanity/frid
[INFO] finished tweaking git repo https://github.com/house-of-vanity/frid
[INFO] tweaked toml for git repo https://github.com/house-of-vanity/frid written to /workspace/builds/worker-1-tc2/source/Cargo.toml
[INFO] validating manifest of git repo https://github.com/house-of-vanity/frid on toolchain 1.100.0-beta.1
[INFO] running `Command { std: CARGO_HOME="/workspace/cargo-home" RUSTUP_HOME="/workspace/rustup-home" "/workspace/cargo-home/bin/cargo" "+1.100.0-beta.1" "metadata" "--manifest-path" "Cargo.toml" "--no-deps", kill_on_drop: false }`
[INFO] crate git repo https://github.com/house-of-vanity/frid already has a lockfile, it will not be regenerated
[INFO] running `Command { std: CARGO_HOME="/workspace/cargo-home" RUSTUP_HOME="/workspace/rustup-home" "/workspace/cargo-home/bin/cargo" "+1.100.0-beta.1" "fetch" "--manifest-path" "Cargo.toml", kill_on_drop: false }`
[INFO] [stderr] warning: unused workspace dependency `clap`
[INFO] [stderr]   --> Cargo.toml:24:25
[INFO] [stderr]    |
[INFO] [stderr] 24 | [workspace.dependencies.clap]
[INFO] [stderr]    |                         ^^^^
[INFO] [stderr]    |
[INFO] [stderr]    = note: `cargo::unused_workspace_dependencies` is set to `warn` by default
[INFO] [stderr] help: consider removing the workspace dependency `clap`
[INFO] [stderr] warning: unused workspace dependency `tracing-subscriber`
[INFO] [stderr]   --> Cargo.toml:52:25
[INFO] [stderr]    |
[INFO] [stderr] 52 | [workspace.dependencies.tracing-subscriber]
[INFO] [stderr]    |                         ^^^^^^^^^^^^^^^^^^
[INFO] [stderr]    |
[INFO] [stderr] help: consider removing the workspace dependency `tracing-subscriber`
[INFO] [stderr] warning: workspace (manifest) generated 2 warnings
[INFO] [stderr]     Blocking waiting for file lock on package cache
[INFO] [stderr]     Blocking waiting for file lock on package cache
[ERROR] error running command: no output for 300 seconds
[INFO] testing house-of-vanity/frid against 1.100.0-beta.1+cargoflags=--release for beta-release-1.100-2
[INFO] running `Command { std: "git" "clone" "/workspace/cache/git-repos/https%3A%2F%2Fgithub.com%2Fhouse-of-vanity%2Ffrid" "/workspace/builds/worker-1-tc2/source", kill_on_drop: false }`
[INFO] [stderr] Cloning into '/workspace/builds/worker-1-tc2/source'...
[INFO] [stderr] done.
[INFO] started tweaking git repo https://github.com/house-of-vanity/frid
[INFO] finished tweaking git repo https://github.com/house-of-vanity/frid
[INFO] tweaked toml for git repo https://github.com/house-of-vanity/frid written to /workspace/builds/worker-1-tc2/source/Cargo.toml
[INFO] validating manifest of git repo https://github.com/house-of-vanity/frid on toolchain 1.100.0-beta.1
[INFO] running `Command { std: CARGO_HOME="/workspace/cargo-home" RUSTUP_HOME="/workspace/rustup-home" "/workspace/cargo-home/bin/cargo" "+1.100.0-beta.1" "metadata" "--manifest-path" "Cargo.toml" "--no-deps", kill_on_drop: false }`
[INFO] crate git repo https://github.com/house-of-vanity/frid already has a lockfile, it will not be regenerated
[INFO] running `Command { std: CARGO_HOME="/workspace/cargo-home" RUSTUP_HOME="/workspace/rustup-home" "/workspace/cargo-home/bin/cargo" "+1.100.0-beta.1" "fetch" "--manifest-path" "Cargo.toml", kill_on_drop: false }`
[INFO] [stderr] warning: unused workspace dependency `clap`
[INFO] [stderr]   --> Cargo.toml:24:25
[INFO] [stderr]    |
[INFO] [stderr] 24 | [workspace.dependencies.clap]
[INFO] [stderr]    |                         ^^^^
[INFO] [stderr]    |
[INFO] [stderr]    = note: `cargo::unused_workspace_dependencies` is set to `warn` by default
[INFO] [stderr] help: consider removing the workspace dependency `clap`
[INFO] [stderr] warning: unused workspace dependency `tracing-subscriber`
[INFO] [stderr]   --> Cargo.toml:52:25
[INFO] [stderr]    |
[INFO] [stderr] 52 | [workspace.dependencies.tracing-subscriber]
[INFO] [stderr]    |                         ^^^^^^^^^^^^^^^^^^
[INFO] [stderr]    |
[INFO] [stderr] help: consider removing the workspace dependency `tracing-subscriber`
[INFO] [stderr] warning: workspace (manifest) generated 2 warnings
[INFO] [stderr]     Blocking waiting for file lock on package cache
[INFO] [stderr]     Blocking waiting for file lock on package cache
[ERROR] error running command: no output for 300 seconds
[INFO] testing house-of-vanity/frid against 1.100.0-beta.1+cargoflags=--release for beta-release-1.100-2
[INFO] running `Command { std: "git" "clone" "/workspace/cache/git-repos/https%3A%2F%2Fgithub.com%2Fhouse-of-vanity%2Ffrid" "/workspace/builds/worker-1-tc2/source", kill_on_drop: false }`
[INFO] [stderr] Cloning into '/workspace/builds/worker-1-tc2/source'...
[INFO] [stderr] done.
[INFO] started tweaking git repo https://github.com/house-of-vanity/frid
[INFO] finished tweaking git repo https://github.com/house-of-vanity/frid
[INFO] tweaked toml for git repo https://github.com/house-of-vanity/frid written to /workspace/builds/worker-1-tc2/source/Cargo.toml
[INFO] validating manifest of git repo https://github.com/house-of-vanity/frid on toolchain 1.100.0-beta.1
[INFO] running `Command { std: CARGO_HOME="/workspace/cargo-home" RUSTUP_HOME="/workspace/rustup-home" "/workspace/cargo-home/bin/cargo" "+1.100.0-beta.1" "metadata" "--manifest-path" "Cargo.toml" "--no-deps", kill_on_drop: false }`
[INFO] crate git repo https://github.com/house-of-vanity/frid already has a lockfile, it will not be regenerated
[INFO] running `Command { std: CARGO_HOME="/workspace/cargo-home" RUSTUP_HOME="/workspace/rustup-home" "/workspace/cargo-home/bin/cargo" "+1.100.0-beta.1" "fetch" "--manifest-path" "Cargo.toml", kill_on_drop: false }`
[INFO] [stderr] warning: unused workspace dependency `clap`
[INFO] [stderr]   --> Cargo.toml:24:25
[INFO] [stderr]    |
[INFO] [stderr] 24 | [workspace.dependencies.clap]
[INFO] [stderr]    |                         ^^^^
[INFO] [stderr]    |
[INFO] [stderr]    = note: `cargo::unused_workspace_dependencies` is set to `warn` by default
[INFO] [stderr] help: consider removing the workspace dependency `clap`
[INFO] [stderr] warning: unused workspace dependency `tracing-subscriber`
[INFO] [stderr]   --> Cargo.toml:52:25
[INFO] [stderr]    |
[INFO] [stderr] 52 | [workspace.dependencies.tracing-subscriber]
[INFO] [stderr]    |                         ^^^^^^^^^^^^^^^^^^
[INFO] [stderr]    |
[INFO] [stderr] help: consider removing the workspace dependency `tracing-subscriber`
[INFO] [stderr] warning: workspace (manifest) generated 2 warnings
[INFO] [stderr]     Blocking waiting for file lock on package cache
[INFO] [stderr]     Blocking waiting for file lock on package cache
[ERROR] error running command: no output for 300 seconds
[INFO] testing house-of-vanity/frid against 1.100.0-beta.1+cargoflags=--release for beta-release-1.100-2
[INFO] running `Command { std: "git" "clone" "/workspace/cache/git-repos/https%3A%2F%2Fgithub.com%2Fhouse-of-vanity%2Ffrid" "/workspace/builds/worker-1-tc2/source", kill_on_drop: false }`
[INFO] [stderr] Cloning into '/workspace/builds/worker-1-tc2/source'...
[INFO] [stderr] done.
[INFO] started tweaking git repo https://github.com/house-of-vanity/frid
[INFO] finished tweaking git repo https://github.com/house-of-vanity/frid
[INFO] tweaked toml for git repo https://github.com/house-of-vanity/frid written to /workspace/builds/worker-1-tc2/source/Cargo.toml
[INFO] validating manifest of git repo https://github.com/house-of-vanity/frid on toolchain 1.100.0-beta.1
[INFO] running `Command { std: CARGO_HOME="/workspace/cargo-home" RUSTUP_HOME="/workspace/rustup-home" "/workspace/cargo-home/bin/cargo" "+1.100.0-beta.1" "metadata" "--manifest-path" "Cargo.toml" "--no-deps", kill_on_drop: false }`
[INFO] crate git repo https://github.com/house-of-vanity/frid already has a lockfile, it will not be regenerated
[INFO] running `Command { std: CARGO_HOME="/workspace/cargo-home" RUSTUP_HOME="/workspace/rustup-home" "/workspace/cargo-home/bin/cargo" "+1.100.0-beta.1" "fetch" "--manifest-path" "Cargo.toml", kill_on_drop: false }`
[INFO] [stderr] warning: unused workspace dependency `clap`
[INFO] [stderr]   --> Cargo.toml:24:25
[INFO] [stderr]    |
[INFO] [stderr] 24 | [workspace.dependencies.clap]
[INFO] [stderr]    |                         ^^^^
[INFO] [stderr]    |
[INFO] [stderr]    = note: `cargo::unused_workspace_dependencies` is set to `warn` by default
[INFO] [stderr] help: consider removing the workspace dependency `clap`
[INFO] [stderr] warning: unused workspace dependency `tracing-subscriber`
[INFO] [stderr]   --> Cargo.toml:52:25
[INFO] [stderr]    |
[INFO] [stderr] 52 | [workspace.dependencies.tracing-subscriber]
[INFO] [stderr]    |                         ^^^^^^^^^^^^^^^^^^
[INFO] [stderr]    |
[INFO] [stderr] help: consider removing the workspace dependency `tracing-subscriber`
[INFO] [stderr] warning: workspace (manifest) generated 2 warnings
[INFO] [stderr]     Blocking waiting for file lock on package cache
[INFO] [stderr]     Blocking waiting for file lock on package cache
[INFO] running `Command { std: "docker" "create" "-v" "/var/lib/crater-agent-workspace/builds/worker-1-tc2/source:/opt/rustwide/workdir:ro,Z" "-v" "/var/lib/crater-agent-workspace/builds/worker-1-tc2/target:/opt/rustwide/target:rw,Z" "-v" "/var/lib/crater-agent-workspace/cargo-home:/opt/rustwide/cargo-home:ro,Z" "-v" "/var/lib/crater-agent-workspace/rustup-home:/opt/rustwide/rustup-home:ro,Z" "-m" "1610612736" "--network" "none" "ghcr.io/rust-lang/crates-build-env/linux@sha256:77db811e55d90add9212f6832c23229e3de5f1c1f9905e8cb07319ea15df73ac" "sleep" "infinity", kill_on_drop: false }`
[INFO] [stdout] 49e18e7ca92fd63741a7e4b11640f3f3d7e666090e9cd092c418139e9a54cebf
[INFO] running `Command { std: "docker" "start" "49e18e7ca92fd63741a7e4b11640f3f3d7e666090e9cd092c418139e9a54cebf", kill_on_drop: false }`
[INFO] running `Command { std: "docker" "inspect" "49e18e7ca92fd63741a7e4b11640f3f3d7e666090e9cd092c418139e9a54cebf", kill_on_drop: false }`
[INFO] running `Command { std: "docker" "exec" "-e" "SOURCE_DIR=/opt/rustwide/workdir" "-e" "CARGO_HOME=/opt/rustwide/cargo-home" "-e" "RUSTUP_HOME=/opt/rustwide/rustup-home" "-e" "CARGO_TARGET_DIR=/opt/rustwide/target" "-w" "/opt/rustwide/workdir" "--user" "0:0" "49e18e7ca92fd63741a7e4b11640f3f3d7e666090e9cd092c418139e9a54cebf" "/opt/rustwide/cargo-home/bin/cargo" "+1.100.0-beta.1" "metadata" "--no-deps" "--format-version=1", kill_on_drop: false }`
[INFO] running `Command { std: "docker" "inspect" "49e18e7ca92fd63741a7e4b11640f3f3d7e666090e9cd092c418139e9a54cebf", kill_on_drop: false }`
[INFO] running `Command { std: "docker" "exec" "-e" "SOURCE_DIR=/opt/rustwide/workdir" "-e" "CARGO_HOME=/opt/rustwide/cargo-home" "-e" "RUSTUP_HOME=/opt/rustwide/rustup-home" "-e" "CARGO_TARGET_DIR=/opt/rustwide/target" "-e" "CARGO_INCREMENTAL=0" "-e" "RUST_BACKTRACE=full" "-e" "RUSTFLAGS=--cap-lints=warn" "-e" "RUSTDOCFLAGS=--cap-lints=warn" "-w" "/opt/rustwide/workdir" "--user" "0:0" "49e18e7ca92fd63741a7e4b11640f3f3d7e666090e9cd092c418139e9a54cebf" "/opt/rustwide/cargo-home/bin/cargo" "+1.100.0-beta.1" "build" "--frozen" "--message-format=json" "--release", kill_on_drop: false }`
[INFO] [stderr] warning: unused workspace dependency `clap`
[INFO] [stderr]   --> Cargo.toml:24:25
[INFO] [stderr]    |
[INFO] [stderr] 24 | [workspace.dependencies.clap]
[INFO] [stderr]    |                         ^^^^
[INFO] [stderr]    |
[INFO] [stderr]    = note: `cargo::unused_workspace_dependencies` is set to `warn` by default
[INFO] [stderr] help: consider removing the workspace dependency `clap`
[INFO] [stderr] warning: unused workspace dependency `tracing-subscriber`
[INFO] [stderr]   --> Cargo.toml:52:25
[INFO] [stderr]    |
[INFO] [stderr] 52 | [workspace.dependencies.tracing-subscriber]
[INFO] [stderr]    |                         ^^^^^^^^^^^^^^^^^^
[INFO] [stderr]    |
[INFO] [stderr] help: consider removing the workspace dependency `tracing-subscriber`
[INFO] [stderr] warning: workspace (manifest) generated 2 warnings
[INFO] [stderr]    Compiling proc-macro2 v1.0.107
[INFO] [stderr]    Compiling quote v1.0.47
[INFO] [stderr]    Compiling serde_core v1.0.229
[INFO] [stderr]    Compiling serde v1.0.229
[INFO] [stderr]    Compiling pin-project-lite v0.2.17
[INFO] [stderr]    Compiling futures-core v0.3.33
[INFO] [stderr]    Compiling portable-atomic v1.14.0
[INFO] [stderr]    Compiling bytes v1.12.1
[INFO] [stderr]    Compiling critical-section v1.2.0
[INFO] [stderr]    Compiling futures-sink v0.3.33
[INFO] [stderr]    Compiling futures-io v0.3.33
[INFO] [stderr]    Compiling errno v0.3.14
[INFO] [stderr]    Compiling socket2 v0.6.5
[INFO] [stderr]    Compiling slab v0.4.12
[INFO] [stderr]    Compiling memchr v2.8.3
[INFO] [stderr]    Compiling stable_deref_trait v1.2.1
[INFO] [stderr]    Compiling signal-hook-registry v1.4.8
[INFO] [stderr]    Compiling futures-channel v0.3.33
[INFO] [stderr]    Compiling mio v1.2.2
[INFO] [stderr]    Compiling futures-task v0.3.33
[INFO] [stderr]    Compiling shlex v2.0.1
[INFO] [stderr]    Compiling find-msvc-tools v0.1.9
[INFO] [stderr]    Compiling syn v2.0.119
[INFO] [stderr]    Compiling syn v3.0.2
[INFO] [stderr]    Compiling typenum v1.20.1
[INFO] [stderr]    Compiling cc v1.3.0
[INFO] [stderr]    Compiling smallvec v1.15.2
[INFO] [stderr]    Compiling cfg_aliases v0.2.2
[INFO] [stderr]    Compiling subtle v2.6.1
[INFO] [stderr]    Compiling writeable v0.6.3
[INFO] [stderr]    Compiling litemap v0.8.2
[INFO] [stderr]    Compiling icu_properties_data v2.2.0
[INFO] [stderr]    Compiling rustversion v1.0.23
[INFO] [stderr]    Compiling getrandom v0.4.3
[INFO] [stderr]    Compiling icu_normalizer_data v2.2.0
[INFO] [stderr]    Compiling http v1.4.2
[INFO] [stderr]    Compiling percent-encoding v2.3.2
[INFO] [stderr]    Compiling equivalent v1.0.2
[INFO] [stderr]    Compiling generic-array v0.14.7
[INFO] [stderr]    Compiling getrandom v0.2.17
[INFO] [stderr]    Compiling allocator-api2 v0.2.21
[INFO] [stderr]    Compiling semver v1.0.28
[INFO] [stderr]    Compiling foldhash v0.2.0
[INFO] [stderr]    Compiling untrusted v0.9.0
[INFO] [stderr]    Compiling rustc_version v0.4.1
[INFO] [stderr]    Compiling hashbrown v0.17.1
[INFO] [stderr]    Compiling ring v0.17.14
[INFO] [stderr]    Compiling form_urlencoded v1.2.2
[INFO] [stderr]    Compiling chacha20 v0.10.1
[INFO] [stderr]    Compiling unicode-segmentation v1.13.3
[INFO] [stderr]    Compiling rustls v0.23.42
[INFO] [stderr]    Compiling rand v0.10.2
[INFO] [stderr]    Compiling fnv v1.0.7
[INFO] [stderr]    Compiling strsim v0.11.1
[INFO] [stderr]    Compiling ident_case v1.0.1
[INFO] [stderr]    Compiling unicode-xid v0.2.6
[INFO] [stderr]    Compiling lock_api v0.4.14
[INFO] [stderr]    Compiling convert_case v0.10.0
[INFO] [stderr]    Compiling crypto-common v0.1.7
[INFO] [stderr]    Compiling indexmap v2.14.0
[INFO] [stderr]    Compiling hybrid-array v0.4.13
[INFO] [stderr]    Compiling base64ct v1.8.3
[INFO] [stderr]    Compiling pem-rfc7468 v1.0.0
[INFO] [stderr]    Compiling const-oid v0.10.2
[INFO] [stderr]    Compiling bitflags v2.13.1
[INFO] [stderr]    Compiling anyhow v1.0.104
[INFO] [stderr]    Compiling crypto-common v0.2.2
[INFO] [stderr]    Compiling block-buffer v0.12.1
[INFO] [stderr]    Compiling http-body v1.1.0
[INFO] [stderr]    Compiling data-encoding v2.11.0
[INFO] [stderr]    Compiling paste v1.0.15
[INFO] [stderr]    Compiling fastrand v2.5.0
[INFO] [stderr]    Compiling num-traits v0.2.19
[INFO] [stderr]    Compiling tinyvec v1.12.0
[INFO] [stderr]    Compiling curve25519-dalek v5.0.0-rc.0
[INFO] [stderr]    Compiling zerocopy v0.8.54
[INFO] [stderr]    Compiling parking v2.2.1
[INFO] [stderr]    Compiling synstructure v0.13.2
[INFO] [stderr]    Compiling darling_core v0.20.11
[INFO] [stderr]    Compiling base16ct v1.0.0
[INFO] [stderr]    Compiling crossbeam-utils v0.8.22
[INFO] [stderr]    Compiling futures-lite v2.6.1
[INFO] [stderr]    Compiling serde_derive v1.0.229
[INFO] [stderr]    Compiling thiserror-impl v2.0.19
[INFO] [stderr]    Compiling digest v0.11.3
[INFO] [stderr]    Compiling inout v0.1.4
[INFO] [stderr]    Compiling vergen-lib v9.1.0
[INFO] [stderr]    Compiling thiserror v2.0.19
[INFO] [stderr]    Compiling n0-future v0.3.2
[INFO] [stderr]    Compiling signature v3.0.0
[INFO] [stderr]    Compiling cpufeatures v0.2.17
[INFO] [stderr]    Compiling zeroize_derive v1.5.0
[INFO] [stderr]    Compiling futures-macro v0.3.33
[INFO] [stderr]    Compiling zerofrom-derive v0.1.7
[INFO] [stderr]    Compiling tokio-macros v2.7.1
[INFO] [stderr]    Compiling zeroize v1.9.0
[INFO] [stderr]    Compiling tokio v1.53.0
[INFO] [stderr]    Compiling yoke-derive v0.8.2
[INFO] [stderr]    Compiling futures-util v0.3.33
[INFO] [stderr]    Compiling zerovec-derive v0.11.3
[INFO] [stderr]    Compiling zerofrom v0.1.8
[INFO] [stderr]    Compiling displaydoc v0.2.6
[INFO] [stderr]    Compiling tracing-attributes v0.1.31
[INFO] [stderr]    Compiling yoke v0.8.3
[INFO] [stderr]    Compiling rustls-pki-types v1.15.0
[INFO] [stderr]    Compiling zerotrie v0.2.4
[INFO] [stderr]    Compiling zerovec v0.11.6
[INFO] [stderr]    Compiling derive_more-impl v2.1.1
[INFO] [stderr]    Compiling darling_macro v0.20.11
[INFO] [stderr]    Compiling der v0.8.1
[INFO] [stderr]    Compiling darling v0.20.11
[INFO] [stderr]    Compiling spez v0.1.2
[INFO] [stderr]    Compiling tinystr v0.8.3
[INFO] [stderr]    Compiling icu_locale_core v2.2.0
[INFO] [stderr]    Compiling potential_utf v0.1.5
[INFO] [stderr]    Compiling icu_collections v2.2.0
[INFO] [stderr]    Compiling once_cell v1.21.4
[INFO] [stderr]    Compiling icu_provider v2.2.0
[INFO] [stderr]    Compiling tracing-core v0.1.36
[INFO] [stderr]    Compiling tracing v0.1.44
[INFO] [stderr]    Compiling icu_properties v2.2.0
[INFO] [stderr]    Compiling icu_normalizer v2.2.0
[INFO] [stderr]    Compiling ipnet v2.12.0
[INFO] [stderr]    Compiling derive_more v2.1.1
[INFO] [stderr]    Compiling n0-error-macros v1.0.0
[INFO] [stderr]    Compiling spki v0.8.0
[INFO] [stderr]    Compiling derive_builder_core v0.20.2
[INFO] [stderr]    Compiling serdect v0.4.3
[INFO] [stderr]    Compiling idna_adapter v1.2.2
[INFO] [stderr]    Compiling idna v1.1.0
[INFO] [stderr]    Compiling pkcs8 v0.11.0
[INFO] [stderr]    Compiling n0-error v1.0.0
[INFO] [stderr]    Compiling tokio-util v0.7.18
[INFO] [stderr]    Compiling url v2.5.8
[INFO] [stderr]    Compiling curve25519-dalek-derive v0.1.1
[INFO] [stderr]    Compiling derive_builder_macro v0.20.2
[INFO] [stderr]    Compiling pin-project-internal v1.1.13
[INFO] [stderr]    Compiling h2 v0.4.15
[INFO] [stderr]    Compiling httpdate v1.0.3
[INFO] [stderr]    Compiling diatomic-waker v0.2.3
[INFO] [stderr]    Compiling byteorder v1.5.0
[INFO] [stderr]    Compiling winnow v1.0.4
[INFO] [stderr]    Compiling parking_lot_core v0.9.12
[INFO] [stderr]    Compiling cordyceps v0.3.4
[INFO] [stderr]    Compiling spin v0.10.1
[INFO] [stderr]    Compiling futures-buffered v0.2.13
[INFO] [stderr]    Compiling pin-project v1.1.13
[INFO] [stderr]    Compiling derive_builder v0.20.2
[INFO] [stderr]    Compiling ed25519 v3.0.0
[INFO] [stderr]    Compiling rustls-webpki v0.103.13
[INFO] [stderr]    Compiling toml_parser v1.1.2+spec-1.1.0
[INFO] [stderr]    Compiling cipher v0.4.4
[INFO] [stderr]    Compiling sha2 v0.11.0
[INFO] [stderr]    Compiling spin v0.9.9
[INFO] [stderr]    Compiling universal-hash v0.5.1
[INFO] [stderr]    Compiling vergen v9.1.0
[INFO] [stderr]    Compiling noq-udp v1.0.1
[INFO] [stderr]    Compiling libc v0.2.186
[INFO] [stderr]    Compiling crossbeam-epoch v0.9.20
[INFO] [stderr]    Compiling hyper v1.10.1
[INFO] [stderr]    Compiling toml_datetime v1.1.1+spec-1.1.0
[INFO] [stderr]    Compiling opaque-debug v0.3.1
[INFO] [stderr]    Compiling either v1.16.0
[INFO] [stderr]    Compiling polyval v0.6.2
[INFO] [stderr]    Compiling prefix-trie v0.8.4
[INFO] [stderr]    Compiling toml_edit v0.25.13+spec-1.1.0
[INFO] [stderr]    Compiling data-encoding-macro-internal v0.1.18
[INFO] [stderr]    Compiling ed25519-dalek v3.0.0-rc.0
[INFO] [stderr]    Compiling futures-executor v0.3.33
[INFO] [stderr]    Compiling netlink-packet-core v0.8.1
[INFO] [stderr]    Compiling tokio-rustls v0.26.4
[INFO] [stderr]    Compiling hyper-util v0.1.20
[INFO] [stderr]    Compiling heapless v0.7.17
[INFO] [stderr]    Compiling vergen-gitcl v9.1.0
[INFO] [stderr]    Compiling powerfmt v0.2.0
[INFO] [stderr]    Compiling num-conv v0.2.2
[INFO] [stderr]    Compiling time-core v0.1.9
[INFO] [stderr]    Compiling num_threads v0.1.7
[INFO] [stderr]    Compiling deranged v0.5.8
[INFO] [stderr]    Compiling parking_lot v0.12.5
[INFO] [stderr]    Compiling futures v0.3.33
[INFO] [stderr]    Compiling hickory-proto v0.26.1
[INFO] [stderr]    Compiling proc-macro-crate v3.5.0
[INFO] [stderr]    Compiling time v0.3.54
[INFO] [stderr]    Compiling data-encoding-macro v0.1.20
[INFO] [stderr]    Compiling ghash v0.5.1
[INFO] [stderr]    Compiling crossbeam-channel v0.5.16
[INFO] [stderr]    Compiling aes v0.8.4
[INFO] [stderr]    Compiling ctr v0.9.2
[INFO] [stderr]    Compiling hash32 v0.2.1
[INFO] [stderr]    Compiling netlink-sys v0.8.8
[INFO] [stderr]    Compiling async-trait v0.1.91
[INFO] [stderr]    Compiling http-body-util v0.1.4
[INFO] [stderr]    Compiling aead v0.5.2
[INFO] [stderr]    Compiling uuid v1.24.0
[INFO] [stderr]    Compiling sync_wrapper v1.0.2
[INFO] [stderr]    Compiling getrandom v0.3.4
[INFO] [stderr]    Compiling netdev v0.45.0
[INFO] [stderr]    Compiling openssl-probe v0.2.1
[INFO] [stderr]    Compiling tagptr v0.2.0
[INFO] [stderr]    Compiling moka v0.12.15
[INFO] [stderr]    Compiling rustls-native-certs v0.8.4
[INFO] [stderr]    Compiling tower v0.5.3
[INFO] [stderr]    Compiling hickory-net v0.26.1
[INFO] [stderr]    Compiling aes-gcm v0.10.3
[INFO] [stderr]    Compiling iroh-base v1.0.2
[INFO] [stderr]    Compiling num_enum_derive v0.7.6
[INFO] [stderr]    Compiling netlink-packet-route v0.31.0
[INFO] [stderr]    Compiling strum_macros v0.28.0
[INFO] [stderr]    Compiling iroh-metrics-derive v1.0.1
[INFO] [stderr]    Compiling enum-assoc v1.3.0
[INFO] [stderr]    Compiling postcard-derive v0.2.2
[INFO] [stderr]    Compiling cobs v0.3.0
[INFO] [stderr]    Compiling serde_bytes v0.11.19
[INFO] [stderr]    Compiling blake3 v1.8.5
[INFO] [stderr]    Compiling rand_pcg v0.10.2
[INFO] [stderr]    Compiling netwatch v0.19.1
[INFO] [stderr]    Compiling noq v1.0.1
[INFO] [stderr]    Compiling iroh-dns v1.0.2
[INFO] [stderr]    Compiling ahash v0.8.12
[INFO] [stderr]    Compiling ryu v1.0.23
[INFO] [stderr]    Compiling xml-rs v0.8.28
[INFO] [stderr]    Compiling mac-addr v0.3.0
[INFO] [stderr]    Compiling resolv-conf v0.7.6
[INFO] [stderr]    Compiling identity-hash v0.1.0
[INFO] [stderr]    Compiling sha1_smol v1.0.1
[INFO] [stderr]    Compiling lru-slab v0.1.2
[INFO] [stderr]    Compiling sorted-index-buffer v0.2.1
[INFO] [stderr]    Compiling noq-proto v1.0.1
[INFO] [stderr]    Compiling strum v0.28.0
[INFO] [stderr]    Compiling xmltree v0.10.3
[INFO] [stderr]    Compiling hickory-resolver v0.26.1
[INFO] [stderr]    Compiling iroh-metrics v1.0.1
[INFO] [stderr]    Compiling postcard v1.1.3
[INFO] [stderr]    Compiling num_enum v0.7.6
[INFO] [stderr]    Compiling iroh-relay v1.0.2
[INFO] [stderr]    Compiling tower-http v0.6.11
[INFO] [stderr]    Compiling rustls-platform-verifier v0.7.0
[INFO] [stderr]    Compiling netlink-proto v0.12.0
[INFO] [stderr]    Compiling hyper-rustls v0.27.9
[INFO] [stderr]    Compiling n0-watcher v1.0.0
[INFO] [stderr]    Compiling attohttpc v0.30.1
[INFO] [stderr]    Compiling tokio-stream v0.1.18
[INFO] [stderr]    Compiling simple-dns v0.11.3
[INFO] [stderr]    Compiling arc-swap v1.9.2
[INFO] [stderr]    Compiling arrayref v0.3.9
[INFO] [stderr]    Compiling constant_time_eq v0.4.2
[INFO] [stderr]    Compiling arrayvec v0.7.8
[INFO] [stderr]    Compiling simdutf8 v0.1.5
[INFO] [stderr]    Compiling libsqlite3-sys v0.30.1
[INFO] [stderr]    Compiling tokio-websockets v0.13.3
[INFO] [stderr]    Compiling igd-next v0.17.1
[INFO] [stderr]    Compiling reqwest v0.13.4
[INFO] [stderr]    Compiling rand_core v0.9.5
[INFO] [stderr]    Compiling ppv-lite86 v0.2.21
[INFO] [stderr]    Compiling webpki-roots v1.0.9
[INFO] [stderr]    Compiling lru v0.18.1
[INFO] [stderr]    Compiling iroh v1.0.2
[INFO] [stderr]    Compiling seize v0.5.1
[INFO] [stderr]    Compiling cmov v0.5.4
[INFO] [stderr]    Compiling crc-catalog v2.5.0
[INFO] [stderr]    Compiling litrs v1.0.0
[INFO] [stderr]    Compiling crc32fast v1.5.0
[INFO] [stderr]    Compiling document-features v0.2.12
[INFO] [stderr]    Compiling crc v3.4.0
[INFO] [stderr]    Compiling ctutils v0.4.2
[INFO] [stderr]    Compiling papaya v0.2.4
[INFO] [stderr]    Compiling portmapper v0.19.1
[INFO] [stderr]    Compiling rand_chacha v0.9.0
[INFO] [stderr]    Compiling hashbrown v0.14.5
[INFO] [stderr]    Compiling serde_bencode v0.2.4
[INFO] [stderr]    Compiling flume v0.12.0
[INFO] [stderr]    Compiling backon v1.6.0
[INFO] [stderr]    Compiling dyn-clone v1.0.20
[INFO] [stderr]    Compiling simd-adler32 v0.3.10
[INFO] [stderr]    Compiling lru v0.16.4
[INFO] [stderr]    Compiling mainline v7.0.0
[INFO] [stderr]    Compiling miniz_oxide v0.8.9
[INFO] [stderr]    Compiling hashlink v0.9.1
[INFO] [stderr]    Compiling rand v0.9.5
[INFO] [stderr]    Compiling iroh-tickets v1.0.0
[INFO] [stderr]    Compiling fallible-iterator v0.3.0
[INFO] [stderr]    Compiling fallible-streaming-iterator v0.1.9
[INFO] [stderr]    Compiling option-ext v0.2.0
[INFO] [stderr]    Compiling dirs-sys v0.5.0
[INFO] [stderr]    Compiling flate2 v1.1.9
[INFO] [stderr]    Compiling serde_json v1.0.151
[INFO] [stderr]    Compiling ogg_pager v0.7.2
[INFO] [stderr]    Compiling lofty_attr v0.11.1
[INFO] [stderr]    Compiling unicode-normalization v0.1.25
[INFO] [stderr]    Compiling lofty v0.22.4
[INFO] [stderr]    Compiling directories v6.0.0
[INFO] [stderr]    Compiling federation-net v0.3.1 (/opt/rustwide/workdir/crates/federation-net)
[INFO] [stderr]    Compiling rusqlite v0.32.1
[INFO] [stderr]    Compiling music-dht v0.5.0 (/opt/rustwide/workdir/crates/music-dht)
[INFO] [stderr]    Compiling furumi-library v0.2.0 (/opt/rustwide/workdir/crates/furumi-library)
[INFO] [stderr]     Finished `release` profile [optimized] target(s) in 11m 45s
[INFO] running `Command { std: "docker" "inspect" "49e18e7ca92fd63741a7e4b11640f3f3d7e666090e9cd092c418139e9a54cebf", kill_on_drop: false }`
[INFO] running `Command { std: "docker" "exec" "-e" "SOURCE_DIR=/opt/rustwide/workdir" "-e" "CARGO_HOME=/opt/rustwide/cargo-home" "-e" "RUSTUP_HOME=/opt/rustwide/rustup-home" "-e" "CARGO_TARGET_DIR=/opt/rustwide/target" "-e" "CARGO_INCREMENTAL=0" "-e" "RUST_BACKTRACE=full" "-e" "RUSTFLAGS=--cap-lints=warn" "-e" "RUSTDOCFLAGS=--cap-lints=warn" "-w" "/opt/rustwide/workdir" "--user" "0:0" "49e18e7ca92fd63741a7e4b11640f3f3d7e666090e9cd092c418139e9a54cebf" "/opt/rustwide/cargo-home/bin/cargo" "+1.100.0-beta.1" "test" "--frozen" "--no-run" "--message-format=json" "--release", kill_on_drop: false }`
[INFO] [stderr] warning: unused workspace dependency `clap`
[INFO] [stderr]   --> Cargo.toml:24:25
[INFO] [stderr]    |
[INFO] [stderr] 24 | [workspace.dependencies.clap]
[INFO] [stderr]    |                         ^^^^
[INFO] [stderr]    |
[INFO] [stderr]    = note: `cargo::unused_workspace_dependencies` is set to `warn` by default
[INFO] [stderr] help: consider removing the workspace dependency `clap`
[INFO] [stderr] warning: unused workspace dependency `tracing-subscriber`
[INFO] [stderr]   --> Cargo.toml:52:25
[INFO] [stderr]    |
[INFO] [stderr] 52 | [workspace.dependencies.tracing-subscriber]
[INFO] [stderr]    |                         ^^^^^^^^^^^^^^^^^^
[INFO] [stderr]    |
[INFO] [stderr] help: consider removing the workspace dependency `tracing-subscriber`
[INFO] [stderr] warning: workspace (manifest) generated 2 warnings
[INFO] [stderr]    Compiling bitflags v2.13.1
[INFO] [stderr]    Compiling fastrand v2.5.0
[INFO] [stderr]    Compiling rustix v1.1.4
[INFO] [stderr]    Compiling linux-raw-sys v0.12.1
[INFO] [stderr]    Compiling netlink-packet-route v0.31.0
[INFO] [stderr]    Compiling simple-dns v0.11.3
[INFO] [stderr]    Compiling tower-http v0.6.11
[INFO] [stderr]    Compiling rusqlite v0.32.1
[INFO] [stderr]    Compiling futures-lite v2.6.1
[INFO] [stderr]    Compiling backon v1.6.0
[INFO] [stderr]    Compiling reqwest v0.13.4
[INFO] [stderr]    Compiling n0-future v0.3.2
[INFO] [stderr]    Compiling mainline v7.0.0
[INFO] [stderr]    Compiling n0-watcher v1.0.0
[INFO] [stderr]    Compiling iroh-dns v1.0.2
[INFO] [stderr]    Compiling tempfile v3.27.0
[INFO] [stderr]    Compiling netdev v0.45.0
[INFO] [stderr]    Compiling netwatch v0.19.1
[INFO] [stderr]    Compiling portmapper v0.19.1
[INFO] [stderr]    Compiling iroh-relay v1.0.2
[INFO] [stderr]    Compiling iroh v1.0.2
[INFO] [stderr]    Compiling federation-net v0.3.1 (/opt/rustwide/workdir/crates/federation-net)
[INFO] [stderr]    Compiling music-dht v0.5.0 (/opt/rustwide/workdir/crates/music-dht)
[INFO] [stderr]    Compiling furumi-library v0.2.0 (/opt/rustwide/workdir/crates/furumi-library)
[INFO] [stderr]     Finished `release` profile [optimized] target(s) in 8m 01s
[INFO] running `Command { std: "docker" "inspect" "49e18e7ca92fd63741a7e4b11640f3f3d7e666090e9cd092c418139e9a54cebf", kill_on_drop: false }`
[INFO] running `Command { std: "docker" "exec" "-e" "SOURCE_DIR=/opt/rustwide/workdir" "-e" "CARGO_HOME=/opt/rustwide/cargo-home" "-e" "RUSTUP_HOME=/opt/rustwide/rustup-home" "-e" "CARGO_TARGET_DIR=/opt/rustwide/target" "-e" "CARGO_INCREMENTAL=0" "-e" "RUST_BACKTRACE=full" "-e" "RUSTFLAGS=--cap-lints=warn" "-e" "RUSTDOCFLAGS=--cap-lints=warn" "-w" "/opt/rustwide/workdir" "--user" "0:0" "49e18e7ca92fd63741a7e4b11640f3f3d7e666090e9cd092c418139e9a54cebf" "/opt/rustwide/cargo-home/bin/cargo" "+1.100.0-beta.1" "test" "--frozen" "--release", kill_on_drop: false }`
[INFO] [stderr] warning: unused workspace dependency `clap`
[INFO] [stderr]   --> Cargo.toml:24:25
[INFO] [stderr]    |
[INFO] [stderr] 24 | [workspace.dependencies.clap]
[INFO] [stderr]    |                         ^^^^
[INFO] [stderr]    |
[INFO] [stderr]    = note: `cargo::unused_workspace_dependencies` is set to `warn` by default
[INFO] [stderr] help: consider removing the workspace dependency `clap`
[INFO] [stderr] warning: unused workspace dependency `tracing-subscriber`
[INFO] [stderr]   --> Cargo.toml:52:25
[INFO] [stderr]    |
[INFO] [stderr] 52 | [workspace.dependencies.tracing-subscriber]
[INFO] [stderr]    |                         ^^^^^^^^^^^^^^^^^^
[INFO] [stderr]    |
[INFO] [stderr] help: consider removing the workspace dependency `tracing-subscriber`
[INFO] [stderr] warning: workspace (manifest) generated 2 warnings
[INFO] [stderr]     Finished `release` profile [optimized] target(s) in 0.70s
[INFO] [stderr]      Running unittests src/lib.rs (/opt/rustwide/target/release/build/federation-net/6b4477dbb6efc879/out/federation_net-6b4477dbb6efc879)
[INFO] [stdout] 
[INFO] [stdout] running 31 tests
[INFO] [stdout] test config::tests::builder_applies_defaults ... ok
[INFO] [stdout] test config::tests::builder_rejects_invalid_values ... ok
[INFO] [stdout] test config::tests::builder_rejects_missing_required_fields ... ok
[INFO] [stdout] test config::tests::stream_protocols_are_validated ... ok
[INFO] [stdout] test config::tests::rendezvous_is_disabled_by_default_and_validated_when_set ... ok
[INFO] [stdout] test protocol::tests::different_network_names_produce_different_ids ... ok
[INFO] [stdout] test identity::tests::key_file_has_restrictive_permissions ... ok
[INFO] [stdout] test identity::tests::corrupted_key_file_is_an_error ... ok
[INFO] [stdout] test identity::tests::truncated_key_file_is_an_error ... ok
[INFO] [stdout] test protocol::tests::network_and_schema_domains_are_separated ... ok
[INFO] [stdout] test rendezvous::tests::merge_deduplicates_by_id_keeping_the_newest ... ok
[INFO] [stdout] test rendezvous::tests::malformed_and_wrong_version_records_are_ignored ... ok
[INFO] [stdout] test rendezvous::tests::merge_drops_expired_and_clamps_future_entries ... ok
[INFO] [stdout] test protocol::tests::network_id_from_name_is_deterministic ... ok
[INFO] [stdout] test protocol::tests::schema_id_from_name_is_deterministic ... ok
[INFO] [stdout] test identity::tests::key_is_created_and_reloaded ... ok
[INFO] [stdout] test identity::tests::existing_key_is_not_overwritten ... ok
[INFO] [stdout] test rendezvous::tests::signing_key_is_deterministic_and_network_specific ... ok
[INFO] [stdout] test ticket::tests::corrupted_ticket_is_rejected ... ok
[INFO] [stdout] test ticket::tests::ticket_string_round_trip ... ok
[INFO] [stdout] test rendezvous::tests::merge_inserts_self_and_sorts_newest_first ... ok
[INFO] [stdout] test ticket::tests::oversized_ticket_is_rejected ... ok
[INFO] [stdout] test ticket::tests::unknown_ticket_version_is_rejected ... ok
[INFO] [stdout] test rendezvous::tests::record_round_trips ... ok
[INFO] [stdout] test rendezvous::tests::oversized_records_are_trimmed_to_the_size_limit ... ok
[INFO] [stdout] test wire::tests::oversized_frame_is_rejected_before_allocation ... ok
[INFO] [stdout] test wire::tests::oversized_value_is_rejected_on_write ... ok
[INFO] [stdout] test ticket::tests::wrong_prefix_is_rejected ... ok
[INFO] [stdout] test wire::tests::malformed_payload_is_rejected ... ok
[INFO] [stdout] test wire::tests::frame_round_trip ... ok
[INFO] [stdout] test wire::tests::truncated_stream_is_an_error ... ok
[INFO] [stdout] 
[INFO] [stdout] test result: ok. 31 passed; 0 failed; 0 ignored; 0 measured; 0 filtered out; finished in 0.03s
[INFO] [stdout] 
[INFO] [stderr]      Running tests/integration.rs (/opt/rustwide/target/release/build/federation-net/8e87bbc30b2462d8/out/integration-8e87bbc30b2462d8)
[INFO] [stdout] 
[INFO] [stdout] running 10 tests
[INFO] [stdout] test byte_stream_to_wrong_network_is_rejected ... ok
[INFO] [stdout] test disconnect_removes_peer ... ok
[INFO] [stdout] test byte_streams_between_peers ... ok
[INFO] [stdout] test identity_persists_across_restarts ... ok
[INFO] [stdout] test network_mismatch_is_rejected ... ok
[INFO] [stdout] test connect_and_exchange_messages ... ok
[INFO] [stdout] test rendezvous_discovers_peers_without_tickets has been running for over 60 seconds
[INFO] [stdout] test schema_independent_stream_crosses_schema_versions has been running for over 60 seconds
[INFO] [stdout] test rendezvous_discovers_peers_without_tickets ... ok
[INFO] [stdout] test schema_mismatch_is_rejected has been running for over 60 seconds
[INFO] [stdout] test schema_independent_stream_crosses_schema_versions ... ok
[INFO] [stdout] test shutdown_disconnects_peers has been running for over 60 seconds
[INFO] [stdout] test schema_mismatch_is_rejected ... ok
[INFO] [stdout] test shutdown_disconnects_peers ... ok
[INFO] [stderr]      Running unittests src/lib.rs (/opt/rustwide/target/release/build/furumi-library/0b884bbd000dc224/out/furumi_library-0b884bbd000dc224)
[INFO] [stdout] 
[INFO] [stdout] test result: ok. 10 passed; 0 failed; 0 ignored; 0 measured; 0 filtered out; finished in 97.32s
[INFO] [stdout] 
[INFO] [stdout] 
[INFO] [stdout] running 30 tests
[INFO] [stdout] test import::tests::splits_multiple_and_featured ... ok
[INFO] [stdout] test import::tests::keeps_commas_inside_names ... ok
[INFO] [stdout] test import::tests::extracts_feat_from_title ... ok
[INFO] [stdout] test import::tests::splits_plain_artist ... ok
[INFO] [stdout] test models::tests::artist_line_formats_featured_artists ... ok
[INFO] [stdout] test tests::artists_page_prioritizes_releases_then_tracks ... ok
[INFO] [stdout] test tests::deleting_artist_cleans_up_own_content ... ok
[INFO] [stdout] test tests::add_federated_pending_track_to_playlist_records_position ... ok
[INFO] [stdout] test tests::history_counts_completed_plays ... ok
[INFO] [stdout] test tests::content_id_backfill_hashes_missing_track_ids ... ok
[INFO] [stdout] test tests::clearing_embeddings_preserves_the_library ... ok
[INFO] [stdout] test tests::delete_track_drops_empty_release ... ok
[INFO] [stdout] test tests::managed_music_names_are_portable_to_windows ... ok
[INFO] [stdout] test tests::changed_content_id_invalidates_only_the_stale_embedding ... ok
[INFO] [stdout] test tests::music_directory_validation_rejects_a_file_without_touching_it ... ok
[INFO] [stdout] test tests::listen_history_hides_unqualified_events_and_keeps_remote_metadata ... ok
[INFO] [stdout] test tests::local_stats_counts_library_rows_and_audio_bytes ... ok
[INFO] [stdout] test tests::reimport_updates_instead_of_duplicating ... ok
[INFO] [stdout] test tests::playlists_and_likes_round_trip ... ok
[INFO] [stdout] test tests::search_finds_all_kinds ... ok
[INFO] [stdout] test tests::likes_playlist_orders_local_and_federated_by_liked_at ... ok
[INFO] [stdout] test tests::network_artist_image_hint_becomes_local_image_after_fetch ... ok
[INFO] [stdout] test tests::import_creates_artist_release_track ... ok
[INFO] [stdout] test tests::search_ranks_exact_names_first ... ok
[INFO] [stdout] test tests::search_folds_case_beyond_ascii ... ok
[INFO] [stdout] test tests::similarity_embeddings_round_trip_and_keep_profiles_separate ... ok
[INFO] [stdout] test tests::synced_playlist_can_show_federated_pending_tracks ... ok
[INFO] [stdout] test tests::track_edit_relinks_artists ... ok
[INFO] [stdout] test tests::managed_music_relocation_builds_artist_release_tree_and_updates_paths ... ok
[INFO] [stdout] test import::tests::imports_a_real_audio_file_end_to_end ... ok
[INFO] [stdout] 
[INFO] [stdout] test result: ok. 30 passed; 0 failed; 0 ignored; 0 measured; 0 filtered out; finished in 0.16s
[INFO] [stdout] 
[INFO] [stderr]      Running unittests src/lib.rs (/opt/rustwide/target/release/build/music-dht/f651d4c6dd99cbeb/out/music_dht-f651d4c6dd99cbeb)
[INFO] [stdout] 
[INFO] [stdout] running 84 tests
[INFO] [stdout] test capabilities::tests::application_protocol_is_additive ... ok
[INFO] [stdout] test config::tests::builder_rejects_missing_or_invalid ... ok
[INFO] [stdout] test config::tests::builder_applies_defaults ... ok
[INFO] [stdout] test capabilities::tests::invalid_protocol_identifier_is_rejected ... ok
[INFO] [stdout] test device_sync::tests::finished_track_is_recorded_and_qualifies ... ok
[INFO] [stdout] test device_sync::tests::half_duration_qualifies_for_tracks_under_eight_minutes ... ok
[INFO] [stdout] test device_sync::tests::interrupted_listens_under_five_seconds_are_noise ... ok
[INFO] [stdout] test device_sync::tests::listen_payload_round_trips_with_portable_metadata ... ok
[INFO] [stdout] test device_sync::tests::qualifying_threshold_is_capped_at_four_minutes ... ok
[INFO] [stdout] test device_sync::tests::v1_peers_do_not_support_listening_history ... ok
[INFO] [stdout] test dht::tests::active_record_does_not_resurrect_tombstone ... ok
[INFO] [stdout] test dht::tests::missing_record_is_written ... ok
[INFO] [stdout] test dht::tests::newer_revision_replaces_older ... ok
[INFO] [stdout] test dht::tests::older_revision_is_ignored ... ok
[INFO] [stdout] test capabilities::tests::frid_manifest_contains_every_shared_protocol ... ok
[INFO] [stdout] test dht::tests::tombstone_beats_active_record_of_same_revision ... ok
[INFO] [stdout] test dht::tests::validate_accepts_artist_token_keys ... ok
[INFO] [stdout] test dht::tests::validate_accepts_content_key ... ok
[INFO] [stdout] test dht::tests::republish_refreshes_expiry ... ok
[INFO] [stdout] test dht::tests::validate_checks_key_and_clamps_ttl ... ok
[INFO] [stdout] test jam::tests::personal_device_invites_are_not_jam_capabilities ... ok
[INFO] [stdout] test jam::tests::weak_capability_is_rejected ... ok
[INFO] [stdout] test node::tests::closest_indices_sort_by_key_distance ... ok
[INFO] [stdout] test jam::tests::jam_invite_round_trips ... ok
[INFO] [stdout] test node::tests::dial_backoff_doubles_and_is_capped ... ok
[INFO] [stdout] test node::tests::peer_exchange_drops_duplicates_self_and_sender ... ok
[INFO] [stdout] test node::tests::peer_exchange_is_capped ... ok
[INFO] [stdout] test normalization::tests::normalization_applies_nfkc ... ok
[INFO] [stdout] test normalization::tests::normalization_handles_case_and_whitespace ... ok
[INFO] [stdout] test normalization::tests::normalization_is_deterministic ... ok
[INFO] [stdout] test normalization::tests::tokenize_splits_and_skips_empty ... ok
[INFO] [stdout] test playback::tests::cached_browser_reports_do_not_keep_a_suspended_output_alive ... ok
[INFO] [stdout] test playback::tests::command_can_arrive_before_handoff_and_older_state_cannot_overwrite_it ... ok
[INFO] [stdout] test playback::tests::command_sender_memory_is_bounded ... ok
[INFO] [stdout] test playback::tests::commands_are_fenced_ordered_and_survive_restore ... ok
[INFO] [stdout] test playback::tests::disabled_automatic_policy_and_unavailable_outputs_never_claim ... ok
[INFO] [stdout] test playback::tests::duplicates_and_relays_do_not_extend_liveness ... ok
[INFO] [stdout] test playback::tests::heartbeat_reservation_survives_restart ... ok
[INFO] [stdout] test playback::tests::partition_converges_without_reclaim_loop ... ok
[INFO] [stdout] test playback::tests::passive_gateway_never_claims_without_intent ... ok
[INFO] [stdout] test playback::tests::startup_respects_playing_but_can_take_paused ... ok
[INFO] [stdout] test playback::tests::three_outputs_converge_in_every_delivery_order ... ok
[INFO] [stdout] test record::tests::artist_id_hex_round_trip ... ok
[INFO] [stdout] test record::tests::content_id_validation_and_keying ... ok
[INFO] [stdout] test record::tests::dht_keys_cover_exact_and_unique_tokens ... ok
[INFO] [stdout] test record::tests::exact_key_is_deterministic_and_distinct ... ok
[INFO] [stdout] test record::tests::item_id_is_stable_per_owner_kind_and_key ... ok
[INFO] [stdout] test record::tests::name_validation ... ok
[INFO] [stdout] test record::tests::search_tokens_cover_featured_artists_and_release_title ... ok
[INFO] [stdout] test record::tests::token_key_is_deterministic_and_distinct_from_exact ... ok
[INFO] [stdout] test request::tests::entry_is_removed_after_timeout ... ok
[INFO] [stdout] test request::tests::pending_map_is_capped ... ok
[INFO] [stdout] test request::tests::response_from_wrong_peer_is_ignored ... ok
[INFO] [stdout] test request::tests::response_resolves_pending_request ... ok
[INFO] [stdout] test routing::tests::bucket_index_matches_highest_bit ... ok
[INFO] [stdout] test routing::tests::bucket_is_capped_at_k ... ok
[INFO] [stdout] test routing::tests::closest_sorts_by_distance ... ok
[INFO] [stdout] test routing::tests::node_id_is_deterministic ... ok
[INFO] [stdout] test routing::tests::remove_deletes_contact ... ok
[INFO] [stdout] test routing::tests::upsert_refreshes_existing_contact ... ok
[INFO] [stdout] test routing::tests::xor_distance_properties ... ok
[INFO] [stdout] test similarity::tests::compact_signatures_are_stable_and_distance_preserving ... ok
[INFO] [stdout] test similarity::tests::hit_accepts_metadata_limits_and_rejects_the_first_value_beyond_them ... ok
[INFO] [stdout] test similarity::tests::old_hit_without_signature_remains_compatible ... ok
[INFO] [stdout] test similarity::tests::request_accepts_limits_and_rejects_the_first_value_beyond_them ... ok
[INFO] [stdout] test similarity::tests::request_accepts_normalized_bounded_vector ... ok
[INFO] [stdout] test similarity::tests::request_and_response_round_trip_as_json ... ok
[INFO] [stdout] test similarity::tests::request_reader_enforces_the_byte_limit ... ok
[INFO] [stdout] test similarity::tests::request_rejects_incompatible_and_oversized_inputs ... ok
[INFO] [stdout] test similarity::tests::response_rejects_invalid_hits_and_first_result_over_limit ... ok
[INFO] [stdout] test database::tests::local_search_uses_artist_names ... ok
[INFO] [stdout] test database::tests::known_peers_round_trip ... ok
[INFO] [stdout] test database::tests::undecodable_local_item_payload_is_skipped ... ok
[INFO] [stdout] test similarity_lsh::tests::route_payload_rejects_unbounded_wire_fields ... ok
[INFO] [stdout] test similarity_lsh::tests::route_specs_are_bounded_sorted_and_deterministic ... ok
[INFO] [stdout] test similarity_lsh::tests::routing_signature_is_stable_and_extends_result_simhash ... ok
[INFO] [stdout] test similarity_lsh::tests::query_probes_are_bounded_and_include_exact_bucket ... ok
[INFO] [stdout] test similarity_lsh::tests::signed_route_cannot_be_forged_or_replayed_between_networks ... ok
[INFO] [stdout] test similarity_dht::tests::store_batches_obey_count_and_estimated_byte_bounds ... ok
[INFO] [stdout] test database::tests::expired_dht_record_is_not_returned ... ok
[INFO] [stdout] test database::tests::record_batch_stores_in_one_call ... ok
[INFO] [stdout] test database::tests::local_item_round_trip ... ok
[INFO] [stdout] test similarity_dht::tests::routing_database_keeps_newest_signed_owner_record ... ok
[INFO] [stdout] test node::tests::store_batches_respect_count_and_byte_limits ... ok
[INFO] [stdout] 
[INFO] [stdout] test result: ok. 84 passed; 0 failed; 0 ignored; 0 measured; 0 filtered out; finished in 0.23s
[INFO] [stdout] 
[INFO] [stderr]      Running tests/content_id_lookup.rs (/opt/rustwide/target/release/build/music-dht/e450a76cc4c1d754/out/content_id_lookup-e450a76cc4c1d754)
[INFO] [stdout] 
[INFO] [stdout] running 2 tests
[INFO] [stdout] test share_link_content_id_lookup ... ok
[INFO] [stdout] test large_library_tail_is_resolvable ... ok
[INFO] [stdout] 
[INFO] [stdout] test result: ok. 2 passed; 0 failed; 0 ignored; 0 measured; 0 filtered out; finished in 30.42s
[INFO] [stdout] 
[INFO] [stderr]      Running tests/integration.rs (/opt/rustwide/target/release/build/music-dht/02e26d7997a7dca1/out/integration-02e26d7997a7dca1)
[INFO] [stdout] 
[INFO] [stdout] running 3 tests
[INFO] [stdout] test similarity_request_response_uses_the_shared_stream_contract ... ok
[INFO] [stdout] test byte_stream_to_item_owner has been running for over 60 seconds
[INFO] [stdout] test library_sync_and_distributed_search has been running for over 60 seconds
[INFO] [stdout] test library_sync_and_distributed_search ... ok
[INFO] [stdout] test byte_stream_to_item_owner ... ok
[INFO] [stdout] 
[INFO] [stdout] test result: ok. 3 passed; 0 failed; 0 ignored; 0 measured; 0 filtered out; finished in 114.10s
[INFO] [stdout] 
[INFO] [stderr]      Running tests/similarity_dht.rs (/opt/rustwide/target/release/build/music-dht/fd7b700197532ad1/out/similarity_dht-fd7b700197532ad1)
[INFO] [stdout] 
[INFO] [stdout] running 1 test
[INFO] [stdout] test signed_lsh_summary_routes_a_query_to_another_peer ... FAILED
[INFO] [stdout] 
[INFO] [stdout] failures:
[INFO] [stdout] 
[INFO] [stdout] ---- signed_lsh_summary_routes_a_query_to_another_peer stdout ----
[INFO] [stdout] 
[INFO] [stdout] thread 'signed_lsh_summary_routes_a_query_to_another_peer' (6571) panicked at crates/music-dht/tests/similarity_dht.rs:63:6:
[INFO] [stdout] called `Result::unwrap()` on an `Err` value: Elapsed(())
[INFO] [stdout] stack backtrace:
[INFO] [stdout]    0:     0x5cb54730d021 - <<std[617be2ca0a6fd877]::sys::backtrace::BacktraceLock>::print::DisplayBacktrace as core[a373ad73a504971]::fmt::Display>::fmt
[INFO] [stdout]    1:     0x5cb547325aea - core[a373ad73a504971]::fmt::write
[INFO] [stdout]    2:     0x5cb54731231c - <alloc[2e1b2a31b91974c5]::vec::Vec<u8> as core[a373ad73a504971]::io::write::Write>::write_fmt
[INFO] [stdout]    3:     0x5cb5472e51f6 - std[617be2ca0a6fd877]::panicking::default_hook::{closure#0}
[INFO] [stdout]    4:     0x5cb5473034c9 - std[617be2ca0a6fd877]::panicking::default_hook
[INFO] [stdout]    5:     0x5cb54666e200 - test[aada8e7e76ba119b]::test_main_inner::{closure#0}
[INFO] [stdout]    6:     0x5cb5473037f2 - std[617be2ca0a6fd877]::panicking::panic_with_hook
[INFO] [stdout]    7:     0x5cb5472e52a2 - std[617be2ca0a6fd877]::panicking::panic_handler::{closure#0}
[INFO] [stdout]    8:     0x5cb5472ddb29 - std[617be2ca0a6fd877]::sys::backtrace::__rust_end_short_backtrace::<std[617be2ca0a6fd877]::panicking::panic_handler::{closure#0}, !>
[INFO] [stdout]    9:     0x5cb5472e618d - __rustc[ea4f61d10b84890b]::rust_begin_unwind
[INFO] [stdout]   10:     0x5cb54732624c - core[a373ad73a504971]::panicking::panic_fmt
[INFO] [stdout]   11:     0x5cb547326022 - core[a373ad73a504971]::result::unwrap_failed
[INFO] [stdout]   12:     0x5cb54655351b - similarity_dht[9b8ebbe72b1b480e]::signed_lsh_summary_routes_a_query_to_another_peer::{closure#0}
[INFO] [stdout]   13:     0x5cb5465c7736 - <tokio[d4100f944eb645a]::runtime::runtime::Runtime>::block_on::<core[a373ad73a504971]::pin::Pin<&mut dyn core[a373ad73a504971]::future::future::Future<Output = ()>>>
[INFO] [stdout]   14:     0x5cb5465625af - <similarity_dht[9b8ebbe72b1b480e]::signed_lsh_summary_routes_a_query_to_another_peer::{closure#0} as core[a373ad73a504971]::ops::function::FnOnce<()>>::call_once
[INFO] [stdout]   15:     0x5cb54666164b - test[aada8e7e76ba119b]::__rust_begin_short_backtrace::<core[a373ad73a504971]::result::Result<(), alloc[2e1b2a31b91974c5]::string::String>, fn() -> core[a373ad73a504971]::result::Result<(), alloc[2e1b2a31b91974c5]::string::String>>
[INFO] [stdout]   16:     0x5cb54666e825 - test[aada8e7e76ba119b]::run_test::{closure#0}
[INFO] [stdout]   17:     0x5cb546668114 - std[617be2ca0a6fd877]::sys::backtrace::__rust_begin_short_backtrace::<test[aada8e7e76ba119b]::run_test::{closure#1}, ()>
[INFO] [stdout]   18:     0x5cb5466718b2 - <std[617be2ca0a6fd877]::thread::lifecycle::spawn_unchecked<test[aada8e7e76ba119b]::run_test::{closure#1}, ()>::{closure#1} as core[a373ad73a504971]::ops::function::FnOnce<()>>::call_once::{shim:vtable#0}
[INFO] [stdout]   19:     0x5cb54730bbdf - <std[617be2ca0a6fd877]::sys::thread::unix::Thread>::new::thread_start
[INFO] [stdout]   20:     0x78c086af6dfa - <unknown>
[INFO] [stdout]   21:     0x78c086b8a3d4 - clone
[INFO] [stdout]   22:                0x0 - <unknown>
[INFO] [stdout] 
[INFO] [stdout] 
[INFO] [stdout] failures:
[INFO] [stdout]     signed_lsh_summary_routes_a_query_to_another_peer
[INFO] [stdout] 
[INFO] [stdout] test result: FAILED. 0 passed; 1 failed; 0 ignored; 0 measured; 0 filtered out; finished in 20.27s
[INFO] [stdout] 
[INFO] [stderr] error: test failed, to rerun pass `-p music-dht --test similarity_dht`
[INFO] running `Command { std: "docker" "inspect" "49e18e7ca92fd63741a7e4b11640f3f3d7e666090e9cd092c418139e9a54cebf", kill_on_drop: false }`
[INFO] running `Command { std: "docker" "rm" "-f" "49e18e7ca92fd63741a7e4b11640f3f3d7e666090e9cd092c418139e9a54cebf", kill_on_drop: false }`
[INFO] [stdout] 49e18e7ca92fd63741a7e4b11640f3f3d7e666090e9cd092c418139e9a54cebf
